-- https://www.phpmyadmin.net/
--

START TRANSACTION;



--
-- Database: `mxtokmimeld_mxtok`
--

-- --------------------------------------------------------

--
-- Table structure for table `businesses`
--

CREATE TABLE `businesses` (
  `id` bigint(20) UNSIGNED NOT NULL,
  `user_id` bigint(20) UNSIGNED NOT NULL,
  `name` varchar(255) NOT NULL,
  `license_id` varchar(255) NOT NULL,
  `phone_number` varchar(255) NOT NULL,
  `address` text NOT NULL,
  `country` varchar(255) NOT NULL,
  `state` varchar(255) NOT NULL,
  `city` varchar(255) NOT NULL,
  `zip_code` varchar(255) NOT NULL,
  `website` varchar(255) DEFAULT NULL,
  `logo` varchar(255) NOT NULL,
  `status` enum('pending','approved','suspended','rejected') NOT NULL DEFAULT 'pending',
  `admin_remarks` text DEFAULT NULL,
  `created_at` timestamp NULL DEFAULT NULL,
  `updated_at` timestamp NULL DEFAULT NULL
) ENGINE=MyISAM DEFAULT CHARSET=utf8mb4 COLLATE=utf8mb4_unicode_ci;

--
-- Dumping data for table `businesses`
--

INSERT INTO `businesses` (`id`, `user_id`, `name`, `license_id`, `phone_number`, `address`, `country`, `state`, `city`, `zip_code`, `website`, `logo`, `status`, `admin_remarks`, `created_at`, `updated_at`) VALUES
(1, 40, 'Hollow Store', 'Hollow981XCX', '9876543210', 'US', 'US', 'NY', 'NY', '98212', 'https://mxtok.mimeld.com/', 'business_logos/txdfEA5xbqcaoLAGIJefWw4k6WQdbx2BE6Qn4u8A.jpg', 'approved', NULL, '2025-12-23 11:44:10', '2025-12-23 22:42:01'),
(2, 48, 'miracuves', '123456', '9874563210', 'mumbai', 'india', 'Maharashtra', 'mumbai', '785412', NULL, 'business_logos/IN7cZWwbLJe3ubmoFuwevTBG4hpM0mLBkz8jtzvf.jpg', 'approved', NULL, '2026-01-07 12:24:18', '2026-01-07 12:24:32'),
(3, 46, 'Mira Cuves', '123456', '9876543210', 'ABC', 'JKI', 'GHI', 'DEF', '123456', 'www.miracuves.com', 'business_logos/uOZA7GDpehhCV9vmXRmzLEUM2E0YCzB5NdzMi7cN.png', 'approved', NULL, '2026-01-08 05:48:05', '2026-07-21 07:17:48'),
(4, 47, 'Miracuves79', '123456', '7778885383', 'Maruti Magnum', 'India', 'Gujarat', 'Gandhinagar', '382426', NULL, 'business_logos/gXss1fGGi9DnIlkuybV8wxDEfkVXU1LUsSnRVJ8C.jpg', 'rejected', NULL, '2026-01-08 06:19:13', '2026-01-08 06:33:53'),
(5, 43, 'Amazon', '123456', '7778885383', 'Maruti Magnum', 'India', 'Gujarat', 'Gandhinagar', '382426', 'Amazon.com', 'business_logos/ldcyTolRbg3gwCWK6kkm7NftPidSGlWldAabdZQa.png', 'approved', NULL, '2026-01-10 12:37:11', '2026-01-12 04:37:07'),
(6, 53, 'Mira Cuves', '123456789', '1234567890', 'ABC', 'ABC', 'ABC', 'ABC', '123456', 'www.miracuves.com', 'business_logos/9xTGfJWxFzcrtlaK88ExeHjMXBDbzxl2ONQE7rfh.jpg', 'approved', NULL, '2026-01-13 06:40:14', '2026-01-13 06:49:31'),
(7, 75, 'Ravager Shop', 'AS12453', '9578462135', 'Tentonic street', 'India', 'Maharastra', 'Pune', '422352', NULL, 'business_logos/nHa0VbsXWHEACc8rCjGIx8T0ZA2qiqIsKh76uCCr.jpg', 'approved', NULL, '2026-07-27 06:13:16', '2026-07-27 06:16:12'),
(8, 83, 'Doe Shop', 'NSE242421', '7710900931`', '10 Baker street', 'India', 'Maharashtra', 'Mumbai', '123012', NULL, 'business_logos/zef1I6BjocIkSuoyFgPBPOAxDI8ebcQpJuIuS1jU.png', 'approved', NULL, '2026-07-28 10:35:54', '2026-07-28 11:55:38'),
(9, 84, 'yolo shop', 'mp38nsnsnsk738', '123r567898', 'p24 balaji residency nepal railway station bhopal', 'india', 'mp', 'bhopal', '460277', NULL, 'business_logos/YdAPi1OP2AbLBCfepe0dOW9Pda586Pths4zsBgzf.png', 'approved', NULL, '2026-07-28 12:14:43', '2026-07-28 12:21:45'),
(10, 79, 'flowers', '123456789', '1234567890', '1234linkpark', 'india', 'xyz', 'xyz', '564789', NULL, 'business_logos/aCwi56uvfurwj8SAeyJguuhphD2FVqLQrZkNILun.png', 'approved', NULL, '2026-07-29 05:36:38', '2026-07-29 06:01:04');

-- --------------------------------------------------------

--
-- Table structure for table `business_balances`
--

CREATE TABLE `business_balances` (
  `id` bigint(20) UNSIGNED NOT NULL,
  `business_id` bigint(20) UNSIGNED NOT NULL,
  `balance` decimal(10,2) NOT NULL DEFAULT 0.00,
  `total_earnings` decimal(10,2) NOT NULL DEFAULT 0.00,
  `total_commission_paid` decimal(10,2) NOT NULL DEFAULT 0.00,
  `total_withdrawn` decimal(10,2) NOT NULL DEFAULT 0.00,
  `total_refunded` decimal(15,2) NOT NULL DEFAULT 0.00,
  `created_at` timestamp NULL DEFAULT NULL,
  `updated_at` timestamp NULL DEFAULT NULL
) ENGINE=MyISAM DEFAULT CHARSET=utf8mb4 COLLATE=utf8mb4_unicode_ci;

--
-- Dumping data for table `business_balances`
--

INSERT INTO `business_balances` (`id`, `business_id`, `balance`, `total_earnings`, `total_commission_paid`, `total_withdrawn`, `total_refunded`, `created_at`, `updated_at`) VALUES
(1, 1, 13115.60, 13215.60, 0.00, 100.00, 2241.00, '2025-12-23 22:42:01', '2026-07-28 12:19:53'),
(2, 2, 3375.00, 3375.00, 0.00, 0.00, 2025.00, '2026-01-07 12:24:32', '2026-01-13 05:41:26'),
(3, 3, 0.00, 0.00, 0.00, 0.00, 0.00, '2026-01-08 10:42:09', '2026-01-08 10:42:09'),
(4, 5, 3240.00, 3240.00, 0.00, 0.00, 0.00, '2026-01-12 04:04:10', '2026-07-28 10:43:55'),
(5, 6, 0.00, 0.00, 0.00, 0.00, 0.00, '2026-01-13 06:49:31', '2026-01-13 06:49:31'),
(6, 7, 0.00, 0.00, 0.00, 0.00, 0.00, '2026-07-27 06:16:12', '2026-07-27 06:16:12'),
(7, 8, 0.00, 0.00, 0.00, 0.00, 0.00, '2026-07-28 11:55:38', '2026-07-28 11:55:38'),
(8, 9, 0.00, 0.00, 0.00, 0.00, 0.00, '2026-07-28 12:18:01', '2026-07-28 12:18:01'),
(9, 10, 0.00, 0.00, 0.00, 0.00, 0.00, '2026-07-29 06:01:04', '2026-07-29 06:01:04');

-- --------------------------------------------------------

--
-- Table structure for table `business_registrations`
--

CREATE TABLE `business_registrations` (
  `id` bigint(20) UNSIGNED NOT NULL,
  `user_id` bigint(20) UNSIGNED NOT NULL,
  `name` varchar(255) NOT NULL,
  `license_id` varchar(255) NOT NULL,
  `phone_number` varchar(255) NOT NULL,
  `address` text NOT NULL,
  `country` varchar(255) NOT NULL,
  `state` varchar(255) NOT NULL,
  `city` varchar(255) NOT NULL,
  `zip_code` varchar(255) NOT NULL,
  `website` varchar(255) DEFAULT NULL,
  `logo` varchar(255) NOT NULL,
  `status` enum('pending','approved','suspended','rejected') NOT NULL DEFAULT 'pending',
  `admin_remarks` text DEFAULT NULL,
  `created_at` timestamp NULL DEFAULT NULL,
  `updated_at` timestamp NULL DEFAULT NULL
) ENGINE=MyISAM DEFAULT CHARSET=utf8mb4 COLLATE=utf8mb4_unicode_ci;

-- --------------------------------------------------------

--
-- Table structure for table `business_transactions`
--

CREATE TABLE `business_transactions` (
  `id` bigint(20) UNSIGNED NOT NULL,
  `business_id` bigint(20) UNSIGNED NOT NULL,
  `type` enum('credit_sale','debit_withdrawal','debit_refund','credit_adjustment') NOT NULL,
  `amount` decimal(10,2) NOT NULL,
  `description` varchar(255) NOT NULL,
  `balance_after` decimal(10,2) NOT NULL,
  `order_id` bigint(20) UNSIGNED DEFAULT NULL,
  `created_at` timestamp NULL DEFAULT NULL,
  `updated_at` timestamp NULL DEFAULT NULL
) ENGINE=MyISAM DEFAULT CHARSET=utf8mb4 COLLATE=utf8mb4_unicode_ci;

--
-- Dumping data for table `business_transactions`
--

INSERT INTO `business_transactions` (`id`, `business_id`, `type`, `amount`, `description`, `balance_after`, `order_id`, `created_at`, `updated_at`) VALUES
(1, 1, 'credit_sale', 179.10, 'Sale Revenue - Order #9', 179.10, NULL, '2025-12-24 05:28:43', '2025-12-24 05:28:43'),
(2, 1, 'credit_sale', 179.10, 'Sale Revenue - Order #10', 358.20, NULL, '2025-12-24 06:17:25', '2025-12-24 06:17:25'),
(3, 1, 'debit_withdrawal', 100.00, 'Withdrawal Request #1', 258.20, NULL, '2025-12-24 06:49:07', '2025-12-24 06:49:07'),
(4, 1, 'credit_sale', 269.10, 'Sale Revenue - Order #11', 527.30, NULL, '2025-12-24 06:55:32', '2025-12-24 06:55:32'),
(5, 1, 'credit_sale', 179.10, 'Sale Revenue - Order #12', 706.40, NULL, '2025-12-25 22:47:33', '2025-12-25 22:47:33'),
(6, 1, 'credit_sale', 179.10, 'Sale Revenue - Order #13', 885.50, NULL, '2025-12-25 22:55:39', '2025-12-25 22:55:39'),
(7, 1, 'credit_sale', 179.10, 'Sale Revenue - Order #14', 1064.60, NULL, '2025-12-28 22:45:48', '2025-12-28 22:45:48'),
(8, 1, 'debit_refund', 179.10, 'Refund Deduction for Order #14', 885.50, NULL, '2025-12-28 22:46:30', '2025-12-28 22:46:30'),
(9, 1, 'credit_sale', 1260.00, 'Sale Revenue - Order #15', 2145.50, NULL, '2025-12-31 11:02:08', '2025-12-31 11:02:08'),
(10, 1, 'credit_sale', 179.10, 'Sale Revenue - Order #16', 2324.60, NULL, '2026-01-07 05:01:02', '2026-01-07 05:01:02'),
(11, 1, 'credit_sale', 269.10, 'Sale Revenue - Order #17', 2593.70, NULL, '2026-01-07 09:30:48', '2026-01-07 09:30:48'),
(12, 1, 'credit_sale', 269.10, 'Sale Revenue - Order #18', 2862.80, NULL, '2026-01-07 12:15:20', '2026-01-07 12:15:20'),
(13, 1, 'credit_sale', 269.10, 'Sale Revenue - Order #19', 3131.90, NULL, '2026-01-07 12:30:21', '2026-01-07 12:30:21'),
(14, 1, 'credit_sale', 269.10, 'Sale Revenue - Order #20', 3401.00, NULL, '2026-01-07 12:40:09', '2026-01-07 12:40:09'),
(15, 1, 'credit_sale', 179.10, 'Sale Revenue - Order #21', 3580.10, NULL, '2026-01-08 03:45:19', '2026-01-08 03:45:19'),
(16, 1, 'debit_refund', 269.10, 'Refund Deduction for Order #18', 3311.00, NULL, '2026-01-08 04:01:18', '2026-01-08 04:01:18'),
(17, 1, 'debit_refund', 269.10, 'Refund Deduction for Order #17', 3041.90, NULL, '2026-01-08 04:01:38', '2026-01-08 04:01:38'),
(18, 1, 'credit_sale', 269.10, 'Sale Revenue - Order #22', 3311.00, NULL, '2026-01-08 04:30:59', '2026-01-08 04:30:59'),
(19, 1, 'credit_sale', 179.10, 'Sale Revenue - Order #23', 3490.10, NULL, '2026-01-08 04:38:35', '2026-01-08 04:38:35'),
(20, 1, 'debit_refund', 179.10, 'Refund Deduction for Order #23', 3311.00, NULL, '2026-01-08 04:40:24', '2026-01-08 04:40:24'),
(21, 1, 'debit_refund', 179.10, 'Refund Deduction for Order #21', 3131.90, NULL, '2026-01-08 05:04:39', '2026-01-08 05:04:39'),
(22, 1, 'credit_sale', 179.10, 'Sale Revenue - Order #24', 3311.00, NULL, '2026-01-08 05:13:10', '2026-01-08 05:13:10'),
(23, 1, 'debit_refund', 179.10, 'Refund Deduction for Order #24', 3131.90, NULL, '2026-01-08 05:31:34', '2026-01-08 05:31:34'),
(24, 2, 'credit_sale', 675.00, 'Sale Revenue - Order #25', 675.00, NULL, '2026-01-08 06:52:37', '2026-01-08 06:52:37'),
(25, 2, 'debit_refund', 675.00, 'Refund Deduction for Order #25', 0.00, NULL, '2026-01-08 06:59:54', '2026-01-08 06:59:54'),
(26, 1, 'credit_sale', 269.10, 'Sale Revenue - Order #26', 3401.00, NULL, '2026-01-08 07:06:47', '2026-01-08 07:06:47'),
(27, 2, 'credit_sale', 675.00, 'Sale Revenue - Order #27', 675.00, NULL, '2026-01-08 07:29:25', '2026-01-08 07:29:25'),
(28, 1, 'credit_sale', 269.10, 'Sale Revenue - Order #28', 3670.10, NULL, '2026-01-08 08:05:55', '2026-01-08 08:05:55'),
(29, 2, 'credit_sale', 675.00, 'Sale Revenue - Order #29', 1350.00, NULL, '2026-01-08 09:38:27', '2026-01-08 09:38:27'),
(30, 1, 'credit_sale', 269.10, 'Sale Revenue - Order #30', 3939.20, NULL, '2026-01-08 09:39:47', '2026-01-08 09:39:47'),
(31, 1, 'debit_refund', 269.10, 'Refund Deduction for Order #30', 3670.10, NULL, '2026-01-08 09:50:18', '2026-01-08 09:50:18'),
(32, 1, 'credit_sale', 269.10, 'Sale Revenue - Order #31', 3939.20, NULL, '2026-01-08 11:04:30', '2026-01-08 11:04:30'),
(33, 1, 'credit_sale', 269.10, 'Sale Revenue - Order #32', 4208.30, NULL, '2026-01-08 11:05:16', '2026-01-08 11:05:16'),
(34, 1, 'credit_sale', 269.10, 'Sale Revenue - Order #33', 4477.40, NULL, '2026-01-08 11:43:52', '2026-01-08 11:43:52'),
(35, 1, 'credit_sale', 179.10, 'Sale Revenue - Order #34', 4656.50, NULL, '2026-01-08 11:51:57', '2026-01-08 11:51:57'),
(36, 2, 'credit_sale', 675.00, 'Sale Revenue - Order #35', 2025.00, NULL, '2026-01-12 04:26:59', '2026-01-12 04:26:59'),
(37, 2, 'credit_sale', 675.00, 'Sale Revenue - Order #36', 2700.00, NULL, '2026-01-12 06:20:59', '2026-01-12 06:20:59'),
(38, 2, 'debit_refund', 675.00, 'Refund Deduction for Order #36', 2025.00, NULL, '2026-01-12 06:28:46', '2026-01-12 06:28:46'),
(39, 2, 'credit_sale', 675.00, 'Sale Revenue - Order #37', 2700.00, NULL, '2026-01-13 04:35:59', '2026-01-13 04:35:59'),
(40, 2, 'debit_refund', 675.00, 'Refund Deduction for Order #37', 2025.00, NULL, '2026-01-13 04:38:54', '2026-01-13 04:38:54'),
(41, 5, 'credit_sale', 810.00, 'Sale Revenue - Order #38', 810.00, NULL, '2026-01-13 05:36:10', '2026-01-13 05:36:10'),
(42, 2, 'credit_sale', 675.00, 'Sale Revenue - Order #39', 2700.00, NULL, '2026-01-13 05:41:03', '2026-01-13 05:41:03'),
(43, 2, 'credit_sale', 675.00, 'Sale Revenue - Order #40', 3375.00, NULL, '2026-01-13 05:41:26', '2026-01-13 05:41:26'),
(44, 1, 'credit_sale', 269.10, 'Sale Revenue - Order #41', 4925.60, NULL, '2026-01-13 05:52:30', '2026-01-13 05:52:30'),
(45, 1, 'debit_refund', 269.10, 'Refund Deduction for Order #41', 4656.50, NULL, '2026-01-13 05:56:32', '2026-01-13 05:56:32'),
(46, 1, 'credit_sale', 179.10, 'Sale Revenue - Order #42', 4835.60, NULL, '2026-01-13 06:25:58', '2026-01-13 06:25:58'),
(47, 1, 'debit_refund', 179.10, 'Refund Deduction for Order #42', 4656.50, NULL, '2026-01-15 05:25:39', '2026-01-15 05:25:39'),
(48, 1, 'debit_refund', 269.10, 'Refund Deduction for Order #32', 4387.40, NULL, '2026-02-10 04:54:19', '2026-02-10 04:54:19'),
(49, 1, 'credit_sale', 269.10, 'Sale Revenue - Order #43', 4656.50, NULL, '2026-02-12 00:24:42', '2026-02-12 00:24:42'),
(50, 5, 'credit_sale', 810.00, 'Sale Revenue - Order #44', 1620.00, NULL, '2026-07-21 04:09:07', '2026-07-21 04:09:07'),
(51, 5, 'credit_sale', 90.00, 'Sale Revenue - Order #45', 1710.00, NULL, '2026-07-21 04:25:19', '2026-07-21 04:25:19'),
(52, 5, 'credit_sale', 90.00, 'Sale Revenue - Order #46', 1800.00, NULL, '2026-07-21 04:30:21', '2026-07-21 04:30:21'),
(53, 5, 'credit_sale', 810.00, 'Sale Revenue - Order #47', 2610.00, NULL, '2026-07-21 04:31:41', '2026-07-21 04:31:41'),
(54, 1, 'credit_sale', 2819.70, 'Sale Revenue - Order #48', 7476.20, NULL, '2026-07-21 11:13:10', '2026-07-21 11:13:10'),
(55, 1, 'credit_sale', 2819.70, 'Sale Revenue - Order #49', 10295.90, NULL, '2026-07-23 03:50:39', '2026-07-23 03:50:39'),
(56, 5, 'credit_sale', 90.00, 'Sale Revenue - Order #50', 2700.00, NULL, '2026-07-23 03:54:04', '2026-07-23 03:54:04'),
(57, 5, 'credit_sale', 90.00, 'Sale Revenue - Order #51', 2790.00, NULL, '2026-07-23 03:58:16', '2026-07-23 03:58:16'),
(58, 5, 'credit_sale', 90.00, 'Sale Revenue - Order #52', 2880.00, NULL, '2026-07-27 13:20:51', '2026-07-27 13:20:51'),
(59, 5, 'credit_sale', 90.00, 'Sale Revenue - Order #53', 2970.00, NULL, '2026-07-28 09:30:18', '2026-07-28 09:30:18'),
(60, 5, 'credit_sale', 90.00, 'Sale Revenue - Order #54', 3060.00, NULL, '2026-07-28 10:00:02', '2026-07-28 10:00:02'),
(61, 5, 'credit_sale', 90.00, 'Sale Revenue - Order #55', 3150.00, NULL, '2026-07-28 10:41:06', '2026-07-28 10:41:06'),
(62, 5, 'credit_sale', 90.00, 'Sale Revenue - Order #56', 3240.00, NULL, '2026-07-28 10:43:55', '2026-07-28 10:43:55'),
(63, 1, 'credit_sale', 2819.70, 'Sale Revenue - Order #57', 13115.60, NULL, '2026-07-28 12:19:53', '2026-07-28 12:19:53');

-- --------------------------------------------------------

--
-- Table structure for table `business_withdrawals`
--

CREATE TABLE `business_withdrawals` (
  `id` bigint(20) UNSIGNED NOT NULL,
  `business_id` bigint(20) UNSIGNED NOT NULL,
  `amount` decimal(10,2) NOT NULL,
  `method` varchar(255) NOT NULL,
  `details` text NOT NULL,
  `status` enum('pending','approved','rejected','paid') NOT NULL DEFAULT 'pending',
  `admin_remarks` text DEFAULT NULL,
  `created_at` timestamp NULL DEFAULT NULL,
  `updated_at` timestamp NULL DEFAULT NULL
) ENGINE=MyISAM DEFAULT CHARSET=utf8mb4 COLLATE=utf8mb4_unicode_ci;

--
-- Dumping data for table `business_withdrawals`
--

INSERT INTO `business_withdrawals` (`id`, `business_id`, `amount`, `method`, `details`, `status`, `admin_remarks`, `created_at`, `updated_at`) VALUES
(1, 1, 100.00, 'upi_paypal', 'baba@sbi', 'paid', NULL, '2025-12-24 06:49:07', '2026-07-21 07:25:13');

-- --------------------------------------------------------

--
-- Table structure for table `comment_likes`
--

CREATE TABLE `comment_likes` (
  `id` int(11) NOT NULL,
  `comment_id` int(11) DEFAULT NULL,
  `user_id` int(11) DEFAULT NULL,
  `created_at` timestamp NOT NULL DEFAULT current_timestamp(),
  `updated_at` timestamp NOT NULL DEFAULT current_timestamp()
) ENGINE=InnoDB DEFAULT CHARSET=utf8mb4 COLLATE=utf8mb4_general_ci;

--
-- Dumping data for table `comment_likes`
--

INSERT INTO `comment_likes` (`id`, `comment_id`, `user_id`, `created_at`, `updated_at`) VALUES
(137, 379, 43, '2026-07-24 11:07:43', '2026-07-24 11:07:43'),
(138, 380, 43, '2026-07-24 11:08:33', '2026-07-24 11:08:33'),
(140, 383, 83, '2026-07-27 12:39:46', '2026-07-27 12:39:46'),
(141, 387, 85, '2026-07-27 13:15:17', '2026-07-27 13:15:17'),
(142, 398, 79, '2026-07-28 11:17:36', '2026-07-28 11:17:36'),
(143, 399, 87, '2026-07-28 12:51:50', '2026-07-28 12:51:50');

-- --------------------------------------------------------

--
-- Table structure for table `comment_replies`
--

CREATE TABLE `comment_replies` (
  `id` int(11) NOT NULL,
  `comment_id` int(11) DEFAULT NULL,
  `user_id` int(11) DEFAULT NULL,
  `reply` varchar(999) DEFAULT NULL,
  `mentioned_user_ids` varchar(999) DEFAULT NULL,
  `created_at` timestamp NOT NULL DEFAULT current_timestamp(),
  `updated_at` timestamp NOT NULL DEFAULT current_timestamp()
) ENGINE=InnoDB DEFAULT CHARSET=utf8mb4 COLLATE=utf8mb4_general_ci;

-- --------------------------------------------------------

--
-- Table structure for table `creator_ads`
--

CREATE TABLE `creator_ads` (
  `id` bigint(20) UNSIGNED NOT NULL,
  `user_id` bigint(20) UNSIGNED NOT NULL,
  `post_id` bigint(20) UNSIGNED NOT NULL,
  `goal_type` varchar(255) NOT NULL DEFAULT 'views',
  `budget_amount` decimal(10,2) NOT NULL,
  `spend_amount` decimal(10,2) NOT NULL DEFAULT 0.00,
  `status` varchar(255) NOT NULL DEFAULT 'pending',
  `cta_label` varchar(255) DEFAULT NULL,
  `cta_link` varchar(255) DEFAULT NULL,
  `start_date` timestamp NULL DEFAULT NULL,
  `end_date` timestamp NULL DEFAULT NULL,
  `created_at` timestamp NULL DEFAULT NULL,
  `updated_at` timestamp NULL DEFAULT NULL
) ENGINE=MyISAM DEFAULT CHARSET=utf8mb4 COLLATE=utf8mb4_unicode_ci;

--
-- Dumping data for table `creator_ads`
--

INSERT INTO `creator_ads` (`id`, `user_id`, `post_id`, `goal_type`, `budget_amount`, `spend_amount`, `status`, `cta_label`, `cta_link`, `start_date`, `end_date`, `created_at`, `updated_at`) VALUES
(4, 40, 244, 'views', 10.00, 0.57, 'active', 'Shop Now', 'https://mxtok.mimeld.com/shop/product?id=2', '2025-12-22 04:28:13', NULL, '2025-12-22 04:04:54', '2026-07-28 09:09:36'),
(6, 40, 255, 'clicks', 5.00, 0.00, 'pending', 'Learn More', 'https://mxtok.com', NULL, NULL, '2026-01-07 09:19:12', '2026-01-07 09:19:12'),
(7, 48, 258, 'views', 10.00, 0.00, 'pending', NULL, NULL, NULL, NULL, '2026-01-07 09:19:44', '2026-01-07 09:19:44'),
(8, 40, 255, 'clicks', 5.00, 0.00, 'pending', 'Learn More', 'https://mxtok.com', NULL, NULL, '2026-01-07 09:19:58', '2026-01-07 09:19:58'),
(9, 48, 258, 'views', 10.00, 0.00, 'pending', NULL, NULL, NULL, NULL, '2026-01-07 09:20:18', '2026-01-07 09:20:18'),
(10, 40, 255, 'clicks', 5.00, 0.00, 'pending', 'Learn More', 'https://mxtok.com', NULL, NULL, '2026-01-07 09:21:18', '2026-01-07 09:21:18'),
(11, 40, 255, 'views', 10.00, 0.00, 'pending', 'Learn More', 'https://mxtok.com', NULL, NULL, '2026-01-07 09:58:22', '2026-01-07 09:58:22'),
(12, 40, 255, 'views', 10.00, 0.00, 'pending', 'Learn More', 'https://mxtok.com', NULL, NULL, '2026-01-07 09:59:35', '2026-01-07 09:59:35'),
(13, 48, 263, 'views', 10.00, 0.00, 'active', NULL, NULL, '2026-01-08 08:21:07', NULL, '2026-01-07 10:01:05', '2026-01-08 08:21:07'),
(14, 40, 255, 'views', 10.00, 0.00, 'pending', 'Learn More', 'https://mxtok.com', NULL, NULL, '2026-01-07 10:02:01', '2026-01-07 10:02:01'),
(15, 40, 255, 'views', 10.00, 0.00, 'pending', 'Learn More', 'https://mxtok.com', NULL, NULL, '2026-01-07 10:02:44', '2026-01-07 10:02:44'),
(16, 40, 255, 'views', 10.00, 0.00, 'pending', 'Learn More', 'https://mxtok.com', NULL, NULL, '2026-01-07 10:04:58', '2026-01-07 10:04:58'),
(17, 40, 255, 'views', 10.00, 0.00, 'pending', 'Learn More', 'https://mxtok.com', NULL, NULL, '2026-01-07 10:05:25', '2026-01-07 10:05:25'),
(18, 48, 262, 'views', 10.00, 0.02, 'active', NULL, NULL, '2026-01-08 08:20:36', NULL, '2026-01-07 10:06:44', '2026-01-09 09:50:09'),
(19, 40, 254, 'views', 10.00, 0.00, 'pending', 'Learn More', 'https://google.com', NULL, NULL, '2026-01-07 10:33:29', '2026-01-07 10:33:29'),
(20, 40, 256, 'views', 10.00, 0.00, 'pending', 'Learn More', 'https://googh.com', NULL, NULL, '2026-01-07 10:37:42', '2026-01-07 10:37:42'),
(21, 40, 256, 'views', 10.00, 0.00, 'pending', 'Learn More', 'https://googh.com', NULL, NULL, '2026-01-07 10:38:18', '2026-01-07 10:38:18'),
(22, 40, 256, 'views', 10.00, 0.12, 'active', 'Learn More', 'https://googh.com', '2026-01-07 10:40:10', NULL, '2026-01-07 10:38:39', '2026-07-28 11:46:06'),
(23, 40, 256, 'views', 10.00, 0.00, 'pending', 'Learn More', 'https://googh.com', NULL, NULL, '2026-01-07 10:39:11', '2026-01-07 10:39:11'),
(24, 40, 256, 'views', 10.00, 0.00, 'pending', 'Learn More', 'https://googh.com', NULL, NULL, '2026-01-07 10:43:10', '2026-01-07 10:43:10'),
(25, 40, 272, 'views', 10.00, 0.16, 'active', 'Learn More', 'https://good.com', '2026-01-07 11:54:26', NULL, '2026-01-07 11:53:40', '2026-07-28 11:56:48'),
(26, 40, 251, 'views', 10.00, 0.11, 'active', 'Learn More', 'https://google.com', '2026-01-07 12:19:34', NULL, '2026-01-07 12:19:17', '2026-07-28 04:54:33'),
(27, 40, 256, 'views', 10.00, 0.09, 'active', NULL, NULL, '2026-01-08 09:10:44', NULL, '2026-01-08 04:42:31', '2026-07-28 05:01:22'),
(28, 40, 256, 'views', 10.00, 0.19, 'active', NULL, NULL, '2026-01-08 04:43:32', NULL, '2026-01-08 04:43:09', '2026-07-28 11:07:16'),
(29, 40, 272, 'views', 10.00, 0.25, 'active', 'Learn More', 'https://google.com', '2026-01-08 04:46:19', NULL, '2026-01-08 04:45:47', '2026-07-29 04:15:13'),
(30, 46, 279, 'views', 10.00, 0.12, 'active', 'Learn More', 'https://google.com', '2026-01-08 08:13:05', NULL, '2026-01-08 08:12:20', '2026-07-28 10:43:54'),
(31, 48, 262, 'views', 10.00, 0.01, 'active', NULL, NULL, '2026-01-08 08:25:30', NULL, '2026-01-08 08:25:02', '2026-01-08 08:32:51'),
(32, 48, 278, 'views', 10.00, 0.01, 'active', 'Learn More', 'https://amazon.com', '2026-01-08 08:27:31', NULL, '2026-01-08 08:26:56', '2026-01-08 11:26:06'),
(33, 46, 281, 'views', 10.00, 0.23, 'active', 'Learn More', 'https://flipkart.com', '2026-01-08 09:51:14', NULL, '2026-01-08 09:50:45', '2026-07-29 04:42:06'),
(34, 48, 276, 'views', 10.00, 0.00, 'pending', 'Learn More', 'https://google.com', NULL, NULL, '2026-01-08 10:50:18', '2026-01-08 10:50:18'),
(35, 48, 262, 'views', 10.00, 0.00, 'pending', 'Learn More', 'https://google.com', NULL, NULL, '2026-01-08 11:06:53', '2026-01-08 11:06:53'),
(36, 48, 262, 'views', 10.00, 0.00, 'pending', 'Learn More', 'https://google.com', NULL, NULL, '2026-01-08 11:50:50', '2026-01-08 11:50:50'),
(37, 48, 262, 'views', 10.00, 0.00, 'pending', 'Learn More', 'https://google.com', NULL, NULL, '2026-01-08 12:02:51', '2026-01-08 12:02:51'),
(38, 48, 262, 'views', 10.00, 0.00, 'active', 'Learn More', 'https://google.com', '2026-01-08 12:17:14', NULL, '2026-01-08 12:16:52', '2026-01-08 12:17:14'),
(39, 48, 262, 'views', 10.00, 0.00, 'active', 'Learn More', 'https://google.com', '2026-01-08 12:19:42', NULL, '2026-01-08 12:19:18', '2026-01-08 12:19:42'),
(40, 48, 262, 'views', 10.00, 0.00, 'pending', 'Learn More', 'https://google.com', NULL, NULL, '2026-01-08 12:20:57', '2026-01-08 12:20:57'),
(41, 48, 262, 'views', 10.00, 0.00, 'pending', 'Learn More', 'https://google.com', NULL, NULL, '2026-01-08 12:21:25', '2026-01-08 12:21:25'),
(42, 48, 262, 'views', 10.00, 0.00, 'pending', 'Learn More', 'https://google.com', NULL, NULL, '2026-01-08 12:23:50', '2026-01-08 12:23:50'),
(43, 48, 262, 'views', 10.00, 0.00, 'pending', 'Learn More', 'https://google.com', NULL, NULL, '2026-01-08 12:24:21', '2026-01-08 12:24:21'),
(44, 48, 262, 'views', 10.00, 0.00, 'pending', 'Learn More', 'https://google.com', NULL, NULL, '2026-01-08 12:36:16', '2026-01-08 12:36:16'),
(45, 48, 262, 'views', 10.00, 0.00, 'pending', 'Learn More', 'https://google.com', NULL, NULL, '2026-01-08 12:39:56', '2026-01-08 12:39:56'),
(46, 48, 262, 'views', 10.00, 0.00, 'pending', 'Learn More', 'https://google.com', NULL, NULL, '2026-01-08 12:40:09', '2026-01-08 12:40:09'),
(47, 48, 262, 'views', 10.00, 0.00, 'pending', 'Learn More', 'https://google.com', NULL, NULL, '2026-01-08 12:41:36', '2026-01-08 12:41:36'),
(48, 48, 262, 'views', 10.00, 0.00, 'pending', 'Learn More', 'https://google.com', NULL, NULL, '2026-01-08 12:42:01', '2026-01-08 12:42:01'),
(49, 48, 262, 'views', 10.00, 0.00, 'pending', 'Learn More', 'https://google.com', NULL, NULL, '2026-01-08 12:42:09', '2026-01-08 12:42:09'),
(50, 48, 262, 'views', 10.00, 0.00, 'pending', 'Learn More', 'https://google.com', NULL, NULL, '2026-01-08 12:42:39', '2026-01-08 12:42:39'),
(51, 48, 262, 'views', 10.00, 0.00, 'active', 'Learn More', 'https://google.com', '2026-01-08 12:53:02', NULL, '2026-01-08 12:52:33', '2026-01-08 12:53:02'),
(52, 48, 280, 'views', 10.00, 0.00, 'active', 'Learn More', 'https://google.com', '2026-01-08 12:55:17', NULL, '2026-01-08 12:54:49', '2026-01-09 06:14:00'),
(53, 40, 255, 'views', 50.00, 0.15, 'active', 'Shop Now', 'https://google.com', '2026-01-10 05:13:09', NULL, '2026-01-10 05:12:52', '2026-07-28 10:00:45'),
(54, 43, 241, 'views', 10.00, 0.31, 'active', 'Learn More', 'https://Amazon.com', '2026-01-12 04:46:32', NULL, '2026-01-12 04:45:36', '2026-07-28 11:56:57'),
(55, 40, 272, 'views', 10.00, 0.12, 'active', 'Learn More', 'https://google.com', '2026-01-12 04:48:38', NULL, '2026-01-12 04:47:55', '2026-07-28 06:49:55'),
(56, 43, 248, 'views', 10.00, 0.00, 'pending', 'Learn More', 'https://google.com', NULL, NULL, '2026-01-12 04:48:11', '2026-01-12 04:48:11'),
(57, 43, 248, 'views', 10.00, 0.12, 'active', 'Learn More', 'https://google.com', '2026-02-25 04:21:49', NULL, '2026-01-12 04:49:43', '2026-07-28 04:55:58'),
(58, 40, 284, 'views', 10.00, 0.01, 'active', 'Learn More', 'https://google.com', '2026-01-12 06:15:09', NULL, '2026-01-12 06:14:40', '2026-02-19 23:02:25'),
(59, 40, 284, 'views', 10.00, 0.00, 'pending', 'Shop Now', 'https://miracuves.com', NULL, NULL, '2026-01-13 04:39:43', '2026-01-13 04:39:43'),
(60, 40, 284, 'views', 10.00, 0.00, 'pending', 'Learn More', 'https://miracuves.com', NULL, NULL, '2026-01-13 05:04:40', '2026-01-13 05:04:40'),
(61, 40, 284, 'clicks', 10.00, 0.00, 'pending', 'Learn More', 'https://miracuves.com', NULL, NULL, '2026-01-13 05:07:10', '2026-01-13 05:07:10'),
(62, 40, 252, 'views', 10.00, 0.00, 'pending', 'Learn More', 'https://miracuves.com', NULL, NULL, '2026-01-13 05:10:23', '2026-01-13 05:10:23'),
(63, 40, 271, 'views', 10.00, 0.11, 'active', 'Learn More', 'https://miracuves.com', '2026-01-13 05:25:17', NULL, '2026-01-13 05:22:31', '2026-07-29 06:18:30'),
(64, 40, 270, 'views', 10.00, 0.06, 'active', 'Learn More', 'https://miracuves.com', '2026-01-13 05:30:25', NULL, '2026-01-13 05:29:56', '2026-07-29 04:42:16'),
(65, 40, 271, 'views', 10.00, 0.00, 'pending', 'Watch More', 'https://miracuves.com', NULL, NULL, '2026-01-13 06:02:58', '2026-01-13 06:02:58'),
(66, 40, 244, 'views', 10.00, 0.18, 'active', 'Learn More', 'https://miracuves.com', '2026-01-13 06:40:20', NULL, '2026-01-13 06:38:58', '2026-07-29 03:49:13'),
(67, 54, 286, 'views', 10.00, 0.21, 'active', 'Learn More', 'https://google.com', '2026-01-13 07:03:00', NULL, '2026-01-13 07:02:22', '2026-07-29 04:43:09'),
(68, 40, 256, 'views', 100.00, 0.05, 'active', 'Shop Now', 'https://google.com', '2026-07-22 04:06:29', NULL, '2026-01-15 05:27:05', '2026-07-28 05:30:03'),
(69, 40, 297, 'views', 10.00, 0.01, 'active', 'Learn More', 'https://google.com', '2026-02-10 04:04:17', NULL, '2026-02-10 04:03:29', '2026-02-25 04:31:52'),
(70, 40, 250, 'views', 10.00, 0.07, 'active', 'Shop Now', 'https://google.com', '2026-02-10 05:25:06', NULL, '2026-02-10 05:24:37', '2026-07-28 10:43:11'),
(71, 40, 300, 'clicks', 10.00, 0.14, 'active', 'Shop Now', 'https://miracuves.com', '2026-02-12 00:33:23', NULL, '2026-02-12 00:32:50', '2026-07-29 04:38:24'),
(72, 43, 285, 'clicks', 10.00, 0.00, 'active', NULL, NULL, '2026-02-25 04:23:29', NULL, '2026-02-25 04:23:07', '2026-02-25 04:23:29'),
(73, 40, 305, 'views', 101.00, 0.07, 'active', NULL, NULL, '2026-07-22 03:59:05', NULL, '2026-07-22 03:58:29', '2026-07-28 09:51:41');

-- --------------------------------------------------------

--
-- Table structure for table `creator_ad_interactions`
--

CREATE TABLE `creator_ad_interactions` (
  `id` bigint(20) UNSIGNED NOT NULL,
  `ad_id` bigint(20) UNSIGNED NOT NULL,
  `user_id` bigint(20) UNSIGNED DEFAULT NULL,
  `device_id` varchar(255) DEFAULT NULL,
  `type` varchar(255) NOT NULL,
  `created_at` timestamp NULL DEFAULT NULL,
  `updated_at` timestamp NULL DEFAULT NULL
) ENGINE=MyISAM DEFAULT CHARSET=utf8mb4 COLLATE=utf8mb4_unicode_ci;

--
-- Dumping data for table `creator_ad_interactions`
--

INSERT INTO `creator_ad_interactions` (`id`, `ad_id`, `user_id`, `device_id`, `type`, `created_at`, `updated_at`) VALUES
(1, 4, 40, 'mxtok.mimeld.com', 'view', '2025-12-22 05:29:54', '2025-12-22 05:29:54'),
(2, 4, 40, 'mxtok.mimeld.com', 'click', '2025-12-22 05:30:19', '2025-12-22 05:30:19'),
(3, 4, 40, 'mxtok.mimeld.com', 'view', '2025-12-23 11:14:39', '2025-12-23 11:14:39'),
(4, 4, 43, 'mxtok.mimeld.com', 'view', '2025-12-29 03:48:22', '2025-12-29 03:48:22'),
(5, 4, 40, 'mxtok.mimeld.com', 'view', '2025-12-29 04:11:00', '2025-12-29 04:11:00'),
(6, 4, 43, 'mxtok.mimeld.com', 'view', '2025-12-29 23:32:52', '2025-12-29 23:32:52'),
(7, 4, 40, 'mxtok.mimeld.com', 'view', '2025-12-30 00:47:11', '2025-12-30 00:47:11'),
(8, 4, 43, '223.181.64.90', 'view', '2025-12-31 03:30:26', '2025-12-31 03:30:26'),
(9, 4, 40, '150.107.241.27', 'view', '2025-12-31 11:19:58', '2025-12-31 11:19:58'),
(10, 4, 44, '150.107.241.27', 'view', '2025-12-31 12:18:58', '2025-12-31 12:18:58'),
(11, 4, 45, '152.58.153.43', 'view', '2026-01-02 08:09:33', '2026-01-02 08:09:33'),
(12, 4, 40, '60.254.6.90', 'view', '2026-01-05 09:28:04', '2026-01-05 09:28:04'),
(13, 4, 43, '106.215.158.46', 'view', '2026-01-05 11:19:49', '2026-01-05 11:19:49'),
(14, 4, 43, '106.215.154.199', 'view', '2026-01-06 09:24:17', '2026-01-06 09:24:17'),
(15, 4, 48, '152.58.60.128', 'view', '2026-01-07 03:59:03', '2026-01-07 03:59:03'),
(16, 4, 40, '152.58.60.128', 'view', '2026-01-07 04:49:08', '2026-01-07 04:49:08'),
(17, 22, 48, '152.59.39.49', 'view', '2026-01-07 11:50:39', '2026-01-07 11:50:39'),
(18, 22, 40, '152.59.39.49', 'view', '2026-01-07 12:31:39', '2026-01-07 12:31:39'),
(19, 25, 48, '150.107.232.144', 'view', '2026-01-07 12:32:53', '2026-01-07 12:32:53'),
(20, 22, 43, '223.181.64.93', 'view', '2026-01-07 12:37:42', '2026-01-07 12:37:42'),
(21, 25, 43, '223.181.64.93', 'view', '2026-01-07 12:39:20', '2026-01-07 12:39:20'),
(22, 26, 47, '152.59.39.49', 'view', '2026-01-07 12:39:30', '2026-01-07 12:39:30'),
(23, 25, 40, '152.59.39.49', 'view', '2026-01-07 12:42:19', '2026-01-07 12:42:19'),
(24, 4, 48, '152.59.38.192', 'view', '2026-01-08 03:57:08', '2026-01-08 03:57:08'),
(25, 22, 48, '152.59.38.192', 'view', '2026-01-08 03:58:19', '2026-01-08 03:58:19'),
(26, 25, 48, '152.59.38.192', 'view', '2026-01-08 04:30:24', '2026-01-08 04:30:24'),
(27, 4, 40, '152.59.38.192', 'view', '2026-01-08 04:54:39', '2026-01-08 04:54:39'),
(28, 22, 40, '152.59.38.192', 'view', '2026-01-08 05:01:43', '2026-01-08 05:01:43'),
(29, 26, 48, '152.58.35.141', 'view', '2026-01-08 05:05:03', '2026-01-08 05:05:03'),
(30, 29, 47, '152.58.35.141', 'view', '2026-01-08 05:06:42', '2026-01-08 05:06:42'),
(31, 28, 47, '152.58.35.141', 'view', '2026-01-08 05:07:30', '2026-01-08 05:07:30'),
(32, 29, 46, '152.59.38.192', 'view', '2026-01-08 07:02:45', '2026-01-08 07:02:45'),
(33, 31, 48, '152.58.34.181', 'view', '2026-01-08 08:32:51', '2026-01-08 08:32:51'),
(34, 18, 40, '152.59.38.192', 'view', '2026-01-08 08:54:58', '2026-01-08 08:54:58'),
(35, 28, 40, '152.59.38.192', 'view', '2026-01-08 09:16:17', '2026-01-08 09:16:17'),
(36, 32, 40, '150.107.232.135', 'view', '2026-01-08 11:26:06', '2026-01-08 11:26:06'),
(37, 18, 40, '106.215.157.157', 'view', '2026-01-09 09:50:09', '2026-01-09 09:50:09'),
(38, 25, 48, '150.107.232.135', 'view', '2026-01-10 05:05:32', '2026-01-10 05:05:32'),
(39, 22, 47, '152.58.34.163', 'view', '2026-01-12 04:26:57', '2026-01-12 04:26:57'),
(40, 53, 40, '223.181.71.94', 'view', '2026-01-16 11:22:05', '2026-01-16 11:22:05'),
(41, 27, 40, '152.58.60.38', 'view', '2026-02-10 02:01:20', '2026-02-10 02:01:20'),
(42, 29, 54, '152.58.60.38', 'view', '2026-02-10 02:31:06', '2026-02-10 02:31:06'),
(43, 55, 55, '152.58.60.38', 'view', '2026-02-10 02:33:45', '2026-02-10 02:33:45'),
(44, 30, 40, '152.58.60.38', 'view', '2026-02-10 02:34:29', '2026-02-10 02:34:29'),
(45, 67, 40, '152.58.60.38', 'view', '2026-02-10 02:34:30', '2026-02-10 02:34:30'),
(46, 55, 54, '152.58.60.38', 'view', '2026-02-10 03:33:00', '2026-02-10 03:33:00'),
(47, 28, 54, '152.58.60.38', 'view', '2026-02-10 03:33:17', '2026-02-10 03:33:17'),
(48, 26, 40, '127.0.0.1', 'view', '2026-02-18 23:30:39', '2026-02-18 23:30:39'),
(49, 28, 40, '127.0.0.1', 'view', '2026-02-18 23:32:35', '2026-02-18 23:32:35'),
(50, 58, 40, '127.0.0.1', 'view', '2026-02-19 23:02:25', '2026-02-19 23:02:25'),
(51, 63, 60, '223.181.69.211', 'view', '2026-02-25 04:03:18', '2026-02-25 04:03:18'),
(52, 66, 60, '223.181.69.211', 'view', '2026-02-25 04:03:30', '2026-02-25 04:03:30'),
(53, 53, 43, '169.150.218.58', 'view', '2026-02-25 04:14:23', '2026-02-25 04:14:23'),
(54, 26, 43, '169.150.218.58', 'view', '2026-02-25 04:31:03', '2026-02-25 04:31:03'),
(55, 66, 43, '169.150.218.58', 'view', '2026-02-25 04:31:39', '2026-02-25 04:31:39'),
(56, 29, 43, '169.150.218.58', 'view', '2026-02-25 04:31:43', '2026-02-25 04:31:43'),
(57, 29, 43, '169.150.218.58', 'click', '2026-02-25 04:31:46', '2026-02-25 04:31:46'),
(58, 69, 43, '169.150.218.58', 'view', '2026-02-25 04:31:52', '2026-02-25 04:31:52'),
(59, 4, 43, '169.150.218.58', 'view', '2026-02-25 04:37:50', '2026-02-25 04:37:50'),
(60, 55, 40, '152.58.34.188', 'view', '2026-02-25 22:43:51', '2026-02-25 22:43:51'),
(61, 33, 60, '223.181.68.83', 'view', '2026-02-25 22:54:06', '2026-02-25 22:54:06'),
(62, 57, 60, '223.181.68.83', 'view', '2026-02-25 22:54:46', '2026-02-25 22:54:46'),
(63, 22, 60, '223.181.68.83', 'view', '2026-02-25 22:55:36', '2026-02-25 22:55:36'),
(64, 22, 43, '135.0.88.44', 'view', '2026-05-12 14:52:47', '2026-05-12 14:52:47'),
(65, 66, 40, '60.254.8.39', 'view', '2026-05-14 08:25:33', '2026-05-14 08:25:33'),
(66, 4, 64, '49.47.130.171', 'view', '2026-05-18 05:30:20', '2026-05-18 05:30:20'),
(67, 71, 64, '49.47.130.171', 'view', '2026-05-18 05:30:25', '2026-05-18 05:30:25'),
(68, 4, 64, '49.47.130.167', 'view', '2026-05-19 02:54:27', '2026-05-19 02:54:27'),
(69, 66, 64, '49.47.130.167', 'view', '2026-05-19 02:54:54', '2026-05-19 02:54:54'),
(70, 53, 40, '77.63.60.118', 'view', '2026-06-14 07:01:25', '2026-06-14 07:01:25'),
(71, 25, 40, '69.137.16.134', 'view', '2026-06-27 23:24:04', '2026-06-27 23:24:04'),
(72, 66, 40, '122.173.29.143', 'view', '2026-07-04 07:34:29', '2026-07-04 07:34:29'),
(73, 53, 40, '122.173.29.143', 'view', '2026-07-04 07:35:20', '2026-07-04 07:35:20'),
(74, 26, 40, '122.173.29.143', 'view', '2026-07-04 07:35:34', '2026-07-04 07:35:34'),
(75, 28, 40, '122.173.29.143', 'view', '2026-07-04 07:36:26', '2026-07-04 07:36:26'),
(76, 30, 71, '151.135.132.162', 'view', '2026-07-05 22:47:37', '2026-07-05 22:47:37'),
(77, 33, 71, '151.135.132.162', 'view', '2026-07-05 22:48:15', '2026-07-05 22:48:15'),
(78, 53, 71, '151.135.132.162', 'view', '2026-07-05 22:48:20', '2026-07-05 22:48:20'),
(79, 71, 71, '151.135.132.162', 'view', '2026-07-05 22:48:27', '2026-07-05 22:48:27'),
(80, 55, 71, '151.135.132.162', 'view', '2026-07-05 22:52:05', '2026-07-05 22:52:05'),
(81, 26, 71, '151.135.132.162', 'view', '2026-07-05 22:52:07', '2026-07-05 22:52:07'),
(82, 33, 71, '151.135.132.162', 'click', '2026-07-05 22:53:07', '2026-07-05 22:53:07'),
(83, 27, 71, '151.135.132.162', 'view', '2026-07-05 22:53:16', '2026-07-05 22:53:16'),
(84, 66, 71, '151.135.132.162', 'view', '2026-07-05 22:53:30', '2026-07-05 22:53:30'),
(85, 57, 71, '151.135.132.162', 'view', '2026-07-05 22:53:44', '2026-07-05 22:53:44'),
(86, 25, 71, '151.135.132.162', 'view', '2026-07-05 22:54:22', '2026-07-05 22:54:22'),
(87, 63, 71, '151.135.132.162', 'view', '2026-07-05 22:54:32', '2026-07-05 22:54:32'),
(88, 28, 71, '151.135.132.162', 'view', '2026-07-05 22:55:01', '2026-07-05 22:55:01'),
(89, 53, 40, '172.58.123.103', 'view', '2026-07-06 18:40:29', '2026-07-06 18:40:29'),
(90, 63, 40, '172.58.123.103', 'view', '2026-07-06 18:40:33', '2026-07-06 18:40:33'),
(91, 54, 40, '172.58.123.103', 'view', '2026-07-06 18:40:42', '2026-07-06 18:40:42'),
(92, 66, 40, '172.58.123.103', 'view', '2026-07-06 18:40:45', '2026-07-06 18:40:45'),
(93, 55, 71, '5.46.2.34', 'view', '2026-07-07 23:06:15', '2026-07-07 23:06:15'),
(94, 27, 71, '5.46.2.34', 'view', '2026-07-07 23:06:30', '2026-07-07 23:06:30'),
(95, 71, 71, '5.46.2.34', 'view', '2026-07-07 23:06:49', '2026-07-07 23:06:49'),
(96, 54, 71, '5.46.2.34', 'view', '2026-07-07 23:07:20', '2026-07-07 23:07:20'),
(97, 54, 71, '5.46.2.34', 'click', '2026-07-07 23:07:22', '2026-07-07 23:07:22'),
(98, 28, 71, '5.46.2.34', 'view', '2026-07-07 23:14:15', '2026-07-07 23:14:15'),
(99, 25, 71, '5.46.2.34', 'view', '2026-07-07 23:14:22', '2026-07-07 23:14:22'),
(100, 33, 71, '5.46.2.34', 'view', '2026-07-07 23:14:49', '2026-07-07 23:14:49'),
(101, 54, 72, '41.214.126.66', 'view', '2026-07-09 00:00:59', '2026-07-09 00:00:59'),
(102, 25, 72, '41.214.126.66', 'view', '2026-07-09 00:01:05', '2026-07-09 00:01:05'),
(103, 63, 72, '41.214.126.66', 'view', '2026-07-09 00:01:14', '2026-07-09 00:01:14'),
(104, 67, 72, '41.214.126.66', 'view', '2026-07-09 00:01:28', '2026-07-09 00:01:28'),
(105, 33, 72, '41.214.126.66', 'view', '2026-07-09 00:01:33', '2026-07-09 00:01:33'),
(106, 57, 72, '41.214.126.66', 'view', '2026-07-09 00:03:08', '2026-07-09 00:03:08'),
(107, 29, 71, '151.135.179.102', 'view', '2026-07-09 11:26:40', '2026-07-09 11:26:40'),
(108, 71, 72, '41.82.207.193', 'view', '2026-07-09 16:45:37', '2026-07-09 16:45:37'),
(109, 26, 72, '41.82.207.193', 'view', '2026-07-09 16:49:04', '2026-07-09 16:49:04'),
(110, 27, 73, '217.131.83.99', 'view', '2026-07-09 20:03:26', '2026-07-09 20:03:26'),
(111, 30, 73, '217.131.83.99', 'view', '2026-07-09 20:03:28', '2026-07-09 20:03:28'),
(112, 33, 73, '217.131.83.99', 'view', '2026-07-09 20:03:31', '2026-07-09 20:03:31'),
(113, 71, 73, '217.131.83.99', 'view', '2026-07-09 20:05:09', '2026-07-09 20:05:09'),
(114, 29, 73, '217.131.83.99', 'view', '2026-07-09 20:05:17', '2026-07-09 20:05:17'),
(115, 4, 73, '217.131.83.99', 'view', '2026-07-09 20:05:18', '2026-07-09 20:05:18'),
(116, 63, 73, '217.131.83.99', 'view', '2026-07-09 20:05:20', '2026-07-09 20:05:20'),
(117, 64, 40, '87.120.102.178', 'view', '2026-07-11 16:17:28', '2026-07-11 16:17:28'),
(118, 29, 40, '79.35.118.115', 'view', '2026-07-13 14:32:07', '2026-07-13 14:32:07'),
(119, 71, 40, '79.35.118.115', 'view', '2026-07-13 14:32:08', '2026-07-13 14:32:08'),
(120, 57, 40, '79.35.118.115', 'view', '2026-07-13 14:44:53', '2026-07-13 14:44:53'),
(121, 66, 40, '176.219.35.13', 'view', '2026-07-19 11:36:22', '2026-07-19 11:36:22'),
(122, 53, 40, '176.219.35.13', 'view', '2026-07-19 11:37:41', '2026-07-19 11:37:41'),
(123, 27, 40, '176.219.35.13', 'view', '2026-07-19 11:38:00', '2026-07-19 11:38:00'),
(124, 67, 40, '176.219.35.13', 'view', '2026-07-19 11:40:47', '2026-07-19 11:40:47'),
(125, 67, 40, '176.219.35.13', 'click', '2026-07-19 11:40:49', '2026-07-19 11:40:49'),
(126, 30, 40, '176.219.35.13', 'view', '2026-07-19 11:44:00', '2026-07-19 11:44:00'),
(127, 63, 40, '106.222.212.76', 'view', '2026-07-21 03:42:57', '2026-07-21 03:42:57'),
(128, 54, 43, '106.222.212.76', 'view', '2026-07-21 04:07:12', '2026-07-21 04:07:12'),
(129, 54, 43, '106.222.212.76', 'click', '2026-07-21 04:07:16', '2026-07-21 04:07:16'),
(130, 28, 43, '106.222.212.76', 'view', '2026-07-21 04:07:34', '2026-07-21 04:07:34'),
(131, 55, 40, '152.59.119.26', 'view', '2026-07-21 04:07:56', '2026-07-21 04:07:56'),
(132, 54, 40, '122.181.107.214', 'view', '2026-07-21 06:00:56', '2026-07-21 06:00:56'),
(133, 22, 40, '122.181.107.214', 'view', '2026-07-21 06:01:01', '2026-07-21 06:01:01'),
(134, 57, 40, '122.181.107.214', 'view', '2026-07-21 06:01:03', '2026-07-21 06:01:03'),
(135, 53, 40, '122.181.107.214', 'view', '2026-07-21 06:01:11', '2026-07-21 06:01:11'),
(136, 66, 40, '122.181.107.214', 'view', '2026-07-21 06:01:13', '2026-07-21 06:01:13'),
(137, 64, 40, '122.181.107.214', 'view', '2026-07-21 06:03:04', '2026-07-21 06:03:04'),
(138, 30, 40, '122.181.107.214', 'view', '2026-07-21 06:04:30', '2026-07-21 06:04:30'),
(139, 71, 40, '122.181.107.214', 'view', '2026-07-21 06:07:49', '2026-07-21 06:07:49'),
(140, 33, 40, '122.181.107.214', 'view', '2026-07-21 06:14:04', '2026-07-21 06:14:04'),
(141, 68, 40, '122.161.178.156', 'view', '2026-07-22 07:20:16', '2026-07-22 07:20:16'),
(142, 28, 40, '223.235.218.200', 'view', '2026-07-22 10:55:46', '2026-07-22 10:55:46'),
(143, 73, 40, '188.3.217.211', 'view', '2026-07-22 21:44:50', '2026-07-22 21:44:50'),
(144, 22, 40, '188.3.217.211', 'view', '2026-07-22 21:45:40', '2026-07-22 21:45:40'),
(145, 4, 43, '122.163.144.117', 'view', '2026-07-23 03:46:43', '2026-07-23 03:46:43'),
(146, 30, 43, '122.163.144.117', 'view', '2026-07-23 03:46:48', '2026-07-23 03:46:48'),
(147, 66, 40, '117.213.200.3', 'view', '2026-07-23 04:28:35', '2026-07-23 04:28:35'),
(148, 67, 40, '220.158.183.16', 'view', '2026-07-23 04:28:47', '2026-07-23 04:28:47'),
(149, 26, 43, '122.163.144.117', 'view', '2026-07-23 04:35:52', '2026-07-23 04:35:52'),
(150, 28, 40, '112.133.220.139', 'view', '2026-07-23 04:37:11', '2026-07-23 04:37:11'),
(151, 57, 43, '122.163.144.117', 'view', '2026-07-23 04:38:03', '2026-07-23 04:38:03'),
(152, 73, 43, '122.163.144.117', 'view', '2026-07-23 04:45:23', '2026-07-23 04:45:23'),
(153, 71, 40, '49.14.164.230', 'view', '2026-07-24 09:04:35', '2026-07-24 09:04:35'),
(154, 64, 40, '116.72.229.198', 'view', '2026-07-24 10:21:52', '2026-07-24 10:21:52'),
(155, 73, 40, '116.72.229.198', 'view', '2026-07-24 10:22:11', '2026-07-24 10:22:11'),
(156, 54, 40, '116.72.229.198', 'view', '2026-07-24 10:22:51', '2026-07-24 10:22:51'),
(157, 29, 40, '116.72.229.198', 'view', '2026-07-24 10:26:34', '2026-07-24 10:26:34'),
(158, 67, 40, '116.72.229.198', 'view', '2026-07-24 10:34:30', '2026-07-24 10:34:30'),
(159, 53, 40, '116.72.229.198', 'view', '2026-07-24 10:35:30', '2026-07-24 10:35:30'),
(160, 66, 40, '116.72.229.198', 'view', '2026-07-24 10:53:55', '2026-07-24 10:53:55'),
(161, 25, 75, '219.91.139.210', 'view', '2026-07-24 10:54:11', '2026-07-24 10:54:11'),
(162, 67, 43, '112.133.220.139', 'view', '2026-07-24 10:54:43', '2026-07-24 10:54:43'),
(163, 29, 43, '112.133.220.139', 'view', '2026-07-24 10:54:43', '2026-07-24 10:54:43'),
(164, 28, 40, '116.72.229.198', 'view', '2026-07-24 11:02:40', '2026-07-24 11:02:40'),
(165, 70, 40, '116.72.229.198', 'view', '2026-07-24 11:02:44', '2026-07-24 11:02:44'),
(166, 30, 40, '116.72.229.198', 'view', '2026-07-24 11:02:48', '2026-07-24 11:02:48'),
(167, 63, 40, '116.72.229.198', 'view', '2026-07-24 11:03:25', '2026-07-24 11:03:25'),
(168, 25, 40, '116.72.229.198', 'view', '2026-07-24 11:03:28', '2026-07-24 11:03:28'),
(169, 33, 40, '116.72.229.198', 'view', '2026-07-24 11:08:19', '2026-07-24 11:08:19'),
(170, 57, 40, '116.72.229.198', 'view', '2026-07-24 11:21:50', '2026-07-24 11:21:50'),
(171, 28, 40, '152.56.143.214', 'view', '2026-07-27 03:54:53', '2026-07-27 03:54:53'),
(172, 68, 43, '220.158.183.16', 'view', '2026-07-27 04:28:16', '2026-07-27 04:28:16'),
(173, 28, 43, '112.133.220.139', 'view', '2026-07-27 04:35:27', '2026-07-27 04:35:27'),
(174, 25, 40, '106.78.36.65', 'view', '2026-07-27 05:25:45', '2026-07-27 05:25:45'),
(175, 27, 40, '106.78.36.65', 'view', '2026-07-27 05:27:23', '2026-07-27 05:27:23'),
(176, 66, 40, '106.78.36.65', 'view', '2026-07-27 05:29:36', '2026-07-27 05:29:36'),
(177, 55, 40, '106.78.36.65', 'view', '2026-07-27 05:29:52', '2026-07-27 05:29:52'),
(178, 22, 40, '152.56.143.2', 'view', '2026-07-27 05:35:06', '2026-07-27 05:35:06'),
(179, 25, 43, '220.158.183.16', 'view', '2026-07-27 05:35:11', '2026-07-27 05:35:11'),
(180, 64, 75, '203.187.235.21', 'view', '2026-07-27 05:57:30', '2026-07-27 05:57:30'),
(181, 54, 80, '203.187.235.21', 'view', '2026-07-27 06:23:56', '2026-07-27 06:23:56'),
(182, 28, 80, '203.187.235.21', 'view', '2026-07-27 06:24:45', '2026-07-27 06:24:45'),
(183, 29, 80, '203.187.235.21', 'view', '2026-07-27 06:26:32', '2026-07-27 06:26:32'),
(184, 66, 80, '203.187.235.21', 'view', '2026-07-27 06:26:50', '2026-07-27 06:26:50'),
(185, 63, 80, '203.187.235.21', 'view', '2026-07-27 06:26:50', '2026-07-27 06:26:50'),
(186, 70, 80, '203.187.235.21', 'view', '2026-07-27 06:27:06', '2026-07-27 06:27:06'),
(187, 71, 80, '203.187.235.21', 'view', '2026-07-27 06:27:39', '2026-07-27 06:27:39'),
(188, 67, 80, '203.187.235.21', 'view', '2026-07-27 06:27:45', '2026-07-27 06:27:45'),
(189, 55, 79, '220.158.183.16', 'view', '2026-07-27 06:27:51', '2026-07-27 06:27:51'),
(190, 27, 79, '117.213.200.3', 'view', '2026-07-27 06:29:50', '2026-07-27 06:29:50'),
(191, 70, 79, '112.133.220.139', 'view', '2026-07-27 06:30:01', '2026-07-27 06:30:01'),
(192, 26, 80, '203.187.235.21', 'view', '2026-07-27 06:30:19', '2026-07-27 06:30:19'),
(193, 57, 75, '106.78.36.65', 'view', '2026-07-27 06:35:08', '2026-07-27 06:35:08'),
(194, 68, 79, '117.213.200.3', 'view', '2026-07-27 06:40:05', '2026-07-27 06:40:05'),
(195, 54, 83, '203.187.235.21', 'view', '2026-07-27 08:03:12', '2026-07-27 08:03:12'),
(196, 67, 79, '112.133.220.139', 'view', '2026-07-27 08:31:18', '2026-07-27 08:31:18'),
(197, 33, 78, '112.133.220.139', 'view', '2026-07-27 08:34:15', '2026-07-27 08:34:15'),
(198, 30, 79, '220.158.183.16', 'view', '2026-07-27 08:40:54', '2026-07-27 08:40:54'),
(199, 29, 79, '112.133.220.139', 'view', '2026-07-27 08:40:55', '2026-07-27 08:40:55'),
(200, 57, 78, '112.133.220.139', 'view', '2026-07-27 08:42:19', '2026-07-27 08:42:19'),
(201, 66, 78, '220.158.183.16', 'view', '2026-07-27 08:42:31', '2026-07-27 08:42:31'),
(202, 57, 83, '203.187.235.21', 'view', '2026-07-27 10:07:53', '2026-07-27 10:07:53'),
(203, 53, 79, '112.133.220.139', 'view', '2026-07-27 10:33:10', '2026-07-27 10:33:10'),
(204, 73, 79, '112.133.220.139', 'view', '2026-07-27 10:33:39', '2026-07-27 10:33:39'),
(205, 4, 79, '112.133.220.139', 'view', '2026-07-27 10:35:08', '2026-07-27 10:35:08'),
(206, 53, 75, '203.187.235.21', 'view', '2026-07-27 12:27:18', '2026-07-27 12:27:18'),
(207, 53, 83, '203.187.235.21', 'view', '2026-07-27 12:33:45', '2026-07-27 12:33:45'),
(208, 33, 83, '203.187.235.21', 'view', '2026-07-27 12:33:47', '2026-07-27 12:33:47'),
(209, 27, 83, '203.187.235.21', 'view', '2026-07-27 12:33:49', '2026-07-27 12:33:49'),
(210, 26, 83, '203.187.235.21', 'view', '2026-07-27 12:33:54', '2026-07-27 12:33:54'),
(211, 55, 83, '203.187.235.21', 'view', '2026-07-27 12:33:55', '2026-07-27 12:33:55'),
(212, 70, 83, '203.187.235.21', 'view', '2026-07-27 12:34:18', '2026-07-27 12:34:18'),
(213, 28, 79, '112.133.220.139', 'view', '2026-07-27 12:35:28', '2026-07-27 12:35:28'),
(214, 28, 83, '203.187.235.21', 'view', '2026-07-27 12:58:43', '2026-07-27 12:58:43'),
(215, 33, 80, '203.187.235.21', 'view', '2026-07-27 13:04:21', '2026-07-27 13:04:21'),
(216, 68, 80, '203.187.235.21', 'view', '2026-07-27 13:04:34', '2026-07-27 13:04:34'),
(217, 55, 80, '203.187.235.21', 'view', '2026-07-27 13:05:09', '2026-07-27 13:05:09'),
(218, 70, 43, '116.72.229.198', 'view', '2026-07-27 13:15:28', '2026-07-27 13:15:28'),
(219, 29, 43, '116.72.229.198', 'view', '2026-07-27 13:15:30', '2026-07-27 13:15:30'),
(220, 57, 43, '116.72.229.198', 'view', '2026-07-27 13:15:44', '2026-07-27 13:15:44'),
(221, 66, 43, '116.72.229.198', 'view', '2026-07-27 13:15:57', '2026-07-27 13:15:57'),
(222, 67, 43, '116.72.229.198', 'view', '2026-07-27 13:16:01', '2026-07-27 13:16:01'),
(223, 33, 43, '116.72.229.198', 'view', '2026-07-27 13:16:06', '2026-07-27 13:16:06'),
(224, 25, 43, '116.72.229.198', 'view', '2026-07-28 01:20:07', '2026-07-28 01:20:07'),
(225, 71, 83, '203.187.235.30', 'view', '2026-07-28 04:43:43', '2026-07-28 04:43:43'),
(226, 26, 83, '203.187.235.30', 'view', '2026-07-28 04:54:33', '2026-07-28 04:54:33'),
(227, 63, 83, '203.187.235.30', 'view', '2026-07-28 04:54:55', '2026-07-28 04:54:55'),
(228, 64, 83, '203.187.235.30', 'view', '2026-07-28 04:55:02', '2026-07-28 04:55:02'),
(229, 73, 83, '203.187.235.30', 'view', '2026-07-28 04:55:27', '2026-07-28 04:55:27'),
(230, 54, 83, '203.187.235.30', 'view', '2026-07-28 04:55:29', '2026-07-28 04:55:29'),
(231, 28, 83, '203.187.235.30', 'view', '2026-07-28 04:55:31', '2026-07-28 04:55:31'),
(232, 66, 83, '203.187.235.30', 'view', '2026-07-28 04:55:50', '2026-07-28 04:55:50'),
(233, 30, 83, '203.187.235.30', 'view', '2026-07-28 04:55:51', '2026-07-28 04:55:51'),
(234, 29, 83, '203.187.235.30', 'view', '2026-07-28 04:55:53', '2026-07-28 04:55:53'),
(235, 57, 83, '203.187.235.30', 'view', '2026-07-28 04:55:58', '2026-07-28 04:55:58'),
(236, 53, 40, '49.14.165.223', 'view', '2026-07-28 05:01:13', '2026-07-28 05:01:13'),
(237, 73, 40, '49.14.165.223', 'view', '2026-07-28 05:01:20', '2026-07-28 05:01:20'),
(238, 27, 40, '49.14.165.223', 'view', '2026-07-28 05:01:22', '2026-07-28 05:01:22'),
(239, 25, 83, '203.187.235.30', 'view', '2026-07-28 05:19:00', '2026-07-28 05:19:00'),
(240, 30, 40, '49.14.165.223', 'view', '2026-07-28 05:20:12', '2026-07-28 05:20:12'),
(241, 68, 83, '203.187.235.30', 'view', '2026-07-28 05:30:03', '2026-07-28 05:30:03'),
(242, 55, 83, '106.222.217.47', 'view', '2026-07-28 06:19:29', '2026-07-28 06:19:29'),
(243, 55, 75, '106.222.217.47', 'view', '2026-07-28 06:49:55', '2026-07-28 06:49:55'),
(244, 67, 83, '203.187.235.30', 'view', '2026-07-28 08:39:44', '2026-07-28 08:39:44'),
(245, 53, 83, '203.187.235.30', 'view', '2026-07-28 08:40:28', '2026-07-28 08:40:28'),
(246, 4, 83, '203.187.235.30', 'view', '2026-07-28 09:09:36', '2026-07-28 09:09:36'),
(247, 54, 87, '106.78.37.123', 'view', '2026-07-28 09:10:13', '2026-07-28 09:10:13'),
(248, 28, 87, '106.78.37.123', 'view', '2026-07-28 09:27:32', '2026-07-28 09:27:32'),
(249, 70, 87, '106.78.37.123', 'view', '2026-07-28 09:29:06', '2026-07-28 09:29:06'),
(250, 71, 87, '106.78.37.123', 'view', '2026-07-28 09:32:06', '2026-07-28 09:32:06'),
(251, 30, 43, '106.78.37.123', 'view', '2026-07-28 09:50:36', '2026-07-28 09:50:36'),
(252, 73, 87, '106.78.37.123', 'view', '2026-07-28 09:51:41', '2026-07-28 09:51:41'),
(253, 63, 87, '106.78.37.123', 'view', '2026-07-28 10:00:25', '2026-07-28 10:00:25'),
(254, 53, 87, '106.78.37.123', 'view', '2026-07-28 10:00:45', '2026-07-28 10:00:45'),
(255, 70, 79, '220.158.183.16', 'view', '2026-07-28 10:43:11', '2026-07-28 10:43:11'),
(256, 30, 79, '117.213.200.3', 'view', '2026-07-28 10:43:54', '2026-07-28 10:43:54'),
(257, 71, 40, '112.133.220.139', 'view', '2026-07-28 11:03:15', '2026-07-28 11:03:15'),
(258, 28, 40, '106.222.217.47', 'view', '2026-07-28 11:07:16', '2026-07-28 11:07:16'),
(259, 33, 40, '112.133.220.139', 'view', '2026-07-28 11:13:23', '2026-07-28 11:13:23'),
(260, 66, 80, '203.187.235.30', 'view', '2026-07-28 11:40:46', '2026-07-28 11:40:46'),
(261, 22, 79, '112.133.220.139', 'view', '2026-07-28 11:46:06', '2026-07-28 11:46:06'),
(262, 25, 40, '152.56.142.230', 'view', '2026-07-28 11:56:48', '2026-07-28 11:56:48'),
(263, 54, 40, '152.56.142.230', 'view', '2026-07-28 11:56:57', '2026-07-28 11:56:57'),
(264, 66, 87, '106.78.37.192', 'view', '2026-07-29 03:49:13', '2026-07-29 03:49:13'),
(265, 29, 87, '106.78.37.192', 'view', '2026-07-29 04:11:11', '2026-07-29 04:11:11'),
(266, 29, 44, '152.58.130.177', 'view', '2026-07-29 04:15:13', '2026-07-29 04:15:13'),
(267, 71, 44, '152.58.130.177', 'view', '2026-07-29 04:20:55', '2026-07-29 04:20:55'),
(268, 71, 78, '112.133.220.139', 'view', '2026-07-29 04:38:24', '2026-07-29 04:38:24'),
(269, 33, 79, '117.213.200.3', 'view', '2026-07-29 04:42:06', '2026-07-29 04:42:06'),
(270, 64, 79, '112.133.220.139', 'view', '2026-07-29 04:42:16', '2026-07-29 04:42:16'),
(271, 67, 40, '152.58.130.177', 'view', '2026-07-29 04:43:09', '2026-07-29 04:43:09'),
(272, 63, 40, '1.38.165.228', 'view', '2026-07-29 06:18:30', '2026-07-29 06:18:30');

-- --------------------------------------------------------

--
-- Table structure for table `creator_ad_payments`
--

CREATE TABLE `creator_ad_payments` (
  `id` bigint(20) UNSIGNED NOT NULL,
  `ad_id` bigint(20) UNSIGNED NOT NULL,
  `gateway` varchar(255) CHARACTER SET utf8mb4 COLLATE utf8mb4_unicode_ci NOT NULL,
  `transaction_id` varchar(255) CHARACTER SET utf8mb4 COLLATE utf8mb4_unicode_ci DEFAULT NULL,
  `amount` decimal(10,2) NOT NULL,
  `currency` varchar(255) CHARACTER SET utf8mb4 COLLATE utf8mb4_unicode_ci NOT NULL DEFAULT 'USD',
  `status` varchar(255) CHARACTER SET utf8mb4 COLLATE utf8mb4_unicode_ci NOT NULL,
  `payload` longtext CHARACTER SET utf8mb4 COLLATE utf8mb4_bin DEFAULT NULL,
  `created_at` timestamp NULL DEFAULT NULL,
  `updated_at` timestamp NULL DEFAULT NULL
) ENGINE=InnoDB DEFAULT CHARSET=utf8mb3 COLLATE=utf8mb3_general_ci;

--
-- Dumping data for table `creator_ad_payments`
--

INSERT INTO `creator_ad_payments` (`id`, `ad_id`, `gateway`, `transaction_id`, `amount`, `currency`, `status`, `payload`, `created_at`, `updated_at`) VALUES
(1, 3, 'stripe', 'pi_3Sh5C8HTAHWwyrB61OEzKbmi', 10.00, 'usd', 'success', '{\"type\": \"ad_campaign\", \"ad_id\": \"3\", \"sender_id\": \"40\", \"payment_transaction_id\": \"19\"}', '2025-12-22 03:44:58', '2025-12-22 03:44:58'),
(2, 4, 'stripe', 'pi_3Sh5rvHTAHWwyrB61ncWLzUb', 10.00, 'usd', 'success', '{\"type\": \"ad_campaign\", \"ad_id\": \"4\", \"sender_id\": \"40\", \"payment_transaction_id\": \"22\"}', '2025-12-22 04:28:13', '2025-12-22 04:28:13'),
(3, 5, 'stripe', 'pi_3Sh5sqHTAHWwyrB6094ZqNAp', 1000.00, 'usd', 'success', '{\"type\": \"ad_campaign\", \"ad_id\": \"5\", \"sender_id\": \"40\", \"payment_transaction_id\": \"23\"}', '2025-12-22 04:29:01', '2025-12-22 04:29:01'),
(4, 22, 'stripe', 'pi_3Smu90HTAHWwyrB61PwXnKbP', 10.00, 'usd', 'success', '{\"ad_id\":\"22\",\"payment_transaction_id\":\"56\",\"sender_id\":\"40\",\"type\":\"ad_campaign\"}', '2026-01-07 10:40:10', '2026-01-07 10:40:10'),
(5, 25, 'stripe', 'pi_3SmvJ5HTAHWwyrB60viU23Ct', 10.00, 'usd', 'success', '{\"ad_id\":\"25\",\"payment_transaction_id\":\"57\",\"sender_id\":\"40\",\"type\":\"ad_campaign\"}', '2026-01-07 11:54:26', '2026-01-07 11:54:26'),
(6, 26, 'stripe', 'pi_3SmvhsHTAHWwyrB61RHE9A9Z', 10.00, 'usd', 'success', '{\"ad_id\":\"26\",\"payment_transaction_id\":\"62\",\"sender_id\":\"40\",\"type\":\"ad_campaign\"}', '2026-01-07 12:19:34', '2026-01-07 12:19:34'),
(7, 28, 'stripe', 'pi_3SnB3yHTAHWwyrB61iR8M8us', 10.00, 'usd', 'success', '{\"ad_id\":\"28\",\"payment_transaction_id\":\"77\",\"sender_id\":\"40\",\"type\":\"ad_campaign\"}', '2026-01-08 04:43:32', '2026-01-08 04:43:32'),
(8, 29, 'stripe', 'pi_3SnB6aHTAHWwyrB60waVsVDT', 10.00, 'usd', 'success', '{\"ad_id\":\"29\",\"payment_transaction_id\":\"78\",\"sender_id\":\"40\",\"type\":\"ad_campaign\"}', '2026-01-08 04:46:19', '2026-01-08 04:46:19'),
(9, 30, 'stripe', 'pi_3SnEKTHTAHWwyrB605RdDOOy', 10.00, 'usd', 'success', '{\"ad_id\":\"30\",\"payment_transaction_id\":\"97\",\"sender_id\":\"46\",\"type\":\"ad_campaign\"}', '2026-01-08 08:13:05', '2026-01-08 08:13:05'),
(10, 18, 'stripe', 'pi_3SnES4HTAHWwyrB60r5mo2GN', 10.00, 'usd', 'success', '{\"ad_id\":\"18\",\"payment_transaction_id\":\"98\",\"sender_id\":\"48\",\"type\":\"ad_campaign\"}', '2026-01-08 08:20:36', '2026-01-08 08:20:36'),
(11, 13, 'stripe', 'pi_3SnESYHTAHWwyrB60iFE4iPz', 10.00, 'usd', 'success', '{\"ad_id\":\"13\",\"payment_transaction_id\":\"99\",\"sender_id\":\"48\",\"type\":\"ad_campaign\"}', '2026-01-08 08:21:07', '2026-01-08 08:21:07'),
(12, 31, 'stripe', 'pi_3SnEWhHTAHWwyrB6145CkT6T', 10.00, 'usd', 'success', '{\"ad_id\":\"31\",\"payment_transaction_id\":\"100\",\"sender_id\":\"48\",\"type\":\"ad_campaign\"}', '2026-01-08 08:25:30', '2026-01-08 08:25:30'),
(13, 32, 'stripe', 'pi_3SnEYZHTAHWwyrB61gvKvPE3', 10.00, 'usd', 'success', '{\"ad_id\":\"32\",\"payment_transaction_id\":\"101\",\"sender_id\":\"48\",\"type\":\"ad_campaign\"}', '2026-01-08 08:27:31', '2026-01-08 08:27:31'),
(14, 27, 'stripe', 'pi_3SnFEXHTAHWwyrB60Vd7kzPC', 10.00, 'usd', 'success', '{\"ad_id\":\"27\",\"payment_transaction_id\":\"104\",\"sender_id\":\"40\",\"type\":\"ad_campaign\"}', '2026-01-08 09:10:44', '2026-01-08 09:10:44'),
(15, 33, 'stripe', 'pi_3SnFrgHTAHWwyrB61bJCHxDY', 10.00, 'usd', 'success', '{\"ad_id\":\"33\",\"payment_transaction_id\":\"121\",\"sender_id\":\"46\",\"type\":\"ad_campaign\"}', '2026-01-08 09:51:14', '2026-01-08 09:51:14'),
(16, 38, 'stripe', 'pi_3SnI95HTAHWwyrB60ngpHwI6', 10.00, 'usd', 'success', '{\"ad_id\":\"38\",\"payment_transaction_id\":\"150\",\"sender_id\":\"48\",\"type\":\"ad_campaign\"}', '2026-01-08 12:17:14', '2026-01-08 12:17:14'),
(17, 39, 'stripe', 'pi_3SnIBRHTAHWwyrB60zHx0umQ', 10.00, 'usd', 'success', '{\"ad_id\":\"39\",\"payment_transaction_id\":\"151\",\"sender_id\":\"48\",\"type\":\"ad_campaign\"}', '2026-01-08 12:19:42', '2026-01-08 12:19:42'),
(18, 51, 'stripe', 'pi_3SnIhdHTAHWwyrB61CanNfXa', 10.00, 'usd', 'success', '{\"ad_id\":\"51\",\"payment_transaction_id\":\"163\",\"sender_id\":\"48\",\"type\":\"ad_campaign\"}', '2026-01-08 12:53:02', '2026-01-08 12:53:02'),
(19, 52, 'stripe', 'pi_3SnIjpHTAHWwyrB61FPs6DGH', 10.00, 'usd', 'success', '{\"ad_id\":\"52\",\"payment_transaction_id\":\"164\",\"sender_id\":\"48\",\"type\":\"ad_campaign\"}', '2026-01-08 12:55:17', '2026-01-08 12:55:17'),
(20, 53, 'stripe', 'pi_3SnuTrHTAHWwyrB6177B9A62', 50.00, 'usd', 'success', '{\"ad_id\":\"53\",\"payment_transaction_id\":\"166\",\"sender_id\":\"40\",\"type\":\"ad_campaign\"}', '2026-01-10 05:13:09', '2026-01-10 05:13:09'),
(21, 54, 'stripe', 'pi_3Sod0bHTAHWwyrB60qm2Emwq', 10.00, 'usd', 'success', '{\"ad_id\":\"54\",\"payment_transaction_id\":\"176\",\"sender_id\":\"43\",\"type\":\"ad_campaign\"}', '2026-01-12 04:46:32', '2026-01-12 04:46:32'),
(22, 55, 'stripe', 'pi_3Sod2qHTAHWwyrB61EQQ5zQd', 10.00, 'usd', 'success', '{\"ad_id\":\"55\",\"payment_transaction_id\":\"177\",\"sender_id\":\"40\",\"type\":\"ad_campaign\"}', '2026-01-12 04:48:38', '2026-01-12 04:48:38'),
(23, 58, 'stripe', 'pi_3SoeOnHTAHWwyrB60Ilx8Vhb', 10.00, 'usd', 'success', '{\"ad_id\":\"58\",\"payment_transaction_id\":\"180\",\"sender_id\":\"40\",\"type\":\"ad_campaign\"}', '2026-01-12 06:15:09', '2026-01-12 06:15:09'),
(24, 63, 'stripe', 'pi_3Sp03qHTAHWwyrB60tQAytP5', 10.00, 'usd', 'success', '{\"ad_id\":\"63\",\"payment_transaction_id\":\"195\",\"sender_id\":\"40\",\"type\":\"ad_campaign\"}', '2026-01-13 05:25:17', '2026-01-13 05:25:17'),
(25, 64, 'stripe', 'pi_3Sp0B2HTAHWwyrB61lUZOAQ4', 10.00, 'usd', 'success', '{\"ad_id\":\"64\",\"payment_transaction_id\":\"196\",\"sender_id\":\"40\",\"type\":\"ad_campaign\"}', '2026-01-13 05:30:25', '2026-01-13 05:30:25'),
(26, 66, 'stripe', 'pi_3Sp1FrHTAHWwyrB61tgSxl6s', 10.00, 'usd', 'success', '{\"ad_id\":\"66\",\"payment_transaction_id\":\"208\",\"sender_id\":\"40\",\"type\":\"ad_campaign\"}', '2026-01-13 06:40:20', '2026-01-13 06:40:20'),
(27, 67, 'stripe', 'pi_3Sp1cVHTAHWwyrB60WHiCnuC', 10.00, 'usd', 'success', '{\"ad_id\":\"67\",\"payment_transaction_id\":\"209\",\"sender_id\":\"54\",\"type\":\"ad_campaign\"}', '2026-01-13 07:03:00', '2026-01-13 07:03:00'),
(28, 69, 'stripe', 'pi_3SzDKEHTAHWwyrB60QkAxcUP', 10.00, 'usd', 'success', '{\"ad_id\":\"69\",\"payment_transaction_id\":\"212\",\"sender_id\":\"40\",\"type\":\"ad_campaign\"}', '2026-02-10 04:04:17', '2026-02-10 04:04:17'),
(29, 70, 'stripe', 'pi_3SzEadHTAHWwyrB60gCd4iwc', 10.00, 'usd', 'success', '{\"ad_id\":\"70\",\"payment_transaction_id\":\"213\",\"sender_id\":\"40\",\"type\":\"ad_campaign\"}', '2026-02-10 05:25:06', '2026-02-10 05:25:06'),
(30, 71, 'stripe', 'pi_3SzszPHTAHWwyrB60noXhhCU', 10.00, 'usd', 'success', '{\"ad_id\":\"71\",\"payment_transaction_id\":\"218\",\"sender_id\":\"40\",\"type\":\"ad_campaign\"}', '2026-02-12 00:33:23', '2026-02-12 00:33:23'),
(31, 57, 'stripe', 'pi_3T4ZbCHTAHWwyrB60q3KkBqQ', 10.00, 'usd', 'success', '{\"ad_id\":\"57\",\"payment_transaction_id\":\"219\",\"sender_id\":\"43\",\"type\":\"ad_campaign\"}', '2026-02-25 04:21:49', '2026-02-25 04:21:49'),
(32, 72, 'stripe', 'pi_3T4ZcuHTAHWwyrB61gj5CT9j', 10.00, 'usd', 'success', '{\"ad_id\":\"72\",\"payment_transaction_id\":\"220\",\"sender_id\":\"43\",\"type\":\"ad_campaign\"}', '2026-02-25 04:23:29', '2026-02-25 04:23:29'),
(33, 73, 'stripe', 'pi_3TvrIgHTAHWwyrB61fZ3SuFL', 101.00, 'usd', 'success', '{\"ad_id\":\"73\",\"payment_transaction_id\":\"234\",\"sender_id\":\"40\",\"type\":\"ad_campaign\"}', '2026-07-22 03:59:05', '2026-07-22 03:59:05'),
(34, 68, 'stripe', 'pi_3TvrQ7HTAHWwyrB619GyUN34', 100.00, 'usd', 'success', '{\"ad_id\":\"68\",\"payment_transaction_id\":\"235\",\"sender_id\":\"40\",\"type\":\"ad_campaign\"}', '2026-07-22 04:06:29', '2026-07-22 04:06:29');

-- --------------------------------------------------------

--
-- Table structure for table `creator_ad_stats`
--

CREATE TABLE `creator_ad_stats` (
  `id` bigint(20) UNSIGNED NOT NULL,
  `ad_id` bigint(20) UNSIGNED NOT NULL,
  `date` date NOT NULL,
  `impressions` int(11) NOT NULL DEFAULT 0,
  `views` int(11) NOT NULL DEFAULT 0,
  `clicks` int(11) NOT NULL DEFAULT 0,
  `created_at` timestamp NULL DEFAULT NULL,
  `updated_at` timestamp NULL DEFAULT NULL
) ENGINE=MyISAM DEFAULT CHARSET=utf8mb4 COLLATE=utf8mb4_unicode_ci;

--
-- Dumping data for table `creator_ad_stats`
--

INSERT INTO `creator_ad_stats` (`id`, `ad_id`, `date`, `impressions`, `views`, `clicks`, `created_at`, `updated_at`) VALUES
(1, 4, '2025-12-22', 4, 4, 3, '2025-12-22 05:24:39', '2025-12-22 05:30:19'),
(2, 4, '2025-12-23', 1, 1, 0, '2025-12-23 11:14:39', '2025-12-23 11:14:39'),
(3, 4, '2025-12-29', 2, 2, 0, '2025-12-29 03:48:22', '2025-12-29 04:11:00'),
(4, 4, '2025-12-30', 2, 2, 0, '2025-12-29 23:32:52', '2025-12-30 00:47:11'),
(5, 4, '2025-12-31', 3, 3, 0, '2025-12-31 03:30:26', '2025-12-31 12:18:58'),
(6, 4, '2026-01-02', 1, 1, 0, '2026-01-02 08:09:33', '2026-01-02 08:09:33'),
(7, 4, '2026-01-05', 2, 2, 0, '2026-01-05 09:28:04', '2026-01-05 11:19:49'),
(8, 4, '2026-01-06', 1, 1, 0, '2026-01-06 09:24:17', '2026-01-06 09:24:17'),
(9, 4, '2026-01-07', 2, 2, 0, '2026-01-07 03:59:03', '2026-01-07 04:49:08'),
(10, 22, '2026-01-07', 3, 3, 0, '2026-01-07 11:50:39', '2026-01-07 12:37:42'),
(11, 25, '2026-01-07', 3, 3, 0, '2026-01-07 12:32:53', '2026-01-07 12:42:19'),
(12, 26, '2026-01-07', 1, 1, 0, '2026-01-07 12:39:30', '2026-01-07 12:39:30'),
(13, 4, '2026-01-08', 2, 2, 0, '2026-01-08 03:57:08', '2026-01-08 04:54:39'),
(14, 22, '2026-01-08', 2, 2, 0, '2026-01-08 03:58:19', '2026-01-08 05:01:43'),
(15, 25, '2026-01-08', 1, 1, 0, '2026-01-08 04:30:24', '2026-01-08 04:30:24'),
(16, 26, '2026-01-08', 1, 1, 0, '2026-01-08 05:05:03', '2026-01-08 05:05:03'),
(17, 29, '2026-01-08', 2, 2, 0, '2026-01-08 05:06:42', '2026-01-08 07:02:45'),
(18, 28, '2026-01-08', 2, 2, 0, '2026-01-08 05:07:30', '2026-01-08 09:16:17'),
(19, 31, '2026-01-08', 1, 1, 0, '2026-01-08 08:32:51', '2026-01-08 08:32:51'),
(20, 18, '2026-01-08', 1, 1, 0, '2026-01-08 08:54:58', '2026-01-08 08:54:58'),
(21, 32, '2026-01-08', 1, 1, 0, '2026-01-08 11:26:06', '2026-01-08 11:26:06'),
(22, 18, '2026-01-09', 1, 1, 0, '2026-01-09 09:50:09', '2026-01-09 09:50:09'),
(23, 25, '2026-01-10', 1, 1, 0, '2026-01-10 05:05:32', '2026-01-10 05:05:32'),
(24, 22, '2026-01-12', 1, 1, 0, '2026-01-12 04:26:57', '2026-01-12 04:26:57'),
(25, 53, '2026-01-16', 1, 1, 0, '2026-01-16 11:22:05', '2026-01-16 11:22:05'),
(26, 27, '2026-02-10', 1, 1, 0, '2026-02-10 02:01:20', '2026-02-10 02:01:20'),
(27, 29, '2026-02-10', 1, 1, 0, '2026-02-10 02:31:06', '2026-02-10 02:31:06'),
(28, 55, '2026-02-10', 2, 2, 0, '2026-02-10 02:33:45', '2026-02-10 03:33:00'),
(29, 30, '2026-02-10', 1, 1, 0, '2026-02-10 02:34:29', '2026-02-10 02:34:29'),
(30, 67, '2026-02-10', 1, 1, 0, '2026-02-10 02:34:30', '2026-02-10 02:34:30'),
(31, 28, '2026-02-10', 1, 1, 0, '2026-02-10 03:33:17', '2026-02-10 03:33:17'),
(32, 26, '2026-02-19', 1, 1, 0, '2026-02-18 23:30:39', '2026-02-18 23:30:39'),
(33, 28, '2026-02-19', 1, 1, 0, '2026-02-18 23:32:35', '2026-02-18 23:32:35'),
(34, 58, '2026-02-20', 1, 1, 0, '2026-02-19 23:02:25', '2026-02-19 23:02:25'),
(35, 63, '2026-02-25', 1, 1, 0, '2026-02-25 04:03:18', '2026-02-25 04:03:18'),
(36, 66, '2026-02-25', 2, 2, 0, '2026-02-25 04:03:30', '2026-02-25 04:31:39'),
(37, 53, '2026-02-25', 1, 1, 0, '2026-02-25 04:14:23', '2026-02-25 04:14:23'),
(38, 26, '2026-02-25', 1, 1, 0, '2026-02-25 04:31:03', '2026-02-25 04:31:03'),
(39, 29, '2026-02-25', 1, 1, 1, '2026-02-25 04:31:43', '2026-02-25 04:31:46'),
(40, 69, '2026-02-25', 1, 1, 0, '2026-02-25 04:31:52', '2026-02-25 04:31:52'),
(41, 4, '2026-02-25', 1, 1, 0, '2026-02-25 04:37:50', '2026-02-25 04:37:50'),
(42, 55, '2026-02-26', 1, 1, 0, '2026-02-25 22:43:51', '2026-02-25 22:43:51'),
(43, 33, '2026-02-26', 1, 1, 0, '2026-02-25 22:54:06', '2026-02-25 22:54:06'),
(44, 57, '2026-02-26', 1, 1, 0, '2026-02-25 22:54:46', '2026-02-25 22:54:46'),
(45, 22, '2026-02-26', 1, 1, 0, '2026-02-25 22:55:36', '2026-02-25 22:55:36'),
(46, 22, '2026-05-12', 1, 1, 0, '2026-05-12 14:52:47', '2026-05-12 14:52:47'),
(47, 66, '2026-05-14', 1, 1, 0, '2026-05-14 08:25:33', '2026-05-14 08:25:33'),
(48, 4, '2026-05-18', 1, 1, 0, '2026-05-18 05:30:20', '2026-05-18 05:30:20'),
(49, 71, '2026-05-18', 1, 1, 0, '2026-05-18 05:30:25', '2026-05-18 05:30:25'),
(50, 4, '2026-05-19', 1, 1, 0, '2026-05-19 02:54:27', '2026-05-19 02:54:27'),
(51, 66, '2026-05-19', 1, 1, 0, '2026-05-19 02:54:54', '2026-05-19 02:54:54'),
(52, 53, '2026-06-14', 1, 1, 0, '2026-06-14 07:01:25', '2026-06-14 07:01:25'),
(53, 25, '2026-06-27', 1, 1, 0, '2026-06-27 23:24:04', '2026-06-27 23:24:04'),
(54, 66, '2026-07-04', 1, 1, 0, '2026-07-04 07:34:29', '2026-07-04 07:34:29'),
(55, 53, '2026-07-04', 1, 1, 0, '2026-07-04 07:35:20', '2026-07-04 07:35:20'),
(56, 26, '2026-07-04', 1, 1, 0, '2026-07-04 07:35:34', '2026-07-04 07:35:34'),
(57, 28, '2026-07-04', 1, 1, 0, '2026-07-04 07:36:26', '2026-07-04 07:36:26'),
(58, 30, '2026-07-05', 1, 1, 0, '2026-07-05 22:47:37', '2026-07-05 22:47:37'),
(59, 33, '2026-07-05', 1, 1, 1, '2026-07-05 22:48:15', '2026-07-05 22:53:07'),
(60, 53, '2026-07-05', 1, 1, 0, '2026-07-05 22:48:20', '2026-07-05 22:48:20'),
(61, 71, '2026-07-05', 1, 1, 0, '2026-07-05 22:48:27', '2026-07-05 22:48:27'),
(62, 55, '2026-07-05', 1, 1, 0, '2026-07-05 22:52:05', '2026-07-05 22:52:05'),
(63, 26, '2026-07-05', 1, 1, 0, '2026-07-05 22:52:07', '2026-07-05 22:52:07'),
(64, 27, '2026-07-05', 1, 1, 0, '2026-07-05 22:53:16', '2026-07-05 22:53:16'),
(65, 66, '2026-07-05', 1, 1, 0, '2026-07-05 22:53:30', '2026-07-05 22:53:30'),
(66, 57, '2026-07-05', 1, 1, 0, '2026-07-05 22:53:44', '2026-07-05 22:53:44'),
(67, 25, '2026-07-05', 1, 1, 0, '2026-07-05 22:54:22', '2026-07-05 22:54:22'),
(68, 63, '2026-07-05', 1, 1, 0, '2026-07-05 22:54:32', '2026-07-05 22:54:32'),
(69, 28, '2026-07-05', 1, 1, 0, '2026-07-05 22:55:01', '2026-07-05 22:55:01'),
(70, 53, '2026-07-06', 1, 1, 0, '2026-07-06 18:40:29', '2026-07-06 18:40:29'),
(71, 63, '2026-07-06', 1, 1, 0, '2026-07-06 18:40:33', '2026-07-06 18:40:33'),
(72, 54, '2026-07-06', 1, 1, 0, '2026-07-06 18:40:42', '2026-07-06 18:40:42'),
(73, 66, '2026-07-06', 1, 1, 0, '2026-07-06 18:40:45', '2026-07-06 18:40:45'),
(74, 55, '2026-07-07', 1, 1, 0, '2026-07-07 23:06:15', '2026-07-07 23:06:15'),
(75, 27, '2026-07-07', 1, 1, 0, '2026-07-07 23:06:30', '2026-07-07 23:06:30'),
(76, 71, '2026-07-07', 1, 1, 0, '2026-07-07 23:06:49', '2026-07-07 23:06:49'),
(77, 54, '2026-07-07', 1, 1, 1, '2026-07-07 23:07:20', '2026-07-07 23:07:22'),
(78, 28, '2026-07-07', 1, 1, 0, '2026-07-07 23:14:15', '2026-07-07 23:14:15'),
(79, 25, '2026-07-07', 1, 1, 0, '2026-07-07 23:14:22', '2026-07-07 23:14:22'),
(80, 33, '2026-07-07', 1, 1, 0, '2026-07-07 23:14:49', '2026-07-07 23:14:49'),
(81, 54, '2026-07-09', 1, 1, 0, '2026-07-09 00:00:59', '2026-07-09 00:00:59'),
(82, 25, '2026-07-09', 1, 1, 0, '2026-07-09 00:01:05', '2026-07-09 00:01:05'),
(83, 63, '2026-07-09', 2, 2, 0, '2026-07-09 00:01:14', '2026-07-09 20:05:20'),
(84, 67, '2026-07-09', 1, 1, 0, '2026-07-09 00:01:28', '2026-07-09 00:01:28'),
(85, 33, '2026-07-09', 2, 2, 0, '2026-07-09 00:01:33', '2026-07-09 20:03:31'),
(86, 57, '2026-07-09', 1, 1, 0, '2026-07-09 00:03:08', '2026-07-09 00:03:08'),
(87, 29, '2026-07-09', 2, 2, 0, '2026-07-09 11:26:40', '2026-07-09 20:05:17'),
(88, 71, '2026-07-09', 2, 2, 0, '2026-07-09 16:45:37', '2026-07-09 20:05:09'),
(89, 26, '2026-07-09', 1, 1, 0, '2026-07-09 16:49:04', '2026-07-09 16:49:04'),
(90, 27, '2026-07-09', 1, 1, 0, '2026-07-09 20:03:26', '2026-07-09 20:03:26'),
(91, 30, '2026-07-09', 1, 1, 0, '2026-07-09 20:03:28', '2026-07-09 20:03:28'),
(92, 4, '2026-07-09', 1, 1, 0, '2026-07-09 20:05:18', '2026-07-09 20:05:18'),
(93, 64, '2026-07-11', 1, 1, 0, '2026-07-11 16:17:28', '2026-07-11 16:17:28'),
(94, 29, '2026-07-13', 1, 1, 0, '2026-07-13 14:32:07', '2026-07-13 14:32:07'),
(95, 71, '2026-07-13', 1, 1, 0, '2026-07-13 14:32:08', '2026-07-13 14:32:08'),
(96, 57, '2026-07-13', 1, 1, 0, '2026-07-13 14:44:53', '2026-07-13 14:44:53'),
(97, 66, '2026-07-19', 1, 1, 0, '2026-07-19 11:36:22', '2026-07-19 11:36:22'),
(98, 53, '2026-07-19', 1, 1, 0, '2026-07-19 11:37:41', '2026-07-19 11:37:41'),
(99, 27, '2026-07-19', 1, 1, 0, '2026-07-19 11:38:00', '2026-07-19 11:38:00'),
(100, 67, '2026-07-19', 1, 1, 1, '2026-07-19 11:40:47', '2026-07-19 11:40:49'),
(101, 30, '2026-07-19', 1, 1, 0, '2026-07-19 11:44:00', '2026-07-19 11:44:00'),
(102, 63, '2026-07-21', 1, 1, 0, '2026-07-21 03:42:57', '2026-07-21 03:42:57'),
(103, 54, '2026-07-21', 2, 2, 1, '2026-07-21 04:07:12', '2026-07-21 06:00:56'),
(104, 28, '2026-07-21', 1, 1, 0, '2026-07-21 04:07:34', '2026-07-21 04:07:34'),
(105, 55, '2026-07-21', 1, 1, 0, '2026-07-21 04:07:56', '2026-07-21 04:07:56'),
(106, 22, '2026-07-21', 1, 1, 0, '2026-07-21 06:01:01', '2026-07-21 06:01:01'),
(107, 57, '2026-07-21', 1, 1, 0, '2026-07-21 06:01:03', '2026-07-21 06:01:03'),
(108, 53, '2026-07-21', 1, 1, 0, '2026-07-21 06:01:11', '2026-07-21 06:01:11'),
(109, 66, '2026-07-21', 1, 1, 0, '2026-07-21 06:01:13', '2026-07-21 06:01:13'),
(110, 64, '2026-07-21', 1, 1, 0, '2026-07-21 06:03:04', '2026-07-21 06:03:04'),
(111, 30, '2026-07-21', 1, 1, 0, '2026-07-21 06:04:30', '2026-07-21 06:04:30'),
(112, 71, '2026-07-21', 1, 1, 0, '2026-07-21 06:07:49', '2026-07-21 06:07:49'),
(113, 33, '2026-07-21', 1, 1, 0, '2026-07-21 06:14:04', '2026-07-21 06:14:04'),
(114, 68, '2026-07-22', 1, 1, 0, '2026-07-22 07:20:16', '2026-07-22 07:20:16'),
(115, 28, '2026-07-22', 1, 1, 0, '2026-07-22 10:55:46', '2026-07-22 10:55:46'),
(116, 73, '2026-07-22', 1, 1, 0, '2026-07-22 21:44:50', '2026-07-22 21:44:50'),
(117, 22, '2026-07-22', 1, 1, 0, '2026-07-22 21:45:40', '2026-07-22 21:45:40'),
(118, 4, '2026-07-23', 1, 1, 0, '2026-07-23 03:46:43', '2026-07-23 03:46:43'),
(119, 30, '2026-07-23', 1, 1, 0, '2026-07-23 03:46:48', '2026-07-23 03:46:48'),
(120, 66, '2026-07-23', 1, 1, 0, '2026-07-23 04:28:35', '2026-07-23 04:28:35'),
(121, 67, '2026-07-23', 1, 1, 0, '2026-07-23 04:28:47', '2026-07-23 04:28:47'),
(122, 26, '2026-07-23', 1, 1, 0, '2026-07-23 04:35:52', '2026-07-23 04:35:52'),
(123, 28, '2026-07-23', 1, 1, 0, '2026-07-23 04:37:11', '2026-07-23 04:37:11'),
(124, 57, '2026-07-23', 1, 1, 0, '2026-07-23 04:38:03', '2026-07-23 04:38:03'),
(125, 73, '2026-07-23', 1, 1, 0, '2026-07-23 04:45:23', '2026-07-23 04:45:23'),
(126, 71, '2026-07-24', 1, 1, 0, '2026-07-24 09:04:35', '2026-07-24 09:04:35'),
(127, 64, '2026-07-24', 1, 1, 0, '2026-07-24 10:21:52', '2026-07-24 10:21:52'),
(128, 73, '2026-07-24', 1, 1, 0, '2026-07-24 10:22:11', '2026-07-24 10:22:11'),
(129, 54, '2026-07-24', 1, 1, 0, '2026-07-24 10:22:51', '2026-07-24 10:22:51'),
(130, 29, '2026-07-24', 2, 2, 0, '2026-07-24 10:26:34', '2026-07-24 10:54:43'),
(131, 67, '2026-07-24', 2, 2, 0, '2026-07-24 10:34:30', '2026-07-24 10:54:43'),
(132, 53, '2026-07-24', 1, 1, 0, '2026-07-24 10:35:30', '2026-07-24 10:35:30'),
(133, 66, '2026-07-24', 1, 1, 0, '2026-07-24 10:53:55', '2026-07-24 10:53:55'),
(134, 25, '2026-07-24', 2, 2, 0, '2026-07-24 10:54:11', '2026-07-24 11:03:28'),
(135, 28, '2026-07-24', 1, 1, 0, '2026-07-24 11:02:40', '2026-07-24 11:02:40'),
(136, 70, '2026-07-24', 1, 1, 0, '2026-07-24 11:02:44', '2026-07-24 11:02:44'),
(137, 30, '2026-07-24', 1, 1, 0, '2026-07-24 11:02:48', '2026-07-24 11:02:48'),
(138, 63, '2026-07-24', 1, 1, 0, '2026-07-24 11:03:25', '2026-07-24 11:03:25'),
(139, 33, '2026-07-24', 1, 1, 0, '2026-07-24 11:08:19', '2026-07-24 11:08:19'),
(140, 57, '2026-07-24', 1, 1, 0, '2026-07-24 11:21:50', '2026-07-24 11:21:50'),
(141, 28, '2026-07-27', 5, 5, 0, '2026-07-27 03:54:53', '2026-07-27 12:58:43'),
(142, 68, '2026-07-27', 3, 3, 0, '2026-07-27 04:28:16', '2026-07-27 13:04:34'),
(143, 25, '2026-07-27', 2, 2, 0, '2026-07-27 05:25:45', '2026-07-27 05:35:11'),
(144, 27, '2026-07-27', 3, 3, 0, '2026-07-27 05:27:23', '2026-07-27 12:33:49'),
(145, 66, '2026-07-27', 4, 4, 0, '2026-07-27 05:29:36', '2026-07-27 13:15:57'),
(146, 55, '2026-07-27', 4, 4, 0, '2026-07-27 05:29:52', '2026-07-27 13:05:09'),
(147, 22, '2026-07-27', 1, 1, 0, '2026-07-27 05:35:06', '2026-07-27 05:35:06'),
(148, 64, '2026-07-27', 1, 1, 0, '2026-07-27 05:57:30', '2026-07-27 05:57:30'),
(149, 54, '2026-07-27', 2, 2, 0, '2026-07-27 06:23:56', '2026-07-27 08:03:12'),
(150, 29, '2026-07-27', 3, 3, 0, '2026-07-27 06:26:32', '2026-07-27 13:15:30'),
(151, 63, '2026-07-27', 1, 1, 0, '2026-07-27 06:26:50', '2026-07-27 06:26:50'),
(152, 70, '2026-07-27', 4, 4, 0, '2026-07-27 06:27:06', '2026-07-27 13:15:28'),
(153, 71, '2026-07-27', 1, 1, 0, '2026-07-27 06:27:39', '2026-07-27 06:27:39'),
(154, 67, '2026-07-27', 3, 3, 0, '2026-07-27 06:27:45', '2026-07-27 13:16:01'),
(155, 26, '2026-07-27', 2, 2, 0, '2026-07-27 06:30:19', '2026-07-27 12:33:54'),
(156, 57, '2026-07-27', 4, 4, 0, '2026-07-27 06:35:08', '2026-07-27 13:15:44'),
(157, 33, '2026-07-27', 4, 4, 0, '2026-07-27 08:34:15', '2026-07-27 13:16:06'),
(158, 30, '2026-07-27', 1, 1, 0, '2026-07-27 08:40:54', '2026-07-27 08:40:54'),
(159, 53, '2026-07-27', 3, 3, 0, '2026-07-27 10:33:10', '2026-07-27 12:33:45'),
(160, 73, '2026-07-27', 1, 1, 0, '2026-07-27 10:33:39', '2026-07-27 10:33:39'),
(161, 4, '2026-07-27', 1, 1, 0, '2026-07-27 10:35:08', '2026-07-27 10:35:08'),
(162, 25, '2026-07-28', 3, 3, 0, '2026-07-28 01:20:07', '2026-07-28 11:56:48'),
(163, 71, '2026-07-28', 3, 3, 0, '2026-07-28 04:43:43', '2026-07-28 11:03:15'),
(164, 26, '2026-07-28', 1, 1, 0, '2026-07-28 04:54:33', '2026-07-28 04:54:33'),
(165, 63, '2026-07-28', 2, 2, 0, '2026-07-28 04:54:55', '2026-07-28 10:00:25'),
(166, 64, '2026-07-28', 1, 1, 0, '2026-07-28 04:55:02', '2026-07-28 04:55:02'),
(167, 73, '2026-07-28', 3, 3, 0, '2026-07-28 04:55:27', '2026-07-28 09:51:41'),
(168, 54, '2026-07-28', 3, 3, 0, '2026-07-28 04:55:29', '2026-07-28 11:56:57'),
(169, 28, '2026-07-28', 3, 3, 0, '2026-07-28 04:55:31', '2026-07-28 11:07:16'),
(170, 66, '2026-07-28', 2, 2, 0, '2026-07-28 04:55:50', '2026-07-28 11:40:46'),
(171, 30, '2026-07-28', 4, 4, 0, '2026-07-28 04:55:51', '2026-07-28 10:43:54'),
(172, 29, '2026-07-28', 1, 1, 0, '2026-07-28 04:55:53', '2026-07-28 04:55:53'),
(173, 57, '2026-07-28', 1, 1, 0, '2026-07-28 04:55:58', '2026-07-28 04:55:58'),
(174, 53, '2026-07-28', 3, 3, 0, '2026-07-28 05:01:13', '2026-07-28 10:00:45'),
(175, 27, '2026-07-28', 1, 1, 0, '2026-07-28 05:01:22', '2026-07-28 05:01:22'),
(176, 68, '2026-07-28', 1, 1, 0, '2026-07-28 05:30:03', '2026-07-28 05:30:03'),
(177, 55, '2026-07-28', 2, 2, 0, '2026-07-28 06:19:29', '2026-07-28 06:49:55'),
(178, 67, '2026-07-28', 1, 1, 0, '2026-07-28 08:39:44', '2026-07-28 08:39:44'),
(179, 4, '2026-07-28', 1, 1, 0, '2026-07-28 09:09:36', '2026-07-28 09:09:36'),
(180, 70, '2026-07-28', 2, 2, 0, '2026-07-28 09:29:06', '2026-07-28 10:43:11'),
(181, 33, '2026-07-28', 1, 1, 0, '2026-07-28 11:13:23', '2026-07-28 11:13:23'),
(182, 22, '2026-07-28', 1, 1, 0, '2026-07-28 11:46:06', '2026-07-28 11:46:06'),
(183, 66, '2026-07-29', 1, 1, 0, '2026-07-29 03:49:13', '2026-07-29 03:49:13'),
(184, 29, '2026-07-29', 2, 2, 0, '2026-07-29 04:11:11', '2026-07-29 04:15:13'),
(185, 71, '2026-07-29', 2, 2, 0, '2026-07-29 04:20:55', '2026-07-29 04:38:24'),
(186, 33, '2026-07-29', 1, 1, 0, '2026-07-29 04:42:06', '2026-07-29 04:42:06'),
(187, 64, '2026-07-29', 1, 1, 0, '2026-07-29 04:42:16', '2026-07-29 04:42:16'),
(188, 67, '2026-07-29', 1, 1, 0, '2026-07-29 04:43:09', '2026-07-29 04:43:09'),
(189, 63, '2026-07-29', 1, 1, 0, '2026-07-29 06:18:30', '2026-07-29 06:18:30');

-- --------------------------------------------------------

--
-- Table structure for table `creator_fund_applications`
--

CREATE TABLE `creator_fund_applications` (
  `id` bigint(20) UNSIGNED NOT NULL,
  `user_id` bigint(20) UNSIGNED NOT NULL,
  `status` enum('pending','approved','rejected','paused') NOT NULL DEFAULT 'pending',
  `admin_remarks` text DEFAULT NULL,
  `reviewed_at` timestamp NULL DEFAULT NULL,
  `created_at` timestamp NULL DEFAULT NULL,
  `updated_at` timestamp NULL DEFAULT NULL
) ENGINE=MyISAM DEFAULT CHARSET=utf8mb4 COLLATE=utf8mb4_unicode_ci;

--
-- Dumping data for table `creator_fund_applications`
--

INSERT INTO `creator_fund_applications` (`id`, `user_id`, `status`, `admin_remarks`, `reviewed_at`, `created_at`, `updated_at`) VALUES
(1, 40, 'approved', NULL, '2025-12-29 03:57:28', '2025-12-29 03:50:49', '2025-12-29 03:57:28'),
(2, 44, 'approved', NULL, '2025-12-31 12:28:46', '2025-12-31 12:28:25', '2025-12-31 12:28:46'),
(3, 48, 'approved', NULL, '2026-01-07 06:06:47', '2026-01-07 06:06:20', '2026-01-07 06:06:47'),
(4, 47, 'approved', NULL, '2026-01-08 05:09:46', '2026-01-08 05:08:11', '2026-01-08 05:09:46'),
(5, 46, 'approved', NULL, '2026-01-08 05:14:20', '2026-01-08 05:13:56', '2026-01-08 05:14:20'),
(6, 43, 'approved', NULL, '2026-01-12 04:35:06', '2026-01-12 04:33:05', '2026-01-12 04:35:06'),
(7, 54, 'rejected', NULL, '2026-07-13 14:46:00', '2026-01-16 11:59:34', '2026-07-13 14:46:00'),
(8, 79, 'pending', NULL, NULL, '2026-07-27 06:14:02', '2026-07-27 06:14:02');

-- --------------------------------------------------------

--
-- Table structure for table `creator_fund_daily_stats`
--

CREATE TABLE `creator_fund_daily_stats` (
  `id` bigint(20) UNSIGNED NOT NULL,
  `date` date NOT NULL,
  `user_id` bigint(20) UNSIGNED NOT NULL,
  `total_qualified_views` int(11) NOT NULL DEFAULT 0,
  `total_qualified_watch_time_seconds` bigint(20) NOT NULL DEFAULT 0,
  `pool_share_percentage` decimal(8,5) NOT NULL DEFAULT 0.00000,
  `earned_amount` decimal(16,4) NOT NULL DEFAULT 0.0000,
  `status` enum('calculated','paid','error') NOT NULL DEFAULT 'calculated',
  `created_at` timestamp NULL DEFAULT NULL,
  `updated_at` timestamp NULL DEFAULT NULL
) ENGINE=MyISAM DEFAULT CHARSET=utf8mb4 COLLATE=utf8mb4_unicode_ci;

-- --------------------------------------------------------

--
-- Table structure for table `creator_fund_settings`
--

CREATE TABLE `creator_fund_settings` (
  `id` bigint(20) UNSIGNED NOT NULL,
  `pool_amount_per_period` decimal(16,4) NOT NULL DEFAULT 0.0000,
  `min_watch_duration_seconds` int(11) NOT NULL DEFAULT 5,
  `min_followers_req` int(11) NOT NULL DEFAULT 10000,
  `min_views_req` int(11) NOT NULL DEFAULT 100000,
  `is_active` tinyint(1) NOT NULL DEFAULT 0,
  `created_at` timestamp NULL DEFAULT NULL,
  `updated_at` timestamp NULL DEFAULT NULL
) ENGINE=MyISAM DEFAULT CHARSET=utf8mb4 COLLATE=utf8mb4_unicode_ci;

--
-- Dumping data for table `creator_fund_settings`
--

INSERT INTO `creator_fund_settings` (`id`, `pool_amount_per_period`, `min_watch_duration_seconds`, `min_followers_req`, `min_views_req`, `is_active`, `created_at`, `updated_at`) VALUES
(1, 2000.0000, 5, 1, 100000, 1, '2025-12-29 03:30:17', '2025-12-29 03:30:17');

-- --------------------------------------------------------

--
-- Table structure for table `creator_fund_transactions`
--

CREATE TABLE `creator_fund_transactions` (
  `id` bigint(20) UNSIGNED NOT NULL,
  `wallet_id` bigint(20) UNSIGNED NOT NULL,
  `type` enum('credit_payout','debit_withdrawal') NOT NULL,
  `amount` decimal(16,4) NOT NULL,
  `description` text DEFAULT NULL,
  `reference_date` date DEFAULT NULL,
  `created_at` timestamp NULL DEFAULT NULL,
  `updated_at` timestamp NULL DEFAULT NULL
) ENGINE=MyISAM DEFAULT CHARSET=utf8mb4 COLLATE=utf8mb4_unicode_ci;

--
-- Dumping data for table `creator_fund_transactions`
--

INSERT INTO `creator_fund_transactions` (`id`, `wallet_id`, `type`, `amount`, `description`, `reference_date`, `created_at`, `updated_at`) VALUES
(1, 1, 'debit_withdrawal', 10.0000, 'Withdrawal Request #1', NULL, '2025-12-29 04:22:09', '2025-12-29 04:22:09'),
(2, 1, 'debit_withdrawal', 20.0000, 'Withdrawal Request #2', NULL, '2025-12-29 04:24:54', '2025-12-29 04:24:54'),
(3, 3, 'debit_withdrawal', 1000.0000, 'Withdrawal Request #3', NULL, '2026-01-12 13:29:46', '2026-01-12 13:29:46'),
(4, 1, 'debit_withdrawal', 20.0000, 'Withdrawal Request #4', NULL, '2026-01-13 04:44:34', '2026-01-13 04:44:34'),
(5, 1, 'debit_withdrawal', 5.0000, 'Withdrawal Request #5', NULL, '2026-01-13 06:10:06', '2026-01-13 06:10:06'),
(6, 1, 'debit_withdrawal', 10.0000, 'Withdrawal Request #6', NULL, '2026-07-22 04:51:45', '2026-07-22 04:51:45');

-- --------------------------------------------------------

--
-- Table structure for table `creator_fund_wallets`
--

CREATE TABLE `creator_fund_wallets` (
  `id` bigint(20) UNSIGNED NOT NULL,
  `user_id` bigint(20) UNSIGNED NOT NULL,
  `balance` decimal(16,4) NOT NULL DEFAULT 0.0000,
  `total_earned` decimal(16,4) NOT NULL DEFAULT 0.0000,
  `total_withdrawn` decimal(16,4) NOT NULL DEFAULT 0.0000,
  `created_at` timestamp NULL DEFAULT NULL,
  `updated_at` timestamp NULL DEFAULT NULL
) ENGINE=MyISAM DEFAULT CHARSET=utf8mb4 COLLATE=utf8mb4_unicode_ci;

--
-- Dumping data for table `creator_fund_wallets`
--

INSERT INTO `creator_fund_wallets` (`id`, `user_id`, `balance`, `total_earned`, `total_withdrawn`, `created_at`, `updated_at`) VALUES
(1, 40, 135.0000, 200.0000, 65.0000, '2025-12-29 03:20:40', '2026-07-22 04:51:45'),
(2, 44, 0.0000, 0.0000, 0.0000, '2025-12-31 12:28:59', '2025-12-31 12:28:59'),
(3, 48, 4000.0000, 5000.0000, 1000.0000, '2026-01-07 06:07:00', '2026-01-12 13:29:46'),
(4, 47, 5000.0000, 5000.0000, 0.0000, '2026-01-08 05:10:01', '2026-01-08 05:10:01'),
(5, 46, 5000.0000, 5000.0000, 0.0000, '2026-01-08 05:14:34', '2026-01-08 05:14:34'),
(6, 43, 0.0000, 0.0000, 0.0000, '2026-01-12 04:35:06', '2026-01-12 04:35:06');

-- --------------------------------------------------------

--
-- Table structure for table `creator_fund_withdrawals`
--

CREATE TABLE `creator_fund_withdrawals` (
  `id` bigint(20) UNSIGNED NOT NULL,
  `user_id` bigint(20) UNSIGNED NOT NULL,
  `amount` decimal(16,4) NOT NULL,
  `status` enum('pending','paid','rejected') NOT NULL DEFAULT 'pending',
  `method` varchar(255) DEFAULT NULL,
  `payout_details` text DEFAULT NULL,
  `admin_remarks` text DEFAULT NULL,
  `created_at` timestamp NULL DEFAULT NULL,
  `updated_at` timestamp NULL DEFAULT NULL
) ENGINE=MyISAM DEFAULT CHARSET=utf8mb4 COLLATE=utf8mb4_unicode_ci;

--
-- Dumping data for table `creator_fund_withdrawals`
--

INSERT INTO `creator_fund_withdrawals` (`id`, `user_id`, `amount`, `status`, `method`, `payout_details`, `admin_remarks`, `created_at`, `updated_at`) VALUES
(1, 40, 10.0000, 'paid', 'paypal', 'demo@paypal', NULL, '2025-12-29 04:22:09', '2025-12-29 04:22:20'),
(2, 40, 20.0000, 'paid', 'paypal', 'demo@demo', NULL, '2025-12-29 04:24:54', '2025-12-29 04:25:12'),
(3, 48, 1000.0000, 'pending', 'UPI / PayPal', 'uer@demo.com', NULL, '2026-01-12 13:29:46', '2026-01-12 13:29:46'),
(4, 40, 20.0000, 'pending', 'UPI / PayPal', 'user@demo.com', NULL, '2026-01-13 04:44:34', '2026-01-13 04:44:34'),
(5, 40, 5.0000, 'pending', 'UPI / PayPal', 'user@demo.com', NULL, '2026-01-13 06:10:06', '2026-01-13 06:10:06'),
(6, 40, 10.0000, 'pending', 'paypal', 'testing', NULL, '2026-07-22 04:51:45', '2026-07-22 04:51:45');

-- --------------------------------------------------------

--
-- Table structure for table `creator_wallets`
--

CREATE TABLE `creator_wallets` (
  `id` bigint(20) UNSIGNED NOT NULL,
  `creator_id` bigint(20) UNSIGNED NOT NULL,
  `balance` decimal(10,2) DEFAULT 0.00,
  `created_at` timestamp NULL DEFAULT NULL,
  `updated_at` timestamp NULL DEFAULT NULL
) ENGINE=MyISAM DEFAULT CHARSET=utf8mb4 COLLATE=utf8mb4_unicode_ci;

--
-- Dumping data for table `creator_wallets`
--

INSERT INTO `creator_wallets` (`id`, `creator_id`, `balance`, `created_at`, `updated_at`) VALUES
(1, 40, 0.00, '2025-12-18 04:51:14', '2025-12-18 04:51:14'),
(2, 44, 0.00, '2025-12-31 11:36:35', '2025-12-31 11:36:35'),
(3, 48, 0.00, '2026-01-07 05:21:19', '2026-01-07 05:21:19'),
(4, 46, 0.00, '2026-01-08 05:19:56', '2026-01-08 05:19:56'),
(5, 47, 0.00, '2026-01-08 06:27:33', '2026-01-08 06:27:33'),
(6, 43, 0.00, '2026-01-12 04:32:54', '2026-01-12 04:32:54'),
(7, 53, 0.00, '2026-01-13 06:36:11', '2026-01-13 06:36:11'),
(8, 60, 0.00, '2026-02-25 04:28:31', '2026-02-25 04:28:31'),
(9, 79, 0.00, '2026-07-27 06:03:51', '2026-07-27 06:03:51'),
(10, 83, 0.00, '2026-07-27 08:04:03', '2026-07-27 08:04:03'),
(11, 81, 0.00, '2026-07-27 13:08:48', '2026-07-27 13:08:48'),
(12, 84, 0.00, '2026-07-27 13:10:08', '2026-07-27 13:10:08');

-- --------------------------------------------------------

--
-- Table structure for table `daily_active_users`
--

CREATE TABLE `daily_active_users` (
  `id` int(11) NOT NULL,
  `date` date NOT NULL,
  `user_count` int(11) NOT NULL DEFAULT 0,
  `created_at` timestamp NULL DEFAULT current_timestamp(),
  `updated_at` timestamp NOT NULL DEFAULT current_timestamp()
) ENGINE=InnoDB DEFAULT CHARSET=utf8mb4 COLLATE=utf8mb4_general_ci;

-- --------------------------------------------------------

--
-- Table structure for table `deepar_filters`
--

CREATE TABLE `deepar_filters` (
  `id` int(11) NOT NULL,
  `title` varchar(25) DEFAULT NULL,
  `image` varchar(999) DEFAULT NULL,
  `filter_file` varchar(999) DEFAULT NULL,
  `created_at` timestamp NOT NULL DEFAULT current_timestamp(),
  `updated_at` timestamp NOT NULL DEFAULT current_timestamp()
) ENGINE=InnoDB DEFAULT CHARSET=utf8mb4 COLLATE=utf8mb4_general_ci;

-- --------------------------------------------------------

--
-- Table structure for table `dummy_live_videos`
--

CREATE TABLE `dummy_live_videos` (
  `id` int(11) NOT NULL,
  `status` tinyint(1) NOT NULL DEFAULT 1 COMMENT '1=on 0=off',
  `title` varchar(555) DEFAULT NULL,
  `user_id` int(11) DEFAULT NULL,
  `link` text DEFAULT NULL,
  `created_at` timestamp NOT NULL DEFAULT current_timestamp(),
  `updated_at` timestamp NOT NULL DEFAULT current_timestamp()
) ENGINE=InnoDB DEFAULT CHARSET=utf8mb4 COLLATE=utf8mb4_general_ci;

-- --------------------------------------------------------

--
-- Table structure for table `failed_jobs`
--

CREATE TABLE `failed_jobs` (
  `id` bigint(20) UNSIGNED NOT NULL,
  `connection` text NOT NULL,
  `queue` text NOT NULL,
  `payload` longtext NOT NULL,
  `exception` longtext NOT NULL,
  `failed_at` timestamp NOT NULL DEFAULT current_timestamp()
) ENGINE=InnoDB DEFAULT CHARSET=utf8mb4 COLLATE=utf8mb4_general_ci;

-- --------------------------------------------------------

--
-- Table structure for table `languages`
--

CREATE TABLE `languages` (
  `id` int(11) NOT NULL,
  `code` varchar(50) DEFAULT NULL,
  `title` varchar(255) DEFAULT NULL,
  `localized_title` varchar(255) NOT NULL,
  `csv_file` varchar(555) DEFAULT NULL,
  `status` tinyint(1) NOT NULL DEFAULT 1,
  `is_default` tinyint(1) NOT NULL DEFAULT 0,
  `created_at` timestamp NOT NULL DEFAULT current_timestamp(),
  `updated_at` timestamp NOT NULL DEFAULT current_timestamp()
) ENGINE=InnoDB DEFAULT CHARSET=utf8mb4 COLLATE=utf8mb4_general_ci;

--
-- Dumping data for table `languages`
--

INSERT INTO `languages` (`id`, `code`, `title`, `localized_title`, `csv_file`, `status`, `is_default`, `created_at`, `updated_at`) VALUES
(52, 'en', 'English', 'English', 'uploads/1765275460_MXTok_English.csv', 1, 0, '2025-12-09 10:17:40', '2025-12-09 10:17:40');

-- --------------------------------------------------------

--
-- Table structure for table `migrations`
--

CREATE TABLE `migrations` (
  `id` int(10) UNSIGNED NOT NULL,
  `migration` varchar(191) NOT NULL,
  `batch` int(11) NOT NULL
) ENGINE=InnoDB DEFAULT CHARSET=utf8mb4 COLLATE=utf8mb4_general_ci;

--
-- Dumping data for table `migrations`
--

INSERT INTO `migrations` (`id`, `migration`, `batch`) VALUES
(9, '2019_12_14_000001_create_personal_access_tokens_table', 1),
(10, '2024_10_04_132952_create_user_supports_table', 2),
(11, '2025_12_08_173057_create_shop_categories_table', 2),
(12, '2025_12_08_173101_create_products_table', 2),
(13, '2025_12_08_173104_create_orders_table', 2),
(14, '2025_12_08_173108_create_order_items_table', 2),
(15, '2025_12_16_063444_create_subscription_plans_table', 3),
(16, '2025_12_16_063450_create_creator_subscriptions_table', 3),
(17, '2025_12_16_063456_create_subscription_payments_table', 3),
(18, '2025_12_16_063501_add_subscription_settings_to_settings_table', 3),
(19, '2025_12_18_200000_create_creator_managers_table', 4),
(20, '2025_12_18_000000_create_creator_managers_table', 5),
(21, '2025_12_19_081930_add_manager_fields_to_user_auth_tokens_table', 6),
(22, '2025_12_22_042053_create_creator_ads_table', 7),
(23, '2025_12_22_042104_create_creator_ad_payments_table', 8),
(24, '2025_12_22_042110_create_creator_ad_stats_table', 9),
(25, '2025_12_23_120000_create_businesses_table', 10),
(26, '2025_12_23_115057_add_business_id_to_products_table', 11),
(27, '2025_12_23_115228_create_business_financial_tables', 12),
(28, '2025_12_23_115406_create_business_withdrawals_table', 13),
(29, '2025_12_23_120643_add_attributes_to_products_table', 14),
(30, '2025_12_23_120735_create_product_reviews_table', 15),
(31, '2025_12_24_060655_fix_missing_business_id_in_products', 16),
(32, '2025_12_24_065312_fix_missing_columns_images_attributes_in_products', 17),
(33, '2025_12_24_085919_add_attributes_to_order_items_table', 18),
(34, '2025_12_24_120020_add_file_to_product_reviews', 19),
(35, '2025_12_24_120913_add_order_id_to_business_transactions', 20),
(36, '2025_12_26_040700_create_order_cancellations_table', 21),
(37, '2025_12_29_041053_add_total_refunded_to_business_balances_table', 22),
(38, '2025_12_29_135000_create_creator_fund_tables', 23),
(39, '2025_12_29_143000_create_creator_fund_withdrawals_table', 24),
(40, '2025_12_29_111039_add_zego_server_secret_to_tbl_settings', 25),
(41, '2026_02_19_141000_create_ad_configs_table', 26),
(42, '2026_02_19_141100_create_ad_rewards_table', 27),
(43, '2026_02_20_050009_add_jamendo_client_id_to_tbl_settings', 28),
(44, '2026_02_24_065814_add_age_verification_to_tbl_settings', 29),
(45, '2026_02_24_065818_add_age_verification_to_tbl_users', 30),
(46, '2026_02_24_080950_add_yoti_pem_to_tbl_settings', 31),
(47, '2026_07_21_120000_add_agora_fields_to_tbl_settings', 32),
(48, '2026_07_27_140000_add_upload_limits_to_tbl_settings', 33);

-- --------------------------------------------------------

--
-- Table structure for table `notification_admin`
--

CREATE TABLE `notification_admin` (
  `id` int(11) NOT NULL,
  `title` varchar(999) DEFAULT NULL,
  `description` text DEFAULT NULL,
  `image` varchar(999) DEFAULT NULL,
  `created_at` timestamp NOT NULL DEFAULT current_timestamp(),
  `updated_at` timestamp NOT NULL DEFAULT current_timestamp()
) ENGINE=InnoDB DEFAULT CHARSET=utf8mb4 COLLATE=utf8mb4_general_ci;

-- --------------------------------------------------------

--
-- Table structure for table `notification_users`
--

CREATE TABLE `notification_users` (
  `id` int(11) NOT NULL,
  `from_user_id` int(11) DEFAULT NULL,
  `to_user_id` int(11) DEFAULT NULL,
  `type` int(11) DEFAULT NULL,
  `data_id` int(11) DEFAULT NULL,
  `created_at` timestamp NOT NULL DEFAULT current_timestamp(),
  `updated_at` timestamp NOT NULL DEFAULT current_timestamp()
) ENGINE=InnoDB DEFAULT CHARSET=utf8mb4 COLLATE=utf8mb4_general_ci;

--
-- Dumping data for table `notification_users`
--

INSERT INTO `notification_users` (`id`, `from_user_id`, `to_user_id`, `type`, `data_id`, `created_at`, `updated_at`) VALUES
(1076, 43, 40, 5, 43, '2025-12-30 05:44:47', '2025-12-30 05:44:47'),
(1079, 46, 43, 6, 18, '2026-01-06 10:30:10', '2026-01-06 10:30:10'),
(1118, 40, 46, 6, 18, '2026-01-08 05:33:41', '2026-01-08 05:33:41'),
(1138, 46, 40, 5, 46, '2026-01-08 12:28:18', '2026-01-08 12:28:18'),
(1160, 54, 40, 5, 54, '2026-01-16 08:10:02', '2026-01-16 08:10:02'),
(1161, 54, 43, 5, 54, '2026-01-16 09:31:55', '2026-01-16 09:31:55'),
(1162, 54, 46, 5, 54, '2026-01-16 09:47:26', '2026-01-16 09:47:26'),
(1164, 43, 54, 5, 43, '2026-01-16 11:22:30', '2026-01-16 11:22:30'),
(1165, 40, 54, 1, 286, '2026-02-02 10:21:59', '2026-02-02 10:21:59'),
(1169, 40, 46, 6, 18, '2026-02-10 05:20:10', '2026-02-10 05:20:10'),
(1170, 40, 46, 1, 281, '2026-02-12 00:26:17', '2026-02-12 00:26:17'),
(1171, 40, 46, 2, 365, '2026-02-12 00:26:25', '2026-02-12 00:26:25'),
(1172, 59, 40, 5, 59, '2026-02-24 10:36:33', '2026-02-24 10:36:33'),
(1173, 61, 40, 5, 61, '2026-02-25 04:19:41', '2026-02-25 04:19:41'),
(1182, 71, 40, 1, 272, '2026-07-09 11:28:18', '2026-07-09 11:28:18'),
(1185, 43, 40, 6, 18, '2026-07-20 08:33:20', '2026-07-20 08:33:20'),
(1187, 43, 46, 5, 43, '2026-07-20 09:38:50', '2026-07-20 09:38:50'),
(1199, 43, 40, 2, 372, '2026-07-20 11:20:13', '2026-07-20 11:20:13'),
(1200, 43, 54, 4, 373, '2026-07-20 11:20:27', '2026-07-20 11:20:27'),
(1201, 43, 40, 2, 373, '2026-07-20 11:20:27', '2026-07-20 11:20:27'),
(1202, 40, 60, 6, 18, '2026-07-20 11:24:23', '2026-07-20 11:24:23'),
(1203, 43, 61, 5, 43, '2026-07-20 11:25:35', '2026-07-20 11:25:35'),
(1207, 40, 43, 6, 18, '2026-07-21 05:00:02', '2026-07-21 05:00:02'),
(1209, 43, 40, 1, 334, '2026-07-24 11:08:24', '2026-07-24 11:08:24'),
(1210, 43, 40, 2, 380, '2026-07-24 11:08:29', '2026-07-24 11:08:29'),
(1213, 74, 61, 5, 74, '2026-07-24 12:13:21', '2026-07-24 12:13:21'),
(1216, 74, 40, 5, 74, '2026-07-24 12:22:44', '2026-07-24 12:22:44'),
(1217, 74, 43, 5, 74, '2026-07-24 12:23:07', '2026-07-24 12:23:07'),
(1219, 43, 79, 5, 43, '2026-07-27 06:13:55', '2026-07-27 06:13:55'),
(1220, 80, 79, 5, 80, '2026-07-27 06:23:14', '2026-07-27 06:23:14'),
(1221, 81, 60, 5, 81, '2026-07-27 06:49:27', '2026-07-27 06:49:27'),
(1222, 81, 82, 5, 81, '2026-07-27 06:59:26', '2026-07-27 06:59:26'),
(1223, 83, 79, 5, 83, '2026-07-27 10:15:16', '2026-07-27 10:15:16'),
(1226, 83, 80, 5, 83, '2026-07-27 10:22:09', '2026-07-27 10:22:09'),
(1227, 79, 83, 6, 18, '2026-07-27 10:28:49', '2026-07-27 10:28:49'),
(1228, 79, 83, 6, 18, '2026-07-27 10:30:33', '2026-07-27 10:30:33'),
(1229, 83, 79, 6, 18, '2026-07-27 10:37:08', '2026-07-27 10:37:08'),
(1230, 79, 83, 6, 18, '2026-07-27 11:49:43', '2026-07-27 11:49:43'),
(1231, 83, 79, 1, 342, '2026-07-27 12:34:41', '2026-07-27 12:34:41'),
(1232, 83, 79, 2, 382, '2026-07-27 12:34:56', '2026-07-27 12:34:56'),
(1233, 79, 83, 2, 383, '2026-07-27 12:38:25', '2026-07-27 12:38:25'),
(1236, 84, 40, 2, 385, '2026-07-27 13:02:37', '2026-07-27 13:02:37'),
(1237, 84, 40, 2, 386, '2026-07-27 13:02:42', '2026-07-27 13:02:42'),
(1239, 84, 40, 1, 332, '2026-07-27 13:02:49', '2026-07-27 13:02:49'),
(1242, 84, 43, 6, 18, '2026-07-27 13:07:38', '2026-07-27 13:07:38'),
(1245, 85, 40, 1, 335, '2026-07-27 13:14:54', '2026-07-27 13:14:54'),
(1246, 85, 54, 4, 387, '2026-07-27 13:15:13', '2026-07-27 13:15:13'),
(1247, 85, 40, 2, 387, '2026-07-27 13:15:13', '2026-07-27 13:15:13'),
(1250, 85, 40, 1, 300, '2026-07-27 13:15:44', '2026-07-27 13:15:44'),
(1255, 85, 46, 1, 281, '2026-07-27 13:16:08', '2026-07-27 13:16:08'),
(1256, 85, 40, 1, 337, '2026-07-27 13:16:15', '2026-07-27 13:16:15'),
(1259, 85, 84, 5, 85, '2026-07-27 13:19:50', '2026-07-27 13:19:50'),
(1262, 84, 85, 3, 350, '2026-07-27 13:27:01', '2026-07-27 13:27:01'),
(1269, 43, 84, 5, 43, '2026-07-28 04:47:31', '2026-07-28 04:47:31'),
(1274, 43, 84, 2, 391, '2026-07-28 04:50:59', '2026-07-28 04:50:59'),
(1275, 43, 84, 1, 350, '2026-07-28 04:52:22', '2026-07-28 04:52:22'),
(1277, 40, 84, 2, 393, '2026-07-28 05:03:02', '2026-07-28 05:03:02'),
(1287, 84, 43, 5, 84, '2026-07-28 05:46:03', '2026-07-28 05:46:03'),
(1290, 86, 84, 5, 86, '2026-07-28 06:45:19', '2026-07-28 06:45:19'),
(1291, 84, 86, 5, 84, '2026-07-28 06:45:59', '2026-07-28 06:45:59'),
(1296, 75, 84, 5, 75, '2026-07-28 07:12:55', '2026-07-28 07:12:55'),
(1305, 43, 79, 2, 396, '2026-07-28 10:51:22', '2026-07-28 10:51:22'),
(1306, 43, 79, 2, 397, '2026-07-28 10:51:29', '2026-07-28 10:51:29'),
(1307, 43, 79, 2, 398, '2026-07-28 10:51:46', '2026-07-28 10:51:46'),
(1310, 87, 40, 2, 399, '2026-07-28 12:49:20', '2026-07-28 12:49:20'),
(1311, 87, 40, 5, 87, '2026-07-28 12:54:47', '2026-07-28 12:54:47'),
(1312, 87, 85, 5, 87, '2026-07-28 12:56:28', '2026-07-28 12:56:28'),
(1313, 44, 40, 3, 368, '2026-07-29 04:15:10', '2026-07-29 04:15:10'),
(1314, 44, 43, 3, 368, '2026-07-29 04:15:10', '2026-07-29 04:15:10'),
(1315, 44, 46, 3, 368, '2026-07-29 04:15:10', '2026-07-29 04:15:10'),
(1316, 44, 54, 3, 368, '2026-07-29 04:15:10', '2026-07-29 04:15:10'),
(1317, 44, 55, 3, 368, '2026-07-29 04:15:10', '2026-07-29 04:15:10'),
(1318, 44, 40, 5, 44, '2026-07-29 04:21:02', '2026-07-29 04:21:02'),
(1319, 44, 43, 5, 44, '2026-07-29 04:25:36', '2026-07-29 04:25:36'),
(1320, 44, 46, 5, 44, '2026-07-29 04:25:45', '2026-07-29 04:25:45'),
(1321, 44, 54, 5, 44, '2026-07-29 04:25:46', '2026-07-29 04:25:46'),
(1322, 44, 55, 5, 44, '2026-07-29 04:25:49', '2026-07-29 04:25:49'),
(1323, 59, 44, 5, 59, '2026-07-29 04:26:16', '2026-07-29 04:26:16'),
(1324, 44, 59, 5, 44, '2026-07-29 04:26:30', '2026-07-29 04:26:30'),
(1325, 40, 87, 1, 356, '2026-07-29 04:29:28', '2026-07-29 04:29:28'),
(1326, 78, 79, 5, 78, '2026-07-29 04:38:45', '2026-07-29 04:38:45'),
(1328, 79, 40, 6, 18, '2026-07-29 04:42:36', '2026-07-29 04:42:36'),
(1329, 40, 79, 5, 40, '2026-07-29 06:10:02', '2026-07-29 06:10:02');

-- --------------------------------------------------------

--
-- Table structure for table `oauth_auth_codes`
--

CREATE TABLE `oauth_auth_codes` (
  `id` varchar(100) NOT NULL,
  `user_id` bigint(20) UNSIGNED NOT NULL,
  `client_id` bigint(20) UNSIGNED NOT NULL,
  `scopes` text DEFAULT NULL,
  `revoked` tinyint(1) NOT NULL,
  `expires_at` datetime DEFAULT NULL
) ENGINE=InnoDB DEFAULT CHARSET=utf8mb4 COLLATE=utf8mb4_general_ci;

-- --------------------------------------------------------

--
-- Table structure for table `oauth_personal_access_clients`
--

CREATE TABLE `oauth_personal_access_clients` (
  `id` bigint(20) UNSIGNED NOT NULL,
  `client_id` bigint(20) UNSIGNED NOT NULL,
  `created_at` timestamp NULL DEFAULT NULL,
  `updated_at` timestamp NULL DEFAULT NULL
) ENGINE=InnoDB DEFAULT CHARSET=utf8mb4 COLLATE=utf8mb4_general_ci;

--
-- Dumping data for table `oauth_personal_access_clients`
--

INSERT INTO `oauth_personal_access_clients` (`id`, `client_id`, `created_at`, `updated_at`) VALUES
(1, 1, '2021-03-22 02:05:21', '2021-03-22 02:05:21'),
(2, 4, '2024-10-15 05:47:37', '2024-10-15 05:47:37');

-- --------------------------------------------------------

--
-- Table structure for table `onboarding_screens`
--

CREATE TABLE `onboarding_screens` (
  `id` int(11) NOT NULL,
  `position` int(11) DEFAULT NULL,
  `image` varchar(999) DEFAULT NULL,
  `title` varchar(255) DEFAULT NULL,
  `description` varchar(999) DEFAULT NULL,
  `created_at` timestamp NOT NULL DEFAULT current_timestamp(),
  `updated_at` timestamp NOT NULL DEFAULT current_timestamp()
) ENGINE=InnoDB DEFAULT CHARSET=utf8mb4 COLLATE=utf8mb4_general_ci;

-- --------------------------------------------------------

--
-- Table structure for table `orders`
--

CREATE TABLE `orders` (
  `id` bigint(20) UNSIGNED NOT NULL,
  `user_id` bigint(20) UNSIGNED NOT NULL,
  `seller_id` bigint(20) UNSIGNED NOT NULL,
  `total_amount` decimal(10,2) NOT NULL,
  `status` varchar(255) NOT NULL DEFAULT 'pending',
  `payment_status` varchar(255) NOT NULL DEFAULT 'pending',
  `payment_gateway` varchar(50) DEFAULT 'cod',
  `shipping_address` text DEFAULT NULL,
  `created_at` timestamp NULL DEFAULT NULL,
  `updated_at` timestamp NULL DEFAULT NULL
) ENGINE=MyISAM DEFAULT CHARSET=utf8mb4 COLLATE=utf8mb4_unicode_ci;

--
-- Dumping data for table `orders`
--

INSERT INTO `orders` (`id`, `user_id`, `seller_id`, `total_amount`, `status`, `payment_status`, `payment_gateway`, `shipping_address`, `created_at`, `updated_at`) VALUES
(1, 40, 40, 200.00, 'Shipped', 'Pending', 'cod', 'india', '2025-12-09 10:58:44', '2025-12-09 11:07:38'),
(2, 40, 40, 200.00, 'Cancellation Requested', 'Pending', 'cod', 'abcd', '2025-12-09 11:16:56', '2026-01-09 11:50:40'),
(3, 43, 40, 200.00, 'Shipped', 'Pending', 'cod', 'mumbai', '2025-12-17 04:22:54', '2026-01-06 09:13:06'),
(4, 43, 40, 200.00, 'Pending', 'Pending', 'cod', 'mumbai', '2025-12-17 05:01:29', '2025-12-17 05:01:29'),
(5, 43, 40, 200.00, 'Pending', 'Pending', 'stripe', 'mumbai', '2025-12-17 05:45:10', '2025-12-17 05:45:10'),
(6, 43, 40, 200.00, 'Pending', 'Pending', 'stripe', 'delhi', '2025-12-17 05:58:02', '2025-12-17 05:58:02'),
(7, 43, 40, 200.00, 'Processing', 'Pending', 'stripe', 'mumbai', '2025-12-17 05:58:31', '2026-01-08 08:53:56'),
(8, 43, 40, 200.00, 'Pending', 'Paid', 'stripe', 'Unknown', '2025-12-17 23:29:54', '2025-12-17 23:29:54'),
(9, 40, 40, 199.00, 'Completed', 'Paid', 'stripe', 'Unknown', '2025-12-24 05:28:43', '2025-12-24 05:43:33'),
(10, 40, 40, 199.00, 'Cancellation Requested', 'Paid', 'stripe', 'Shadow, Mumbai, Mumbai, 2, 123423. Mobile: 98765 43210', '2025-12-24 06:17:25', '2026-02-10 04:55:45'),
(11, 40, 40, 299.00, 'Completed', 'Paid', 'stripe', 'Shadow, Mumbai, Mumbai, 2, 123423. Mobile: 98765 43210', '2025-12-24 06:55:32', '2025-12-24 06:56:04'),
(12, 40, 40, 199.00, 'Cancelled', 'Paid', 'stripe', 'Shadow, Mumbai, Mumbai, 2, 123423. Mobile: 98765 43210', '2025-12-25 22:47:33', '2025-12-25 22:51:53'),
(13, 40, 40, 199.00, 'Cancelled', 'Paid', 'stripe', 'Shadow, Mumbai, Mumbai, 5, 123423. Mobile: 98765 43210', '2025-12-25 22:55:39', '2025-12-25 22:56:41'),
(14, 40, 40, 199.00, 'Cancelled', 'Paid', 'stripe', 'Shadow, Mumbai, Mumbai, 2, 123423. Mobile: 98765 43210', '2025-12-28 22:45:48', '2025-12-28 22:46:30'),
(15, 40, 40, 1400.00, 'Shipped', 'Paid', 'stripe', 'Miracuves, fgghf, hfghfgh, fghfgghf, fghfggh, India - 5724. Mobile: 45544645', '2025-12-31 11:02:08', '2025-12-31 11:11:55'),
(16, 47, 40, 199.00, 'Cancellation Requested', 'Paid', 'stripe', 'user, ahmedabad, ahmedabad, 2, 380001. Mobile: 9874563210', '2026-01-07 05:01:02', '2026-01-07 05:06:22'),
(17, 48, 40, 299.00, 'Cancelled', 'Paid', 'stripe', 'GAUSWAMI SHIVADUTTPURI PARASPURI, Medha, MAHESANA, 2, 384445. Mobile: 09512149944', '2026-01-07 09:30:48', '2026-01-08 04:01:38'),
(18, 48, 40, 299.00, 'Cancelled', 'Paid', 'stripe', 'GAUSWAMI SHIVADUTTPURI PARASPURI, Medha, MAHESANA, 2, 384445. Mobile: 09512149944', '2026-01-07 12:15:20', '2026-01-08 04:01:18'),
(19, 48, 40, 299.00, 'Completed', 'Paid', 'stripe', 'GAUSWAMI SHIVADUTTPURI PARASPURI, Medha, MAHESANA, 2, 384445. Mobile: 09512149944', '2026-01-07 12:30:21', '2026-01-08 03:42:26'),
(20, 47, 40, 299.00, 'Completed', 'Paid', 'stripe', 'GAUSWAMI SHIVADUTTPURI PARASPURI, Medha, MAHESANA, 2, 384445. Mobile: 09512149944', '2026-01-07 12:40:09', '2026-01-07 12:41:54'),
(21, 48, 40, 199.00, 'Cancelled', 'Paid', 'stripe', 'GAUSWAMI SHIVADUTTPURI PARASPURI, Medha, MAHESANA, 2, 384445. Mobile: 09512149944', '2026-01-08 03:45:19', '2026-01-08 05:04:39'),
(22, 48, 40, 299.00, 'Cancelled', 'Paid', 'stripe', 'GAUSWAMI SHIVADUTTPURI PARASPURI, Medha, MAHESANA, 2, 384445. Mobile: 09512149944', '2026-01-08 04:30:59', '2026-01-08 04:36:35'),
(23, 40, 40, 199.00, 'Cancelled', 'Paid', 'stripe', 'GAUSWAMI SHIVADUTTPURI PARASPURI, Medha, MAHESANA, 2, 384445. Mobile: 09512149944', '2026-01-08 04:38:35', '2026-01-08 04:40:24'),
(24, 48, 40, 199.00, 'Cancelled', 'Paid', 'stripe', 'GAUSWAMI SHIVADUTTPURI PARASPURI, Medha, MAHESANA, 2, 384445. Mobile: 09512149944', '2026-01-08 05:13:10', '2026-01-08 05:31:34'),
(25, 47, 48, 750.00, 'Cancelled', 'Paid', 'stripe', 'GAUSWAMI SHIVADUTTPURI PARASPURI, Medha, MAHESANA, 2, 384445. Mobile: 09512149944', '2026-01-08 06:52:37', '2026-01-08 06:59:54'),
(26, 46, 40, 299.00, 'Completed', 'Paid', 'stripe', 'GAUSWAMI SHIVADUTTPURI PARASPURI, Medha, MAHESANA, 2, 384445. Mobile: 09512149944', '2026-01-08 07:06:47', '2026-01-08 08:42:44'),
(27, 40, 48, 750.00, 'Completed', 'Paid', 'stripe', 'GAUSWAMI SHIVADUTTPURI PARASPURI, Medha, MAHESANA, 2, 384445. Mobile: 09512149944', '2026-01-08 07:29:25', '2026-01-08 08:33:40'),
(28, 40, 40, 299.00, 'Completed', 'Paid', 'stripe', 'GAUSWAMI SHIVADUTTPURI PARASPURI, Medha, MAHESANA, 2, 384445. Mobile: 09512149944', '2026-01-08 08:05:55', '2026-01-08 08:39:45'),
(29, 47, 48, 750.00, 'Cancelled', 'Paid', 'stripe', 'sdf, fhfgh, sdfsdf, , 524. Mobile: sdfdf', '2026-01-08 09:38:27', '2026-01-09 06:47:43'),
(30, 48, 40, 299.00, 'Cancelled', 'Paid', 'stripe', 'GAUSWAMI SHIVADUTTPURI PARASPURI, Medha, MAHESANA, 2, 384445. Mobile: 09512149944', '2026-01-08 09:39:47', '2026-01-08 09:50:19'),
(31, 48, 40, 299.00, 'Processing', 'Paid', 'stripe', 'Ahm, Ahm, 356757, US', '2026-01-08 11:04:30', '2026-02-10 04:54:31'),
(32, 40, 40, 299.00, 'Cancelled', 'Paid', 'stripe', 'dfg, dfgdg, 45452, US', '2026-01-08 11:05:16', '2026-02-10 04:54:19'),
(33, 48, 40, 299.00, 'Cancelled', 'Paid', 'stripe', 'Agn, Dgh, 3556, US', '2026-01-08 11:43:52', '2026-01-10 06:58:15'),
(34, 48, 40, 199.00, 'Completed', 'Paid', 'stripe', 'Ahm, Ahm, 3567755, US', '2026-01-08 11:51:57', '2026-01-10 06:51:30'),
(35, 46, 48, 750.00, 'Pending', 'Paid', 'stripe', 'Maruti Magnum , Gandhinagar , 382426, US', '2026-01-12 04:26:59', '2026-01-12 04:26:59'),
(36, 40, 48, 750.00, 'Cancelled', 'Paid', 'stripe', 'Ahmedabad, Ahmedabad, 380001, US', '2026-01-12 06:20:59', '2026-01-12 06:28:46'),
(37, 40, 48, 750.00, 'Cancelled', 'Paid', 'stripe', 'Ahm, Ahm, 345677, US', '2026-01-13 04:35:59', '2026-01-13 04:38:54'),
(38, 54, 43, 900.00, 'Cancellation Requested', 'Paid', 'stripe', 'Tgsusb, Texas, 7788, US', '2026-01-13 05:36:10', '2026-01-13 05:36:51'),
(39, 46, 48, 750.00, 'Pending', 'Paid', 'stripe', 'ABC, DEF, 123456, US', '2026-01-13 05:41:03', '2026-01-13 05:41:03'),
(40, 54, 48, 750.00, 'Pending', 'Paid', 'stripe', 'Ysgsij, Usbj, 687, US', '2026-01-13 05:41:26', '2026-01-13 05:41:26'),
(41, 46, 40, 299.00, 'Cancelled', 'Paid', 'stripe', 'Texas, Texas, 63782, US', '2026-01-13 05:52:30', '2026-01-13 05:56:32'),
(42, 46, 40, 199.00, 'Cancelled', 'Paid', 'stripe', 'ABC, Def, 233657, US', '2026-01-13 06:25:58', '2026-01-15 05:25:39'),
(43, 40, 40, 299.00, 'Cancelled', 'Paid', 'stripe', 'Pune, Pune, 411033, US', '2026-02-12 00:24:42', '2026-07-21 04:31:32'),
(44, 40, 43, 900.00, 'Pending', 'Paid', 'stripe', 'hemabnt, adsadsad9, ludhiana, 2, 141008. Mobile: 9115183007', '2026-07-21 04:09:07', '2026-07-21 04:09:07'),
(45, 44, 43, 100.00, 'Pending', 'Paid', 'stripe', 'ZEGO error code 1001004 means room login failed — typically caused by: 1. Network issues — device can\'t reach ZEGO\'s servers 2. Invalid appID or appSign — the credentials from the API response (zego_app_id: 366390107, zego_app_sign: 5aaa544a...) may be incorrect or expired 3. Server-side configuration — the ZEGO project may not be properly configured for this app, yeuiis, 462038, US', '2026-07-21 04:25:19', '2026-07-21 04:25:19'),
(46, 40, 43, 100.00, 'Pending', 'Paid', 'stripe', 'Ndkdjxj, Ludhiana , 141008, US', '2026-07-21 04:30:21', '2026-07-21 04:30:21'),
(47, 44, 43, 900.00, 'Pending', 'Paid', 'stripe', 'jack@yopmail.com, Bhopal, 462038, US', '2026-07-21 04:31:41', '2026-07-21 04:31:41'),
(48, 40, 40, 3133.00, 'Cancellation Requested', 'Paid', 'stripe', 'ak, om palaza, Lucknow, 2, 226010. Mobile: 09598863033', '2026-07-21 11:13:10', '2026-07-21 11:14:57'),
(49, 43, 40, 3133.00, 'Completed', 'Paid', 'stripe', 'ak, om palaza, Lucknow, 2, 226010. Mobile: 09598863033', '2026-07-23 03:50:39', '2026-07-28 12:17:00'),
(50, 43, 43, 100.00, 'Pending', 'Paid', 'stripe', 'ak, om palaza, Lucknow, 2, 226010. Mobile: 09598863033', '2026-07-23 03:54:04', '2026-07-23 03:54:04'),
(51, 43, 43, 100.00, 'Pending', 'Paid', 'stripe', 'ak, om palaza, Lucknow, 2, 226010. Mobile: 09598863033', '2026-07-23 03:58:16', '2026-07-23 03:58:16'),
(52, 84, 43, 100.00, 'Cancellation Requested', 'Paid', 'stripe', 'p sksjka, Bhopal, 462038, US', '2026-07-27 13:20:51', '2026-07-27 13:21:41'),
(53, 83, 43, 100.00, 'Pending', 'Paid', 'stripe', 'Abhinav , 10 Downing Street, Mumbai, 2, 410210. Mobile: Saini', '2026-07-28 09:30:18', '2026-07-28 09:30:18'),
(54, 87, 43, 100.00, 'Pending', 'Paid', 'stripe', 'David Roy, Tentonic street, Pune, 2, 422352. Mobile: 8796547895', '2026-07-28 10:00:02', '2026-07-28 10:00:02'),
(55, 84, 43, 100.00, 'Pending', 'Paid', 'stripe', 'haw w w w w w w w w  ww, Bhopal, 462038, US', '2026-07-28 10:41:06', '2026-07-28 10:41:06'),
(56, 84, 43, 100.00, 'Pending', 'Paid', 'stripe', 'p24 balaji residency , nepal , bhopal, 203758, US', '2026-07-28 10:43:55', '2026-07-28 10:43:55'),
(57, 84, 40, 3133.00, 'Completed', 'Paid', 'stripe', 'p14 balaji residency nepal railway station , bhopal, 462054, US', '2026-07-28 12:19:53', '2026-07-28 12:25:01');

-- --------------------------------------------------------

--
-- Table structure for table `order_cancellations`
--

CREATE TABLE `order_cancellations` (
  `id` bigint(20) UNSIGNED NOT NULL,
  `order_id` bigint(20) UNSIGNED NOT NULL,
  `user_id` bigint(20) UNSIGNED NOT NULL,
  `business_id` bigint(20) UNSIGNED NOT NULL,
  `reason` text NOT NULL,
  `refund_method` varchar(255) NOT NULL,
  `refund_details` text DEFAULT NULL,
  `status` enum('pending_approval','approved_by_business','rejected_by_business','refunded_by_admin') NOT NULL DEFAULT 'pending_approval',
  `admin_remarks` text DEFAULT NULL,
  `created_at` timestamp NULL DEFAULT NULL,
  `updated_at` timestamp NULL DEFAULT NULL
) ENGINE=MyISAM DEFAULT CHARSET=utf8mb4 COLLATE=utf8mb4_unicode_ci;

--
-- Dumping data for table `order_cancellations`
--

INSERT INTO `order_cancellations` (`id`, `order_id`, `user_id`, `business_id`, `reason`, `refund_method`, `refund_details`, `status`, `admin_remarks`, `created_at`, `updated_at`) VALUES
(1, 12, 40, 1, 'Dont need anymore', 'upi_paypal', 'admin@sbi', 'refunded_by_admin', NULL, '2025-12-25 22:51:29', '2025-12-25 22:52:21'),
(2, 13, 40, 1, 'By Mistake', 'upi_paypal', 'adada@sbi', 'refunded_by_admin', NULL, '2025-12-25 22:56:24', '2025-12-25 22:56:58'),
(3, 14, 40, 1, 'ZZX', 'upi_paypal', 'zzx@ffg', 'approved_by_business', NULL, '2025-12-28 22:46:13', '2025-12-28 22:46:30'),
(4, 16, 47, 1, 'not good', 'upi_paypal', 'user@demo.com', 'pending_approval', NULL, '2026-01-07 05:06:22', '2026-01-07 05:06:22'),
(5, 17, 48, 1, 'not good', 'upi_paypal', 'user@demo.com', 'approved_by_business', NULL, '2026-01-07 09:31:31', '2026-01-08 04:01:38'),
(6, 18, 48, 1, 'not good', 'upi_paypal', 'user@demo.com', 'refunded_by_admin', NULL, '2026-01-07 12:16:16', '2026-01-08 04:02:31'),
(7, 21, 48, 1, 'not good', 'upi_paypal', 'miracuves1@yopmail.com', 'approved_by_business', NULL, '2026-01-08 04:07:32', '2026-01-08 05:04:39'),
(8, 23, 40, 1, 'not good', 'upi_paypal', 'User@demo.com', 'refunded_by_admin', '111', '2026-01-08 04:39:10', '2026-01-08 04:41:07'),
(9, 24, 48, 1, 'not perfect', 'upi_paypal', 'user@demo.com', 'refunded_by_admin', '1', '2026-01-08 05:19:43', '2026-01-08 05:34:59'),
(10, 25, 47, 2, 'Damaged', 'upi_paypal', 'user@demo.com', 'refunded_by_admin', NULL, '2026-01-08 06:54:54', '2026-01-08 07:00:28'),
(11, 30, 48, 1, 'not good product', 'upi_paypal', 'user@demo.com', 'refunded_by_admin', '111', '2026-01-08 09:49:25', '2026-01-08 09:50:37'),
(12, 32, 40, 1, 'not good', 'upi_paypal', 'user@demo.com', 'approved_by_business', NULL, '2026-01-09 11:36:33', '2026-02-10 04:54:19'),
(13, 2, 40, 1, 'not good', 'upi_paypal', 'uer@demo.com', 'pending_approval', NULL, '2026-01-09 11:50:40', '2026-01-09 11:50:40'),
(14, 36, 40, 2, 'not good', 'upi_paypal', 'user@demo.com', 'refunded_by_admin', NULL, '2026-01-12 06:21:31', '2026-01-12 06:31:09'),
(15, 37, 40, 2, 'not good', 'upi_paypal', 'user@demo.com', 'refunded_by_admin', '123', '2026-01-13 04:36:38', '2026-01-13 04:39:31'),
(16, 38, 54, 5, 'not good', 'upi_paypal', 'user@demo.com', 'pending_approval', NULL, '2026-01-13 05:36:51', '2026-01-13 05:36:51'),
(17, 41, 46, 1, 'rtfg', 'upi_paypal', 'user@demo.com', 'refunded_by_admin', NULL, '2026-01-13 05:54:25', '2026-01-13 05:57:26'),
(18, 42, 46, 1, 'not good', 'upi_paypal', 'user@demo.com', 'approved_by_business', NULL, '2026-01-13 06:26:21', '2026-01-15 05:25:39'),
(19, 10, 40, 1, 'bad', 'upi_paypal', 'user123', 'pending_approval', NULL, '2026-02-10 04:55:45', '2026-02-10 04:55:45'),
(20, 48, 40, 1, 'nothing special', 'upi_paypal', 'fdfdasfsfs', 'pending_approval', NULL, '2026-07-21 11:14:57', '2026-07-21 11:14:57'),
(21, 52, 84, 5, 'no response', 'upi_paypal', '626282919836382', 'pending_approval', NULL, '2026-07-27 13:21:41', '2026-07-27 13:21:41');

-- --------------------------------------------------------

--
-- Table structure for table `order_items`
--

CREATE TABLE `order_items` (
  `id` bigint(20) UNSIGNED NOT NULL,
  `order_id` bigint(20) UNSIGNED NOT NULL,
  `product_id` bigint(20) UNSIGNED NOT NULL,
  `quantity` int(11) NOT NULL,
  `price` decimal(10,2) NOT NULL,
  `admin_commission` decimal(10,2) DEFAULT 0.00,
  `creator_earning` decimal(10,2) DEFAULT 0.00,
  `created_at` timestamp NULL DEFAULT NULL,
  `updated_at` timestamp NULL DEFAULT NULL,
  `attributes` text DEFAULT NULL
) ENGINE=MyISAM DEFAULT CHARSET=utf8mb4 COLLATE=utf8mb4_unicode_ci;

--
-- Dumping data for table `order_items`
--

INSERT INTO `order_items` (`id`, `order_id`, `product_id`, `quantity`, `price`, `admin_commission`, `creator_earning`, `created_at`, `updated_at`, `attributes`) VALUES
(1, 1, 1, 1, 200.00, 0.00, 0.00, '2025-12-09 10:58:44', '2025-12-09 10:58:44', NULL),
(2, 2, 2, 1, 200.00, 0.00, 0.00, '2025-12-09 11:16:56', '2025-12-09 11:16:56', NULL),
(3, 3, 2, 1, 200.00, 0.00, 0.00, '2025-12-17 04:22:54', '2025-12-17 04:22:54', NULL),
(4, 4, 2, 1, 200.00, 0.00, 0.00, '2025-12-17 05:01:29', '2025-12-17 05:01:29', NULL),
(5, 5, 2, 1, 200.00, 20.00, 180.00, '2025-12-17 05:45:10', '2025-12-17 05:45:10', NULL),
(6, 6, 2, 1, 200.00, 20.00, 180.00, '2025-12-17 05:58:02', '2025-12-17 05:58:02', NULL),
(7, 7, 2, 1, 200.00, 20.00, 180.00, '2025-12-17 05:58:31', '2025-12-17 05:58:31', NULL),
(8, 8, 2, 1, 200.00, 20.00, 180.00, '2025-12-17 23:29:54', '2025-12-17 23:29:54', NULL),
(9, 9, 3, 1, 199.00, 19.90, 179.10, '2025-12-24 05:28:43', '2025-12-24 05:28:43', NULL),
(10, 10, 3, 1, 199.00, 19.90, 179.10, '2025-12-24 06:17:25', '2025-12-24 06:17:25', '{\"Color\":\"Black\"}'),
(11, 11, 5, 1, 299.00, 29.90, 269.10, '2025-12-24 06:55:32', '2025-12-24 06:55:32', '{\"Size\":\"L\"}'),
(12, 12, 3, 1, 199.00, 19.90, 179.10, '2025-12-25 22:47:33', '2025-12-25 22:47:33', '{\"Color\":\"Blue\"}'),
(13, 13, 3, 1, 199.00, 19.90, 179.10, '2025-12-25 22:55:39', '2025-12-25 22:55:39', '{\"Color\":\"Black\"}'),
(14, 14, 3, 1, 199.00, 19.90, 179.10, '2025-12-28 22:45:48', '2025-12-28 22:45:48', '{\"Color\":\"Black\"}'),
(15, 15, 7, 1, 1400.00, 140.00, 1260.00, '2025-12-31 11:02:08', '2025-12-31 11:02:08', NULL),
(16, 16, 3, 1, 199.00, 19.90, 179.10, '2026-01-07 05:01:02', '2026-01-07 05:01:02', '{\"Color\":\"White\"}'),
(17, 17, 5, 1, 299.00, 29.90, 269.10, '2026-01-07 09:30:48', '2026-01-07 09:30:48', '{\"Size\":\"M\"}'),
(18, 18, 5, 1, 299.00, 29.90, 269.10, '2026-01-07 12:15:20', '2026-01-07 12:15:20', '{\"Size\":\"M\"}'),
(19, 19, 5, 1, 299.00, 29.90, 269.10, '2026-01-07 12:30:21', '2026-01-07 12:30:21', '{\"Size\":\"L\"}'),
(20, 20, 5, 1, 299.00, 29.90, 269.10, '2026-01-07 12:40:09', '2026-01-07 12:40:09', '{\"Size\":\"M\"}'),
(21, 21, 3, 1, 199.00, 19.90, 179.10, '2026-01-08 03:45:19', '2026-01-08 03:45:19', '{\"Color\":\"Black\"}'),
(22, 22, 5, 1, 299.00, 29.90, 269.10, '2026-01-08 04:30:59', '2026-01-08 04:30:59', '{\"Size\":\"M\"}'),
(23, 23, 3, 1, 199.00, 19.90, 179.10, '2026-01-08 04:38:35', '2026-01-08 04:38:35', '{\"Color\":\"Black\"}'),
(24, 24, 3, 1, 199.00, 19.90, 179.10, '2026-01-08 05:13:10', '2026-01-08 05:13:10', '{\"Color\":\"Black\"}'),
(25, 25, 9, 1, 750.00, 75.00, 675.00, '2026-01-08 06:52:37', '2026-01-08 06:52:37', '{\"L\":\"L\",\"M\":\"M\",\"XL\":\"XL\"}'),
(26, 26, 5, 1, 299.00, 29.90, 269.10, '2026-01-08 07:06:47', '2026-01-08 07:06:47', '{\"Size\":\"S\"}'),
(27, 27, 9, 1, 750.00, 75.00, 675.00, '2026-01-08 07:29:25', '2026-01-08 07:29:25', '{\"Size\":\"M\"}'),
(28, 28, 5, 1, 299.00, 29.90, 269.10, '2026-01-08 08:05:55', '2026-01-08 08:05:55', '{\"Size\":\"L\"}'),
(29, 29, 9, 1, 750.00, 75.00, 675.00, '2026-01-08 09:38:27', '2026-01-08 09:38:27', '{\"Size\":\"M\"}'),
(30, 30, 5, 1, 299.00, 29.90, 269.10, '2026-01-08 09:39:47', '2026-01-08 09:39:47', '{\"Size\":\"M\"}'),
(31, 31, 5, 1, 299.00, 29.90, 269.10, '2026-01-08 11:04:30', '2026-01-08 11:04:30', NULL),
(32, 32, 5, 1, 299.00, 29.90, 269.10, '2026-01-08 11:05:16', '2026-01-08 11:05:16', NULL),
(33, 33, 5, 1, 299.00, 29.90, 269.10, '2026-01-08 11:43:52', '2026-01-08 11:43:52', '{\"Size\":\"M\"}'),
(34, 34, 3, 1, 199.00, 19.90, 179.10, '2026-01-08 11:51:57', '2026-01-08 11:51:57', '{\"Color\":\"Black\"}'),
(35, 35, 9, 1, 750.00, 75.00, 675.00, '2026-01-12 04:26:59', '2026-01-12 04:26:59', NULL),
(36, 36, 9, 1, 750.00, 75.00, 675.00, '2026-01-12 06:20:59', '2026-01-12 06:20:59', NULL),
(37, 37, 9, 1, 750.00, 75.00, 675.00, '2026-01-13 04:35:59', '2026-01-13 04:35:59', NULL),
(38, 38, 12, 1, 900.00, 90.00, 810.00, '2026-01-13 05:36:10', '2026-01-13 05:36:10', NULL),
(39, 39, 9, 1, 750.00, 75.00, 675.00, '2026-01-13 05:41:03', '2026-01-13 05:41:03', NULL),
(40, 40, 9, 1, 750.00, 75.00, 675.00, '2026-01-13 05:41:26', '2026-01-13 05:41:26', NULL),
(41, 41, 5, 1, 299.00, 29.90, 269.10, '2026-01-13 05:52:30', '2026-01-13 05:52:30', NULL),
(42, 42, 3, 1, 199.00, 19.90, 179.10, '2026-01-13 06:25:58', '2026-01-13 06:25:58', NULL),
(43, 43, 5, 1, 299.00, 29.90, 269.10, '2026-02-12 00:24:42', '2026-02-12 00:24:42', NULL),
(44, 44, 12, 1, 900.00, 90.00, 810.00, '2026-07-21 04:09:07', '2026-07-21 04:09:07', NULL),
(45, 45, 15, 1, 100.00, 10.00, 90.00, '2026-07-21 04:25:19', '2026-07-21 04:25:19', NULL),
(46, 46, 15, 1, 100.00, 10.00, 90.00, '2026-07-21 04:30:21', '2026-07-21 04:30:21', NULL),
(47, 47, 12, 1, 900.00, 90.00, 810.00, '2026-07-21 04:31:41', '2026-07-21 04:31:41', NULL),
(48, 48, 11, 1, 3133.00, 313.30, 2819.70, '2026-07-21 11:13:10', '2026-07-21 11:13:10', NULL),
(49, 49, 11, 1, 3133.00, 313.30, 2819.70, '2026-07-23 03:50:39', '2026-07-23 03:50:39', NULL),
(50, 50, 15, 1, 100.00, 10.00, 90.00, '2026-07-23 03:54:04', '2026-07-23 03:54:04', NULL),
(51, 51, 15, 1, 100.00, 10.00, 90.00, '2026-07-23 03:58:16', '2026-07-23 03:58:16', NULL),
(52, 52, 15, 1, 100.00, 10.00, 90.00, '2026-07-27 13:20:51', '2026-07-27 13:20:51', NULL),
(53, 53, 15, 1, 100.00, 10.00, 90.00, '2026-07-28 09:30:18', '2026-07-28 09:30:18', NULL),
(54, 54, 15, 1, 100.00, 10.00, 90.00, '2026-07-28 10:00:02', '2026-07-28 10:00:02', NULL),
(55, 55, 15, 1, 100.00, 10.00, 90.00, '2026-07-28 10:41:06', '2026-07-28 10:41:06', '\"null\"'),
(56, 56, 15, 1, 100.00, 10.00, 90.00, '2026-07-28 10:43:55', '2026-07-28 10:43:55', '\"null\"'),
(57, 57, 11, 1, 3133.00, 313.30, 2819.70, '2026-07-28 12:19:53', '2026-07-28 12:19:53', '\"null\"');

-- --------------------------------------------------------

--
-- Table structure for table `payment_transactions`
--

CREATE TABLE `payment_transactions` (
  `id` bigint(20) UNSIGNED NOT NULL,
  `user_id` int(11) NOT NULL,
  `gateway` varchar(255) NOT NULL,
  `amount` decimal(10,2) NOT NULL,
  `currency` varchar(3) NOT NULL DEFAULT 'USD',
  `gateway_transaction_id` varchar(255) DEFAULT NULL,
  `status` varchar(255) NOT NULL DEFAULT 'initiated',
  `type` varchar(255) NOT NULL,
  `payload` longtext DEFAULT NULL,
  `order_id` int(11) DEFAULT NULL,
  `created_at` timestamp NULL DEFAULT NULL,
  `updated_at` timestamp NULL DEFAULT NULL
) ENGINE=MyISAM DEFAULT CHARSET=utf8mb4 COLLATE=utf8mb4_unicode_ci;

--
-- Dumping data for table `payment_transactions`
--

INSERT INTO `payment_transactions` (`id`, `user_id`, `gateway`, `amount`, `currency`, `gateway_transaction_id`, `status`, `type`, `payload`, `order_id`, `created_at`, `updated_at`) VALUES
(1, 43, 'stripe', 200.00, 'usd', NULL, 'failed', 'shop', '{\"items\":[{\"product_id\":\"2\",\"quantity\":1}]}', NULL, '2025-12-17 22:09:39', '2025-12-17 22:09:40'),
(2, 43, 'stripe', 200.00, 'usd', NULL, 'failed', 'shop', '{\"items\":[{\"product_id\":\"2\",\"quantity\":1}]}', NULL, '2025-12-17 22:09:48', '2025-12-17 22:09:48'),
(3, 43, 'stripe', 200.00, 'usd', NULL, 'failed', 'shop', '{\"items\":[{\"product_id\":\"2\",\"quantity\":1}]}', NULL, '2025-12-17 22:10:11', '2025-12-17 22:10:12'),
(4, 43, 'stripe', 200.00, 'usd', NULL, 'failed', 'shop', '{\"items\":[{\"product_id\":\"2\",\"quantity\":1}]}', NULL, '2025-12-17 22:10:35', '2025-12-17 22:10:35'),
(5, 43, 'stripe', 200.00, 'usd', NULL, 'failed', 'shop', '{\"items\":[{\"product_id\":\"2\",\"quantity\":1}]}', NULL, '2025-12-17 22:11:09', '2025-12-17 22:11:09'),
(6, 43, 'stripe', 200.00, 'usd', NULL, 'failed', 'shop', '{\"items\":[{\"product_id\":\"2\",\"quantity\":1}]}', NULL, '2025-12-17 22:14:51', '2025-12-17 22:14:51'),
(7, 43, 'stripe', 200.00, 'usd', 'pi_3SfYAQHTAHWwyrB61uOU8w8W', 'initiated', 'shop', '{\"items\":[{\"product_id\":\"2\",\"quantity\":1}]}', NULL, '2025-12-17 22:16:17', '2025-12-17 22:16:18'),
(8, 43, 'stripe', 200.00, 'usd', 'pi_3SfYsjHTAHWwyrB60aiY19T4', 'initiated', 'shop', '{\"items\":[{\"product_id\":\"2\",\"quantity\":1}]}', NULL, '2025-12-17 23:01:59', '2025-12-17 23:02:05'),
(9, 43, 'stripe', 200.00, 'usd', 'pi_3SfZIhHTAHWwyrB61lZ9bJub', 'success', 'shop', '{\"items\":[{\"product_id\":\"2\",\"quantity\":1}]}', 8, '2025-12-17 23:28:54', '2025-12-17 23:29:54'),
(10, 43, 'stripe', 200.00, 'usd', 'pi_3SfZSGHTAHWwyrB61XS5K0hg', 'initiated', 'shop', '{\"items\":[{\"product_id\":\"2\",\"quantity\":1}]}', NULL, '2025-12-17 23:38:47', '2025-12-17 23:38:48'),
(11, 43, 'stripe', 200.00, 'usd', 'pi_3SfZSgHTAHWwyrB60jSqM3kd', 'initiated', 'shop', '{\"items\":[{\"product_id\":\"2\",\"quantity\":1}]}', NULL, '2025-12-17 23:39:13', '2025-12-17 23:39:14'),
(12, 43, 'stripe', 200.00, 'usd', 'pi_3SfZYKHTAHWwyrB60EeZ4Eok', 'initiated', 'shop', '{\"items\":[{\"product_id\":\"2\",\"quantity\":1}]}', NULL, '2025-12-17 23:45:03', '2025-12-17 23:45:04'),
(13, 43, 'stripe', 200.00, 'usd', 'pi_3SfZa4HTAHWwyrB60ZNJr2V2', 'initiated', 'shop', '{\"items\":[{\"product_id\":\"2\",\"quantity\":1}]}', NULL, '2025-12-17 23:46:51', '2025-12-17 23:46:52'),
(14, 43, 'stripe', 200.00, 'usd', 'pi_3SfaJUHTAHWwyrB605Nvz1CI', 'initiated', 'shop', '{\"items\":[{\"product_id\":\"2\",\"quantity\":1}]}', NULL, '2025-12-18 00:33:46', '2025-12-18 00:33:47'),
(15, 43, 'stripe', 200.00, 'usd', 'pi_3SfaJrHTAHWwyrB61YUJuXaw', 'initiated', 'shop', '{\"items\":[{\"product_id\":\"2\",\"quantity\":1}]}', NULL, '2025-12-18 00:34:10', '2025-12-18 00:34:11'),
(16, 43, 'stripe', 200.00, 'usd', 'pi_3SfaLJHTAHWwyrB60fqtm1C7', 'initiated', 'shop', '{\"items\":[{\"product_id\":\"2\",\"quantity\":1}]}', NULL, '2025-12-18 00:35:40', '2025-12-18 00:35:41'),
(17, 40, 'stripe', 200.00, 'usd', 'pi_3SffFHHTAHWwyrB61Sai1sDu', 'initiated', 'shop', '{\"items\":[{\"product_id\":\"2\",\"quantity\":1}]}', NULL, '2025-12-18 05:49:45', '2025-12-18 05:49:48'),
(18, 40, 'stripe', 200.00, 'usd', 'pi_3Sh1kNHTAHWwyrB60yq1kWXA', 'initiated', 'shop', '{\"items\":[{\"product_id\":\"2\",\"quantity\":1}]}', NULL, '2025-12-22 00:03:28', '2025-12-22 00:03:31'),
(19, 40, 'stripe', 10.00, 'USD', 'pi_3Sh5C8HTAHWwyrB61OEzKbmi', 'success', 'ad_campaign', '{\"ad_id\":3}', NULL, '2025-12-22 03:44:22', '2025-12-22 03:44:58'),
(20, 40, 'stripe', 10.00, 'USD', 'pi_3Sh5RgHTAHWwyrB6111XO7MK', 'initiated', 'ad_campaign', '{\"ad_id\":2}', NULL, '2025-12-22 04:00:27', '2025-12-22 04:00:27'),
(21, 40, 'stripe', 10.00, 'USD', 'pi_3Sh5g1HTAHWwyrB61qqsRKC8', 'initiated', 'ad_campaign', '{\"ad_id\":4}', NULL, '2025-12-22 04:15:16', '2025-12-22 04:15:17'),
(22, 40, 'stripe', 10.00, 'USD', 'pi_3Sh5rvHTAHWwyrB61ncWLzUb', 'success', 'ad_campaign', '{\"ad_id\":4}', NULL, '2025-12-22 04:27:34', '2025-12-22 04:28:13'),
(23, 40, 'stripe', 1000.00, 'USD', 'pi_3Sh5sqHTAHWwyrB6094ZqNAp', 'success', 'ad_campaign', '{\"ad_id\":5}', NULL, '2025-12-22 04:28:31', '2025-12-22 04:29:01'),
(24, 40, 'stripe', 199.00, 'usd', 'pi_3ShpbvHTAHWwyrB60LDZfJ68', 'initiated', 'shop', '{\"items\":[{\"product_id\":3,\"quantity\":1}]}', NULL, '2025-12-24 05:18:04', '2025-12-24 05:18:07'),
(25, 40, 'stripe', 199.00, 'usd', 'pi_3ShpeUHTAHWwyrB60DeZIXwY', 'initiated', 'shop', '{\"items\":[{\"product_id\":3,\"quantity\":1}]}', NULL, '2025-12-24 05:20:44', '2025-12-24 05:20:45'),
(26, 40, 'stripe', 199.00, 'usd', 'pi_3ShpleHTAHWwyrB61aZNFkar', 'success', 'shop', '{\"items\":[{\"product_id\":3,\"quantity\":1}]}', 9, '2025-12-24 05:28:08', '2025-12-24 05:28:43'),
(27, 40, 'stripe', 199.00, 'usd', 'pi_3ShqWsHTAHWwyrB61zMtEgB5', 'success', 'shop', '{\"items\":[{\"product_id\":3,\"quantity\":1,\"attributes\":{\"Color\":\"Black\"}}]}', 10, '2025-12-24 06:16:56', '2025-12-24 06:17:25'),
(28, 40, 'stripe', 299.00, 'usd', 'pi_3Shr7jHTAHWwyrB60d9DsnY2', 'success', 'shop', '{\"items\":[{\"product_id\":5,\"quantity\":1,\"attributes\":{\"Size\":\"L\"}}]}', 11, '2025-12-24 06:55:01', '2025-12-24 06:55:32'),
(29, 40, 'stripe', 199.00, 'usd', 'pi_3SiSScHTAHWwyrB60OQ18eoe', 'success', 'shop', '{\"items\":[{\"product_id\":3,\"quantity\":1,\"attributes\":{\"Color\":\"Blue\"}}]}', 12, '2025-12-25 22:47:01', '2025-12-25 22:47:33'),
(30, 40, 'stripe', 199.00, 'usd', 'pi_3SiSaXHTAHWwyrB61WaAcHCo', 'success', 'shop', '{\"items\":[{\"product_id\":3,\"quantity\":1,\"attributes\":{\"Color\":\"Black\"}}]}', 13, '2025-12-25 22:55:15', '2025-12-25 22:55:39'),
(31, 40, 'stripe', 199.00, 'usd', 'pi_3SjXraHTAHWwyrB60VFCIoGm', 'success', 'shop', '{\"items\":[{\"product_id\":3,\"quantity\":1,\"attributes\":{\"Color\":\"Black\"}}]}', 14, '2025-12-28 22:45:20', '2025-12-28 22:45:48'),
(32, 40, 'stripe', 1400.00, 'usd', 'pi_3SkMnBHTAHWwyrB61aG6K1bO', 'initiated', 'shop', '{\"items\":[{\"product_id\":7,\"quantity\":1}]}', NULL, '2025-12-31 10:38:13', '2025-12-31 10:38:14'),
(33, 40, 'stripe', 1400.00, 'usd', 'pi_3SkMpOHTAHWwyrB60NCcQk1J', 'initiated', 'shop', '{\"items\":[{\"product_id\":7,\"quantity\":1}]}', NULL, '2025-12-31 10:40:30', '2025-12-31 10:40:30'),
(34, 40, 'stripe', 1400.00, 'usd', 'pi_3SkMpkHTAHWwyrB60H5AcHF3', 'initiated', 'shop', '{\"items\":[{\"product_id\":7,\"quantity\":1}]}', NULL, '2025-12-31 10:40:52', '2025-12-31 10:40:52'),
(35, 40, 'stripe', 1400.00, 'usd', 'pi_3SkMr4HTAHWwyrB61c4HPTUi', 'initiated', 'shop', '{\"items\":[{\"product_id\":7,\"quantity\":1}]}', NULL, '2025-12-31 10:42:14', '2025-12-31 10:42:14'),
(36, 40, 'stripe', 1400.00, 'usd', 'pi_3SkMs0HTAHWwyrB601x2yGio', 'initiated', 'shop', '{\"items\":[{\"product_id\":7,\"quantity\":1}]}', NULL, '2025-12-31 10:43:12', '2025-12-31 10:43:12'),
(37, 40, 'stripe', 1400.00, 'usd', 'pi_3SkMsSHTAHWwyrB61PCQpIwE', 'initiated', 'shop', '{\"items\":[{\"product_id\":7,\"quantity\":1}]}', NULL, '2025-12-31 10:43:40', '2025-12-31 10:43:40'),
(38, 40, 'stripe', 1400.00, 'usd', 'pi_3SkMtwHTAHWwyrB60uHezct3', 'initiated', 'shop', '{\"items\":[{\"product_id\":7,\"quantity\":1}]}', NULL, '2025-12-31 10:45:12', '2025-12-31 10:45:12'),
(39, 40, 'stripe', 1400.00, 'usd', 'pi_3SkMxBHTAHWwyrB6119zdHgv', 'initiated', 'shop', '{\"items\":[{\"product_id\":7,\"quantity\":1}]}', NULL, '2025-12-31 10:48:32', '2025-12-31 10:48:33'),
(40, 40, 'stripe', 1400.00, 'usd', 'pi_3SkMyEHTAHWwyrB61qcuq5UP', 'initiated', 'shop', '{\"items\":[{\"product_id\":7,\"quantity\":1}]}', NULL, '2025-12-31 10:49:38', '2025-12-31 10:49:39'),
(41, 40, 'stripe', 1400.00, 'usd', 'pi_3SkN0HHTAHWwyrB60D5Grwla', 'initiated', 'shop', '{\"items\":[{\"product_id\":7,\"quantity\":1}]}', NULL, '2025-12-31 10:51:45', '2025-12-31 10:51:45'),
(42, 40, 'stripe', 1400.00, 'usd', 'pi_3SkN2tHTAHWwyrB60WB8AbUR', 'initiated', 'shop', '{\"items\":[{\"product_id\":7,\"quantity\":1}]}', NULL, '2025-12-31 10:54:26', '2025-12-31 10:54:27'),
(43, 40, 'stripe', 1400.00, 'usd', 'pi_3SkN3wHTAHWwyrB61NTx26MG', 'initiated', 'shop', '{\"items\":[{\"product_id\":7,\"quantity\":1}]}', NULL, '2025-12-31 10:55:31', '2025-12-31 10:55:32'),
(44, 40, 'stripe', 1400.00, 'usd', 'pi_3SkN4aHTAHWwyrB60JxiQwna', 'initiated', 'shop', '{\"items\":[{\"product_id\":7,\"quantity\":1}]}', NULL, '2025-12-31 10:56:12', '2025-12-31 10:56:12'),
(45, 40, 'stripe', 1400.00, 'usd', 'pi_3SkN6nHTAHWwyrB61efwY1Jl', 'initiated', 'shop', '{\"items\":[{\"product_id\":7,\"quantity\":1}]}', NULL, '2025-12-31 10:58:29', '2025-12-31 10:58:30'),
(46, 40, 'stripe', 1400.00, 'usd', 'pi_3SkN7bHTAHWwyrB61a8VxAPT', 'initiated', 'shop', '{\"items\":[{\"product_id\":7,\"quantity\":1}]}', NULL, '2025-12-31 10:59:19', '2025-12-31 10:59:19'),
(47, 40, 'stripe', 1400.00, 'usd', 'pi_3SkN8gHTAHWwyrB60IYGvZhD', 'initiated', 'shop', '{\"items\":[{\"product_id\":7,\"quantity\":1}]}', NULL, '2025-12-31 11:00:26', '2025-12-31 11:00:26'),
(48, 40, 'stripe', 1400.00, 'usd', 'pi_3SkN9THTAHWwyrB60gzTSkXE', 'initiated', 'shop', '{\"items\":[{\"product_id\":7,\"quantity\":1}]}', NULL, '2025-12-31 11:01:15', '2025-12-31 11:01:15'),
(49, 40, 'stripe', 1400.00, 'usd', 'pi_3SkN9THTAHWwyrB60hU5qJ2I', 'success', 'shop', '{\"items\":[{\"product_id\":7,\"quantity\":1}]}', 15, '2025-12-31 11:01:15', '2025-12-31 11:02:08'),
(50, 40, 'stripe', 299.00, 'usd', 'pi_3SkNFEHTAHWwyrB61gQQ10rA', 'initiated', 'shop', '{\"items\":[{\"product_id\":5,\"quantity\":1}]}', NULL, '2025-12-31 11:07:12', '2025-12-31 11:07:12'),
(51, 47, 'stripe', 199.00, 'usd', 'pi_3SmopYHTAHWwyrB60o6Ae2rW', 'success', 'shop', '{\"items\":[{\"product_id\":3,\"quantity\":1,\"attributes\":{\"Color\":\"White\"}}]}', 16, '2026-01-07 04:58:48', '2026-01-07 05:01:02'),
(52, 48, 'stripe', 10.00, 'USD', 'pi_3Smsu6HTAHWwyrB60eqpgXYQ', 'initiated', 'ad_campaign', '{\"ad_id\":7}', NULL, '2026-01-07 09:19:45', '2026-01-07 09:19:46'),
(53, 48, 'stripe', 299.00, 'usd', 'pi_3Smt3fHTAHWwyrB61kboDisa', 'success', 'shop', '{\"items\":[{\"product_id\":5,\"quantity\":1,\"attributes\":{\"Size\":\"M\"}}]}', 17, '2026-01-07 09:29:39', '2026-01-07 09:30:48'),
(54, 48, 'stripe', 10.00, 'USD', 'pi_3SmtY7HTAHWwyrB60DhMhSqY', 'initiated', 'ad_campaign', '{\"ad_id\":13}', NULL, '2026-01-07 10:01:06', '2026-01-07 10:01:07'),
(55, 48, 'stripe', 10.00, 'USD', 'pi_3SmtdaHTAHWwyrB61GR34IhB', 'initiated', 'ad_campaign', '{\"ad_id\":18}', NULL, '2026-01-07 10:06:45', '2026-01-07 10:06:46'),
(56, 40, 'stripe', 10.00, 'USD', 'pi_3Smu90HTAHWwyrB61PwXnKbP', 'success', 'ad_campaign', '{\"ad_id\":22}', NULL, '2026-01-07 10:39:14', '2026-01-07 10:40:10'),
(57, 40, 'stripe', 10.00, 'USD', 'pi_3SmvJ5HTAHWwyrB60viU23Ct', 'success', 'ad_campaign', '{\"ad_id\":25}', NULL, '2026-01-07 11:53:43', '2026-01-07 11:54:26'),
(58, 40, 'stripe', 299.00, 'usd', 'pi_3SmvQSHTAHWwyrB61qiAkTm6', 'initiated', 'shop', '{\"items\":[{\"product_id\":\"5\",\"quantity\":1}]}', NULL, '2026-01-07 12:01:20', '2026-01-07 12:01:20'),
(59, 40, 'stripe', 299.00, 'usd', 'pi_3SmvQlHTAHWwyrB6185Q0nMn', 'initiated', 'shop', '{\"items\":[{\"product_id\":\"5\",\"quantity\":1}]}', NULL, '2026-01-07 12:01:39', '2026-01-07 12:01:39'),
(60, 40, 'stripe', 299.00, 'usd', 'pi_3SmvcYHTAHWwyrB60C63ZY61', 'initiated', 'shop', '{\"items\":[{\"product_id\":\"5\",\"quantity\":1}]}', NULL, '2026-01-07 12:13:50', '2026-01-07 12:13:50'),
(61, 48, 'stripe', 299.00, 'usd', 'pi_3SmvdPHTAHWwyrB61XyiRZPQ', 'success', 'shop', '{\"items\":[{\"product_id\":5,\"quantity\":1,\"attributes\":{\"Size\":\"M\"}}]}', 18, '2026-01-07 12:14:43', '2026-01-07 12:15:20'),
(62, 40, 'stripe', 10.00, 'USD', 'pi_3SmvhsHTAHWwyrB61RHE9A9Z', 'success', 'ad_campaign', '{\"ad_id\":26}', NULL, '2026-01-07 12:19:20', '2026-01-07 12:19:34'),
(63, 40, 'stripe', 299.00, 'usd', 'pi_3Smvp7HTAHWwyrB61dQxpiNS', 'initiated', 'shop', '{\"items\":[{\"product_id\":\"5\",\"quantity\":1}]}', NULL, '2026-01-07 12:26:49', '2026-01-07 12:26:49'),
(64, 40, 'stripe', 299.00, 'usd', 'pi_3SmvqAHTAHWwyrB61KkzhIYB', 'initiated', 'shop', '{\"items\":[{\"product_id\":\"5\",\"quantity\":1}]}', NULL, '2026-01-07 12:27:53', '2026-01-07 12:27:54'),
(65, 48, 'stripe', 299.00, 'usd', 'pi_3SmvryHTAHWwyrB61wojXwHr', 'success', 'shop', '{\"items\":[{\"product_id\":5,\"quantity\":1,\"attributes\":{\"Size\":\"L\"}}]}', 19, '2026-01-07 12:29:46', '2026-01-07 12:30:21'),
(66, 47, 'stripe', 199.00, 'usd', 'pi_3SmvxmHTAHWwyrB61KHAOGzj', 'initiated', 'shop', '{\"items\":[{\"product_id\":\"3\",\"quantity\":1}]}', NULL, '2026-01-07 12:35:45', '2026-01-07 12:35:46'),
(67, 47, 'stripe', 299.00, 'usd', 'pi_3Smw1YHTAHWwyrB60nTH42tu', 'success', 'shop', '{\"items\":[{\"product_id\":5,\"quantity\":1,\"attributes\":{\"Size\":\"M\"}}]}', 20, '2026-01-07 12:39:40', '2026-01-07 12:40:09'),
(68, 48, 'stripe', 299.00, 'usd', 'pi_3Smw3IHTAHWwyrB60rnvXZUb', 'initiated', 'shop', '{\"items\":[{\"product_id\":\"5\",\"quantity\":1}]}', NULL, '2026-01-07 12:41:28', '2026-01-07 12:41:28'),
(69, 48, 'stripe', 299.00, 'usd', 'pi_3Smw4ZHTAHWwyrB61VlA04Mu', 'initiated', 'shop', '{\"items\":[{\"product_id\":\"5\",\"quantity\":1}]}', NULL, '2026-01-07 12:42:46', '2026-01-07 12:42:47'),
(70, 48, 'stripe', 199.00, 'usd', 'pi_3Smw5wHTAHWwyrB61Z6eZzTM', 'initiated', 'shop', '{\"items\":[{\"product_id\":\"3\",\"quantity\":1}]}', NULL, '2026-01-07 12:44:12', '2026-01-07 12:44:12'),
(71, 48, 'stripe', 199.00, 'usd', 'pi_3SnA93HTAHWwyrB61RCMVLG7', 'success', 'shop', '{\"items\":[{\"product_id\":3,\"quantity\":1,\"attributes\":{\"Color\":\"Black\"}}]}', 21, '2026-01-08 03:44:20', '2026-01-08 03:45:19'),
(72, 48, 'stripe', 199.00, 'usd', 'pi_3SnAT1HTAHWwyrB60jUi1uQq', 'initiated', 'shop', '{\"items\":[{\"product_id\":\"3\",\"quantity\":1}]}', NULL, '2026-01-08 04:04:59', '2026-01-08 04:04:59'),
(73, 40, 'stripe', 299.00, 'usd', 'pi_3SnApzHTAHWwyrB61DMz8o5n', 'initiated', 'shop', '{\"items\":[{\"product_id\":\"5\",\"quantity\":1}]}', NULL, '2026-01-08 04:28:43', '2026-01-08 04:28:44'),
(74, 48, 'stripe', 299.00, 'usd', 'pi_3SnArpHTAHWwyrB60kZIdBuL', 'success', 'shop', '{\"items\":[{\"product_id\":5,\"quantity\":1,\"attributes\":{\"Size\":\"M\"}}]}', 22, '2026-01-08 04:30:37', '2026-01-08 04:30:59'),
(75, 40, 'stripe', 199.00, 'usd', 'pi_3SnAz1HTAHWwyrB60OX0tzFr', 'success', 'shop', '{\"items\":[{\"product_id\":3,\"quantity\":1,\"attributes\":{\"Color\":\"Black\"}}]}', 23, '2026-01-08 04:38:03', '2026-01-08 04:38:35'),
(76, 40, 'stripe', 10.00, 'USD', 'pi_3SnB3NHTAHWwyrB60OjC8Eq1', 'initiated', 'ad_campaign', '{\"ad_id\":27}', NULL, '2026-01-08 04:42:32', '2026-01-08 04:42:33'),
(77, 40, 'stripe', 10.00, 'USD', 'pi_3SnB3yHTAHWwyrB61iR8M8us', 'success', 'ad_campaign', '{\"ad_id\":28}', NULL, '2026-01-08 04:43:10', '2026-01-08 04:43:32'),
(78, 40, 'stripe', 10.00, 'USD', 'pi_3SnB6aHTAHWwyrB60waVsVDT', 'success', 'ad_campaign', '{\"ad_id\":29}', NULL, '2026-01-08 04:45:52', '2026-01-08 04:46:19'),
(79, 40, 'stripe', 10.00, 'USD', 'pi_3SnBAVHTAHWwyrB60E8iUeWA', 'initiated', 'ad_campaign', '{\"ad_id\":27}', NULL, '2026-01-08 04:49:55', '2026-01-08 04:49:56'),
(80, 48, 'stripe', 199.00, 'usd', 'pi_3SnBWcHTAHWwyrB60atqTCx2', 'success', 'shop', '{\"items\":[{\"product_id\":3,\"quantity\":1,\"attributes\":{\"Color\":\"Black\"}}]}', 24, '2026-01-08 05:12:45', '2026-01-08 05:13:10'),
(81, 47, 'stripe', 750.00, 'usd', 'pi_3SnCy9HTAHWwyrB60OzTmWBI', 'initiated', 'shop', '{\"items\":[{\"product_id\":\"9\",\"quantity\":1}]}', NULL, '2026-01-08 06:45:16', '2026-01-08 06:45:17'),
(82, 47, 'stripe', 750.00, 'usd', 'pi_3SnD2tHTAHWwyrB60tHMNryy', 'initiated', 'shop', '{\"items\":[{\"product_id\":\"9\",\"quantity\":1}]}', NULL, '2026-01-08 06:50:11', '2026-01-08 06:50:11'),
(83, 47, 'stripe', 750.00, 'usd', 'pi_3SnD4jHTAHWwyrB60oAHW3N6', 'success', 'shop', '{\"items\":[{\"product_id\":9,\"quantity\":1,\"attributes\":{\"L\":\"L\",\"M\":\"M\",\"XL\":\"XL\"}}]}', 25, '2026-01-08 06:52:05', '2026-01-08 06:52:37'),
(84, 47, 'stripe', 750.00, 'usd', 'pi_3SnD8BHTAHWwyrB61WWWpgOW', 'initiated', 'shop', '{\"items\":[{\"product_id\":\"9\",\"quantity\":1}]}', NULL, '2026-01-08 06:55:39', '2026-01-08 06:55:39'),
(85, 47, 'stripe', 750.00, 'usd', 'pi_3SnD9DHTAHWwyrB60qaLUJmq', 'initiated', 'shop', '{\"items\":[{\"product_id\":\"9\",\"quantity\":1}]}', NULL, '2026-01-08 06:56:43', '2026-01-08 06:56:43'),
(86, 48, 'stripe', 199.00, 'usd', 'pi_3SnDDJHTAHWwyrB60wS3d7Mi', 'initiated', 'shop', '{\"items\":[{\"product_id\":\"3\",\"quantity\":1}]}', NULL, '2026-01-08 07:00:57', '2026-01-08 07:00:57'),
(87, 48, 'stripe', 1400.00, 'usd', 'pi_3SnDFTHTAHWwyrB60Tzzlj79', 'initiated', 'shop', '{\"items\":[{\"product_id\":\"7\",\"quantity\":1}]}', NULL, '2026-01-08 07:03:11', '2026-01-08 07:03:12'),
(88, 46, 'stripe', 299.00, 'usd', 'pi_3SnDHKHTAHWwyrB60PSuARTW', 'success', 'shop', '{\"items\":[{\"product_id\":5,\"quantity\":1,\"attributes\":{\"Size\":\"S\"}}]}', 26, '2026-01-08 07:05:05', '2026-01-08 07:06:47'),
(89, 48, 'stripe', 750.00, 'usd', 'pi_3SnDaxHTAHWwyrB61FLhqTI2', 'initiated', 'shop', '{\"items\":[{\"product_id\":\"9\",\"quantity\":1}]}', NULL, '2026-01-08 07:25:23', '2026-01-08 07:25:23'),
(90, 48, 'stripe', 299.00, 'usd', 'pi_3SnDcdHTAHWwyrB60oZqQ1t4', 'initiated', 'shop', '{\"items\":[{\"product_id\":\"5\",\"quantity\":1}]}', NULL, '2026-01-08 07:27:07', '2026-01-08 07:27:07'),
(91, 40, 'stripe', 750.00, 'usd', 'pi_3SnDeQHTAHWwyrB60GnlyCKY', 'success', 'shop', '{\"items\":[{\"product_id\":9,\"quantity\":1,\"attributes\":{\"Size\":\"M\"}}]}', 27, '2026-01-08 07:28:58', '2026-01-08 07:29:25'),
(92, 48, 'stripe', 750.00, 'usd', 'pi_3SnEAaHTAHWwyrB60hhGKx0I', 'initiated', 'shop', '{\"items\":[{\"product_id\":\"9\",\"quantity\":1}]}', NULL, '2026-01-08 08:02:12', '2026-01-08 08:02:13'),
(93, 40, 'stripe', 299.00, 'usd', 'pi_3SnEC6HTAHWwyrB61ODmYoAw', 'success', 'shop', '{\"items\":[{\"product_id\":5,\"quantity\":1,\"attributes\":{\"Size\":\"L\"}}]}', 28, '2026-01-08 08:03:45', '2026-01-08 08:05:55'),
(94, 48, 'stripe', 750.00, 'usd', 'pi_3SnEDIHTAHWwyrB61x7OnyCe', 'initiated', 'shop', '{\"items\":[{\"product_id\":\"9\",\"quantity\":1}]}', NULL, '2026-01-08 08:05:00', '2026-01-08 08:05:00'),
(95, 48, 'stripe', 299.00, 'usd', 'pi_3SnEHoHTAHWwyrB60I23D8am', 'initiated', 'shop', '{\"items\":[{\"product_id\":\"5\",\"quantity\":1}]}', NULL, '2026-01-08 08:09:39', '2026-01-08 08:09:40'),
(96, 48, 'stripe', 750.00, 'usd', 'pi_3SnEKHHTAHWwyrB60FLbz6Tv', 'initiated', 'shop', '{\"items\":[{\"product_id\":\"9\",\"quantity\":1}]}', NULL, '2026-01-08 08:12:12', '2026-01-08 08:12:13'),
(97, 46, 'stripe', 10.00, 'USD', 'pi_3SnEKTHTAHWwyrB605RdDOOy', 'success', 'ad_campaign', '{\"ad_id\":30}', NULL, '2026-01-08 08:12:25', '2026-01-08 08:13:05'),
(98, 48, 'stripe', 10.00, 'USD', 'pi_3SnES4HTAHWwyrB60r5mo2GN', 'success', 'ad_campaign', '{\"ad_id\":18}', NULL, '2026-01-08 08:20:16', '2026-01-08 08:20:36'),
(99, 48, 'stripe', 10.00, 'USD', 'pi_3SnESYHTAHWwyrB60iFE4iPz', 'success', 'ad_campaign', '{\"ad_id\":13}', NULL, '2026-01-08 08:20:46', '2026-01-08 08:21:07'),
(100, 48, 'stripe', 10.00, 'USD', 'pi_3SnEWhHTAHWwyrB6145CkT6T', 'success', 'ad_campaign', '{\"ad_id\":31}', NULL, '2026-01-08 08:25:03', '2026-01-08 08:25:30'),
(101, 48, 'stripe', 10.00, 'USD', 'pi_3SnEYZHTAHWwyrB61gvKvPE3', 'success', 'ad_campaign', '{\"ad_id\":32}', NULL, '2026-01-08 08:26:59', '2026-01-08 08:27:31'),
(102, 40, 'stripe', 750.00, 'usd', 'pi_3SnEaMHTAHWwyrB60YVtwC0l', 'initiated', 'shop', '{\"items\":[{\"product_id\":\"9\",\"quantity\":1}]}', NULL, '2026-01-08 08:28:50', '2026-01-08 08:28:50'),
(103, 40, 'stripe', 750.00, 'usd', 'pi_3SnEczHTAHWwyrB617GBit1W', 'initiated', 'shop', '{\"items\":[{\"product_id\":\"9\",\"quantity\":1}]}', NULL, '2026-01-08 08:31:32', '2026-01-08 08:31:33'),
(104, 40, 'stripe', 10.00, 'USD', 'pi_3SnFEXHTAHWwyrB60Vd7kzPC', 'success', 'ad_campaign', '{\"ad_id\":27}', NULL, '2026-01-08 09:10:21', '2026-01-08 09:10:44'),
(105, 40, 'stripe', 10.00, 'USD', 'pi_3SnFKfHTAHWwyrB61Zqfywaj', 'initiated', 'ad_campaign', '{\"ad_id\":24}', NULL, '2026-01-08 09:16:41', '2026-01-08 09:16:42'),
(106, 47, 'stripe', 750.00, 'usd', 'pi_3SnFSuHTAHWwyrB60r35JH5t', 'initiated', 'shop', '{\"items\":[{\"product_id\":\"9\",\"quantity\":1}]}', NULL, '2026-01-08 09:25:12', '2026-01-08 09:25:12'),
(107, 48, 'stripe', 10.00, 'USD', 'pi_3SnFTjHTAHWwyrB61gdXlyGZ', 'initiated', 'ad_campaign', '{\"ad_id\":9}', NULL, '2026-01-08 09:26:03', '2026-01-08 09:26:04'),
(108, 47, 'stripe', 750.00, 'usd', 'pi_3SnFU6HTAHWwyrB61xjyxLev', 'initiated', 'shop', '{\"items\":[{\"product_id\":\"9\",\"quantity\":1}]}', NULL, '2026-01-08 09:26:26', '2026-01-08 09:26:26'),
(109, 48, 'stripe', 10.00, 'USD', 'pi_3SnFUfHTAHWwyrB60U3HGZSe', 'initiated', 'ad_campaign', '{\"ad_id\":9}', NULL, '2026-01-08 09:27:01', '2026-01-08 09:27:01'),
(110, 47, 'stripe', 750.00, 'usd', 'pi_3SnFVbHTAHWwyrB6070seX9s', 'initiated', 'shop', '{\"items\":[{\"product_id\":\"9\",\"quantity\":1}]}', NULL, '2026-01-08 09:27:59', '2026-01-08 09:27:59'),
(111, 47, 'stripe', 750.00, 'usd', 'pi_3SnFXSHTAHWwyrB60qOZybKt', 'initiated', 'shop', '{\"items\":[{\"product_id\":\"9\",\"quantity\":1}]}', NULL, '2026-01-08 09:29:54', '2026-01-08 09:29:54'),
(112, 47, 'stripe', 750.00, 'usd', 'pi_3SnFY4HTAHWwyrB61seoIs7w', 'initiated', 'shop', '{\"items\":[{\"product_id\":\"9\",\"quantity\":1}]}', NULL, '2026-01-08 09:30:32', '2026-01-08 09:30:32'),
(113, 48, 'stripe', 10.00, 'USD', 'pi_3SnFYWHTAHWwyrB612NNO24h', 'initiated', 'ad_campaign', '{\"ad_id\":9}', NULL, '2026-01-08 09:31:00', '2026-01-08 09:31:01'),
(114, 47, 'stripe', 750.00, 'usd', 'pi_3SnFYrHTAHWwyrB60xFCIz4S', 'initiated', 'shop', '{\"items\":[{\"product_id\":\"9\",\"quantity\":1}]}', NULL, '2026-01-08 09:31:20', '2026-01-08 09:31:21'),
(115, 47, 'stripe', 750.00, 'usd', 'pi_3SnFbCHTAHWwyrB60icgiTsH', 'initiated', 'shop', '{\"items\":[{\"product_id\":\"9\",\"quantity\":1}]}', NULL, '2026-01-08 09:33:45', '2026-01-08 09:33:46'),
(116, 47, 'stripe', 750.00, 'usd', 'pi_3SnFcPHTAHWwyrB61IOSx1ZO', 'initiated', 'shop', '{\"items\":[{\"product_id\":9,\"quantity\":1,\"attributes\":{\"Size\":\"M\"}}]}', NULL, '2026-01-08 09:35:01', '2026-01-08 09:35:01'),
(117, 47, 'stripe', 750.00, 'usd', 'pi_3SnFe7HTAHWwyrB61GXeNX2R', 'success', 'shop', '{\"items\":[{\"product_id\":9,\"quantity\":1,\"attributes\":{\"Size\":\"M\"}}]}', 29, '2026-01-08 09:36:47', '2026-01-08 09:38:27'),
(118, 48, 'stripe', 299.00, 'usd', 'pi_3SnFfIHTAHWwyrB61My31MXz', 'success', 'shop', '{\"items\":[{\"product_id\":5,\"quantity\":1,\"attributes\":{\"Size\":\"M\"}}]}', 30, '2026-01-08 09:38:00', '2026-01-08 09:39:47'),
(119, 47, 'stripe', 750.00, 'usd', 'pi_3SnFgCHTAHWwyrB60VO1TS3T', 'initiated', 'shop', '{\"items\":[{\"product_id\":9,\"quantity\":1,\"attributes\":{\"Size\":\"M\"}}]}', NULL, '2026-01-08 09:38:55', '2026-01-08 09:38:56'),
(120, 47, 'stripe', 750.00, 'usd', 'pi_3SnFgkHTAHWwyrB60anvLAF0', 'initiated', 'shop', '{\"items\":[{\"product_id\":9,\"quantity\":1,\"attributes\":{\"Size\":\"L\"}}]}', NULL, '2026-01-08 09:39:29', '2026-01-08 09:39:30'),
(121, 46, 'stripe', 10.00, 'USD', 'pi_3SnFrgHTAHWwyrB61bJCHxDY', 'success', 'ad_campaign', '{\"ad_id\":33}', NULL, '2026-01-08 09:50:48', '2026-01-08 09:51:14'),
(122, 48, 'stripe', 299.00, 'usd', 'pi_3SnGNMHTAHWwyrB607Ut0kD3', 'initiated', 'shop', '{\"items\":[{\"product_id\":\"5\",\"quantity\":1}]}', NULL, '2026-01-08 10:23:31', '2026-01-08 10:23:32'),
(123, 48, 'stripe', 299.00, 'usd', 'pi_3SnGRIHTAHWwyrB605w3Gqjo', 'initiated', 'shop', '{\"items\":[{\"product_id\":\"5\",\"quantity\":1}]}', NULL, '2026-01-08 10:27:36', '2026-01-08 10:27:36'),
(124, 46, 'stripe', 1400.00, 'usd', 'pi_3SnGSCHTAHWwyrB61sjpP3M6', 'initiated', 'shop', '{\"items\":[{\"product_id\":\"7\",\"quantity\":1}]}', NULL, '2026-01-08 10:28:31', '2026-01-08 10:28:32'),
(125, 48, 'stripe', 299.00, 'usd', 'pi_3SnGSXHTAHWwyrB6165bJte4', 'initiated', 'shop', '{\"items\":[{\"product_id\":5,\"quantity\":1,\"attributes\":{\"Size\":\"M\"}}]}', NULL, '2026-01-08 10:28:53', '2026-01-08 10:28:53'),
(126, 48, 'stripe', 199.00, 'usd', 'pi_3SnGTvHTAHWwyrB60VYSLH8X', 'initiated', 'shop', '{\"items\":[{\"product_id\":\"3\",\"quantity\":1}]}', NULL, '2026-01-08 10:30:18', '2026-01-08 10:30:19'),
(127, 48, 'stripe', 299.00, 'usd', 'pi_3SnGUiHTAHWwyrB61Ojs6Qee', 'initiated', 'shop', '{\"items\":[{\"product_id\":\"5\",\"quantity\":1}]}', NULL, '2026-01-08 10:31:08', '2026-01-08 10:31:08'),
(128, 48, 'stripe', 299.00, 'usd', 'pi_3SnGYkHTAHWwyrB61f0FqzPi', 'initiated', 'shop', '{\"items\":[{\"product_id\":\"5\",\"quantity\":1}]}', NULL, '2026-01-08 10:35:17', '2026-01-08 10:35:18'),
(129, 48, 'stripe', 299.00, 'usd', 'pi_3SnGbWHTAHWwyrB600A2P9cy', 'initiated', 'shop', '{\"items\":[{\"product_id\":\"5\",\"quantity\":1}]}', NULL, '2026-01-08 10:38:10', '2026-01-08 10:38:10'),
(130, 48, 'stripe', 199.00, 'usd', 'pi_3SnGdhHTAHWwyrB61kN5OhYj', 'initiated', 'shop', '{\"items\":[{\"product_id\":\"3\",\"quantity\":1}]}', NULL, '2026-01-08 10:40:25', '2026-01-08 10:40:25'),
(131, 48, 'stripe', 199.00, 'usd', 'pi_3SnGgaHTAHWwyrB60U1nSD4w', 'initiated', 'shop', '{\"items\":[{\"product_id\":\"3\",\"quantity\":1}]}', NULL, '2026-01-08 10:43:24', '2026-01-08 10:43:25'),
(132, 48, 'stripe', 299.00, 'usd', 'pi_3SnGjAHTAHWwyrB61pgPQCxk', 'initiated', 'shop', '{\"items\":[{\"product_id\":\"5\",\"quantity\":1}]}', NULL, '2026-01-08 10:46:04', '2026-01-08 10:46:05'),
(133, 48, 'stripe', 10.00, 'USD', 'pi_3SnGnRHTAHWwyrB61egUXgTe', 'initiated', 'ad_campaign', '{\"ad_id\":34}', NULL, '2026-01-08 10:50:28', '2026-01-08 10:50:29'),
(134, 48, 'stripe', 299.00, 'usd', 'pi_3SnGouHTAHWwyrB60yuNPldJ', 'initiated', 'shop', '{\"items\":[{\"product_id\":\"5\",\"quantity\":1}]}', NULL, '2026-01-08 10:52:00', '2026-01-08 10:52:01'),
(135, 48, 'stripe', 299.00, 'usd', 'pi_3SnGrPHTAHWwyrB61EVXPWKY', 'initiated', 'shop', '{\"items\":[{\"product_id\":\"5\",\"quantity\":1}]}', NULL, '2026-01-08 10:54:35', '2026-01-08 10:54:36'),
(136, 48, 'stripe', 299.00, 'usd', 'pi_3SnGtSHTAHWwyrB60ln5TyCp', 'initiated', 'shop', '{\"items\":[{\"product_id\":\"5\",\"quantity\":1}]}', NULL, '2026-01-08 10:56:41', '2026-01-08 10:56:42'),
(137, 48, 'stripe', 299.00, 'usd', 'pi_3SnGwUHTAHWwyrB614BzidiV', 'initiated', 'shop', '{\"items\":[{\"product_id\":\"5\",\"quantity\":1}]}', NULL, '2026-01-08 10:59:50', '2026-01-08 10:59:50'),
(138, 48, 'stripe', 199.00, 'usd', 'pi_3SnGxzHTAHWwyrB61bBv33ko', 'initiated', 'shop', '{\"items\":[{\"product_id\":\"3\",\"quantity\":1}]}', NULL, '2026-01-08 11:01:23', '2026-01-08 11:01:23'),
(139, 40, 'stripe', 750.00, 'usd', 'pi_3SnGyuHTAHWwyrB61PsMArM4', 'initiated', 'shop', '{\"items\":[{\"product_id\":\"9\",\"quantity\":1}]}', NULL, '2026-01-08 11:02:20', '2026-01-08 11:02:20'),
(140, 40, 'stripe', 750.00, 'usd', 'pi_3SnH05HTAHWwyrB60bnuAEDt', 'initiated', 'shop', '{\"items\":[{\"product_id\":\"9\",\"quantity\":1}]}', NULL, '2026-01-08 11:03:32', '2026-01-08 11:03:33'),
(141, 48, 'stripe', 299.00, 'usd', 'pi_3SnH0SHTAHWwyrB60cOLsI19', 'success', 'shop', '{\"items\":[{\"product_id\":\"5\",\"quantity\":1}]}', 31, '2026-01-08 11:03:56', '2026-01-08 11:04:30'),
(142, 40, 'stripe', 299.00, 'usd', 'pi_3SnH1UHTAHWwyrB61yCHg403', 'success', 'shop', '{\"items\":[{\"product_id\":\"5\",\"quantity\":1}]}', 32, '2026-01-08 11:05:00', '2026-01-08 11:05:16'),
(143, 48, 'stripe', 10.00, 'USD', 'pi_3SnH3MHTAHWwyrB61Xxyl9mD', 'initiated', 'ad_campaign', '{\"ad_id\":35}', NULL, '2026-01-08 11:06:56', '2026-01-08 11:06:56'),
(144, 46, 'stripe', 199.00, 'usd', 'pi_3SnH8HHTAHWwyrB60RWanXuV', 'initiated', 'shop', '{\"items\":[{\"product_id\":\"3\",\"quantity\":1}]}', NULL, '2026-01-08 11:12:01', '2026-01-08 11:12:01'),
(145, 48, 'stripe', 299.00, 'usd', 'pi_3SnHcPHTAHWwyrB60XYw0Inn', 'initiated', 'shop', '{\"items\":[{\"product_id\":\"5\",\"quantity\":1,\"attributes\":\"{\\\"Size\\\":\\\"M\\\"}\"}]}', NULL, '2026-01-08 11:43:09', '2026-01-08 11:43:09'),
(146, 48, 'stripe', 299.00, 'usd', 'pi_3SnHccHTAHWwyrB61YKCdWLv', 'success', 'shop', '{\"items\":[{\"product_id\":\"5\",\"quantity\":1,\"attributes\":\"{\\\"Size\\\":\\\"M\\\"}\"}]}', 33, '2026-01-08 11:43:22', '2026-01-08 11:43:52'),
(147, 48, 'stripe', 10.00, 'USD', 'pi_3SnHjtHTAHWwyrB60kzTds9y', 'initiated', 'ad_campaign', '{\"ad_id\":36}', NULL, '2026-01-08 11:50:53', '2026-01-08 11:50:53'),
(148, 48, 'stripe', 199.00, 'usd', 'pi_3SnHkSHTAHWwyrB61iPdru1M', 'success', 'shop', '{\"items\":[{\"product_id\":\"3\",\"quantity\":1,\"attributes\":\"{\\\"Color\\\":\\\"Black\\\"}\"}]}', 34, '2026-01-08 11:51:27', '2026-01-08 11:51:57'),
(149, 48, 'stripe', 10.00, 'USD', 'pi_3SnHvXHTAHWwyrB60kCYab4n', 'initiated', 'ad_campaign', '{\"ad_id\":37}', NULL, '2026-01-08 12:02:54', '2026-01-08 12:02:55'),
(150, 48, 'stripe', 10.00, 'USD', 'pi_3SnI95HTAHWwyrB60ngpHwI6', 'success', 'ad_campaign', '{\"ad_id\":38}', NULL, '2026-01-08 12:16:55', '2026-01-08 12:17:14'),
(151, 48, 'stripe', 10.00, 'USD', 'pi_3SnIBRHTAHWwyrB60zHx0umQ', 'success', 'ad_campaign', '{\"ad_id\":39}', NULL, '2026-01-08 12:19:21', '2026-01-08 12:19:42'),
(152, 48, 'stripe', 10.00, 'USD', 'pi_3SnID3HTAHWwyrB60k1jwHju', 'initiated', 'ad_campaign', '{\"ad_id\":40}', NULL, '2026-01-08 12:21:00', '2026-01-08 12:21:01'),
(153, 48, 'stripe', 10.00, 'USD', 'pi_3SnIDVHTAHWwyrB61z5WZLof', 'initiated', 'ad_campaign', '{\"ad_id\":41}', NULL, '2026-01-08 12:21:29', '2026-01-08 12:21:29'),
(154, 48, 'stripe', 10.00, 'USD', 'pi_3SnIFqHTAHWwyrB61jRl7Np0', 'initiated', 'ad_campaign', '{\"ad_id\":42}', NULL, '2026-01-08 12:23:54', '2026-01-08 12:23:54'),
(155, 48, 'stripe', 10.00, 'USD', 'pi_3SnIGKHTAHWwyrB61u8y13YW', 'initiated', 'ad_campaign', '{\"ad_id\":43}', NULL, '2026-01-08 12:24:24', '2026-01-08 12:24:24'),
(156, 48, 'stripe', 10.00, 'USD', 'pi_3SnIRsHTAHWwyrB61MYgQaH3', 'initiated', 'ad_campaign', '{\"ad_id\":44}', NULL, '2026-01-08 12:36:19', '2026-01-08 12:36:20'),
(157, 48, 'stripe', 10.00, 'USD', 'pi_3SnIVPHTAHWwyrB61eQXg6k5', 'initiated', 'ad_campaign', '{\"ad_id\":45}', NULL, '2026-01-08 12:39:59', '2026-01-08 12:40:00'),
(158, 48, 'stripe', 10.00, 'USD', 'pi_3SnIVbHTAHWwyrB60d1FzHzY', 'initiated', 'ad_campaign', '{\"ad_id\":46}', NULL, '2026-01-08 12:40:11', '2026-01-08 12:40:11'),
(159, 48, 'stripe', 10.00, 'USD', 'pi_3SnIX2HTAHWwyrB60bpaIqL9', 'initiated', 'ad_campaign', '{\"ad_id\":47}', NULL, '2026-01-08 12:41:40', '2026-01-08 12:41:41'),
(160, 48, 'stripe', 10.00, 'USD', 'pi_3SnIXRHTAHWwyrB60NsPO4ue', 'initiated', 'ad_campaign', '{\"ad_id\":48}', NULL, '2026-01-08 12:42:04', '2026-01-08 12:42:05'),
(161, 48, 'stripe', 10.00, 'USD', 'pi_3SnIXZHTAHWwyrB61uwfVswQ', 'initiated', 'ad_campaign', '{\"ad_id\":49}', NULL, '2026-01-08 12:42:12', '2026-01-08 12:42:13'),
(162, 48, 'stripe', 10.00, 'USD', 'pi_3SnIY3HTAHWwyrB60cfgA3iw', 'initiated', 'ad_campaign', '{\"ad_id\":50}', NULL, '2026-01-08 12:42:43', '2026-01-08 12:42:44'),
(163, 48, 'stripe', 10.00, 'USD', 'pi_3SnIhdHTAHWwyrB61CanNfXa', 'success', 'ad_campaign', '{\"ad_id\":51}', NULL, '2026-01-08 12:52:37', '2026-01-08 12:53:02'),
(164, 48, 'stripe', 10.00, 'USD', 'pi_3SnIjpHTAHWwyrB61FPs6DGH', 'success', 'ad_campaign', '{\"ad_id\":52}', NULL, '2026-01-08 12:54:52', '2026-01-08 12:55:17'),
(165, 40, 'stripe', 750.00, 'usd', 'pi_3SndYOHTAHWwyrB612uBspmT', 'initiated', 'shop', '{\"items\":[{\"product_id\":\"9\",\"quantity\":1,\"attributes\":\"null\"}]}', NULL, '2026-01-09 11:08:28', '2026-01-09 11:08:29'),
(166, 40, 'stripe', 50.00, 'USD', 'pi_3SnuTrHTAHWwyrB6177B9A62', 'success', 'ad_campaign', '{\"ad_id\":53}', NULL, '2026-01-10 05:12:55', '2026-01-10 05:13:09'),
(167, 40, 'stripe', 750.00, 'usd', 'pi_3Sny65HTAHWwyrB61hKIRFn1', 'initiated', 'shop', '{\"items\":[{\"product_id\":\"9\",\"quantity\":1,\"attributes\":\"null\"}]}', NULL, '2026-01-10 09:04:36', '2026-01-10 09:04:37'),
(168, 48, 'stripe', 750.00, 'usd', 'pi_3SocYWHTAHWwyrB60WXxn5Ai', 'initiated', 'shop', '{\"items\":[{\"product_id\":\"9\",\"quantity\":1,\"attributes\":\"null\"}]}', NULL, '2026-01-12 04:16:40', '2026-01-12 04:16:40'),
(169, 48, 'stripe', 750.00, 'usd', 'pi_3SocaYHTAHWwyrB60Z4QpMhD', 'initiated', 'shop', '{\"items\":[{\"product_id\":\"9\",\"quantity\":1,\"attributes\":\"null\"}]}', NULL, '2026-01-12 04:18:45', '2026-01-12 04:18:46'),
(170, 48, 'stripe', 750.00, 'usd', 'pi_3SocdAHTAHWwyrB60xhvGeG1', 'initiated', 'shop', '{\"items\":[{\"product_id\":\"9\",\"quantity\":1,\"attributes\":\"null\"}]}', NULL, '2026-01-12 04:21:28', '2026-01-12 04:21:28'),
(171, 46, 'stripe', 199.00, 'usd', 'pi_3SocgGHTAHWwyrB60EVEgY51', 'initiated', 'shop', '{\"items\":[{\"product_id\":\"3\",\"quantity\":1,\"attributes\":\"null\"}]}', NULL, '2026-01-12 04:24:40', '2026-01-12 04:24:40'),
(172, 48, 'stripe', 750.00, 'usd', 'pi_3SocgRHTAHWwyrB61cH50e1C', 'initiated', 'shop', '{\"items\":[{\"product_id\":\"9\",\"quantity\":1,\"attributes\":\"null\"}]}', NULL, '2026-01-12 04:24:51', '2026-01-12 04:24:51'),
(173, 40, 'stripe', 299.00, 'usd', 'pi_3SochNHTAHWwyrB61gApIg6r', 'initiated', 'shop', '{\"items\":[{\"product_id\":\"5\",\"quantity\":1,\"attributes\":\"null\"}]}', NULL, '2026-01-12 04:25:48', '2026-01-12 04:25:49'),
(174, 46, 'stripe', 750.00, 'usd', 'pi_3SochhHTAHWwyrB60nAMxRmc', 'success', 'shop', '{\"items\":[{\"product_id\":\"9\",\"quantity\":1,\"attributes\":\"null\"}]}', 35, '2026-01-12 04:26:09', '2026-01-12 04:26:59'),
(175, 47, 'stripe', 750.00, 'usd', 'pi_3SocidHTAHWwyrB61KPYyuhF', 'initiated', 'shop', '{\"items\":[{\"product_id\":9,\"quantity\":1,\"attributes\":{\"Size\":\"M\"}}]}', NULL, '2026-01-12 04:27:07', '2026-01-12 04:27:07'),
(176, 43, 'stripe', 10.00, 'USD', 'pi_3Sod0bHTAHWwyrB60qm2Emwq', 'success', 'ad_campaign', '{\"ad_id\":54}', NULL, '2026-01-12 04:45:41', '2026-01-12 04:46:32'),
(177, 40, 'stripe', 10.00, 'USD', 'pi_3Sod2qHTAHWwyrB61EQQ5zQd', 'success', 'ad_campaign', '{\"ad_id\":55}', NULL, '2026-01-12 04:48:00', '2026-01-12 04:48:38'),
(178, 43, 'stripe', 10.00, 'USD', 'pi_3Sod35HTAHWwyrB60UifndLO', 'initiated', 'ad_campaign', '{\"ad_id\":56}', NULL, '2026-01-12 04:48:15', '2026-01-12 04:48:15'),
(179, 43, 'stripe', 10.00, 'USD', 'pi_3Sod4YHTAHWwyrB61YQPiWWk', 'initiated', 'ad_campaign', '{\"ad_id\":57}', NULL, '2026-01-12 04:49:46', '2026-01-12 04:49:47'),
(180, 40, 'stripe', 10.00, 'USD', 'pi_3SoeOnHTAHWwyrB60Ilx8Vhb', 'success', 'ad_campaign', '{\"ad_id\":58}', NULL, '2026-01-12 06:14:45', '2026-01-12 06:15:09'),
(181, 40, 'stripe', 750.00, 'usd', 'pi_3SoeSuHTAHWwyrB61nbSkb8a', 'success', 'shop', '{\"items\":[{\"product_id\":\"9\",\"quantity\":1,\"attributes\":\"null\"}]}', 36, '2026-01-12 06:19:00', '2026-01-12 06:20:59'),
(182, 48, 'stripe', 900.00, 'usd', 'pi_3SozIqHTAHWwyrB61ElD5rhA', 'initiated', 'shop', '{\"items\":[{\"product_id\":\"12\",\"quantity\":1,\"attributes\":\"null\"}]}', NULL, '2026-01-13 04:34:00', '2026-01-13 04:34:00'),
(183, 40, 'stripe', 750.00, 'usd', 'pi_3SozKDHTAHWwyrB61abfuDwS', 'success', 'shop', '{\"items\":[{\"product_id\":\"9\",\"quantity\":1,\"attributes\":\"null\"}]}', 37, '2026-01-13 04:35:25', '2026-01-13 04:35:59'),
(184, 40, 'stripe', 10.00, 'USD', 'pi_3SozOSHTAHWwyrB61Hi2b6AT', 'initiated', 'ad_campaign', '{\"ad_id\":59}', NULL, '2026-01-13 04:39:48', '2026-01-13 04:39:48'),
(185, 40, 'stripe', 750.00, 'usd', 'pi_3SozPEHTAHWwyrB61Tryi5QG', 'initiated', 'shop', '{\"items\":[{\"product_id\":\"9\",\"quantity\":1,\"attributes\":\"null\"}]}', NULL, '2026-01-13 04:40:36', '2026-01-13 04:40:36'),
(186, 40, 'stripe', 10.00, 'USD', 'pi_3SozmaHTAHWwyrB61r9fSZfr', 'initiated', 'ad_campaign', '{\"ad_id\":60}', NULL, '2026-01-13 05:04:43', '2026-01-13 05:04:44'),
(187, 40, 'stripe', 10.00, 'USD', 'pi_3Sozo6HTAHWwyrB61UWjBgwN', 'initiated', 'ad_campaign', '{\"ad_id\":60}', NULL, '2026-01-13 05:06:17', '2026-01-13 05:06:18'),
(188, 40, 'stripe', 10.00, 'USD', 'pi_3SozoNHTAHWwyrB60ivVFsdz', 'initiated', 'ad_campaign', '{\"ad_id\":60}', NULL, '2026-01-13 05:06:35', '2026-01-13 05:06:35'),
(189, 40, 'stripe', 10.00, 'USD', 'pi_3SozogHTAHWwyrB612cHaEDC', 'initiated', 'ad_campaign', '{\"ad_id\":60}', NULL, '2026-01-13 05:06:54', '2026-01-13 05:06:55'),
(190, 40, 'stripe', 10.00, 'USD', 'pi_3SozozHTAHWwyrB60w0tBmzM', 'initiated', 'ad_campaign', '{\"ad_id\":61}', NULL, '2026-01-13 05:07:13', '2026-01-13 05:07:13'),
(191, 40, 'stripe', 10.00, 'USD', 'pi_3SozpSHTAHWwyrB60F0y0h82', 'initiated', 'ad_campaign', '{\"ad_id\":61}', NULL, '2026-01-13 05:07:42', '2026-01-13 05:07:42'),
(192, 40, 'stripe', 10.00, 'USD', 'pi_3Sozs7HTAHWwyrB616EOmr0n', 'initiated', 'ad_campaign', '{\"ad_id\":62}', NULL, '2026-01-13 05:10:27', '2026-01-13 05:10:27'),
(193, 40, 'stripe', 299.00, 'usd', 'pi_3SoztuHTAHWwyrB61mCnktFa', 'initiated', 'shop', '{\"items\":[{\"product_id\":\"5\",\"quantity\":1,\"attributes\":\"null\"}]}', NULL, '2026-01-13 05:12:18', '2026-01-13 05:12:18'),
(194, 40, 'stripe', 299.00, 'usd', 'pi_3SozvOHTAHWwyrB61Mrb09Gz', 'initiated', 'shop', '{\"items\":[{\"product_id\":\"5\",\"quantity\":1,\"attributes\":\"null\"}]}', NULL, '2026-01-13 05:13:49', '2026-01-13 05:13:50'),
(195, 40, 'stripe', 10.00, 'USD', 'pi_3Sp03qHTAHWwyrB60tQAytP5', 'success', 'ad_campaign', '{\"ad_id\":63}', NULL, '2026-01-13 05:22:34', '2026-01-13 05:25:17'),
(196, 40, 'stripe', 10.00, 'USD', 'pi_3Sp0B2HTAHWwyrB61lUZOAQ4', 'success', 'ad_campaign', '{\"ad_id\":64}', NULL, '2026-01-13 05:29:59', '2026-01-13 05:30:25'),
(197, 54, 'stripe', 900.00, 'usd', 'pi_3Sp0E3HTAHWwyrB61heKbyK5', 'success', 'shop', '{\"items\":[{\"product_id\":\"12\",\"quantity\":1,\"attributes\":\"null\"}]}', 38, '2026-01-13 05:33:06', '2026-01-13 05:36:10'),
(198, 54, 'stripe', 750.00, 'usd', 'pi_3Sp0KbHTAHWwyrB61ZWQdIOG', 'initiated', 'shop', '{\"items\":[{\"product_id\":\"9\",\"quantity\":1,\"attributes\":\"null\"}]}', NULL, '2026-01-13 05:39:53', '2026-01-13 05:39:53'),
(199, 46, 'stripe', 750.00, 'usd', 'pi_3Sp0L0HTAHWwyrB60k0TRzZZ', 'success', 'shop', '{\"items\":[{\"product_id\":\"9\",\"quantity\":1,\"attributes\":\"null\"}]}', 39, '2026-01-13 05:40:18', '2026-01-13 05:41:03'),
(200, 54, 'stripe', 900.00, 'usd', 'pi_3Sp0LWHTAHWwyrB601PWB9Lw', 'initiated', 'shop', '{\"items\":[{\"product_id\":\"12\",\"quantity\":1,\"attributes\":\"null\"}]}', NULL, '2026-01-13 05:40:50', '2026-01-13 05:40:50'),
(201, 54, 'stripe', 750.00, 'usd', 'pi_3Sp0LhHTAHWwyrB61nGO9rOe', 'success', 'shop', '{\"items\":[{\"product_id\":\"9\",\"quantity\":1,\"attributes\":\"null\"}]}', 40, '2026-01-13 05:41:01', '2026-01-13 05:41:26'),
(202, 54, 'stripe', 750.00, 'usd', 'pi_3Sp0NGHTAHWwyrB60ombPR9f', 'initiated', 'shop', '{\"items\":[{\"product_id\":\"9\",\"quantity\":1,\"attributes\":\"null\"}]}', NULL, '2026-01-13 05:42:38', '2026-01-13 05:42:38'),
(203, 54, 'stripe', 750.00, 'usd', 'pi_3Sp0OOHTAHWwyrB606Tdyk57', 'initiated', 'shop', '{\"items\":[{\"product_id\":\"9\",\"quantity\":1,\"attributes\":\"null\"}]}', NULL, '2026-01-13 05:43:48', '2026-01-13 05:43:48'),
(204, 54, 'stripe', 900.00, 'usd', 'pi_3Sp0PHHTAHWwyrB60Ak1Mx8S', 'initiated', 'shop', '{\"items\":[{\"product_id\":\"12\",\"quantity\":1,\"attributes\":\"null\"}]}', NULL, '2026-01-13 05:44:42', '2026-01-13 05:44:43'),
(205, 46, 'stripe', 299.00, 'usd', 'pi_3Sp0WDHTAHWwyrB61y21gjAy', 'success', 'shop', '{\"items\":[{\"product_id\":\"5\",\"quantity\":1,\"attributes\":\"null\"}]}', 41, '2026-01-13 05:51:53', '2026-01-13 05:52:30'),
(206, 40, 'stripe', 10.00, 'USD', 'pi_3Sp0h2HTAHWwyrB61vrzyghj', 'initiated', 'ad_campaign', '{\"ad_id\":65}', NULL, '2026-01-13 06:03:04', '2026-01-13 06:03:04'),
(207, 46, 'stripe', 199.00, 'usd', 'pi_3Sp12BHTAHWwyrB60bLmgL3O', 'success', 'shop', '{\"items\":[{\"product_id\":\"3\",\"quantity\":1,\"attributes\":\"null\"}]}', 42, '2026-01-13 06:24:55', '2026-01-13 06:25:58'),
(208, 40, 'stripe', 10.00, 'USD', 'pi_3Sp1FrHTAHWwyrB61tgSxl6s', 'success', 'ad_campaign', '{\"ad_id\":66}', NULL, '2026-01-13 06:39:03', '2026-01-13 06:40:20'),
(209, 54, 'stripe', 10.00, 'USD', 'pi_3Sp1cVHTAHWwyrB60WHiCnuC', 'success', 'ad_campaign', '{\"ad_id\":67}', NULL, '2026-01-13 07:02:26', '2026-01-13 07:03:00'),
(210, 40, 'stripe', 900.00, 'usd', 'pi_3SpmpCHTAHWwyrB60VRdeSRc', 'initiated', 'shop', '{\"items\":[{\"product_id\":\"12\",\"quantity\":1,\"attributes\":\"null\"}]}', NULL, '2026-01-15 09:26:41', '2026-01-15 09:26:42'),
(211, 54, 'stripe', 10.00, 'usd', 'pi_3Sq9G2HTAHWwyrB61lqXJ4Sf', 'initiated', 'shop', '{\"items\":[{\"product_id\":\"10\",\"quantity\":1,\"attributes\":\"null\"}]}', NULL, '2026-01-16 09:23:54', '2026-01-16 09:23:54'),
(212, 40, 'stripe', 10.00, 'USD', 'pi_3SzDKEHTAHWwyrB60QkAxcUP', 'success', 'ad_campaign', '{\"ad_id\":69}', NULL, '2026-02-10 04:03:42', '2026-02-10 04:04:17'),
(213, 40, 'stripe', 10.00, 'USD', 'pi_3SzEadHTAHWwyrB60gCd4iwc', 'success', 'ad_campaign', '{\"ad_id\":70}', NULL, '2026-02-10 05:24:43', '2026-02-10 05:25:06'),
(214, 40, 'stripe', 299.00, 'usd', 'pi_3SzEimHTAHWwyrB608UvwXVY', 'initiated', 'shop', '{\"items\":[{\"product_id\":\"5\",\"quantity\":1,\"attributes\":\"null\"}]}', NULL, '2026-02-10 05:33:08', '2026-02-10 05:33:08'),
(215, 40, 'stripe', 299.00, 'usd', 'pi_3SzspuHTAHWwyrB618mffRyi', 'success', 'shop', '{\"items\":[{\"product_id\":\"5\",\"quantity\":1,\"attributes\":\"null\"}]}', 43, '2026-02-12 00:23:10', '2026-02-12 00:24:42'),
(216, 40, 'stripe', 10.00, 'usd', 'pi_3SzsraHTAHWwyrB603SODXha', 'initiated', 'shop', '{\"items\":[{\"product_id\":\"10\",\"quantity\":1,\"attributes\":\"null\"}]}', NULL, '2026-02-12 00:24:54', '2026-02-12 00:24:54'),
(217, 40, 'stripe', 10.00, 'usd', 'pi_3SzssPHTAHWwyrB60BW7Bcrz', 'initiated', 'shop', '{\"items\":[{\"product_id\":\"10\",\"quantity\":1,\"attributes\":\"null\"}]}', NULL, '2026-02-12 00:25:44', '2026-02-12 00:25:45'),
(218, 40, 'stripe', 10.00, 'USD', 'pi_3SzszPHTAHWwyrB60noXhhCU', 'success', 'ad_campaign', '{\"ad_id\":71}', NULL, '2026-02-12 00:32:59', '2026-02-12 00:33:23'),
(219, 43, 'stripe', 10.00, 'USD', 'pi_3T4ZbCHTAHWwyrB60q3KkBqQ', 'success', 'ad_campaign', '{\"ad_id\":57}', NULL, '2026-02-25 04:21:22', '2026-02-25 04:21:49'),
(220, 43, 'stripe', 10.00, 'USD', 'pi_3T4ZcuHTAHWwyrB61gj5CT9j', 'success', 'ad_campaign', '{\"ad_id\":72}', NULL, '2026-02-25 04:23:08', '2026-02-25 04:23:29'),
(221, 40, 'stripe', 3133.00, 'usd', 'pi_3T4x4eHTAHWwyrB61uZ1JM67', 'initiated', 'shop', '{\"items\":[{\"product_id\":\"11\",\"quantity\":1,\"attributes\":\"null\"}]}', NULL, '2026-02-25 23:55:20', '2026-02-25 23:55:20'),
(222, 71, 'stripe', 100.00, 'usd', 'pi_3TqiB2HTAHWwyrB60cX9hyGu', 'initiated', 'shop', '{\"items\":[{\"product_id\":15,\"quantity\":1,\"attributes\":[]}]}', NULL, '2026-07-07 23:13:20', '2026-07-07 23:13:20'),
(223, 43, 'stripe', 299.00, 'usd', 'pi_3TvCU5HTAHWwyrB60EgdAcTt', 'initiated', 'shop', '{\"items\":[{\"product_id\":\"5\",\"quantity\":1,\"attributes\":\"null\"}]}', NULL, '2026-07-20 08:23:33', '2026-07-20 08:23:34'),
(224, 43, 'stripe', 299.00, 'usd', 'pi_3TvCUDHTAHWwyrB60L0VijT6', 'initiated', 'shop', '{\"items\":[{\"product_id\":\"5\",\"quantity\":1,\"attributes\":\"null\"}]}', NULL, '2026-07-20 08:23:41', '2026-07-20 08:23:41'),
(225, 40, 'stripe', 900.00, 'usd', 'pi_3TvUyWHTAHWwyrB61cRvL4lO', 'success', 'shop', '{\"items\":[{\"product_id\":12,\"quantity\":1,\"attributes\":[]}]}', 44, '2026-07-21 04:08:12', '2026-07-21 04:09:07'),
(226, 44, 'stripe', 100.00, 'usd', 'pi_3TvVDWHTAHWwyrB605LmA7ni', 'success', 'shop', '{\"items\":[{\"product_id\":\"15\",\"quantity\":1,\"attributes\":\"null\"}]}', 45, '2026-07-21 04:23:42', '2026-07-21 04:25:19'),
(227, 44, 'stripe', 900.00, 'usd', 'pi_3TvVIKHTAHWwyrB61Xwk6TC8', 'initiated', 'shop', '{\"items\":[{\"product_id\":\"12\",\"quantity\":1,\"attributes\":\"null\"}]}', NULL, '2026-07-21 04:28:40', '2026-07-21 04:28:40'),
(228, 44, 'stripe', 900.00, 'usd', 'pi_3TvVJ7HTAHWwyrB61AQV9gNq', 'initiated', 'shop', '{\"items\":[{\"product_id\":\"12\",\"quantity\":1,\"attributes\":\"null\"}]}', NULL, '2026-07-21 04:29:29', '2026-07-21 04:29:29'),
(229, 40, 'stripe', 100.00, 'usd', 'pi_3TvVJGHTAHWwyrB61auQNhk6', 'success', 'shop', '{\"items\":[{\"product_id\":\"15\",\"quantity\":1,\"attributes\":\"null\"}]}', 46, '2026-07-21 04:29:38', '2026-07-21 04:30:21'),
(230, 44, 'stripe', 900.00, 'usd', 'pi_3TvVJTHTAHWwyrB61AUm7r4S', 'initiated', 'shop', '{\"items\":[{\"product_id\":\"12\",\"quantity\":1,\"attributes\":\"null\"}]}', NULL, '2026-07-21 04:29:51', '2026-07-21 04:29:51'),
(231, 44, 'stripe', 900.00, 'usd', 'pi_3TvVJsHTAHWwyrB61RJhVkdF', 'success', 'shop', '{\"items\":[{\"product_id\":\"12\",\"quantity\":1,\"attributes\":\"null\"}]}', 47, '2026-07-21 04:30:16', '2026-07-21 04:31:41'),
(232, 40, 'stripe', 100.00, 'usd', 'pi_3TvbMDHTAHWwyrB60cyRXR0E', 'initiated', 'shop', '{\"items\":[{\"product_id\":15,\"quantity\":1,\"attributes\":[]}]}', NULL, '2026-07-21 10:57:05', '2026-07-21 10:57:05'),
(233, 40, 'stripe', 3133.00, 'usd', 'pi_3TvbamHTAHWwyrB611xtba5x', 'success', 'shop', '{\"items\":[{\"product_id\":11,\"quantity\":1,\"attributes\":{\"size\":\"41\\/7\"}}]}', 48, '2026-07-21 11:12:08', '2026-07-21 11:13:10'),
(234, 40, 'stripe', 101.00, 'USD', 'pi_3TvrIgHTAHWwyrB61fZ3SuFL', 'success', 'ad_campaign', '{\"ad_id\":73}', NULL, '2026-07-22 03:58:29', '2026-07-22 03:59:05'),
(235, 40, 'stripe', 100.00, 'USD', 'pi_3TvrQ7HTAHWwyrB619GyUN34', 'success', 'ad_campaign', '{\"ad_id\":68}', NULL, '2026-07-22 04:06:11', '2026-07-22 04:06:29'),
(236, 40, 'stripe', 900.00, 'usd', 'pi_3TvwUPHTAHWwyrB60PedWZGQ', 'initiated', 'shop', '{\"items\":[{\"product_id\":12,\"quantity\":1,\"attributes\":[]}]}', NULL, '2026-07-22 09:30:57', '2026-07-22 09:30:58'),
(237, 43, 'stripe', 3133.00, 'usd', 'pi_3TwDeFHTAHWwyrB61svjHtEp', 'success', 'shop', '{\"items\":[{\"product_id\":11,\"quantity\":1,\"attributes\":{\"size\":\"41\\/7\"}}]}', 49, '2026-07-23 03:50:15', '2026-07-23 03:50:39'),
(238, 43, 'stripe', 100.00, 'usd', 'pi_3TwDfDHTAHWwyrB605FLI1ah', 'success', 'shop', '{\"items\":[{\"product_id\":15,\"quantity\":1,\"attributes\":[]}]}', 50, '2026-07-23 03:51:14', '2026-07-23 03:54:04'),
(239, 43, 'stripe', 100.00, 'usd', 'pi_3TwDiDHTAHWwyrB60RpscQP9', 'success', 'shop', '{\"items\":[{\"product_id\":15,\"quantity\":1,\"attributes\":[]}]}', 51, '2026-07-23 03:54:21', '2026-07-23 03:58:16'),
(240, 43, 'stripe', 900.00, 'usd', 'pi_3TwhBdHTAHWwyrB60JVpaB5n', 'initiated', 'shop', '{\"items\":[{\"product_id\":12,\"quantity\":1,\"attributes\":[]}]}', NULL, '2026-07-24 11:22:41', '2026-07-24 11:22:42'),
(241, 74, 'stripe', 900.00, 'usd', 'pi_3Twhz3HTAHWwyrB60vIVzowu', 'initiated', 'shop', '{\"items\":[{\"product_id\":\"12\",\"quantity\":1,\"attributes\":\"null\"}]}', NULL, '2026-07-24 12:13:44', '2026-07-24 12:13:45'),
(242, 40, 'stripe', 100.00, 'usd', 'pi_3TxhJqHTAHWwyrB60pMRRsTG', 'initiated', 'shop', '{\"items\":[{\"product_id\":15,\"quantity\":1,\"attributes\":[]}]}', NULL, '2026-07-27 05:43:17', '2026-07-27 05:43:18'),
(243, 75, 'stripe', 100.00, 'usd', 'pi_3TxiirHTAHWwyrB61O4DFP1e', 'initiated', 'shop', '{\"items\":[{\"product_id\":15,\"quantity\":1,\"attributes\":[]}]}', NULL, '2026-07-27 07:13:13', '2026-07-27 07:13:13'),
(244, 84, 'stripe', 100.00, 'usd', 'pi_3TxoRPHTAHWwyrB60jQBC6rz', 'success', 'shop', '{\"items\":[{\"product_id\":\"15\",\"quantity\":1,\"attributes\":\"null\"}]}', 52, '2026-07-27 13:19:35', '2026-07-27 13:20:51'),
(245, 83, 'stripe', 100.00, 'usd', 'pi_3Ty7IlHTAHWwyrB60qNax2EC', 'initiated', 'shop', '{\"items\":[{\"product_id\":15,\"quantity\":1,\"attributes\":[]}]}', NULL, '2026-07-28 09:27:55', '2026-07-28 09:27:56'),
(246, 83, 'stripe', 100.00, 'usd', 'pi_3Ty7IlHTAHWwyrB611DNiBeN', 'success', 'shop', '{\"items\":[{\"product_id\":15,\"quantity\":1,\"attributes\":[]}]}', 53, '2026-07-28 09:27:55', '2026-07-28 09:30:18'),
(247, 83, 'stripe', 900.00, 'usd', 'pi_3Ty7LcHTAHWwyrB61OAmupde', 'initiated', 'shop', '{\"items\":[{\"product_id\":12,\"quantity\":1,\"attributes\":[]}]}', NULL, '2026-07-28 09:30:52', '2026-07-28 09:30:52'),
(248, 83, 'stripe', 900.00, 'usd', 'pi_3Ty7LcHTAHWwyrB60b9gBPRd', 'initiated', 'shop', '{\"items\":[{\"product_id\":12,\"quantity\":1,\"attributes\":[]}]}', NULL, '2026-07-28 09:30:52', '2026-07-28 09:30:53'),
(249, 87, 'stripe', 100.00, 'usd', 'pi_3Ty7mhHTAHWwyrB61tRAvoOI', 'initiated', 'shop', '{\"items\":[{\"product_id\":15,\"quantity\":1,\"attributes\":[]}]}', NULL, '2026-07-28 09:58:51', '2026-07-28 09:58:51'),
(250, 87, 'stripe', 100.00, 'usd', 'pi_3Ty7mhHTAHWwyrB61Tp2EW08', 'success', 'shop', '{\"items\":[{\"product_id\":15,\"quantity\":1,\"attributes\":[]}]}', 54, '2026-07-28 09:58:51', '2026-07-28 10:00:02'),
(251, 83, 'stripe', 100.00, 'usd', 'pi_3Ty7pnHTAHWwyrB60XSe18c3', 'initiated', 'shop', '{\"items\":[{\"product_id\":15,\"quantity\":1,\"attributes\":[]}]}', NULL, '2026-07-28 10:02:02', '2026-07-28 10:02:03'),
(252, 83, 'stripe', 100.00, 'usd', 'pi_3Ty7pnHTAHWwyrB61N67Io09', 'initiated', 'shop', '{\"items\":[{\"product_id\":15,\"quantity\":1,\"attributes\":[]}]}', NULL, '2026-07-28 10:02:03', '2026-07-28 10:02:03'),
(253, 84, 'stripe', 100.00, 'usd', 'pi_3Ty8QzHTAHWwyrB61qRR3ZYO', 'success', 'shop', '{\"items\":[{\"product_id\":\"15\",\"quantity\":1,\"attributes\":\"null\"}]}', 55, '2026-07-28 10:40:29', '2026-07-28 10:41:06'),
(254, 84, 'stripe', 100.00, 'usd', 'pi_3Ty8TVHTAHWwyrB61kMP2WPq', 'success', 'shop', '{\"items\":[{\"product_id\":\"15\",\"quantity\":1,\"attributes\":\"null\"}]}', 56, '2026-07-28 10:43:04', '2026-07-28 10:43:55'),
(255, 84, 'stripe', 3133.00, 'usd', 'pi_3Ty9ySHTAHWwyrB61YbQ4CIA', 'success', 'shop', '{\"items\":[{\"product_id\":\"11\",\"quantity\":1,\"attributes\":\"null\"}]}', 57, '2026-07-28 12:19:07', '2026-07-28 12:19:53');

-- --------------------------------------------------------

--
-- Table structure for table `post_images`
--

CREATE TABLE `post_images` (
  `id` int(11) NOT NULL,
  `post_id` int(11) DEFAULT NULL,
  `image` varchar(999) DEFAULT NULL,
  `created_at` timestamp NOT NULL DEFAULT current_timestamp(),
  `updated_at` timestamp NOT NULL DEFAULT current_timestamp()
) ENGINE=InnoDB DEFAULT CHARSET=utf8mb4 COLLATE=utf8mb4_general_ci;

--
-- Dumping data for table `post_images`
--

INSERT INTO `post_images` (`id`, `post_id`, `image`, `created_at`, `updated_at`) VALUES
(121, 257, 'uploads/1767705146_MXTok_scaled_1000000025.jpg', '2026-01-06 13:12:27', '2026-01-06 13:12:27'),
(124, 268, 'uploads/1767781879_MXTok_pexels-andrew-schwark-540305-1280841.jpg', '2026-01-07 10:31:20', '2026-01-07 10:31:20'),
(128, 281, 'uploads/1767865717_MXTok_scaled_1000786107.webp', '2026-01-08 09:48:37', '2026-01-08 09:48:37'),
(131, 318, 'uploads/1771994338_MXTok_shopping.webp', '2026-02-25 04:38:59', '2026-02-25 04:38:59'),
(136, 336, 'uploads/1784890034_MXTok_pexels-mark-palm-2154276041-38338209.jpg', '2026-07-24 10:47:14', '2026-07-24 10:47:14'),
(153, 363, 'uploads/1785233570_MXTok_images.jpg', '2026-07-28 10:12:50', '2026-07-28 10:12:50'),
(154, 363, 'uploads/1785233570_MXTok_woman-8344944_1280.jpg', '2026-07-28 10:12:50', '2026-07-28 10:12:50'),
(155, 364, 'uploads/1785235385_MXTok_classic-car.jpg', '2026-07-28 10:43:05', '2026-07-28 10:43:05'),
(158, 374, 'uploads/1785299377_MXTok_images_(2).jpg', '2026-07-29 04:29:38', '2026-07-29 04:29:38'),
(159, 375, 'uploads/1785299391_MXTok_images_(1).jpg', '2026-07-29 04:29:51', '2026-07-29 04:29:51'),
(160, 376, 'uploads/1785299402_MXTok_images_(3).jpg', '2026-07-29 04:30:02', '2026-07-29 04:30:02'),
(161, 379, 'uploads/1785299650_MXTok_4533d794-10b5-4473-96e7-801eff61ca6c-top-11-most-expensive-cars-in-india--price-specification-and-features.avif', '2026-07-29 04:34:10', '2026-07-29 04:34:10'),
(162, 379, 'uploads/1785299650_MXTok_Hennessey-Venom-F5-Hypercar-On-Road.jpg', '2026-07-29 04:34:10', '2026-07-29 04:34:10'),
(163, 380, 'uploads/1785299683_MXTok_pexels-photo-36542646.avif', '2026-07-29 04:34:44', '2026-07-29 04:34:44'),
(164, 382, 'uploads/1785301128_MXTok_images.jpg', '2026-07-29 04:58:50', '2026-07-29 04:58:50'),
(165, 383, 'uploads/1785301162_MXTok_shutterstock_600671159-bull.webp', '2026-07-29 04:59:22', '2026-07-29 04:59:22'),
(166, 384, 'uploads/1785301195_MXTok_6GRvH8uqDvZkjjqYXBcIeY.webp', '2026-07-29 04:59:55', '2026-07-29 04:59:55');

-- --------------------------------------------------------

--
-- Table structure for table `post_saves`
--

CREATE TABLE `post_saves` (
  `id` int(11) NOT NULL,
  `user_id` int(11) DEFAULT NULL,
  `post_id` int(11) DEFAULT NULL,
  `created_at` timestamp NOT NULL DEFAULT current_timestamp(),
  `updated_at` timestamp NOT NULL DEFAULT current_timestamp()
) ENGINE=InnoDB DEFAULT CHARSET=utf8mb4 COLLATE=utf8mb4_general_ci;

--
-- Dumping data for table `post_saves`
--

INSERT INTO `post_saves` (`id`, `user_id`, `post_id`, `created_at`, `updated_at`) VALUES
(121, 40, 272, '2026-01-09 11:51:16', '2026-01-09 11:51:16'),
(134, 40, 268, '2026-02-10 05:28:06', '2026-02-10 05:28:06'),
(139, 43, 339, '2026-07-24 11:07:49', '2026-07-24 11:07:49'),
(140, 43, 334, '2026-07-24 11:08:51', '2026-07-24 11:08:51'),
(145, 85, 271, '2026-07-27 13:15:19', '2026-07-27 13:15:19');

-- --------------------------------------------------------

--
-- Table structure for table `post_views`
--

CREATE TABLE `post_views` (
  `id` bigint(20) UNSIGNED NOT NULL,
  `post_id` bigint(20) UNSIGNED NOT NULL,
  `user_id` bigint(20) UNSIGNED DEFAULT NULL,
  `device_id` varchar(255) DEFAULT NULL,
  `ip_address` varchar(255) DEFAULT NULL,
  `duration_watched_seconds` int(11) NOT NULL DEFAULT 0,
  `is_qualified` tinyint(1) NOT NULL DEFAULT 0,
  `created_at` timestamp NOT NULL DEFAULT current_timestamp()
) ENGINE=MyISAM DEFAULT CHARSET=utf8mb4 COLLATE=utf8mb4_unicode_ci;

--
-- Dumping data for table `post_views`
--

INSERT INTO `post_views` (`id`, `post_id`, `user_id`, `device_id`, `ip_address`, `duration_watched_seconds`, `is_qualified`, `created_at`) VALUES
(1, 244, 40, NULL, 'mxtok.mimeld.com', 5, 0, '2025-12-29 04:16:38'),
(2, 241, 40, NULL, 'mxtok.mimeld.com', 5, 0, '2025-12-29 04:19:33'),
(3, 244, 40, NULL, 'mxtok.mimeld.com', 5, 0, '2025-12-29 04:19:54'),
(4, 243, 40, NULL, 'mxtok.mimeld.com', 5, 0, '2025-12-29 04:20:06'),
(5, 245, 40, NULL, 'mxtok.mimeld.com', 5, 0, '2025-12-29 04:20:37'),
(6, 243, 40, NULL, 'mxtok.mimeld.com', 5, 0, '2025-12-29 05:15:35'),
(7, 244, 40, NULL, 'mxtok.mimeld.com', 5, 0, '2025-12-30 05:48:48'),
(8, 244, 43, NULL, '223.181.64.90', 5, 0, '2025-12-31 03:30:32'),
(9, 243, 40, NULL, '150.107.241.27', 5, 0, '2025-12-31 10:03:56'),
(10, 244, 40, NULL, '150.107.241.27', 5, 0, '2025-12-31 11:20:05'),
(11, 244, 40, NULL, '150.107.241.27', 5, 0, '2025-12-31 11:45:00'),
(12, 243, 40, NULL, '150.107.241.27', 5, 0, '2025-12-31 11:45:17'),
(13, 241, 40, NULL, '150.107.241.27', 5, 0, '2025-12-31 12:02:50'),
(14, 241, 40, NULL, '150.107.241.27', 5, 0, '2025-12-31 12:03:44'),
(15, 245, 44, NULL, '150.107.241.27', 5, 0, '2025-12-31 12:19:39'),
(16, 244, 45, NULL, '152.58.153.43', 5, 0, '2026-01-02 08:09:37'),
(17, 245, 45, NULL, '152.58.153.43', 5, 0, '2026-01-02 08:11:06'),
(18, 244, 40, NULL, '60.254.6.90', 5, 0, '2026-01-05 09:28:04'),
(19, 241, 40, NULL, '60.254.6.90', 5, 0, '2026-01-05 09:29:36'),
(20, 241, 40, NULL, '150.107.232.144', 5, 0, '2026-01-06 09:43:34'),
(21, 245, 46, NULL, '150.107.232.144', 5, 0, '2026-01-06 10:00:40'),
(22, 241, 46, NULL, '150.107.232.144', 5, 0, '2026-01-06 10:00:57'),
(23, 243, 46, NULL, '150.107.232.144', 5, 0, '2026-01-06 10:01:20'),
(24, 244, 46, NULL, '150.107.232.144', 5, 0, '2026-01-06 10:03:20'),
(25, 241, 40, NULL, '152.58.34.120', 5, 0, '2026-01-06 10:03:59'),
(26, 245, 40, NULL, '152.58.34.120', 5, 0, '2026-01-06 10:09:49'),
(27, 248, 46, NULL, '150.107.232.144', 5, 0, '2026-01-06 10:10:50'),
(28, 245, 46, NULL, '150.107.232.144', 5, 0, '2026-01-06 10:19:01'),
(29, 241, 46, NULL, '150.107.232.144', 5, 0, '2026-01-06 10:20:42'),
(30, 243, 46, NULL, '150.107.232.144', 5, 0, '2026-01-06 10:26:33'),
(31, 244, 46, NULL, '150.107.232.144', 5, 0, '2026-01-06 10:30:12'),
(32, 245, 46, NULL, '150.107.232.144', 5, 0, '2026-01-06 10:30:20'),
(33, 245, 48, NULL, '152.58.60.244', 5, 0, '2026-01-06 12:42:46'),
(34, 245, 40, NULL, '150.107.232.144', 5, 0, '2026-01-06 12:45:32'),
(35, 249, 40, NULL, '150.107.232.144', 5, 0, '2026-01-06 12:48:34'),
(36, 249, 40, NULL, '150.107.232.144', 5, 0, '2026-01-06 12:50:53'),
(37, 254, 40, NULL, '150.107.232.144', 5, 0, '2026-01-06 13:11:30'),
(38, 248, 48, NULL, '152.58.60.128', 5, 0, '2026-01-07 03:40:41'),
(39, 249, 48, NULL, '152.58.60.128', 5, 0, '2026-01-07 03:44:29'),
(40, 244, 48, NULL, '152.58.60.128', 5, 0, '2026-01-07 03:59:05'),
(41, 251, 48, NULL, '152.58.60.128', 5, 0, '2026-01-07 05:57:32'),
(42, 245, 48, NULL, '152.58.60.128', 5, 0, '2026-01-07 05:58:11'),
(43, 255, 48, NULL, '152.58.60.128', 5, 0, '2026-01-07 06:04:54'),
(44, 252, 40, NULL, '152.58.60.128', 5, 0, '2026-01-07 06:35:58'),
(45, 258, 48, NULL, '152.58.60.128', 5, 0, '2026-01-07 06:37:31'),
(46, 258, 48, NULL, '152.58.60.128', 5, 0, '2026-01-07 06:38:11'),
(47, 249, 48, NULL, '152.58.60.128', 5, 0, '2026-01-07 06:39:39'),
(48, 258, 48, NULL, '152.59.39.82', 5, 0, '2026-01-07 06:51:53'),
(49, 255, 48, NULL, '152.59.39.82', 5, 0, '2026-01-07 07:02:25'),
(50, 252, 40, NULL, '152.59.39.82', 5, 0, '2026-01-07 07:03:54'),
(51, 244, 40, NULL, '152.59.39.82', 5, 0, '2026-01-07 07:26:00'),
(52, 252, 40, NULL, '152.59.39.82', 5, 0, '2026-01-07 08:18:18'),
(53, 254, 48, NULL, '152.59.39.82', 5, 0, '2026-01-07 08:21:52'),
(54, 249, 40, NULL, '150.107.232.144', 5, 0, '2026-01-07 08:22:07'),
(55, 258, 48, NULL, '152.59.39.82', 5, 0, '2026-01-07 08:23:16'),
(56, 252, 48, NULL, '152.59.39.82', 5, 0, '2026-01-07 08:23:22'),
(57, 249, 48, NULL, '152.59.39.82', 5, 0, '2026-01-07 08:24:02'),
(58, 243, 40, NULL, '150.107.232.144', 5, 0, '2026-01-07 08:30:16'),
(59, 252, 48, NULL, '152.59.39.82', 5, 0, '2026-01-07 08:32:24'),
(60, 258, 48, NULL, '152.59.39.82', 5, 0, '2026-01-07 08:32:50'),
(61, 252, 48, NULL, '152.59.39.82', 5, 0, '2026-01-07 08:39:23'),
(62, 258, 48, NULL, '152.59.39.82', 5, 0, '2026-01-07 09:05:34'),
(63, 256, 40, NULL, '150.107.232.144', 5, 0, '2026-01-07 09:07:15'),
(64, 248, 40, NULL, '150.107.232.144', 5, 0, '2026-01-07 09:10:12'),
(65, 244, 48, NULL, '152.59.39.82', 5, 0, '2026-01-07 09:21:52'),
(66, 258, 40, NULL, '150.107.232.144', 5, 0, '2026-01-07 09:22:55'),
(67, 245, 48, NULL, '152.59.39.82', 5, 0, '2026-01-07 09:22:55'),
(68, 244, 48, NULL, '152.59.39.82', 5, 0, '2026-01-07 09:23:17'),
(69, 250, 40, NULL, '150.107.232.144', 5, 0, '2026-01-07 09:23:43'),
(70, 255, 48, NULL, '152.59.39.82', 5, 0, '2026-01-07 09:23:52'),
(71, 254, 48, NULL, '152.59.39.82', 5, 0, '2026-01-07 09:25:31'),
(72, 244, 48, NULL, '152.59.39.82', 5, 0, '2026-01-07 09:33:12'),
(73, 241, 48, NULL, '152.59.39.82', 5, 0, '2026-01-07 09:34:58'),
(74, 258, 48, NULL, '152.59.39.82', 5, 0, '2026-01-07 09:37:33'),
(75, 252, 48, NULL, '152.59.39.82', 5, 0, '2026-01-07 09:40:52'),
(76, 249, 48, NULL, '152.59.39.82', 5, 0, '2026-01-07 09:45:19'),
(77, 249, 48, NULL, '152.59.39.82', 5, 0, '2026-01-07 09:54:27'),
(78, 260, 48, NULL, '152.59.39.82', 5, 0, '2026-01-07 09:59:52'),
(79, 258, NULL, NULL, '152.59.39.82', 5, 0, '2026-01-07 10:20:33'),
(80, 262, 40, NULL, '150.107.232.144', 5, 0, '2026-01-07 10:25:25'),
(81, 250, 40, NULL, '150.107.232.144', 5, 0, '2026-01-07 10:31:40'),
(82, 263, 48, NULL, '152.59.39.49', 5, 0, '2026-01-07 10:51:45'),
(83, 250, 40, NULL, '150.107.232.144', 5, 0, '2026-01-07 11:02:04'),
(84, 243, 48, NULL, '152.59.39.49', 5, 0, '2026-01-07 11:03:51'),
(85, 271, 48, NULL, '152.59.39.49', 5, 0, '2026-01-07 11:04:03'),
(86, 251, 48, NULL, '152.59.39.49', 5, 0, '2026-01-07 11:05:11'),
(87, 263, 40, NULL, '150.107.232.144', 5, 0, '2026-01-07 11:10:17'),
(88, 243, 48, NULL, '152.59.39.49', 5, 0, '2026-01-07 11:12:35'),
(89, 271, 47, NULL, '150.107.232.144', 5, 0, '2026-01-07 11:12:54'),
(90, 254, 48, NULL, '152.59.39.49', 5, 0, '2026-01-07 11:19:07'),
(91, 272, 48, NULL, '152.59.39.49', 5, 0, '2026-01-07 11:22:26'),
(92, 272, 48, NULL, '152.59.39.49', 5, 0, '2026-01-07 11:23:08'),
(93, 258, 48, NULL, '152.59.39.49', 5, 0, '2026-01-07 11:23:44'),
(94, 271, 48, NULL, '152.59.39.49', 5, 0, '2026-01-07 11:24:11'),
(95, 251, 48, NULL, '150.107.232.144', 5, 0, '2026-01-07 11:28:13'),
(96, 272, 48, NULL, '152.59.39.49', 5, 0, '2026-01-07 11:31:07'),
(97, 250, 40, NULL, '150.107.232.144', 5, 0, '2026-01-07 11:34:06'),
(98, 271, 48, NULL, '150.107.232.144', 5, 0, '2026-01-07 11:35:18'),
(99, 270, 48, NULL, '152.59.39.49', 5, 0, '2026-01-07 11:50:09'),
(100, 270, 48, NULL, '152.59.39.49', 5, 0, '2026-01-07 11:54:41'),
(101, 258, 43, NULL, '223.181.64.93', 5, 0, '2026-01-07 12:04:02'),
(102, 244, 48, NULL, '152.59.39.49', 5, 0, '2026-01-07 12:14:27'),
(103, 271, 47, NULL, '150.107.232.144', 5, 0, '2026-01-07 12:32:35'),
(104, 256, 43, NULL, '223.181.64.93', 5, 0, '2026-01-07 12:39:12'),
(105, 245, 40, NULL, '152.59.39.49', 5, 0, '2026-01-07 12:40:41'),
(106, 272, 40, NULL, '152.59.39.49', 5, 0, '2026-01-07 12:42:27'),
(107, 258, 48, NULL, '152.59.38.192', 5, 0, '2026-01-08 03:43:11'),
(108, 254, 40, NULL, '152.59.38.192', 5, 0, '2026-01-08 04:26:31'),
(109, 244, 48, NULL, '152.59.38.192', 5, 0, '2026-01-08 04:37:18'),
(110, 261, 40, NULL, '152.59.38.192', 5, 0, '2026-01-08 04:49:33'),
(111, 252, 40, NULL, '152.59.38.192', 5, 0, '2026-01-08 04:51:56'),
(112, 251, 48, NULL, '152.58.35.141', 5, 0, '2026-01-08 05:05:07'),
(113, 253, 48, NULL, '152.58.35.141', 5, 0, '2026-01-08 05:05:13'),
(114, 256, 47, NULL, '152.58.35.141', 5, 0, '2026-01-08 05:07:33'),
(115, 259, 47, NULL, '152.58.35.141', 5, 0, '2026-01-08 05:07:39'),
(116, 256, 46, NULL, '152.58.60.67', 5, 0, '2026-01-08 05:12:33'),
(117, 261, 46, NULL, '152.58.61.24', 5, 0, '2026-01-08 05:27:35'),
(118, 245, 47, NULL, '152.58.61.160', 5, 0, '2026-01-08 06:30:44'),
(119, 263, 47, NULL, '152.58.61.160', 5, 0, '2026-01-08 06:40:48'),
(120, 258, 47, NULL, '152.58.61.160', 5, 0, '2026-01-08 06:44:30'),
(121, 244, 40, NULL, '152.59.38.192', 5, 0, '2026-01-08 07:11:10'),
(122, 271, 48, NULL, '152.59.38.192', 5, 0, '2026-01-08 07:23:30'),
(123, 279, 46, NULL, '152.58.60.201', 5, 0, '2026-01-08 08:13:24'),
(124, 249, 48, NULL, '152.58.62.181', 5, 0, '2026-01-08 08:22:14'),
(125, 261, 40, NULL, '152.59.38.192', 5, 0, '2026-01-08 08:41:15'),
(126, 255, 48, NULL, '152.58.60.201', 5, 0, '2026-01-08 08:42:28'),
(127, 262, 40, NULL, '152.59.38.192', 5, 0, '2026-01-08 08:55:02'),
(128, 278, 48, NULL, '152.58.62.180', 5, 0, '2026-01-08 09:03:09'),
(129, 280, 48, NULL, '152.58.60.206', 5, 0, '2026-01-08 09:03:36'),
(130, 256, 40, NULL, '152.59.38.192', 5, 0, '2026-01-08 09:16:23'),
(131, 251, 48, NULL, '152.59.38.192', 5, 0, '2026-01-08 09:23:56'),
(132, 272, 47, NULL, '150.107.232.135', 5, 0, '2026-01-08 09:27:48'),
(133, 253, 47, NULL, '150.107.232.135', 5, 0, '2026-01-08 09:34:53'),
(134, 260, 46, NULL, '152.58.61.154', 5, 0, '2026-01-08 09:45:43'),
(135, 271, 46, NULL, '152.58.61.154', 5, 0, '2026-01-08 09:56:01'),
(136, 251, 46, NULL, '152.58.61.154', 5, 0, '2026-01-08 10:05:45'),
(137, 243, 46, NULL, '152.58.61.154', 5, 0, '2026-01-08 10:07:00'),
(138, 279, 48, NULL, '152.59.38.192', 5, 0, '2026-01-08 10:09:24'),
(139, 245, 48, NULL, '152.58.62.92', 5, 0, '2026-01-08 10:10:36'),
(140, 258, 48, NULL, '152.59.38.192', 5, 0, '2026-01-08 10:12:46'),
(141, 263, 48, NULL, '152.59.38.192', 5, 0, '2026-01-08 10:13:30'),
(142, 260, 48, NULL, '152.59.38.192', 5, 0, '2026-01-08 10:22:56'),
(143, 255, 48, NULL, '152.59.38.192', 5, 0, '2026-01-08 10:28:34'),
(144, 258, 48, NULL, '152.59.38.192', 5, 0, '2026-01-08 10:34:33'),
(145, 260, 48, NULL, '152.59.38.192', 5, 0, '2026-01-08 10:49:55'),
(146, 262, 40, NULL, '150.107.232.135', 5, 0, '2026-01-08 10:58:10'),
(147, 272, 43, NULL, '223.181.65.91', 5, 0, '2026-01-08 11:06:49'),
(148, 256, 46, NULL, '152.58.61.154', 5, 0, '2026-01-08 11:12:43'),
(149, 244, 40, NULL, '150.107.232.135', 5, 0, '2026-01-08 11:17:28'),
(150, 270, 40, NULL, '150.107.232.135', 5, 0, '2026-01-08 11:26:14'),
(151, 262, 40, NULL, '150.107.232.135', 5, 0, '2026-01-08 11:46:41'),
(152, 262, 40, NULL, '150.107.232.135', 5, 0, '2026-01-08 11:52:08'),
(153, 255, 40, NULL, '223.181.65.91', 5, 0, '2026-01-08 11:55:36'),
(154, 259, 40, NULL, '150.107.232.135', 5, 0, '2026-01-08 11:57:34'),
(155, 243, 40, NULL, '150.107.232.135', 5, 0, '2026-01-08 11:58:27'),
(156, 258, 40, NULL, '150.107.232.135', 5, 0, '2026-01-08 12:00:09'),
(157, 253, 40, NULL, '150.107.232.135', 5, 0, '2026-01-08 12:01:52'),
(158, 260, 48, NULL, '152.59.38.192', 5, 0, '2026-01-08 12:02:37'),
(159, 272, 40, NULL, '150.107.232.135', 5, 0, '2026-01-08 12:04:46'),
(160, 263, 40, NULL, '150.107.232.135', 5, 0, '2026-01-08 12:05:47'),
(161, 280, 40, NULL, '150.107.232.135', 5, 0, '2026-01-08 12:07:12'),
(162, 262, 40, NULL, '150.107.232.135', 5, 0, '2026-01-08 12:09:18'),
(163, 263, 40, NULL, '150.107.232.135', 5, 0, '2026-01-08 12:13:31'),
(164, 251, 48, NULL, '152.59.38.192', 5, 0, '2026-01-08 12:22:46'),
(165, 244, 40, NULL, '150.107.232.135', 5, 0, '2026-01-08 12:23:23'),
(166, 241, 40, NULL, '150.107.232.135', 5, 0, '2026-01-08 12:23:40'),
(167, 280, 48, NULL, '152.58.61.56', 5, 0, '2026-01-08 12:53:43'),
(168, 280, 48, NULL, '152.58.61.56', 5, 0, '2026-01-08 12:55:37'),
(169, 271, 40, NULL, '150.107.232.135', 5, 0, '2026-01-08 13:02:50'),
(170, 259, 40, NULL, '150.107.232.135', 5, 0, '2026-01-08 13:06:19'),
(171, 278, 40, NULL, '150.107.232.135', 5, 0, '2026-01-08 15:37:19'),
(172, 256, 48, NULL, '152.58.60.152', 5, 0, '2026-01-09 03:42:08'),
(173, 256, 48, NULL, '152.58.60.152', 5, 0, '2026-01-09 03:58:54'),
(174, 256, 48, NULL, '152.58.60.152', 5, 0, '2026-01-09 03:59:44'),
(175, 244, 48, NULL, '152.59.2.0', 5, 0, '2026-01-09 04:22:39'),
(176, 259, 40, NULL, '152.58.60.152', 5, 0, '2026-01-09 04:43:59'),
(177, 260, 48, NULL, '152.59.2.0', 5, 0, '2026-01-09 04:47:31'),
(178, 261, 40, NULL, '152.58.60.152', 5, 0, '2026-01-09 05:06:16'),
(179, 278, 40, NULL, '152.58.60.152', 5, 0, '2026-01-09 05:25:23'),
(180, 252, 48, NULL, '152.59.2.0', 5, 0, '2026-01-09 05:31:21'),
(181, 279, 40, NULL, '152.58.60.152', 5, 0, '2026-01-09 07:01:01'),
(182, 253, 40, NULL, '152.58.60.152', 5, 0, '2026-01-09 08:59:23'),
(183, 263, 40, NULL, '106.215.157.157', 5, 0, '2026-01-09 09:50:30'),
(184, 279, 40, NULL, '152.58.60.152', 5, 0, '2026-01-09 11:46:00'),
(185, 258, 48, NULL, '152.59.5.92', 5, 0, '2026-01-09 13:08:58'),
(186, 256, 40, NULL, '150.107.232.135', 5, 0, '2026-01-09 14:08:42'),
(187, 252, 40, NULL, '150.107.232.135', 5, 0, '2026-01-10 05:13:12'),
(188, 256, 40, NULL, '150.107.232.135', 5, 0, '2026-01-10 05:13:22'),
(189, 261, 40, NULL, '150.107.232.135', 5, 0, '2026-01-10 05:16:18'),
(190, 280, 40, NULL, '150.107.232.135', 5, 0, '2026-01-10 05:47:02'),
(191, 244, 40, NULL, '150.107.232.135', 5, 0, '2026-01-10 09:11:07'),
(192, 278, 48, NULL, '152.59.38.163', 5, 0, '2026-01-10 11:28:23'),
(193, 278, 48, NULL, '152.59.41.167', 5, 0, '2026-01-10 12:58:41'),
(194, 252, 40, NULL, '152.59.41.167', 5, 0, '2026-01-10 13:03:06'),
(195, 261, 40, NULL, '152.59.41.167', 5, 0, '2026-01-10 13:03:28'),
(196, 279, 48, NULL, '152.58.34.163', 5, 0, '2026-01-12 03:33:01'),
(197, 261, 48, NULL, '152.58.34.163', 5, 0, '2026-01-12 03:48:42'),
(198, 261, 48, NULL, '152.58.34.163', 5, 0, '2026-01-12 03:49:24'),
(199, 266, 48, NULL, '152.58.34.163', 5, 0, '2026-01-12 03:53:06'),
(200, 266, 48, NULL, '152.58.34.163', 5, 0, '2026-01-12 03:54:03'),
(201, 266, 48, NULL, '152.58.34.163', 5, 0, '2026-01-12 03:58:39'),
(202, 280, 43, NULL, '152.58.34.163', 5, 0, '2026-01-12 04:01:40'),
(203, 263, 40, NULL, '152.58.34.163', 5, 0, '2026-01-12 04:12:59'),
(204, 266, 40, NULL, '152.58.34.163', 5, 0, '2026-01-12 04:29:55'),
(205, 247, 48, NULL, '152.59.1.167', 5, 0, '2026-01-12 04:30:50'),
(206, 280, 48, NULL, '152.59.1.167', 5, 0, '2026-01-12 04:31:18'),
(207, 267, 40, NULL, '152.58.34.163', 5, 0, '2026-01-12 04:31:29'),
(208, 247, 48, NULL, '152.59.1.167', 5, 0, '2026-01-12 04:32:09'),
(209, 262, 48, NULL, '152.59.2.58', 5, 0, '2026-01-12 04:34:20'),
(210, 262, 48, NULL, '152.59.2.58', 5, 0, '2026-01-12 04:35:29'),
(211, 259, 48, NULL, '152.59.1.167', 5, 0, '2026-01-12 04:39:43'),
(212, 243, 40, NULL, '152.58.34.163', 5, 0, '2026-01-12 04:48:44'),
(213, 251, 40, NULL, '152.58.34.163', 5, 0, '2026-01-12 04:50:23'),
(214, 251, 43, NULL, '152.58.62.52', 5, 0, '2026-01-12 04:54:25'),
(215, 253, 43, NULL, '152.58.62.52', 5, 0, '2026-01-12 05:00:48'),
(216, 245, 48, NULL, '152.59.1.167', 5, 0, '2026-01-12 05:07:40'),
(217, 249, 48, NULL, '152.59.1.167', 5, 0, '2026-01-12 05:08:34'),
(218, 280, 43, NULL, '152.58.62.52', 5, 0, '2026-01-12 05:09:15'),
(219, 253, 43, NULL, '152.58.62.52', 5, 0, '2026-01-12 05:09:45'),
(220, 258, 43, NULL, '152.58.61.160', 5, 0, '2026-01-12 05:11:51'),
(221, 253, 40, NULL, '152.58.34.163', 5, 0, '2026-01-12 06:14:13'),
(222, 272, 40, NULL, '152.58.34.163', 5, 0, '2026-01-12 13:07:27'),
(223, 245, 40, NULL, '27.60.7.179', 5, 0, '2026-01-13 04:24:15'),
(224, 278, 48, NULL, '152.58.14.66', 5, 0, '2026-01-13 04:25:22'),
(225, 254, 48, NULL, '152.58.7.204', 5, 0, '2026-01-13 04:26:05'),
(226, 271, 40, NULL, '27.60.7.179', 5, 0, '2026-01-13 04:26:34'),
(227, 254, 48, NULL, '152.58.7.204', 5, 0, '2026-01-13 04:28:51'),
(228, 251, 48, NULL, '152.58.14.66', 5, 0, '2026-01-13 04:31:57'),
(229, 250, 40, NULL, '152.58.35.184', 5, 0, '2026-01-13 04:34:01'),
(230, 280, NULL, NULL, '152.58.14.66', 5, 0, '2026-01-13 04:36:50'),
(231, 270, 40, NULL, '152.58.14.66', 5, 0, '2026-01-13 04:38:58'),
(232, 261, 48, NULL, '106.219.168.226', 5, 0, '2026-01-13 04:41:57'),
(233, 284, 40, NULL, '152.58.35.184', 5, 0, '2026-01-13 04:43:31'),
(234, 241, 48, NULL, '27.60.7.179', 5, 0, '2026-01-13 04:48:44'),
(235, 271, 48, NULL, '27.60.7.179', 5, 0, '2026-01-13 04:48:59'),
(236, 244, 53, NULL, '152.58.14.66', 5, 0, '2026-01-13 04:49:04'),
(237, 253, 53, NULL, '152.58.7.204', 5, 0, '2026-01-13 04:49:24'),
(238, 256, 53, NULL, '152.58.7.204', 5, 0, '2026-01-13 04:49:52'),
(239, 256, 40, NULL, '27.60.7.179', 5, 0, '2026-01-13 04:50:00'),
(240, 272, 54, NULL, '106.219.168.226', 5, 0, '2026-01-13 04:50:02'),
(241, 249, 40, NULL, '27.60.7.179', 5, 0, '2026-01-13 04:50:21'),
(242, 285, 40, NULL, '152.58.14.90', 5, 0, '2026-01-13 05:01:55'),
(243, 284, 40, NULL, '152.58.7.204', 5, 0, '2026-01-13 05:02:18'),
(244, 284, 40, NULL, '152.58.7.204', 5, 0, '2026-01-13 05:03:07'),
(245, 253, 40, NULL, '152.58.14.90', 5, 0, '2026-01-13 05:09:48'),
(246, 271, 40, NULL, '152.58.14.90', 5, 0, '2026-01-13 05:25:24'),
(247, 271, 40, NULL, '152.58.7.204', 5, 0, '2026-01-13 05:25:57'),
(248, 271, 40, NULL, '152.58.7.204', 5, 0, '2026-01-13 05:28:14'),
(249, 270, 40, NULL, '152.58.14.90', 5, 0, '2026-01-13 05:28:42'),
(250, 243, 47, NULL, '27.60.7.179', 5, 0, '2026-01-13 05:28:42'),
(251, 271, 47, NULL, '27.60.7.179', 5, 0, '2026-01-13 05:28:58'),
(252, 256, 47, NULL, '27.60.7.179', 5, 0, '2026-01-13 05:29:12'),
(253, 251, 46, NULL, '152.58.14.90', 5, 0, '2026-01-13 05:39:34'),
(254, 253, 40, NULL, '27.60.7.179', 5, 0, '2026-01-13 06:02:42'),
(255, 243, 46, NULL, '152.58.14.58', 5, 0, '2026-01-13 06:04:33'),
(256, 271, 40, NULL, '27.60.7.179', 5, 0, '2026-01-13 06:14:00'),
(257, 285, 40, NULL, '27.60.7.179', 5, 0, '2026-01-13 06:14:33'),
(258, 286, 54, NULL, '106.219.168.226', 5, 0, '2026-01-13 06:28:55'),
(259, 243, 54, NULL, '106.219.168.226', 5, 0, '2026-01-13 06:44:01'),
(260, 251, 54, NULL, '106.219.168.226', 5, 0, '2026-01-13 06:44:51'),
(261, 243, 54, NULL, '106.219.168.226', 5, 0, '2026-01-13 06:46:09'),
(262, 282, 54, NULL, '106.219.168.226', 5, 0, '2026-01-13 06:55:16'),
(263, 256, 53, NULL, '152.58.7.204', 5, 0, '2026-01-13 06:55:49'),
(264, 252, 53, NULL, '152.58.7.204', 5, 0, '2026-01-13 06:56:24'),
(265, 243, 54, NULL, '106.219.168.226', 5, 0, '2026-01-13 06:57:09'),
(266, 254, 40, NULL, '27.60.7.179', 5, 0, '2026-01-13 06:57:11'),
(267, 250, 53, NULL, '152.58.7.204', 5, 0, '2026-01-13 06:57:23'),
(268, 249, 54, NULL, '106.219.168.226', 5, 0, '2026-01-13 06:58:38'),
(269, 270, 54, NULL, '152.58.35.184', 5, 0, '2026-01-13 07:00:03'),
(270, 286, 54, NULL, '152.58.35.184', 5, 0, '2026-01-13 07:01:36'),
(271, 279, 40, NULL, '150.107.241.34', 5, 0, '2026-01-15 05:28:11'),
(272, 256, 40, NULL, '152.58.153.47', 5, 0, '2026-01-15 09:26:18'),
(273, 286, 40, NULL, '152.58.130.243', 5, 0, '2026-01-15 09:30:02'),
(274, 256, 40, NULL, '152.58.153.47', 5, 0, '2026-01-15 09:30:10'),
(275, 249, 40, NULL, '150.107.232.198', 5, 0, '2026-01-15 09:52:48'),
(276, 272, 40, NULL, '150.107.232.198', 5, 0, '2026-01-15 10:43:41'),
(277, 286, 40, NULL, '150.107.232.198', 5, 0, '2026-01-15 11:10:23'),
(278, 284, 40, NULL, '150.107.232.198', 5, 0, '2026-01-15 11:10:40'),
(279, 243, 40, NULL, '150.107.232.198', 5, 0, '2026-01-15 11:27:14'),
(280, 243, 40, NULL, '150.107.232.198', 5, 0, '2026-01-15 11:43:55'),
(281, 272, 40, NULL, '106.219.173.178', 5, 0, '2026-01-16 04:43:48'),
(282, 245, 40, NULL, '106.219.173.178', 5, 0, '2026-01-16 04:44:31'),
(283, 244, 40, NULL, '150.107.232.198', 5, 0, '2026-01-16 05:09:09'),
(284, 256, 54, NULL, '152.58.63.111', 5, 0, '2026-01-16 05:26:38'),
(285, 256, 54, NULL, '152.58.63.111', 5, 0, '2026-01-16 05:54:29'),
(286, 243, 54, NULL, '152.58.63.111', 5, 0, '2026-01-16 06:03:36'),
(287, 272, 54, NULL, '152.58.63.111', 5, 0, '2026-01-16 07:10:11'),
(288, 245, 54, NULL, '152.58.63.111', 5, 0, '2026-01-16 07:10:31'),
(289, 272, 40, NULL, '103.251.19.66', 5, 0, '2026-01-16 09:17:37'),
(290, 285, 40, NULL, '103.251.19.66', 5, 0, '2026-01-16 09:18:33'),
(291, 284, 40, NULL, '103.251.19.66', 5, 0, '2026-01-16 09:23:27'),
(292, 241, 54, NULL, '152.58.63.111', 5, 0, '2026-01-16 09:44:50'),
(293, 286, 40, NULL, '103.251.19.66', 5, 0, '2026-01-16 09:50:08'),
(294, 253, 40, NULL, '103.251.19.66', 5, 0, '2026-01-16 09:50:48'),
(295, 270, 40, NULL, '103.251.19.66', 5, 0, '2026-01-16 09:51:19'),
(296, 245, 40, NULL, '106.219.173.178', 5, 0, '2026-01-16 10:30:59'),
(297, 256, 40, NULL, '152.58.153.163', 5, 0, '2026-01-16 10:56:52'),
(298, 271, 40, NULL, '149.22.84.151', 5, 0, '2026-01-16 11:01:09'),
(299, 286, 43, NULL, '152.58.153.163', 5, 0, '2026-01-16 11:12:58'),
(300, 251, 40, NULL, '103.251.19.43', 5, 0, '2026-01-16 07:39:03'),
(301, 286, 40, NULL, '150.107.241.89', 5, 0, '2026-02-02 10:22:02'),
(302, 254, 40, NULL, '152.58.35.130', 5, 0, '2026-02-09 07:22:47'),
(303, 287, 40, NULL, '152.58.35.130', 5, 0, '2026-02-09 07:36:09'),
(304, 252, 40, NULL, '150.107.241.202', 5, 0, '2026-02-09 08:28:00'),
(305, 255, 40, NULL, '150.107.241.202', 5, 0, '2026-02-09 08:59:04'),
(306, 286, 54, NULL, '152.58.35.130', 5, 0, '2026-02-09 09:31:17'),
(307, 295, 54, NULL, '152.58.35.130', 5, 0, '2026-02-09 09:33:23'),
(308, 295, 54, NULL, '152.58.35.130', 5, 0, '2026-02-09 09:41:14'),
(309, 286, 40, NULL, '150.107.241.202', 5, 0, '2026-02-09 09:46:41'),
(310, 295, 40, NULL, '152.59.40.3', 5, 0, '2026-02-09 22:15:47'),
(311, 286, 40, NULL, '152.58.60.38', 5, 0, '2026-02-10 00:58:50'),
(312, 272, NULL, NULL, '152.58.60.38', 5, 0, '2026-02-10 02:31:28'),
(313, 296, 54, NULL, '152.58.60.38', 5, 0, '2026-02-10 03:31:39'),
(314, 256, 54, NULL, '152.58.60.38', 5, 0, '2026-02-10 03:33:22'),
(315, 297, 40, NULL, '152.58.60.38', 5, 0, '2026-02-10 03:33:46'),
(316, 294, 40, NULL, '152.58.60.38', 5, 0, '2026-02-10 04:00:59'),
(317, 297, 40, NULL, '152.58.60.38', 5, 0, '2026-02-10 04:08:48'),
(318, 251, 40, NULL, '152.58.60.38', 5, 0, '2026-02-10 04:22:39'),
(319, 297, 40, NULL, '152.58.60.38', 5, 0, '2026-02-10 04:25:46'),
(320, 291, 40, NULL, '152.58.60.38', 5, 0, '2026-02-10 05:25:11'),
(321, 292, 40, NULL, '152.58.60.38', 5, 0, '2026-02-10 05:27:36'),
(322, 298, 40, NULL, '152.58.60.38', 5, 0, '2026-02-10 05:55:02'),
(323, 251, 40, NULL, '152.58.60.38', 5, 0, '2026-02-10 06:05:30'),
(324, 244, 40, NULL, '152.56.1.177', 5, 0, '2026-02-12 00:30:27'),
(325, 251, 40, NULL, '127.0.0.1', 5, 0, '2026-02-18 23:30:44'),
(326, 289, 40, NULL, '127.0.0.1', 5, 0, '2026-02-18 23:30:50'),
(327, 270, 40, NULL, '127.0.0.1', 5, 0, '2026-02-18 23:31:01'),
(328, 256, 40, NULL, '127.0.0.1', 5, 0, '2026-02-18 23:32:40'),
(329, 292, 40, NULL, '127.0.0.1', 5, 0, '2026-02-19 02:56:17'),
(330, 243, 40, NULL, '127.0.0.1', 5, 0, '2026-02-19 22:39:18'),
(331, 302, 40, NULL, '127.0.0.1', 5, 0, '2026-02-19 22:46:12'),
(332, 302, 40, NULL, '127.0.0.1', 5, 0, '2026-02-19 22:47:02'),
(333, 303, 40, NULL, '127.0.0.1', 5, 0, '2026-02-19 22:57:49'),
(334, 279, 40, NULL, '127.0.0.1', 5, 0, '2026-02-19 23:01:56'),
(335, 304, 40, NULL, '127.0.0.1', 5, 0, '2026-02-19 23:04:51'),
(336, 270, 40, NULL, '127.0.0.1', 5, 0, '2026-02-19 23:09:20'),
(337, 270, 40, NULL, '127.0.0.1', 5, 0, '2026-02-19 23:10:03'),
(338, 306, 40, NULL, '152.59.39.51', 5, 0, '2026-02-20 08:24:22'),
(339, 307, 40, NULL, '152.59.38.47', 5, 0, '2026-02-23 10:51:28'),
(340, 306, 40, NULL, '152.59.38.47', 5, 0, '2026-02-23 10:51:41'),
(341, 308, 40, NULL, '152.59.38.47', 5, 0, '2026-02-23 10:56:48'),
(342, 308, 40, NULL, '152.59.38.47', 5, 0, '2026-02-23 10:57:23'),
(343, 305, 40, NULL, '152.59.38.47', 5, 0, '2026-02-23 10:58:10'),
(344, 250, 40, NULL, '152.59.38.47', 5, 0, '2026-02-23 10:58:20'),
(345, 309, 40, NULL, '152.59.38.47', 5, 0, '2026-02-23 11:21:42'),
(346, 254, 40, NULL, '152.59.38.47', 5, 0, '2026-02-23 11:39:11'),
(347, 297, 40, NULL, '152.59.38.47', 5, 0, '2026-02-23 11:57:50'),
(348, 312, 40, NULL, '152.59.38.47', 5, 0, '2026-02-23 12:12:26'),
(349, 287, 40, NULL, '152.59.38.47', 5, 0, '2026-02-23 12:19:57'),
(350, 243, 40, NULL, '152.59.38.47', 5, 0, '2026-02-23 12:32:54'),
(351, 287, 40, NULL, '152.59.38.47', 5, 0, '2026-02-23 12:35:04'),
(352, 292, 40, NULL, '152.59.38.47', 5, 0, '2026-02-23 12:36:00'),
(353, 245, 40, NULL, '152.59.38.47', 5, 0, '2026-02-23 12:40:03'),
(354, 243, 40, NULL, '152.58.35.85', 5, 0, '2026-02-24 03:34:55'),
(355, 256, 40, NULL, '152.58.35.85', 5, 0, '2026-02-24 03:41:31'),
(356, 244, 40, NULL, '152.58.35.85', 5, 0, '2026-02-24 04:23:06'),
(357, 250, 40, NULL, '152.58.35.85', 5, 0, '2026-02-24 10:30:00'),
(358, 294, 59, NULL, '152.58.35.85', 5, 0, '2026-02-24 10:36:44'),
(359, 289, 40, NULL, '152.58.35.85', 5, 0, '2026-02-24 10:37:43'),
(360, 314, 60, NULL, '223.181.69.211', 5, 0, '2026-02-25 04:02:44'),
(361, 244, 60, NULL, '223.181.69.211', 5, 0, '2026-02-25 04:03:35'),
(362, 285, 43, NULL, '169.150.218.58', 5, 0, '2026-02-25 04:14:33'),
(363, 308, 61, NULL, '152.59.40.152', 5, 0, '2026-02-25 04:19:42'),
(364, 315, 61, NULL, '152.59.40.152', 5, 0, '2026-02-25 04:21:53'),
(365, 316, 61, NULL, '152.59.40.152', 5, 0, '2026-02-25 04:24:57'),
(366, 294, 61, NULL, '152.59.40.152', 5, 0, '2026-02-25 04:27:51'),
(367, 313, 43, NULL, '169.150.218.58', 5, 0, '2026-02-25 04:31:11'),
(368, 285, 43, NULL, '169.150.218.58', 5, 0, '2026-02-25 04:32:02'),
(369, 254, 43, NULL, '169.150.218.58', 5, 0, '2026-02-25 04:41:42'),
(370, 297, 43, NULL, '169.150.218.58', 5, 0, '2026-02-25 04:43:47'),
(371, 255, 43, NULL, '169.150.218.58', 5, 0, '2026-02-25 05:12:54'),
(372, 316, 60, NULL, '42.108.138.121', 5, 0, '2026-02-25 06:07:16'),
(373, 256, 60, NULL, '223.181.68.83', 5, 0, '2026-02-25 22:55:55'),
(374, 243, 40, NULL, '152.58.34.188', 5, 0, '2026-02-25 23:28:47'),
(375, 272, NULL, NULL, '152.59.40.175', 5, 0, '2026-02-25 23:49:57'),
(376, 291, 40, NULL, '152.59.40.175', 5, 0, '2026-02-25 23:54:19'),
(377, 312, 43, NULL, '135.0.88.44', 5, 0, '2026-05-12 14:52:03'),
(378, 244, 40, NULL, '60.254.8.39', 5, 0, '2026-05-14 08:25:39'),
(379, 315, 40, NULL, '60.254.8.39', 5, 0, '2026-05-14 08:27:06'),
(380, 241, 40, NULL, '151.37.191.137', 5, 0, '2026-05-22 02:12:56'),
(381, 271, 66, NULL, '197.0.242.88', 5, 0, '2026-06-02 15:11:44'),
(382, 271, 40, NULL, '69.137.16.134', 5, 0, '2026-06-11 16:47:50'),
(383, 291, 40, NULL, '69.137.16.134', 5, 0, '2026-06-11 16:48:20'),
(384, 314, 40, NULL, '69.137.16.134', 5, 0, '2026-06-11 16:54:40'),
(385, 241, 40, NULL, '69.137.16.134', 5, 0, '2026-06-11 16:55:35'),
(386, 249, 40, NULL, '69.137.16.134', 5, 0, '2026-06-11 16:57:27'),
(387, 253, 40, NULL, '77.63.60.118', 5, 0, '2026-06-14 07:01:22'),
(388, 316, 40, NULL, '77.63.60.118', 5, 0, '2026-06-14 07:01:32'),
(389, 243, 40, NULL, '69.137.16.134', 5, 0, '2026-06-20 21:59:50'),
(390, 291, 40, NULL, '69.137.16.134', 5, 0, '2026-06-27 23:06:28'),
(391, 287, 40, NULL, '69.137.16.134', 5, 0, '2026-06-27 23:24:14'),
(392, 314, 40, NULL, '122.173.29.143', 5, 0, '2026-07-04 07:34:41'),
(393, 255, 40, NULL, '122.173.29.143', 5, 0, '2026-07-04 07:35:25'),
(394, 251, 40, NULL, '122.173.29.143', 5, 0, '2026-07-04 07:35:39'),
(395, 289, 71, NULL, '151.135.132.162', 5, 0, '2026-07-05 22:48:49'),
(396, 254, 71, NULL, '151.135.132.162', 5, 0, '2026-07-05 22:51:25'),
(397, 322, 71, NULL, '151.135.132.162', 5, 0, '2026-07-05 22:51:34'),
(398, 251, 71, NULL, '151.135.132.162', 5, 0, '2026-07-05 22:52:12'),
(399, 292, 71, NULL, '151.135.132.162', 5, 0, '2026-07-05 22:54:03'),
(400, 271, 71, NULL, '151.135.132.162', 5, 0, '2026-07-05 22:54:37'),
(401, 243, 71, NULL, '151.135.132.162', 5, 0, '2026-07-05 22:54:57'),
(402, 251, 71, NULL, '151.135.132.162', 5, 0, '2026-07-05 22:55:09'),
(403, 254, 71, NULL, '151.135.132.162', 5, 0, '2026-07-05 22:55:35'),
(404, 313, 40, NULL, '172.58.123.103', 5, 0, '2026-07-06 18:40:21'),
(405, 271, 71, NULL, '5.46.2.34', 5, 0, '2026-07-07 23:06:12'),
(406, 272, 71, NULL, '5.46.2.34', 5, 0, '2026-07-07 23:06:20'),
(407, 252, 71, NULL, '5.46.2.34', 5, 0, '2026-07-07 23:07:00'),
(408, 291, 71, NULL, '5.46.2.34', 5, 0, '2026-07-07 23:13:42'),
(409, 241, 71, NULL, '5.46.2.34', 5, 0, '2026-07-07 23:14:00'),
(410, 271, 71, NULL, '5.46.2.34', 5, 0, '2026-07-07 23:14:08'),
(411, 313, 71, NULL, '5.46.2.34', 5, 0, '2026-07-07 23:14:57'),
(412, 272, 71, NULL, '151.135.179.102', 5, 0, '2026-07-09 11:26:46'),
(413, 289, 72, NULL, '41.82.207.193', 5, 0, '2026-07-09 16:45:57'),
(414, 243, 72, NULL, '41.82.207.193', 5, 0, '2026-07-09 16:48:29'),
(415, 322, 72, NULL, '41.82.207.193', 5, 0, '2026-07-09 16:49:15'),
(416, 301, 72, NULL, '41.82.207.193', 5, 0, '2026-07-09 16:50:31'),
(417, 271, 72, NULL, '41.82.207.193', 5, 0, '2026-07-09 16:50:41'),
(418, 301, 72, NULL, '41.82.207.193', 5, 0, '2026-07-09 17:14:48'),
(419, 251, 40, NULL, '79.35.118.115', 5, 0, '2026-07-13 14:32:01'),
(420, 308, 40, NULL, '69.137.16.134', 5, 0, '2026-07-14 01:03:26'),
(421, 270, 40, NULL, '176.219.35.13', 5, 0, '2026-07-19 11:36:15'),
(422, 244, 40, NULL, '176.219.35.13', 5, 0, '2026-07-19 11:36:27'),
(423, 308, 40, NULL, '176.219.35.13', 5, 0, '2026-07-19 11:36:37'),
(424, 313, 40, NULL, '176.219.35.13', 5, 0, '2026-07-19 11:37:01'),
(425, 301, 40, NULL, '176.219.35.13', 5, 0, '2026-07-19 11:37:50'),
(426, 256, 40, NULL, '176.219.35.13', 5, 0, '2026-07-19 11:38:05'),
(427, 286, 40, NULL, '176.219.35.13', 5, 0, '2026-07-19 11:40:54'),
(428, 315, 40, NULL, '176.219.35.13', 5, 0, '2026-07-19 11:44:17'),
(429, 312, 43, NULL, '171.61.27.148', 5, 0, '2026-07-20 08:22:36'),
(430, 251, 43, NULL, '171.61.27.148', 5, 0, '2026-07-20 08:26:45'),
(431, 244, 43, NULL, '171.61.27.148', 5, 0, '2026-07-20 08:32:55'),
(432, 322, 43, NULL, '171.61.27.148', 5, 0, '2026-07-20 09:10:20'),
(433, 256, 43, NULL, '171.61.27.148', 5, 0, '2026-07-20 09:11:04'),
(434, 243, 43, NULL, '171.61.27.148', 5, 0, '2026-07-20 09:17:04'),
(435, 300, 43, NULL, '171.61.27.148', 5, 0, '2026-07-20 09:25:51'),
(436, 301, 43, NULL, '171.61.27.148', 5, 0, '2026-07-20 10:33:07'),
(437, 305, 43, NULL, '171.61.27.148', 5, 0, '2026-07-20 10:43:36'),
(438, 301, 43, NULL, '171.61.27.148', 5, 0, '2026-07-20 10:44:25'),
(439, 294, 43, NULL, '171.61.27.148', 5, 0, '2026-07-20 10:51:22'),
(440, 301, 43, NULL, '171.61.27.148', 5, 0, '2026-07-20 10:51:57'),
(441, 271, 43, NULL, '171.61.27.148', 5, 0, '2026-07-20 10:58:16'),
(442, 292, 40, NULL, '106.222.212.76', 5, 0, '2026-07-20 10:59:58'),
(443, 301, 43, NULL, '171.61.27.148', 5, 0, '2026-07-20 11:01:47'),
(444, 301, 43, NULL, '171.61.27.148', 5, 0, '2026-07-20 11:06:44'),
(445, 279, 40, NULL, '106.222.212.76', 5, 0, '2026-07-20 11:07:17'),
(446, 313, 40, NULL, '106.222.212.76', 5, 0, '2026-07-20 11:11:53'),
(447, 312, 43, NULL, '171.61.27.148', 5, 0, '2026-07-20 11:12:06'),
(448, 244, 40, NULL, '106.222.212.76', 5, 0, '2026-07-20 11:12:34'),
(449, 301, 43, NULL, '171.61.27.148', 5, 0, '2026-07-20 11:12:54'),
(450, 254, 43, NULL, '171.61.27.148', 5, 0, '2026-07-20 11:15:35'),
(451, 301, 43, NULL, '171.61.27.148', 5, 0, '2026-07-20 11:15:50'),
(452, 289, 40, NULL, '106.222.212.76', 5, 0, '2026-07-20 11:16:37'),
(453, 279, 43, NULL, '171.61.27.148', 5, 0, '2026-07-20 11:18:52'),
(454, 250, 43, NULL, '171.61.27.148', 5, 0, '2026-07-20 11:19:46'),
(455, 249, 43, NULL, '171.61.27.148', 5, 0, '2026-07-20 11:23:15'),
(456, 289, 43, NULL, '171.61.27.148', 5, 0, '2026-07-20 11:24:07'),
(457, 314, 40, NULL, '106.222.212.76', 5, 0, '2026-07-20 11:24:23'),
(458, 245, 43, NULL, '171.61.27.148', 5, 0, '2026-07-20 11:24:54'),
(459, 316, 43, NULL, '171.61.27.148', 5, 0, '2026-07-20 11:25:47'),
(460, 243, 43, NULL, '106.222.212.76', 5, 0, '2026-07-20 12:12:20'),
(461, 243, 43, NULL, '106.222.212.76', 5, 0, '2026-07-20 12:15:30'),
(462, 256, 43, NULL, '106.222.212.76', 5, 0, '2026-07-20 12:35:52'),
(463, 271, 40, NULL, '106.222.212.76', 5, 0, '2026-07-21 03:46:50'),
(464, 313, 43, NULL, '106.222.212.76', 5, 0, '2026-07-21 03:54:33'),
(465, 255, 43, NULL, '106.222.212.76', 5, 0, '2026-07-21 03:54:44'),
(466, 245, 44, NULL, '106.222.212.76', 5, 0, '2026-07-21 04:05:36'),
(467, 251, 43, NULL, '106.222.212.76', 5, 0, '2026-07-21 04:07:11'),
(468, 271, 43, NULL, '106.222.212.76', 5, 0, '2026-07-21 04:07:43'),
(469, 301, 43, NULL, '106.222.212.76', 5, 0, '2026-07-21 04:08:03'),
(470, 294, 43, NULL, '106.222.212.76', 5, 0, '2026-07-21 05:10:25'),
(471, 294, 43, NULL, '106.222.212.76', 5, 0, '2026-07-21 05:13:20'),
(472, 243, 43, NULL, '106.222.212.76', 5, 0, '2026-07-21 05:34:47'),
(473, 291, 40, NULL, '122.181.107.214', 5, 0, '2026-07-21 06:01:21'),
(474, 251, 40, NULL, '122.181.107.214', 5, 0, '2026-07-21 06:04:26'),
(475, 255, 40, NULL, '171.61.27.148', 5, 0, '2026-07-21 07:09:52'),
(476, 314, 40, NULL, '122.181.107.214', 5, 0, '2026-07-21 08:35:47'),
(477, 245, 43, NULL, '106.222.212.76', 5, 0, '2026-07-21 08:42:07'),
(478, 250, 40, NULL, '106.222.212.76', 5, 0, '2026-07-21 08:53:54'),
(479, 292, 40, NULL, '106.222.212.76', 5, 0, '2026-07-21 09:17:41'),
(480, 270, 40, NULL, '122.161.178.156', 5, 0, '2026-07-21 13:57:52'),
(481, 313, 40, NULL, '122.161.178.156', 5, 0, '2026-07-22 05:37:26'),
(482, 315, 40, NULL, '122.161.178.156', 5, 0, '2026-07-22 05:40:11'),
(483, 286, 40, NULL, '223.235.218.200', 5, 0, '2026-07-22 10:39:22'),
(484, 292, 40, NULL, '188.3.217.211', 5, 0, '2026-07-22 21:44:49'),
(485, 253, 40, NULL, '188.3.217.211', 5, 0, '2026-07-22 21:45:28'),
(486, 282, 40, NULL, '188.3.217.211', 5, 0, '2026-07-22 21:45:46'),
(487, 252, 43, NULL, '122.163.144.117', 5, 0, '2026-07-23 03:46:09'),
(488, 315, 43, NULL, '122.163.144.117', 5, 0, '2026-07-23 03:46:38'),
(489, 241, 43, NULL, '122.163.144.117', 5, 0, '2026-07-23 04:11:47'),
(490, 244, 40, NULL, '220.158.183.16', 5, 0, '2026-07-23 04:28:41'),
(491, 256, 40, NULL, '112.133.220.139', 5, 0, '2026-07-23 04:37:23'),
(492, 252, 40, NULL, '112.133.220.139', 5, 0, '2026-07-23 04:38:41'),
(493, 241, 40, NULL, '112.133.220.139', 5, 0, '2026-07-23 04:39:03'),
(494, 283, 40, NULL, '220.158.183.16', 5, 0, '2026-07-23 04:40:31'),
(495, 243, 43, NULL, '122.163.144.117', 5, 0, '2026-07-23 04:42:38'),
(496, 245, 40, NULL, '112.133.220.139', 5, 0, '2026-07-23 04:45:13'),
(497, 301, 43, NULL, '152.58.153.151', 5, 0, '2026-07-23 05:29:35'),
(498, 286, 40, NULL, '112.133.220.139', 5, 0, '2026-07-23 10:24:17'),
(499, 243, 40, NULL, '116.72.229.198', 5, 0, '2026-07-24 10:22:03'),
(500, 251, 40, NULL, '116.72.229.198', 5, 0, '2026-07-24 10:22:18'),
(501, 300, 40, NULL, '116.72.229.198', 5, 0, '2026-07-24 10:34:44'),
(502, 300, 40, NULL, '116.72.229.198', 5, 0, '2026-07-24 10:35:41'),
(503, 272, 40, NULL, '116.72.229.198', 5, 0, '2026-07-24 10:36:45'),
(504, 287, 40, NULL, '116.72.229.198', 5, 0, '2026-07-24 10:38:29'),
(505, 301, 40, NULL, '116.72.229.198', 5, 0, '2026-07-24 10:38:41'),
(506, 272, 40, NULL, '116.72.229.198', 5, 0, '2026-07-24 10:47:59'),
(507, 241, 40, NULL, '116.72.229.198', 5, 0, '2026-07-24 10:48:30'),
(508, 289, 40, NULL, '116.72.229.198', 5, 0, '2026-07-24 10:48:46'),
(509, 314, 40, NULL, '116.72.229.198', 5, 0, '2026-07-24 10:50:37'),
(510, 316, 43, NULL, '112.133.220.139', 5, 0, '2026-07-24 10:52:09'),
(511, 241, 75, NULL, '219.91.139.210', 5, 0, '2026-07-24 10:54:25'),
(512, 272, 75, NULL, '219.91.139.210', 5, 0, '2026-07-24 10:58:41'),
(513, 338, 40, NULL, '116.72.229.198', 6, 0, '2026-07-24 11:00:24'),
(514, 255, 40, NULL, '116.72.229.198', 5, 0, '2026-07-24 11:01:39'),
(515, 241, 40, NULL, '116.72.229.198', 5, 0, '2026-07-24 11:02:54'),
(516, 329, 40, NULL, '116.72.229.198', 5, 0, '2026-07-24 11:04:26'),
(517, 315, 40, NULL, '116.72.229.198', 5, 0, '2026-07-24 11:05:28'),
(518, 272, 40, NULL, '116.72.229.198', 5, 0, '2026-07-24 11:07:36'),
(519, 339, 43, NULL, '112.133.220.139', 5, 0, '2026-07-24 11:08:04'),
(520, 339, 40, NULL, '116.72.229.198', 5, 0, '2026-07-24 11:08:38'),
(521, 244, 40, NULL, '116.72.229.198', 5, 0, '2026-07-24 11:21:21'),
(522, 335, 40, NULL, '116.72.229.198', 5, 0, '2026-07-24 11:22:23'),
(523, 332, 40, NULL, '116.72.229.198', 5, 0, '2026-07-24 11:28:10'),
(524, 279, 74, NULL, '152.56.69.158', 5, 0, '2026-07-24 12:12:57'),
(525, 325, 74, NULL, '152.56.69.158', 5, 0, '2026-07-24 12:13:08'),
(526, 325, 74, NULL, '152.56.69.158', 5, 0, '2026-07-24 12:23:07'),
(527, 338, 74, NULL, '152.56.69.158', 5, 0, '2026-07-24 12:23:14'),
(528, 332, 74, NULL, '152.56.69.158', 5, 0, '2026-07-24 12:23:56'),
(529, 335, 76, NULL, '152.58.58.218', 5, 0, '2026-07-24 12:27:55'),
(530, 253, 40, NULL, '152.56.143.214', 5, 0, '2026-07-27 03:50:55'),
(531, 256, 40, NULL, '152.56.143.214', 5, 0, '2026-07-27 03:54:58'),
(532, 322, 40, NULL, '152.56.143.214', 5, 0, '2026-07-27 03:56:19'),
(533, 333, 43, NULL, '112.133.220.139', 5, 0, '2026-07-27 04:41:46'),
(534, 329, 40, NULL, '116.72.229.198', 5, 0, '2026-07-27 05:24:15'),
(535, 323, 40, NULL, '116.72.229.198', 5, 0, '2026-07-27 05:24:27'),
(536, 256, 40, NULL, '106.78.36.65', 5, 0, '2026-07-27 05:27:29'),
(537, 252, 75, NULL, '203.187.235.21', 5, 0, '2026-07-27 05:29:19'),
(538, 272, 40, NULL, '106.78.36.65', 5, 0, '2026-07-27 05:29:21'),
(539, 244, 40, NULL, '106.78.36.65', 5, 0, '2026-07-27 05:40:57'),
(540, 291, 78, NULL, '220.158.183.16', 5, 0, '2026-07-27 05:43:06'),
(541, 315, 75, NULL, '106.78.36.65', 5, 0, '2026-07-27 06:07:58'),
(542, 279, 74, NULL, '171.61.27.51', 5, 0, '2026-07-27 06:23:31'),
(543, 256, 80, NULL, '203.187.235.21', 5, 0, '2026-07-27 06:24:50'),
(544, 332, 80, NULL, '203.187.235.21', 5, 0, '2026-07-27 06:27:12'),
(545, 343, 80, NULL, '203.187.235.21', 5, 0, '2026-07-27 06:30:28'),
(546, 279, 80, NULL, '203.187.235.21', 5, 0, '2026-07-27 06:30:37'),
(547, 315, 80, NULL, '203.187.235.21', 5, 0, '2026-07-27 06:34:37'),
(548, 250, 81, NULL, '106.222.216.205', 5, 0, '2026-07-27 06:49:04'),
(549, 339, 81, NULL, '106.222.216.205', 5, 0, '2026-07-27 06:55:32'),
(550, 314, 75, NULL, '106.78.36.65', 5, 0, '2026-07-27 06:59:12'),
(551, 255, 80, NULL, '203.187.235.21', 5, 0, '2026-07-27 08:01:24'),
(552, 254, 80, NULL, '203.187.235.21', 5, 0, '2026-07-27 08:04:52'),
(553, 244, 75, NULL, '106.78.36.65', 5, 0, '2026-07-27 08:13:20'),
(554, 332, 75, NULL, '106.78.36.65', 5, 0, '2026-07-27 08:13:41'),
(555, 329, 79, NULL, '112.133.220.139', 5, 0, '2026-07-27 08:14:52'),
(556, 291, 40, NULL, '152.56.143.2', 5, 0, '2026-07-27 08:36:46'),
(557, 271, 79, NULL, '112.133.220.139', 5, 0, '2026-07-27 08:40:30'),
(558, 344, 83, NULL, '203.187.235.21', 5, 0, '2026-07-27 10:08:43'),
(559, 305, 83, NULL, '203.187.235.21', 5, 0, '2026-07-27 10:08:52'),
(560, 255, 79, NULL, '112.133.220.139', 5, 0, '2026-07-27 10:33:20'),
(561, 244, 79, NULL, '220.158.183.16', 5, 0, '2026-07-27 10:35:13'),
(562, 250, 83, NULL, '203.187.235.21', 5, 0, '2026-07-27 10:36:45'),
(563, 253, 83, NULL, '203.187.235.21', 5, 0, '2026-07-27 10:38:08'),
(564, 256, 40, NULL, '152.56.143.2', 5, 0, '2026-07-27 11:28:25'),
(565, 241, 83, NULL, '203.187.235.21', 5, 0, '2026-07-27 11:52:58'),
(566, 255, 75, NULL, '203.187.235.21', 5, 0, '2026-07-27 12:27:23'),
(567, 256, 79, NULL, '112.133.220.139', 5, 0, '2026-07-27 12:28:13'),
(568, 339, 83, NULL, '203.187.235.21', 5, 0, '2026-07-27 12:33:37'),
(569, 335, 79, NULL, '112.133.220.139', 5, 0, '2026-07-27 12:35:22'),
(570, 256, 79, NULL, '112.133.220.139', 5, 0, '2026-07-27 12:35:34'),
(571, 241, 79, NULL, '112.133.220.139', 5, 0, '2026-07-27 12:36:39'),
(572, 344, 79, NULL, '220.158.183.16', 5, 0, '2026-07-27 12:38:26'),
(573, 338, 83, NULL, '203.187.235.21', 5, 0, '2026-07-27 12:38:48'),
(574, 344, 83, NULL, '203.187.235.21', 5, 0, '2026-07-27 12:39:46'),
(575, 256, 83, NULL, '203.187.235.21', 5, 0, '2026-07-27 12:58:48'),
(576, 332, 84, NULL, '106.222.216.205', 5, 0, '2026-07-27 13:02:34'),
(577, 256, 80, NULL, '203.187.235.21', 5, 0, '2026-07-27 13:04:39'),
(578, 245, 80, NULL, '203.187.235.21', 5, 0, '2026-07-27 13:04:59'),
(579, 272, 80, NULL, '203.187.235.21', 5, 0, '2026-07-27 13:05:14'),
(580, 250, 80, NULL, '203.187.235.21', 5, 0, '2026-07-27 13:05:41'),
(581, 343, 80, NULL, '203.187.235.21', 5, 0, '2026-07-27 13:05:49'),
(582, 325, 84, NULL, '106.222.216.205', 5, 0, '2026-07-27 13:06:33'),
(583, 252, 40, NULL, '116.72.229.198', 5, 0, '2026-07-27 13:06:36'),
(584, 254, 80, NULL, '203.187.235.21', 5, 0, '2026-07-27 13:06:53'),
(585, 271, 85, NULL, '171.61.27.51', 5, 0, '2026-07-27 13:15:04'),
(586, 271, 43, NULL, '116.72.229.198', 5, 0, '2026-07-27 13:15:50'),
(587, 250, 85, NULL, '171.61.27.51', 5, 0, '2026-07-27 13:23:59'),
(588, 329, 85, NULL, '171.61.27.51', 5, 0, '2026-07-27 13:24:38'),
(589, 316, 85, NULL, '171.61.27.51', 5, 0, '2026-07-27 13:27:04'),
(590, 253, 83, NULL, '203.187.235.30', 5, 0, '2026-07-28 04:43:23'),
(591, 252, 43, NULL, '106.222.217.47', 5, 0, '2026-07-28 04:47:02'),
(592, 348, 84, NULL, '106.222.217.47', 5, 0, '2026-07-28 04:51:45'),
(593, 251, 83, NULL, '203.187.235.30', 5, 0, '2026-07-28 04:54:38'),
(594, 271, 83, NULL, '203.187.235.30', 5, 0, '2026-07-28 04:55:01'),
(595, 345, 83, NULL, '203.187.235.30', 5, 0, '2026-07-28 04:55:09'),
(596, 249, 83, NULL, '203.187.235.30', 5, 0, '2026-07-28 04:56:16'),
(597, 322, 84, NULL, '106.222.217.47', 5, 0, '2026-07-28 05:07:00'),
(598, 350, 84, NULL, '106.222.217.47', 5, 0, '2026-07-28 05:07:55'),
(599, 241, 75, NULL, '203.187.235.30', 5, 0, '2026-07-28 05:12:46'),
(600, 241, 40, NULL, '106.222.217.47', 5, 0, '2026-07-28 05:17:00'),
(601, 289, 83, NULL, '106.222.217.47', 5, 0, '2026-07-28 05:23:02'),
(602, 316, 84, NULL, '106.222.217.47', 5, 0, '2026-07-28 05:40:12'),
(603, 279, 84, NULL, '106.222.217.47', 5, 0, '2026-07-28 05:45:00'),
(604, 350, 84, NULL, '106.222.217.47', 5, 0, '2026-07-28 05:45:35'),
(605, 350, 84, NULL, '106.222.217.47', 5, 0, '2026-07-28 05:47:20'),
(606, 241, 84, NULL, '106.222.217.47', 5, 0, '2026-07-28 05:49:17'),
(607, 350, 84, NULL, '106.222.217.47', 5, 0, '2026-07-28 05:49:29'),
(608, 272, 83, NULL, '106.222.217.47', 5, 0, '2026-07-28 06:19:35'),
(609, 322, 84, NULL, '106.222.217.47', 5, 0, '2026-07-28 06:30:58'),
(610, 256, 84, NULL, '106.222.217.47', 5, 0, '2026-07-28 07:08:08'),
(611, 251, 83, NULL, '203.187.235.30', 5, 0, '2026-07-28 08:40:17'),
(612, 314, 43, NULL, '203.187.235.30', 5, 0, '2026-07-28 09:08:46'),
(613, 241, 87, NULL, '106.78.37.123', 5, 0, '2026-07-28 09:10:19'),
(614, 348, 84, NULL, '106.222.217.47', 5, 0, '2026-07-28 09:18:52'),
(615, 253, 87, NULL, '106.78.37.123', 5, 0, '2026-07-28 09:24:45'),
(616, 256, 87, NULL, '106.78.37.123', 5, 0, '2026-07-28 09:27:37'),
(617, 300, 87, NULL, '106.78.37.123', 5, 0, '2026-07-28 09:32:11'),
(618, 338, 75, NULL, '203.187.235.30', 5, 0, '2026-07-28 09:47:29'),
(619, 358, 87, NULL, '106.78.37.123', 5, 0, '2026-07-28 09:48:57'),
(620, 254, 43, NULL, '106.78.37.123', 5, 0, '2026-07-28 09:49:27'),
(621, 332, 43, NULL, '106.78.37.123', 5, 0, '2026-07-28 09:49:53'),
(622, 244, 87, NULL, '106.78.37.123', 5, 0, '2026-07-28 09:51:13'),
(623, 355, 87, NULL, '106.78.37.123', 5, 0, '2026-07-28 09:54:22'),
(624, 344, 43, NULL, '106.78.37.123', 5, 0, '2026-07-28 09:55:41'),
(625, 241, 87, NULL, '106.78.37.123', 5, 0, '2026-07-28 09:58:10'),
(626, 250, 83, NULL, '203.187.235.30', 5, 0, '2026-07-28 10:01:59'),
(627, 355, 40, NULL, '106.222.217.47', 5, 0, '2026-07-28 10:53:46'),
(628, 255, 40, NULL, '220.158.183.16', 5, 0, '2026-07-28 10:55:47'),
(629, 256, 40, NULL, '106.222.217.47', 5, 0, '2026-07-28 11:07:24'),
(630, 241, 75, NULL, '203.187.235.30', 5, 0, '2026-07-28 11:28:15'),
(631, 255, 80, NULL, '203.187.235.30', 5, 0, '2026-07-28 11:35:25'),
(632, 255, 83, NULL, '203.187.235.30', 5, 0, '2026-07-28 11:37:39'),
(633, 244, 80, NULL, '203.187.235.30', 5, 0, '2026-07-28 11:40:51'),
(634, 342, 79, NULL, '220.158.183.16', 5, 0, '2026-07-28 11:43:37'),
(635, 256, 79, NULL, '220.158.183.16', 5, 0, '2026-07-28 11:46:11'),
(636, 287, 40, NULL, '152.56.142.230', 5, 0, '2026-07-28 11:50:17'),
(637, 271, 40, NULL, '152.56.142.230', 5, 0, '2026-07-28 11:50:38'),
(638, 315, 40, NULL, '152.56.142.230', 5, 0, '2026-07-28 11:56:46'),
(639, 339, 84, NULL, '106.222.217.47', 5, 0, '2026-07-28 12:22:43'),
(640, 305, 87, NULL, '106.78.36.113', 5, 0, '2026-07-28 12:36:14'),
(641, 254, 87, NULL, '106.78.36.107', 5, 0, '2026-07-28 12:45:57'),
(642, 253, 87, NULL, '106.78.37.112', 5, 0, '2026-07-28 12:56:14'),
(643, 291, 40, NULL, '116.72.229.198', 5, 0, '2026-07-28 17:12:17'),
(644, 243, 40, NULL, '116.72.229.198', 5, 0, '2026-07-28 17:44:51'),
(645, 289, 40, NULL, '116.72.229.198', 5, 0, '2026-07-28 17:58:14'),
(646, 286, 40, NULL, '116.72.229.198', 5, 0, '2026-07-28 17:58:20'),
(647, 254, 40, NULL, '116.72.229.198', 5, 0, '2026-07-28 18:00:42'),
(648, 255, 40, NULL, '152.58.0.121', 5, 0, '2026-07-28 21:01:57'),
(649, 358, 40, NULL, '152.58.1.71', 5, 0, '2026-07-28 21:24:32'),
(650, 352, 40, NULL, '152.58.2.210', 5, 0, '2026-07-28 21:28:06'),
(651, 315, 40, NULL, '152.58.1.94', 5, 0, '2026-07-28 21:48:03'),
(652, 287, 40, NULL, '152.58.1.94', 5, 0, '2026-07-28 21:51:12'),
(653, 338, 40, NULL, '152.58.2.3', 5, 0, '2026-07-28 21:56:56'),
(654, 289, 40, NULL, '152.58.0.4', 5, 0, '2026-07-28 21:57:34'),
(655, 272, 40, NULL, '152.58.130.177', 5, 0, '2026-07-29 03:49:19'),
(656, 291, 43, NULL, '106.78.37.192', 5, 0, '2026-07-29 04:10:33'),
(657, 272, 87, NULL, '106.78.37.192', 5, 0, '2026-07-29 04:11:17'),
(658, 272, 44, NULL, '152.58.130.177', 5, 0, '2026-07-29 04:15:18'),
(659, 369, 59, NULL, '1.38.165.228', 5, 0, '2026-07-29 04:23:53'),
(660, 271, 79, NULL, '112.133.220.139', 5, 0, '2026-07-29 04:28:24'),
(661, 250, 44, NULL, '152.58.130.177', 5, 0, '2026-07-29 04:32:54'),
(662, 378, 40, NULL, '152.58.130.177', 5, 0, '2026-07-29 04:41:40'),
(663, 286, 40, NULL, '152.58.130.177', 5, 0, '2026-07-29 04:43:14'),
(664, 271, 40, NULL, '106.78.37.192', 5, 0, '2026-07-29 06:11:09'),
(665, 300, 74, NULL, '152.56.69.158', 5, 0, '2026-07-29 08:17:44');

-- --------------------------------------------------------

--
-- Table structure for table `products`
--

CREATE TABLE `products` (
  `id` bigint(20) UNSIGNED NOT NULL,
  `user_id` bigint(20) UNSIGNED NOT NULL,
  `business_id` bigint(20) DEFAULT NULL,
  `shop_category_id` bigint(20) UNSIGNED NOT NULL,
  `name` varchar(255) CHARACTER SET utf8mb4 COLLATE utf8mb4_unicode_ci NOT NULL,
  `description` text CHARACTER SET utf8mb4 COLLATE utf8mb4_unicode_ci DEFAULT NULL,
  `attributes` longtext CHARACTER SET utf8mb4 COLLATE utf8mb4_bin DEFAULT NULL,
  `images` text CHARACTER SET utf8mb4 COLLATE utf8mb4_unicode_ci DEFAULT NULL,
  `price` decimal(10,2) NOT NULL,
  `sale_price` decimal(10,2) DEFAULT NULL,
  `stock` int(11) NOT NULL DEFAULT 0,
  `image` varchar(255) CHARACTER SET utf8mb4 COLLATE utf8mb4_unicode_ci DEFAULT NULL,
  `status` int(11) NOT NULL DEFAULT 0,
  `is_active` tinyint(1) NOT NULL DEFAULT 1,
  `created_at` timestamp NULL DEFAULT NULL,
  `updated_at` timestamp NULL DEFAULT NULL
) ENGINE=InnoDB DEFAULT CHARSET=utf8mb3 COLLATE=utf8mb3_general_ci;

--
-- Dumping data for table `products`
--

INSERT INTO `products` (`id`, `user_id`, `business_id`, `shop_category_id`, `name`, `description`, `attributes`, `images`, `price`, `sale_price`, `stock`, `image`, `status`, `is_active`, `created_at`, `updated_at`) VALUES
(3, 40, 1, 1, 'Hollow Hoddie', 'What is better than hollow hoddie', '{\"Color\": [\"White\", \"Black\", \"Blue\"]}', '[\"products\\/HJjaH5jscCwdzjcYxHUJltiSYwDz2G6weAepQHOJ.jpg\",\"products\\/kEusSL9700dlTtqYIjbLhQWDnC3f8VSiOjatzmDH.webp\",\"products\\/LiUHqXxeaOKQNiCFG0XMl8A1ZVwOI9r0qsJwYZuV.jpg\"]', 199.00, NULL, 1989, 'products/HJjaH5jscCwdzjcYxHUJltiSYwDz2G6weAepQHOJ.jpg', 1, 1, '2025-12-24 01:24:49', '2026-01-13 06:25:58'),
(5, 40, 1, 1, 'Hollow Hood', 'Hollow Hood', '{\"Size\": [\"S\", \"M\", \"L\", \"XL\"]}', '\"[\\\"products\\\\\\/oN4pqbwolROfCo4YoMMbxtY0KCQlVrcqoKKm2frK.webp\\\",\\\"products\\\\\\/I9nElgwqjApS1PAWUB6NQ2cFIz0nUFOIwJGB4lnb.jpg\\\"]\"', 299.00, NULL, 29986, 'products/oN4pqbwolROfCo4YoMMbxtY0KCQlVrcqoKKm2frK.webp', 1, 1, '2025-12-24 06:44:55', '2026-02-12 00:24:42'),
(8, 40, 1, 1, 'my product', 'test', '[]', NULL, 100.00, NULL, 15, 'products/DvZISgcq6M13bxbn8XpKzXdoqxDlakGNuelQ6IOJ.jpg', 0, 1, '2026-01-06 09:12:42', '2026-01-06 09:12:42'),
(11, 40, 1, 1, 'Hitz Men\'s Grey Casual Lace Up Shoes', 'Fashion and reasonable price. The shoes is made by a kind of comfortable material with simple and elegant design. Quality is the first with best service.', '{\"size\":[\"40\\/6\",\"41\\/7\",\"42\\/8\"]}', NULL, 3133.00, NULL, 7, 'products/V7nGTtU0KnyEBMUuQV1iGIZW38grT3xJ7IJuvdjY.jpg', 1, 1, '2026-01-12 04:24:53', '2026-07-28 12:19:53'),
(12, 43, 5, 1, 'Tshirt', 'Blue and Green Oversized', '[]', NULL, 900.00, NULL, 37, 'products/nC4CvyTgwd8IVQr26lFiK0H1YRCOFFp3TqBneNJO.jpg', 1, 1, '2026-01-12 04:51:36', '2026-07-21 04:31:41'),
(14, 40, 1, 1, 'Canon camera', 'Product description', '[]', NULL, 1500.00, NULL, 15, 'products/FB6H3B9XUqpyhXlS8V41IV9jvvLrH4GJDr4Ntomr.jpg', 0, 1, '2026-01-15 05:25:28', '2026-01-15 05:25:28'),
(15, 43, 5, 1, 'Nike Shoes', 'Shoes', '[]', '\"[\\\"products\\\\\\/NXqSEdAtCVIrJstT3QvSJ2f4rcgn0WXTG2a5o1Fs.webp\\\"]\"', 100.00, NULL, 9991, 'products/NXqSEdAtCVIrJstT3QvSJ2f4rcgn0WXTG2a5o1Fs.webp', 1, 1, '2026-02-25 04:26:37', '2026-07-28 10:43:55'),
(16, 40, 1, 1, 'mobile', '8 imag', '[]', '\"[\\\"products\\\\\\/3J4sTe0sqKi4lf7Z8pA2I9iIGvqx4kifXXXkVN8M.png\\\",\\\"products\\\\\\/um2Cym3aCcpBETZMH0RI4oPmu1Gsy5xjgGo9CK5Q.png\\\",\\\"products\\\\\\/eUw4acAMfb6AcstZ3u9IwqZ9EMLRmFOf2XSw6Q6U.png\\\",\\\"products\\\\\\/MgLs5tRZEUTZy5XI8KYfCH54kiUNqhSwE871MBv2.png\\\",\\\"products\\\\\\/X6XDZxhb01IGGnaUAE3vdDuPUK781u2sPx9yGqGV.png\\\",\\\"products\\\\\\/l7ex8FCBr2EhG0D9PICPbczxlKfJJV6HM35xm8nR.png\\\",\\\"products\\\\\\/rb0PSC4TV9ip86ZJPCGmJZ7dUlUDoJ4tJoOucvlB.png\\\",\\\"products\\\\\\/Vq7Htllv6sUiwOLu9i9k5BRzCOp2kNKS3HdD7AIf.png\\\"]\"', 500.00, NULL, 5, 'products/3J4sTe0sqKi4lf7Z8pA2I9iIGvqx4kifXXXkVN8M.png', 0, 1, '2026-07-22 04:17:28', '2026-07-22 04:17:28'),
(17, 40, 1, 1, 'mobile', '1 img', '[]', '\"[\\\"products\\\\\\/s5OdKbbFfTowQPioCkX0O6a5ScS1uWyDlt0GFmk1.png\\\"]\"', 100.00, NULL, 1, 'products/s5OdKbbFfTowQPioCkX0O6a5ScS1uWyDlt0GFmk1.png', 0, 1, '2026-07-22 04:21:13', '2026-07-22 04:21:13'),
(18, 40, 1, 1, 'tester', 'test', '[]', '\"[\\\"products\\\\\\/mbF1PgS7YoG3uVAYJ1LEqacbAUTqlM3HOc7uRII4.png\\\",\\\"products\\\\\\/Xk5bkFcqYQz35snd0ogjTYNfoCzadnPmDxHG4Nvg.png\\\",\\\"products\\\\\\/lVCzi6SIrb8enj4UsymCRPpihCGsSbeqzsauNtYq.png\\\",\\\"products\\\\\\/1ozQv0YNwhsY5l9KlzssdZYwXaHuoFWzZXhlkLPX.png\\\",\\\"products\\\\\\/1jXfGNBs7Xg8tQnSryOFPzHhQ85PTyhXg99urRWZ.png\\\",\\\"products\\\\\\/7sbEhf2qD4xlRicJPmgXBbl2Ztg1uY2IRUXxZQQv.png\\\",\\\"products\\\\\\/aiuwq0OuvbjgokIyUWROqCYUtVx3rqnlSrmBaXNt.png\\\"]\"', 220.00, NULL, 10, 'products/mbF1PgS7YoG3uVAYJ1LEqacbAUTqlM3HOc7uRII4.png', 0, 1, '2026-07-22 05:49:33', '2026-07-22 05:49:33'),
(19, 40, 1, 1, 'tester', 'test', '[]', '\"[\\\"products\\\\\\/NZrsYLxtW9SdDvndiuhC814s2fzJxVsS0WXBwLUR.png\\\",\\\"products\\\\\\/HH5vL2w646wBZIN3NuQEzQGP8Ypvrtgqzfa68tdT.png\\\",\\\"products\\\\\\/bBmfTZ0ZMLXFvSfxydW99GCcyIca4E8uwC8zOfxR.png\\\",\\\"products\\\\\\/i7xATxMR4Q7kEWKzcfGUcw11poFUuTdNSeJwtuzG.png\\\",\\\"products\\\\\\/ZInsqswmmCnxnAyJVBZxzPqLZdMEC7rPGeU3QPAD.png\\\",\\\"products\\\\\\/bHFHnPE4DH5BmF2yLV114xtCuK23aA0b7u0ao4zA.png\\\",\\\"products\\\\\\/Scp3vgcfPDze5QnNg7pDGtq46SsSJfob7cda3V5f.png\\\"]\"', 220.00, NULL, 10, 'products/NZrsYLxtW9SdDvndiuhC814s2fzJxVsS0WXBwLUR.png', 0, 1, '2026-07-22 05:49:38', '2026-07-22 05:49:38'),
(20, 40, 1, 1, 'tester', 'test', '[]', '\"[\\\"products\\\\\\/VZDIPflXewHG1uE8IjB8Xj9RscHd738r5l6Mr1by.png\\\"]\"', 220.00, NULL, 10, 'products/VZDIPflXewHG1uE8IjB8Xj9RscHd738r5l6Mr1by.png', 0, 1, '2026-07-22 05:49:40', '2026-07-22 05:49:40'),
(21, 40, 1, 1, 'tester', 'test', '[]', '\"[\\\"products\\\\\\/h7yqNuEGDZrlxnTdAeBTm354IrzEnFiOgFT8ePl3.png\\\",\\\"products\\\\\\/9VdzpWUW0GwoyprgwJ5rkexTCJ6twtZNyp57lFKZ.png\\\",\\\"products\\\\\\/RCajlCZ2nBLahAiAGGgD8fZJ4OzNfInZWbzlAmJn.png\\\",\\\"products\\\\\\/zHWJgDL0OBJGxjLeXsznc0yp2CPI1P5co8XyItW1.png\\\",\\\"products\\\\\\/xPYFkm2D0l5V8r86Rzzw1AqGOTveoTqq6zsRH2Zd.png\\\",\\\"products\\\\\\/vWR47I2EQlx1KmznHusiRKHzn5MKcwZcBJUniG6i.png\\\",\\\"products\\\\\\/H4rUPBz4rk6fDoFwP01Bq1ePHq9yUQwU5M0qPCjQ.png\\\"]\"', 220.00, NULL, 10, 'products/h7yqNuEGDZrlxnTdAeBTm354IrzEnFiOgFT8ePl3.png', 0, 1, '2026-07-22 05:49:47', '2026-07-22 05:49:47'),
(22, 75, 7, 1, 'Avenger Bag', 'Bag', '{\"Free\":[\"L\"]}', '\"[\\\"products\\\\\\/hrNxrwE7qbgSRFYVDbBfnooOfABDuFXQIPHNOIDU.webp\\\"]\"', 50.00, NULL, 5, 'products/hrNxrwE7qbgSRFYVDbBfnooOfABDuFXQIPHNOIDU.webp', 0, 1, '2026-07-27 06:53:23', '2026-07-27 06:53:23'),
(23, 75, 7, 1, 'Shoulder bag', 'Shoulder Bag', '{\"Free\":[\"L\"]}', '\"[\\\"products\\\\\\/lKdwUO0fcspvWHOc1ZlezOIdCu8H8QhDblqhVppe.webp\\\"]\"', 60.00, NULL, 30, 'products/lKdwUO0fcspvWHOc1ZlezOIdCu8H8QhDblqhVppe.webp', 0, 1, '2026-07-27 06:54:29', '2026-07-27 06:54:29'),
(24, 75, 7, 1, 'Laptop Bag', 'Laptop Bag', '{\"Free\":[\"L\"]}', '\"[\\\"products\\\\\\/qW9VsQVtxBTMxPlZxaSxcdPZIAb2Vyuemn5QI95N.webp\\\"]\"', 35.00, NULL, 24, 'products/qW9VsQVtxBTMxPlZxaSxcdPZIAb2Vyuemn5QI95N.webp', 0, 1, '2026-07-27 06:55:35', '2026-07-27 06:55:35'),
(25, 75, 7, 1, 'casual', 'casual', '{\"Free\":[\"L\"]}', '\"[\\\"products\\\\\\/f5OgHwXc0VUySOZkeSl0hIBKMut0euQmWOLNwaQW.webp\\\"]\"', 45.00, NULL, 40, 'products/f5OgHwXc0VUySOZkeSl0hIBKMut0euQmWOLNwaQW.webp', 0, 1, '2026-07-27 06:57:02', '2026-07-27 06:57:02'),
(26, 75, 7, 1, 'casual', 'Casual', '{\"Free\":[\"L\"]}', '\"[\\\"products\\\\\\/vWgnHIDcYHZbwErc4jm0Sqxea0cjf7l97oEfmoP3.webp\\\"]\"', 34.00, NULL, 21, 'products/vWgnHIDcYHZbwErc4jm0Sqxea0cjf7l97oEfmoP3.webp', 0, 1, '2026-07-27 06:58:14', '2026-07-27 06:58:14'),
(27, 75, 7, 1, 'Shoulder bag', 'Shoulder bag', '{\"Free\":[\"L\"]}', '\"[\\\"products\\\\\\/aLtGINA7Paq1reZ0CAWNyCH5FcNIGlTumlhco1bP.webp\\\"]\"', 25.00, NULL, 0, 'products/aLtGINA7Paq1reZ0CAWNyCH5FcNIGlTumlhco1bP.webp', 0, 1, '2026-07-27 07:03:55', '2026-07-27 07:03:55'),
(28, 84, 9, 1, 'car', 'fronz car', '{\"small\":[\"450\"],\"mis\":[\"500\"],\"large\":[\"530\"]}', NULL, 12.00, NULL, 2, 'products/pnoOugzHskvCne2uNCetxYhP8xqMmnQUvFxbkb0v.png', 1, 1, '2026-07-28 12:31:07', '2026-07-28 12:32:04'),
(29, 79, 10, 3, 'blue orchid', 'blue orchids', '{\"orchid\":[\"small\"]}', '\"[\\\"products\\\\\\/cnCuOhV8WHMm2Lt8EFafuEIwPDtqmEMcfIhmInSM.webp\\\"]\"', 100.00, NULL, 12, 'products/cnCuOhV8WHMm2Lt8EFafuEIwPDtqmEMcfIhmInSM.webp', 0, 1, '2026-07-29 06:20:03', '2026-07-29 06:20:03');

-- --------------------------------------------------------

--
-- Table structure for table `product_reviews`
--

CREATE TABLE `product_reviews` (
  `id` bigint(20) UNSIGNED NOT NULL,
  `product_id` bigint(20) UNSIGNED NOT NULL,
  `user_id` bigint(20) UNSIGNED NOT NULL,
  `rating` int(11) NOT NULL,
  `review` text DEFAULT NULL,
  `file` varchar(255) DEFAULT NULL,
  `file_type` varchar(255) DEFAULT NULL,
  `created_at` timestamp NULL DEFAULT NULL,
  `updated_at` timestamp NULL DEFAULT NULL
) ENGINE=MyISAM DEFAULT CHARSET=utf8mb4 COLLATE=utf8mb4_unicode_ci;

--
-- Dumping data for table `product_reviews`
--

INSERT INTO `product_reviews` (`id`, `product_id`, `user_id`, `rating`, `review`, `file`, `file_type`, `created_at`, `updated_at`) VALUES
(1, 3, 40, 4, 'Nice product', NULL, NULL, '2025-12-24 06:23:16', '2025-12-24 06:23:16'),
(2, 5, 40, 5, 'Even my cat likes this', NULL, NULL, '2025-12-24 06:56:22', '2025-12-24 06:56:22'),
(3, 5, 47, 5, 'nice', NULL, NULL, '2026-01-07 10:17:21', '2026-01-07 10:17:21'),
(4, 9, 47, 5, 'Nice', NULL, NULL, '2026-01-08 06:46:47', '2026-01-08 06:46:47'),
(5, 9, 48, 5, 'fgh', NULL, NULL, '2026-01-12 04:16:19', '2026-01-12 04:16:19'),
(6, 12, 54, 5, 'nice product', NULL, NULL, '2026-01-16 09:20:15', '2026-01-16 09:20:15'),
(7, 10, 40, 5, 'nice product', NULL, NULL, '2026-02-10 04:24:00', '2026-02-10 04:24:00'),
(8, 11, 40, 5, 'nice product', NULL, NULL, '2026-02-10 04:24:43', '2026-02-10 04:24:43'),
(9, 15, 84, 3, 'good product', NULL, NULL, '2026-07-28 10:40:06', '2026-07-28 10:40:06');

-- --------------------------------------------------------

--
-- Table structure for table `report_posts`
--

CREATE TABLE `report_posts` (
  `id` int(11) NOT NULL,
  `reason` varchar(255) NOT NULL,
  `description` text NOT NULL,
  `post_id` int(11) DEFAULT NULL,
  `by_user_id` int(11) DEFAULT NULL,
  `created_at` timestamp NOT NULL DEFAULT current_timestamp(),
  `updated_at` timestamp NOT NULL DEFAULT current_timestamp()
) ENGINE=InnoDB DEFAULT CHARSET=utf8mb4 COLLATE=utf8mb4_general_ci;

-- --------------------------------------------------------

--
-- Table structure for table `report_reasons`
--

CREATE TABLE `report_reasons` (
  `id` int(11) NOT NULL,
  `title` varchar(255) NOT NULL,
  `created_at` timestamp NOT NULL DEFAULT current_timestamp(),
  `updated_at` timestamp NOT NULL DEFAULT current_timestamp()
) ENGINE=InnoDB DEFAULT CHARSET=utf8mb4 COLLATE=utf8mb4_general_ci;

--
-- Dumping data for table `report_reasons`
--

INSERT INTO `report_reasons` (`id`, `title`, `created_at`, `updated_at`) VALUES
(1, 'Abusive Content', '2022-04-06 13:23:37', '2022-04-06 13:23:37'),
(2, 'Copyright Infrigment', '2022-04-06 13:23:37', '2025-05-26 04:05:51');

-- --------------------------------------------------------

--
-- Table structure for table `report_user`
--

CREATE TABLE `report_user` (
  `id` int(11) NOT NULL,
  `reason` varchar(255) DEFAULT NULL,
  `description` text DEFAULT NULL,
  `user_id` int(11) DEFAULT NULL,
  `by_user_id` int(11) DEFAULT NULL,
  `created_at` timestamp NOT NULL DEFAULT current_timestamp(),
  `updated_at` timestamp NOT NULL DEFAULT current_timestamp()
) ENGINE=InnoDB DEFAULT CHARSET=utf8mb4 COLLATE=utf8mb4_general_ci;

--
-- Dumping data for table `report_user`
--

INSERT INTO `report_user` (`id`, `reason`, `description`, `user_id`, `by_user_id`, `created_at`, `updated_at`) VALUES
(7, 'Abusive Content', 'active abusive content report this user', 86, 84, '2026-07-28 06:46:58', '2026-07-28 06:46:58');

-- --------------------------------------------------------

--
-- Table structure for table `restriction_username`
--

CREATE TABLE `restriction_username` (
  `id` int(11) NOT NULL,
  `username` varchar(555) DEFAULT NULL,
  `created_at` timestamp NOT NULL DEFAULT current_timestamp(),
  `updated_at` timestamp NOT NULL DEFAULT current_timestamp()
) ENGINE=InnoDB DEFAULT CHARSET=utf8mb4 COLLATE=utf8mb4_general_ci;

-- --------------------------------------------------------

--
-- Table structure for table `shop_categories`
--

CREATE TABLE `shop_categories` (
  `id` bigint(20) UNSIGNED NOT NULL,
  `name` varchar(255) NOT NULL,
  `image` varchar(255) DEFAULT NULL,
  `is_active` tinyint(1) NOT NULL DEFAULT 1,
  `created_at` timestamp NULL DEFAULT NULL,
  `updated_at` timestamp NULL DEFAULT NULL
) ENGINE=MyISAM DEFAULT CHARSET=utf8mb4 COLLATE=utf8mb4_unicode_ci;

--
-- Dumping data for table `shop_categories`
--

INSERT INTO `shop_categories` (`id`, `name`, `image`, `is_active`, `created_at`, `updated_at`) VALUES
(1, 'Fashion & Apparel', 'shop_categories/Enlao5qKkfNvgzBC8jsGssDgUhT4nvVNKOOCdNcB.webp', 1, '2025-12-08 12:29:47', '2026-07-29 06:07:12'),
(2, 'Electronics', 'shop_categories/JqJpCVCfO3Pdw46u0iIhznzW819W3e0HLhu1TJ2W.jpg', 1, '2026-07-29 06:07:37', '2026-07-29 06:07:37'),
(3, 'Home & Garden', 'shop_categories/1aenrtUe0p3wrc7zMkm32UfxKq1e4J5ss7G1YMFK.jpg', 1, '2026-07-29 06:09:02', '2026-07-29 06:09:02'),
(4, 'Health & Beauty', 'shop_categories/UbaYAzPLsSwqQiSZ6kVrPU30ZpaG4LWiPSGsL6NG.jpg', 1, '2026-07-29 06:09:50', '2026-07-29 06:09:50');

-- --------------------------------------------------------

--
-- Table structure for table `stories`
--

CREATE TABLE `stories` (
  `id` int(11) NOT NULL,
  `user_id` int(11) DEFAULT NULL,
  `type` tinyint(4) NOT NULL DEFAULT 0 COMMENT '0=image 1=video',
  `content` varchar(999) DEFAULT NULL,
  `thumbnail` varchar(999) DEFAULT NULL,
  `sound_id` int(11) DEFAULT NULL,
  `duration` varchar(10) DEFAULT NULL,
  `view_by_user_ids` text DEFAULT NULL,
  `created_at` timestamp NOT NULL DEFAULT current_timestamp(),
  `updated_at` timestamp NOT NULL DEFAULT current_timestamp()
) ENGINE=InnoDB DEFAULT CHARSET=utf8mb4 COLLATE=utf8mb4_general_ci;

--
-- Dumping data for table `stories`
--

INSERT INTO `stories` (`id`, `user_id`, `type`, `content`, `thumbnail`, `sound_id`, `duration`, `view_by_user_ids`, `created_at`, `updated_at`) VALUES
(122, 40, 0, 'uploads/1767088754_MXTok_photo-1535713875002-d1d0cf377fde.jpg', NULL, NULL, '15', '43', '2025-12-30 04:29:14', '2025-12-30 05:46:45'),
(124, 40, 0, 'uploads/1767950613_MXTok_screenshot.png', NULL, NULL, '5', '40,48', '2026-01-09 09:23:33', '2026-01-09 09:28:48'),
(127, 40, 0, 'uploads/1768049672_MXTok_screenshot.png', NULL, NULL, '5', '48', '2026-01-10 12:54:32', '2026-01-10 12:55:27'),
(128, 40, 0, 'uploads/1768192689_MXTok_screenshot.png', NULL, NULL, '5', '48,40,43', '2026-01-12 04:38:09', '2026-01-12 05:01:06'),
(129, 40, 0, 'uploads/1768454945_MXTok_screenshot.png', NULL, NULL, '5', '40', '2026-01-15 05:29:05', '2026-01-15 05:29:20'),
(130, 40, 0, 'uploads/1768550921_MXTok_screenshot.png', NULL, NULL, '5', '40', '2026-01-16 08:08:41', '2026-01-16 08:08:52'),
(137, 54, 0, 'uploads/1770649202_MXTok_screenshot.png', NULL, NULL, '5', '54,40', '2026-02-09 09:30:02', '2026-02-10 02:45:50'),
(138, 54, 0, 'uploads/1770649227_MXTok_screenshot.png', NULL, NULL, '5', '54,40', '2026-02-09 09:30:27', '2026-02-10 03:04:39'),
(139, 43, 0, 'uploads/1770649488_MXTok_screenshot.png', NULL, NULL, '5', '43', '2026-02-09 09:34:48', '2026-02-09 09:35:42'),
(140, 40, 1, 'uploads/1770706388_MXTok_image_to_video_1770706371083.mp4', 'uploads/1770706388_MXTok_screenshot.png', 291, '5', '40,43', '2026-02-10 01:23:08', '2026-02-10 03:25:28'),
(141, 40, 1, 'uploads/1770706467_MXTok_image_to_video_1770706447714.mp4', 'uploads/1770706467_MXTok_screenshot.png', 293, '5', '40', '2026-02-10 01:24:27', '2026-02-10 02:45:39'),
(145, 40, 1, 'uploads/1770712381_MXTok_image_to_video_1770712363630.mp4', 'uploads/1770712381_MXTok_screenshot.png', 291, '5', '40', '2026-02-10 03:03:01', '2026-02-10 03:03:03'),
(150, 40, 1, 'uploads/1770713710_MXTok_istockphoto-1253263447-640_adpp_is.mp4', 'uploads/1770713710_MXTok_istockphoto-1253263447-640_adpp_is.jpg', NULL, '13', '40', '2026-02-10 03:25:10', '2026-02-10 03:25:20'),
(153, 40, 1, 'uploads/1770717942_MXTok_video_story_1770717924373.mp4', 'uploads/1770717942_MXTok_video_story_1770717924373.jpg', NULL, '13', '40', '2026-02-10 04:35:42', '2026-02-10 04:36:06'),
(154, 40, 1, 'uploads/1770717969_MXTok_video_story_1770717956470.mp4', 'uploads/1770717969_MXTok_video_story_1770717956470.jpg', 291, '13', '40', '2026-02-10 04:36:09', '2026-02-10 04:36:17'),
(155, 40, 1, 'uploads/1770876275_MXTok_1768797166022.mp4', 'uploads/1770876275_MXTok_1768797166022.jpg', NULL, '8', '40', '2026-02-12 00:34:35', '2026-02-12 00:34:48'),
(156, 40, 0, 'uploads/1771561601_MXTok_photo-1535713875002-d1d0cf377fde.jpg', NULL, 298, '15', NULL, '2026-02-19 22:56:41', '2026-02-19 22:56:41'),
(157, 40, 1, 'uploads/1771562339_MXTok_story_image_video.mp4', 'uploads/1771562341_MXTok_istockphoto-502176756-612x612.jpg', 298, '15', NULL, '2026-02-19 23:09:01', '2026-02-19 23:09:01'),
(161, 40, 0, 'uploads/1771846609_MXTok_image_filtered_1771846602431.jpg', NULL, NULL, '5', '40', '2026-02-23 11:36:49', '2026-02-23 11:36:51'),
(162, 40, 0, 'uploads/1771846642_MXTok_image_filtered_1771846636990.jpg', NULL, NULL, '5', '40', '2026-02-23 11:37:22', '2026-02-23 11:37:25'),
(163, 40, 1, 'uploads/1771846767_MXTok_image_to_video_1771846745648.mp4', 'uploads/1771846767_MXTok_compress_images_1771846745648.jpg', 299, '5', '40', '2026-02-23 11:39:27', '2026-02-23 11:39:31'),
(165, 40, 0, 'uploads/1771848042_MXTok_image_filtered_1771848037209.jpg', NULL, NULL, '5', '40', '2026-02-23 12:00:42', '2026-02-23 12:00:45'),
(166, 40, 0, 'uploads/1771848787_MXTok_image_filtered_1771848776446.jpg', NULL, NULL, '5', '40', '2026-02-23 12:13:07', '2026-02-23 12:13:09'),
(167, 40, 0, 'uploads/1771848813_MXTok_image_filtered_1771848808014.jpg', NULL, NULL, '5', '40', '2026-02-23 12:13:33', '2026-02-23 12:13:36'),
(168, 40, 1, 'uploads/1771848871_MXTok_image_to_video_1771848850301.mp4', 'uploads/1771848871_MXTok_compress_images_1771848850301.jpg', 299, '5', '40', '2026-02-23 12:14:31', '2026-02-23 12:14:34'),
(169, 40, 1, 'uploads/1771848981_MXTok_video_story_1771848958661.mp4', 'uploads/1771848981_MXTok_video_story_1771848958661.jpg', 299, '17', '40', '2026-02-23 12:16:21', '2026-02-23 12:16:24'),
(170, 40, 1, 'uploads/1771906339_MXTok_image_to_video_1771906306081.mp4', 'uploads/1771906339_MXTok_compress_images_1771906306081.jpg', 298, '5', '40', '2026-02-24 04:12:19', '2026-02-24 04:12:24'),
(171, 61, 1, 'uploads/1771993550_MXTok_image_to_video_1771993529275.mp4', 'uploads/1771993550_MXTok_compress_images_1771993529275.jpg', 299, '5', '61', '2026-02-25 04:25:50', '2026-02-25 04:25:52'),
(172, 61, 0, 'uploads/1771993615_MXTok_image_filtered_1771993604817.jpg', NULL, NULL, '5', '61', '2026-02-25 04:26:55', '2026-02-25 04:26:57'),
(173, 43, 0, 'uploads/1771994606_MXTok_Screenshot_2026-02-16_174936.png', NULL, NULL, '15', NULL, '2026-02-25 04:43:26', '2026-02-25 04:43:26'),
(174, 54, 1, 'uploads/1772080656_MXTok_image_to_video_1772080624675.mp4', 'uploads/1772080656_MXTok_compress_images_1772080624675.jpg', 299, '5', '54,40', '2026-02-25 23:07:36', '2026-02-26 00:17:49'),
(175, 40, 0, 'uploads/1772080888_MXTok_image_filtered_1772080878618.jpg', NULL, NULL, '5', '40', '2026-02-25 23:11:28', '2026-02-25 23:11:33'),
(176, 40, 1, 'uploads/1772085012_MXTok_image_to_video_1772084979930.mp4', 'uploads/1772085012_MXTok_compress_images_1772084979930.jpg', 299, '5', '40', '2026-02-26 00:20:12', '2026-02-26 00:20:20'),
(177, 43, 0, 'uploads/1784536088_MXTok_compress_images_1784536083544.jpg', NULL, NULL, '5', '43,40', '2026-07-20 08:28:08', '2026-07-20 10:21:20'),
(178, 40, 0, 'uploads/1784613765_MXTok_WhatsApp_Image_2026-05-21_at_11.55.43_AM.jpeg', NULL, NULL, '15', NULL, '2026-07-21 06:02:45', '2026-07-21 06:02:45'),
(179, 40, 1, 'uploads/1784614632_MXTok_story_image_video.mp4', 'uploads/1784614632_MXTok_ChatGPT_Image_Jun_30,_2026,_05_00_30_PM.png', 299, '15', NULL, '2026-07-21 06:17:12', '2026-07-21 06:17:12'),
(180, 40, 0, 'uploads/1784890071_MXTok_pexels-mark-palm-2154276041-38338209.jpg', NULL, NULL, '15', NULL, '2026-07-24 10:47:51', '2026-07-24 10:47:51'),
(181, 84, 1, 'uploads/1785158703_MXTok_test_vedio.mp4', 'uploads/1785158703_MXTok_test_vedio.jpg', NULL, '8', '85,84', '2026-07-27 13:25:03', '2026-07-28 04:49:31');

-- --------------------------------------------------------

--
-- Table structure for table `tbl_ad_config`
--

CREATE TABLE `tbl_ad_config` (
  `id` bigint(20) UNSIGNED NOT NULL,
  `admob_app_id_android` varchar(255) DEFAULT NULL,
  `admob_app_id_ios` varchar(255) DEFAULT NULL,
  `admob_native_android` varchar(255) DEFAULT NULL,
  `admob_native_ios` varchar(255) DEFAULT NULL,
  `admob_rewarded_android` varchar(255) DEFAULT NULL,
  `admob_rewarded_ios` varchar(255) DEFAULT NULL,
  `pangle_app_id_android` varchar(255) DEFAULT NULL,
  `pangle_app_id_ios` varchar(255) DEFAULT NULL,
  `pangle_native_android` varchar(255) DEFAULT NULL,
  `pangle_native_ios` varchar(255) DEFAULT NULL,
  `pangle_rewarded_android` varchar(255) DEFAULT NULL,
  `pangle_rewarded_ios` varchar(255) DEFAULT NULL,
  `native_ads_enabled` tinyint(1) NOT NULL DEFAULT 0,
  `rewarded_ads_enabled` tinyint(1) NOT NULL DEFAULT 0,
  `ad_feed_positions` longtext CHARACTER SET utf8mb4 COLLATE utf8mb4_bin DEFAULT NULL CHECK (json_valid(`ad_feed_positions`)),
  `max_ads_per_session` int(11) NOT NULL DEFAULT 10,
  `coins_per_rewarded_ad` int(11) NOT NULL DEFAULT 10,
  `max_rewarded_ads_per_day` int(11) NOT NULL DEFAULT 5,
  `created_at` timestamp NULL DEFAULT NULL,
  `updated_at` timestamp NULL DEFAULT NULL
) ENGINE=MyISAM DEFAULT CHARSET=utf8mb4 COLLATE=utf8mb4_unicode_ci;

--
-- Dumping data for table `tbl_ad_config`
--

INSERT INTO `tbl_ad_config` (`id`, `admob_app_id_android`, `admob_app_id_ios`, `admob_native_android`, `admob_native_ios`, `admob_rewarded_android`, `admob_rewarded_ios`, `pangle_app_id_android`, `pangle_app_id_ios`, `pangle_native_android`, `pangle_native_ios`, `pangle_rewarded_android`, `pangle_rewarded_ios`, `native_ads_enabled`, `rewarded_ads_enabled`, `ad_feed_positions`, `max_ads_per_session`, `coins_per_rewarded_ad`, `max_rewarded_ads_per_day`, `created_at`, `updated_at`) VALUES
(1, 'ca-app-pub-8300336792843026~5341371568', NULL, 'ca-app-pub-8300336792843026/4440041794', NULL, 'ca-app-pub-8300336792843026/3976319004', NULL, '8787433', NULL, '982841769', NULL, '982841768', NULL, 1, 1, '[5, 15, 25, 35, 40]', 20, 30, 10, '2026-02-19 03:09:20', '2026-02-24 04:17:39');

-- --------------------------------------------------------

--
-- Table structure for table `tbl_ad_rewards`
--

CREATE TABLE `tbl_ad_rewards` (
  `id` bigint(20) UNSIGNED NOT NULL,
  `user_id` bigint(20) UNSIGNED NOT NULL,
  `ad_network` varchar(255) NOT NULL DEFAULT 'admob_mediation',
  `reward_amount` int(11) NOT NULL,
  `created_at` timestamp NULL DEFAULT NULL,
  `updated_at` timestamp NULL DEFAULT NULL
) ENGINE=MyISAM DEFAULT CHARSET=utf8mb4 COLLATE=utf8mb4_unicode_ci;

--
-- Dumping data for table `tbl_ad_rewards`
--

INSERT INTO `tbl_ad_rewards` (`id`, `user_id`, `ad_network`, `reward_amount`, `created_at`, `updated_at`) VALUES
(1, 40, 'AdMob', 30, '2026-02-24 04:08:09', '2026-02-24 04:08:09'),
(2, 40, 'AdMob', 30, '2026-02-24 04:18:41', '2026-02-24 04:18:41');

-- --------------------------------------------------------

--
-- Table structure for table `tbl_coin_plan`
--

CREATE TABLE `tbl_coin_plan` (
  `id` int(11) NOT NULL,
  `image` varchar(999) DEFAULT NULL,
  `status` tinyint(1) NOT NULL DEFAULT 1 COMMENT '1=on 0=off',
  `coin_amount` int(11) NOT NULL,
  `coin_plan_price` float NOT NULL DEFAULT 0,
  `playstore_product_id` varchar(100) NOT NULL,
  `appstore_product_id` varchar(100) NOT NULL,
  `created_at` timestamp NOT NULL DEFAULT current_timestamp(),
  `updated_at` datetime DEFAULT NULL
) ENGINE=InnoDB DEFAULT CHARSET=utf8mb4 COLLATE=utf8mb4_general_ci;

--
-- Dumping data for table `tbl_coin_plan`
--

INSERT INTO `tbl_coin_plan` (`id`, `image`, `status`, `coin_amount`, `coin_plan_price`, `playstore_product_id`, `appstore_product_id`, `created_at`, `updated_at`) VALUES
(8, 'uploads/1768564287_MXTok_photo-1535713875002-d1d0cf377fde.jpg', 1, 20, 20, 'https://mxtok.mimeld.com/admin/coinPackages', 'https://mxtok.mimeld.com/admin/coinPackages', '2026-01-16 11:51:27', '2026-01-16 11:51:27'),
(9, 'uploads/1768564384_MXTok_Screenshot_2026-01-12_134104.png', 1, 500, 100, 'https://mxtok.mimeld.com/', 'https://mxtok.mimeld.com/', '2026-01-16 11:53:04', '2026-01-16 11:53:04');

-- --------------------------------------------------------

--
-- Table structure for table `tbl_comments`
--

CREATE TABLE `tbl_comments` (
  `id` int(11) NOT NULL,
  `post_id` int(11) NOT NULL,
  `user_id` int(11) NOT NULL,
  `comment` varchar(999) DEFAULT NULL,
  `mentioned_user_ids` varchar(999) DEFAULT NULL,
  `likes` int(11) NOT NULL DEFAULT 0,
  `replies_count` int(11) NOT NULL DEFAULT 0,
  `is_pinned` tinyint(1) NOT NULL DEFAULT 0 COMMENT '0=no 1=yes',
  `type` tinyint(1) NOT NULL DEFAULT 0 COMMENT '0=text 1=image',
  `created_at` timestamp NOT NULL DEFAULT current_timestamp(),
  `updated_at` datetime DEFAULT NULL
) ENGINE=InnoDB DEFAULT CHARSET=utf8mb4 COLLATE=utf8mb4_general_ci;

--
-- Dumping data for table `tbl_comments`
--

INSERT INTO `tbl_comments` (`id`, `post_id`, `user_id`, `comment`, `mentioned_user_ids`, `likes`, `replies_count`, `is_pinned`, `type`, `created_at`, `updated_at`) VALUES
(355, 281, 46, 'Awesome', NULL, 0, 0, 0, 0, '2026-01-08 09:54:07', '2026-01-08 09:54:07'),
(360, 268, 40, 'hii', NULL, 0, 0, 0, 0, '2026-01-12 06:16:50', '2026-01-12 06:16:50'),
(363, 267, 40, '💐', NULL, 0, 0, 0, 0, '2026-01-16 10:33:44', '2026-01-16 10:33:44'),
(365, 281, 40, 'Price?', NULL, 0, 0, 0, 0, '2026-02-12 00:26:25', '2026-02-12 05:56:25'),
(372, 250, 43, 'dhxhz', NULL, 0, 0, 0, 0, '2026-07-20 11:20:13', '2026-07-20 11:20:13'),
(373, 250, 43, '@54', '54', 0, 0, 0, 0, '2026-07-20 11:20:27', '2026-07-20 11:20:27'),
(376, 291, 40, 'hii', NULL, 0, 0, 0, 1, '2026-07-21 06:01:27', '2026-07-21 06:01:27'),
(379, 339, 43, 'flower', NULL, 1, 0, 0, 1, '2026-07-24 11:07:40', '2026-07-24 11:07:43'),
(380, 334, 43, 'blue', NULL, 1, 0, 0, 1, '2026-07-24 11:08:29', '2026-07-24 11:08:33'),
(382, 342, 83, 'Great post', NULL, 0, 0, 0, 1, '2026-07-27 12:34:56', '2026-07-27 12:34:56'),
(383, 344, 79, 'wow', NULL, 1, 0, 0, 1, '2026-07-27 12:38:25', '2026-07-27 12:39:46'),
(385, 332, 84, '1st comment', NULL, 0, 0, 0, 0, '2026-07-27 13:02:37', '2026-07-27 13:02:37'),
(386, 332, 84, 'by rkt', NULL, 0, 0, 0, 0, '2026-07-27 13:02:42', '2026-07-27 13:02:42'),
(387, 271, 85, '@miracuves16091', '54', 1, 0, 0, 0, '2026-07-27 13:15:13', '2026-07-27 13:15:17'),
(391, 350, 43, 'hiiii', NULL, 0, 0, 0, 1, '2026-07-28 04:50:59', '2026-07-28 04:50:59'),
(393, 350, 40, 'Hello', NULL, 0, 0, 0, 1, '2026-07-28 05:03:02', '2026-07-28 05:03:02'),
(396, 364, 43, 'wow', NULL, 0, 0, 0, 1, '2026-07-28 10:51:22', '2026-07-28 10:51:22'),
(397, 364, 43, 'nice car', NULL, 0, 0, 0, 1, '2026-07-28 10:51:29', '2026-07-28 10:51:29'),
(398, 364, 43, 'red colour', NULL, 1, 0, 0, 1, '2026-07-28 10:51:46', '2026-07-28 11:17:36'),
(399, 334, 87, 'hi', NULL, 1, 0, 0, 0, '2026-07-28 12:49:20', '2026-07-28 12:51:50');

-- --------------------------------------------------------

--
-- Table structure for table `tbl_countries`
--

CREATE TABLE `tbl_countries` (
  `id` bigint(20) UNSIGNED NOT NULL,
  `name` varchar(255) NOT NULL,
  `iso_code` varchar(3) NOT NULL,
  `phone_code` varchar(10) DEFAULT NULL,
  `is_active` tinyint(1) NOT NULL DEFAULT 1,
  `created_at` timestamp NULL DEFAULT NULL,
  `updated_at` timestamp NULL DEFAULT NULL
) ENGINE=MyISAM DEFAULT CHARSET=utf8mb4 COLLATE=utf8mb4_unicode_ci;

--
-- Dumping data for table `tbl_countries`
--

INSERT INTO `tbl_countries` (`id`, `name`, `iso_code`, `phone_code`, `is_active`, `created_at`, `updated_at`) VALUES
(1, 'United States', 'US', '+1', 1, '2025-12-18 00:20:05', '2025-12-18 00:20:05'),
(2, 'India', 'IN', '+91', 1, '2025-12-18 00:20:05', '2025-12-18 00:20:05'),
(3, 'United Kingdom', 'GB', '+44', 1, '2025-12-18 00:20:05', '2025-12-18 00:20:05'),
(4, 'Canada', 'CA', '+1', 1, '2025-12-18 00:20:05', '2025-12-18 00:20:05'),
(5, 'Australia', 'AU', '+61', 1, '2025-12-18 00:20:05', '2025-12-18 00:20:05');

-- --------------------------------------------------------

--
-- Table structure for table `tbl_creator_managers`
--

CREATE TABLE `tbl_creator_managers` (
  `id` bigint(20) UNSIGNED NOT NULL,
  `creator_id` bigint(20) UNSIGNED NOT NULL,
  `manager_id` bigint(20) UNSIGNED NOT NULL,
  `permissions` longtext CHARACTER SET utf8mb4 COLLATE utf8mb4_bin DEFAULT NULL COMMENT 'List of permissions granted to the manager',
  `created_at` timestamp NULL DEFAULT NULL,
  `updated_at` timestamp NULL DEFAULT NULL
) ENGINE=InnoDB DEFAULT CHARSET=utf8mb3 COLLATE=utf8mb3_general_ci;

-- --------------------------------------------------------

--
-- Table structure for table `tbl_creator_subscriptions`
--

CREATE TABLE `tbl_creator_subscriptions` (
  `id` bigint(20) UNSIGNED NOT NULL,
  `user_id` bigint(20) UNSIGNED NOT NULL,
  `creator_id` bigint(20) UNSIGNED NOT NULL,
  `plan_id` bigint(20) UNSIGNED NOT NULL,
  `status` tinyint(1) NOT NULL DEFAULT 1,
  `valid_until_date` timestamp NOT NULL DEFAULT current_timestamp() ON UPDATE current_timestamp(),
  `auto_renew` tinyint(1) NOT NULL DEFAULT 1,
  `created_at` timestamp NULL DEFAULT NULL,
  `updated_at` timestamp NULL DEFAULT NULL
) ENGINE=MyISAM DEFAULT CHARSET=utf8mb4 COLLATE=utf8mb4_unicode_ci;

--
-- Dumping data for table `tbl_creator_subscriptions`
--

INSERT INTO `tbl_creator_subscriptions` (`id`, `user_id`, `creator_id`, `plan_id`, `status`, `valid_until_date`, `auto_renew`, `created_at`, `updated_at`) VALUES
(1, 40, 43, 3, 1, '2026-01-18 04:41:26', 1, '2025-12-18 04:41:26', '2025-12-18 04:41:26'),
(2, 48, 40, 4, 1, '2026-02-08 09:54:30', 1, '2026-01-08 09:54:30', '2026-01-08 09:54:30'),
(3, 54, 40, 12, 1, '2026-02-13 06:25:39', 1, '2026-01-13 06:25:39', '2026-01-13 06:25:39'),
(4, 43, 40, 14, 1, '2026-08-20 12:05:29', 1, '2026-07-20 12:05:29', '2026-07-20 12:05:29');

-- --------------------------------------------------------

--
-- Table structure for table `tbl_followers`
--

CREATE TABLE `tbl_followers` (
  `id` int(11) NOT NULL,
  `from_user_id` int(11) NOT NULL,
  `to_user_id` int(11) NOT NULL,
  `created_at` timestamp NOT NULL DEFAULT current_timestamp(),
  `updated_at` datetime DEFAULT NULL
) ENGINE=InnoDB DEFAULT CHARSET=utf8mb4 COLLATE=utf8mb4_general_ci;

--
-- Dumping data for table `tbl_followers`
--

INSERT INTO `tbl_followers` (`id`, `from_user_id`, `to_user_id`, `created_at`, `updated_at`) VALUES
(295, 43, 40, '2025-12-30 05:44:47', '2025-12-30 11:14:47'),
(310, 46, 40, '2026-01-08 12:28:18', '2026-01-08 12:28:18'),
(317, 40, 44, '2026-01-10 09:25:38', '2026-01-10 09:25:38'),
(320, 54, 40, '2026-01-16 08:10:02', '2026-01-16 08:10:02'),
(321, 54, 43, '2026-01-16 09:31:55', '2026-01-16 09:31:55'),
(322, 54, 46, '2026-01-16 09:47:26', '2026-01-16 09:47:26'),
(323, 40, 54, '2026-01-16 09:49:54', '2026-01-16 09:49:54'),
(324, 43, 54, '2026-01-16 11:22:30', '2026-01-16 11:22:30'),
(325, 59, 40, '2026-02-24 10:36:33', '2026-02-24 10:36:33'),
(326, 61, 40, '2026-02-25 04:19:41', '2026-02-25 04:19:41'),
(328, 40, 60, '2026-06-27 03:02:07', '2026-06-27 03:02:07'),
(329, 40, 46, '2026-07-13 14:33:41', '2026-07-13 14:33:41'),
(330, 43, 46, '2026-07-20 09:38:50', '2026-07-20 09:38:50'),
(331, 43, 61, '2026-07-20 11:25:35', '2026-07-20 11:25:35'),
(332, 74, 61, '2026-07-24 12:13:21', '2026-07-24 12:13:21'),
(333, 74, 40, '2026-07-24 12:22:44', '2026-07-24 12:22:44'),
(334, 74, 43, '2026-07-24 12:23:07', '2026-07-24 12:23:07'),
(335, 40, 43, '2026-07-27 05:26:43', '2026-07-27 05:26:43'),
(336, 43, 79, '2026-07-27 06:13:55', '2026-07-27 06:13:55'),
(337, 80, 79, '2026-07-27 06:23:14', '2026-07-27 06:23:14'),
(338, 81, 60, '2026-07-27 06:49:27', '2026-07-27 06:49:27'),
(339, 81, 82, '2026-07-27 06:59:26', '2026-07-27 06:59:26'),
(340, 83, 79, '2026-07-27 10:15:16', '2026-07-27 10:15:16'),
(341, 79, 80, '2026-07-27 10:15:37', '2026-07-27 10:15:37'),
(342, 79, 83, '2026-07-27 10:16:50', '2026-07-27 10:16:50'),
(343, 83, 80, '2026-07-27 10:22:09', '2026-07-27 10:22:09'),
(345, 85, 40, '2026-07-27 13:10:59', '2026-07-27 13:10:59'),
(346, 84, 61, '2026-07-27 13:11:33', '2026-07-27 13:11:33'),
(348, 85, 84, '2026-07-27 13:19:50', '2026-07-27 13:19:50'),
(349, 84, 85, '2026-07-27 13:27:57', '2026-07-27 13:27:57'),
(350, 84, 80, '2026-07-27 13:46:20', '2026-07-27 13:46:20'),
(351, 84, 83, '2026-07-27 13:46:33', '2026-07-27 13:46:33'),
(354, 43, 84, '2026-07-28 04:47:31', '2026-07-28 04:47:31'),
(359, 84, 54, '2026-07-28 05:05:55', '2026-07-28 05:05:55'),
(360, 84, 74, '2026-07-28 05:05:56', '2026-07-28 05:05:56'),
(363, 84, 46, '2026-07-28 05:06:48', '2026-07-28 05:06:48'),
(364, 84, 43, '2026-07-28 05:46:03', '2026-07-28 05:46:03'),
(365, 86, 84, '2026-07-28 06:45:19', '2026-07-28 06:45:19'),
(366, 84, 86, '2026-07-28 06:45:59', '2026-07-28 06:45:59'),
(368, 75, 86, '2026-07-28 06:50:15', '2026-07-28 06:50:15'),
(371, 75, 84, '2026-07-28 07:12:55', '2026-07-28 07:12:55'),
(373, 87, 61, '2026-07-28 09:52:06', '2026-07-28 09:52:06'),
(374, 87, 79, '2026-07-28 09:54:04', '2026-07-28 09:54:04'),
(378, 79, 40, '2026-07-28 11:05:19', '2026-07-28 11:05:19'),
(379, 79, 43, '2026-07-28 12:05:12', '2026-07-28 12:05:12'),
(380, 87, 40, '2026-07-28 12:54:47', '2026-07-28 12:54:47'),
(381, 87, 85, '2026-07-28 12:56:28', '2026-07-28 12:56:28'),
(382, 44, 40, '2026-07-29 04:21:02', '2026-07-29 04:21:02'),
(383, 44, 43, '2026-07-29 04:25:36', '2026-07-29 04:25:36'),
(384, 44, 46, '2026-07-29 04:25:45', '2026-07-29 04:25:45'),
(385, 44, 54, '2026-07-29 04:25:46', '2026-07-29 04:25:46'),
(386, 44, 55, '2026-07-29 04:25:49', '2026-07-29 04:25:49'),
(387, 59, 44, '2026-07-29 04:26:16', '2026-07-29 04:26:16'),
(388, 44, 59, '2026-07-29 04:26:30', '2026-07-29 04:26:30'),
(389, 78, 79, '2026-07-29 04:38:45', '2026-07-29 04:38:45'),
(391, 40, 79, '2026-07-29 06:10:02', '2026-07-29 06:10:02');

-- --------------------------------------------------------

--
-- Table structure for table `tbl_gifts`
--

CREATE TABLE `tbl_gifts` (
  `id` int(11) NOT NULL,
  `coin_price` int(11) DEFAULT NULL,
  `image` varchar(555) DEFAULT NULL,
  `created_at` timestamp NOT NULL DEFAULT current_timestamp(),
  `updated_at` timestamp NOT NULL DEFAULT current_timestamp()
) ENGINE=InnoDB DEFAULT CHARSET=utf8mb4 COLLATE=utf8mb4_general_ci;

--
-- Dumping data for table `tbl_gifts`
--

INSERT INTO `tbl_gifts` (`id`, `coin_price`, `image`, `created_at`, `updated_at`) VALUES
(18, 10, 'uploads/1785300658_MXTok_pngtree-group-of-fast-food-products-png-image_11219877.png', '2026-01-06 10:29:53', '2026-07-29 04:50:58'),
(19, 5, 'uploads/1785300268_MXTok_pngtree-beautiful-red-rose-gift-pack-png-image_15463109.png', '2026-07-29 04:44:28', '2026-07-29 04:44:28'),
(20, 10, 'uploads/1785300335_MXTok_fly-out-love-shape-from-gift-box-3d-item-free-png.webp', '2026-07-29 04:45:35', '2026-07-29 04:45:35'),
(21, 15, 'uploads/1785300494_MXTok_pngtree-3d-illustration-santa-claus-gift-car-png-image_10236111.png', '2026-07-29 04:48:14', '2026-07-29 04:48:14'),
(22, 15, 'uploads/1785300578_MXTok_sports-motorbike-sports-bike-sports-motorbike-transparent-background-ai-generated-free-png.webp', '2026-07-29 04:49:38', '2026-07-29 04:49:38'),
(23, 5, 'uploads/1785300630_MXTok_pngtree-soft-drink-png-png-image_11599266.png', '2026-07-29 04:50:30', '2026-07-29 04:50:30');

-- --------------------------------------------------------

--
-- Table structure for table `tbl_hash_tags`
--

CREATE TABLE `tbl_hash_tags` (
  `id` int(11) NOT NULL,
  `hashtag` varchar(100) NOT NULL,
  `post_count` int(11) NOT NULL DEFAULT 0,
  `on_explore` tinyint(1) NOT NULL DEFAULT 0 COMMENT '1=yes 0=no',
  `created_at` timestamp NOT NULL DEFAULT current_timestamp(),
  `updated_at` timestamp NULL DEFAULT NULL
) ENGINE=InnoDB DEFAULT CHARSET=utf8mb4 COLLATE=utf8mb4_general_ci;

--
-- Dumping data for table `tbl_hash_tags`
--

INSERT INTO `tbl_hash_tags` (`id`, `hashtag`, `post_count`, `on_explore`, `created_at`, `updated_at`) VALUES
(94, 'Trending', 0, 0, '2025-12-15 01:54:55', '2026-07-29 04:02:16');

-- --------------------------------------------------------

--
-- Table structure for table `tbl_likes`
--

CREATE TABLE `tbl_likes` (
  `id` int(11) NOT NULL,
  `post_id` int(11) NOT NULL,
  `user_id` int(11) NOT NULL,
  `created_at` timestamp NOT NULL DEFAULT current_timestamp(),
  `updated_at` datetime DEFAULT NULL
) ENGINE=InnoDB DEFAULT CHARSET=utf8mb4 COLLATE=utf8mb4_general_ci;

--
-- Dumping data for table `tbl_likes`
--

INSERT INTO `tbl_likes` (`id`, `post_id`, `user_id`, `created_at`, `updated_at`) VALUES
(686, 281, 46, '2026-01-08 09:54:01', '2026-01-08 09:54:01'),
(704, 268, 40, '2026-01-15 05:29:13', '2026-01-15 05:29:13'),
(706, 267, 40, '2026-01-16 10:33:35', '2026-01-16 10:33:35'),
(708, 286, 40, '2026-02-02 10:21:59', '2026-02-02 15:51:59'),
(713, 281, 40, '2026-02-12 00:26:17', '2026-02-12 05:56:17'),
(714, 257, 40, '2026-02-12 00:27:28', '2026-02-12 05:57:28'),
(720, 271, 40, '2026-05-22 22:45:13', '2026-05-22 22:45:13'),
(723, 272, 71, '2026-07-09 11:28:18', '2026-07-09 11:28:18'),
(734, 291, 40, '2026-07-21 06:01:18', '2026-07-21 06:01:18'),
(738, 339, 43, '2026-07-24 11:07:34', '2026-07-24 11:07:34'),
(739, 334, 43, '2026-07-24 11:08:24', '2026-07-24 11:08:24'),
(744, 343, 80, '2026-07-27 06:30:29', '2026-07-27 06:30:29'),
(745, 342, 83, '2026-07-27 12:34:41', '2026-07-27 12:34:41'),
(747, 332, 84, '2026-07-27 13:02:49', '2026-07-27 13:02:49'),
(750, 335, 85, '2026-07-27 13:14:54', '2026-07-27 13:14:54'),
(753, 300, 85, '2026-07-27 13:15:44', '2026-07-27 13:15:44'),
(757, 281, 85, '2026-07-27 13:16:08', '2026-07-27 13:16:08'),
(758, 337, 85, '2026-07-27 13:16:15', '2026-07-27 13:16:15'),
(763, 350, 43, '2026-07-28 04:52:22', '2026-07-28 04:52:22'),
(766, 358, 87, '2026-07-28 09:48:55', '2026-07-28 09:48:55'),
(768, 356, 40, '2026-07-29 04:29:28', '2026-07-29 04:29:28');

-- --------------------------------------------------------

--
-- Table structure for table `tbl_post`
--

CREATE TABLE `tbl_post` (
  `id` int(11) NOT NULL,
  `post_type` tinyint(1) NOT NULL DEFAULT 1 COMMENT '1=reel 2=image 3=video 4=text',
  `user_id` int(11) DEFAULT NULL,
  `sound_id` int(11) DEFAULT NULL,
  `description` varchar(999) DEFAULT NULL,
  `metadata` text DEFAULT NULL,
  `hashtags` varchar(255) DEFAULT NULL,
  `video` varchar(555) DEFAULT NULL,
  `thumbnail` varchar(555) DEFAULT NULL,
  `views` int(11) NOT NULL DEFAULT 0,
  `likes` int(11) NOT NULL DEFAULT 0,
  `comments` int(11) NOT NULL DEFAULT 0,
  `saves` int(11) NOT NULL DEFAULT 0,
  `shares` int(11) NOT NULL DEFAULT 0,
  `mentioned_user_ids` mediumtext DEFAULT NULL,
  `is_trending` tinyint(1) NOT NULL DEFAULT 0,
  `can_comment` tinyint(1) NOT NULL DEFAULT 1 COMMENT '0=no 1=yes',
  `place_title` varchar(200) DEFAULT NULL,
  `place_lat` float DEFAULT NULL,
  `place_lon` float DEFAULT NULL,
  `state` varchar(50) DEFAULT NULL,
  `country` varchar(100) DEFAULT NULL,
  `is_pinned` tinyint(1) NOT NULL DEFAULT 0 COMMENT '0=no 1=pinned',
  `created_at` timestamp NOT NULL DEFAULT current_timestamp(),
  `updated_at` datetime DEFAULT NULL,
  `is_paid` tinyint(4) NOT NULL DEFAULT 0 COMMENT '0=Free, 1=Paid',
  `unlock_price` int(11) NOT NULL DEFAULT 0 COMMENT 'Cost in coins'
) ENGINE=InnoDB DEFAULT CHARSET=utf8mb4 COLLATE=utf8mb4_general_ci;

--
-- Dumping data for table `tbl_post`
--

INSERT INTO `tbl_post` (`id`, `post_type`, `user_id`, `sound_id`, `description`, `metadata`, `hashtags`, `video`, `thumbnail`, `views`, `likes`, `comments`, `saves`, `shares`, `mentioned_user_ids`, `is_trending`, `can_comment`, `place_title`, `place_lat`, `place_lon`, `state`, `country`, `is_pinned`, `created_at`, `updated_at`, `is_paid`, `unlock_price`) VALUES
(250, 1, 40, 288, NULL, NULL, NULL, 'uploads/1767703559_MXTok_1000000018.mp4', 'uploads/1767703561_MXTok_1000000018.jpg', 65, 0, 2, 0, 1, NULL, 0, 1, NULL, NULL, NULL, NULL, NULL, 0, '2026-01-06 12:46:02', '2026-07-29 04:32:49', 0, 0),
(257, 2, 40, NULL, NULL, NULL, NULL, NULL, NULL, 0, 1, 0, 0, 1, NULL, 0, 1, NULL, NULL, NULL, NULL, NULL, 0, '2026-01-06 13:12:27', '2026-02-12 05:57:28', 0, 0),
(267, 3, 40, NULL, NULL, NULL, NULL, 'uploads/1767781815_MXTok_6614893-hd_1920_1080_25fps.mp4', 'uploads/1767781816_MXTok_upload_1767781815473.jpg', 1, 1, 1, 0, 0, NULL, 0, 1, NULL, NULL, NULL, NULL, NULL, 0, '2026-01-07 10:30:16', '2026-01-16 10:33:44', 1, 15),
(268, 2, 40, NULL, NULL, NULL, NULL, NULL, NULL, 0, 1, 1, 1, 0, NULL, 0, 1, NULL, NULL, NULL, NULL, NULL, 0, '2026-01-07 10:31:20', '2026-02-10 10:58:06', 1, 10),
(270, 1, 40, NULL, NULL, NULL, NULL, 'uploads/1767783724_MXTok_1000000021.mp4', 'uploads/1767783726_MXTok_1000000021.jpg', 71, 0, 0, 0, 0, NULL, 0, 1, NULL, NULL, NULL, NULL, NULL, 0, '2026-01-07 11:02:07', '2026-07-29 04:23:45', 1, 10),
(271, 1, 40, NULL, NULL, NULL, NULL, 'uploads/1767783830_MXTok_1000000022.mp4', 'uploads/1767783832_MXTok_1000000022.jpg', 93, 1, 1, 1, 1, NULL, 0, 1, NULL, NULL, NULL, NULL, NULL, 0, '2026-01-07 11:03:53', '2026-07-29 04:28:19', 0, 0),
(272, 1, 40, NULL, NULL, NULL, NULL, 'uploads/1767784214_MXTok_1000000019.mp4', 'uploads/1767784215_MXTok_1000000019.jpg', 60, 1, 0, 1, 0, NULL, 0, 1, NULL, NULL, NULL, NULL, NULL, 0, '2026-01-07 11:10:16', '2026-07-29 03:49:13', 0, 0),
(281, 2, 46, NULL, 'Regular Fit', NULL, NULL, NULL, NULL, 1, 3, 2, 0, 2, NULL, 0, 1, 'KARNAVATI KACCHI DABELI, Gandhinagar, GJ, IN', 23.1748, 72.6479, 'GJ', 'IN', 0, '2026-01-08 09:48:37', '2026-07-27 13:16:08', 0, 0),
(286, 1, 54, 291, 'calm', NULL, NULL, 'uploads/1768284741_MXTok_2851c3b5-1fed-4385-a936-9033b0167aaa-1_all_574.mp4', 'uploads/1768284743_MXTok_2851c3b5-1fed-4385-a936-9033b0167aaa-1_all_574.jpg', 57, 1, 0, 0, 0, NULL, 0, 1, NULL, NULL, NULL, NULL, NULL, 0, '2026-01-13 06:12:24', '2026-07-28 17:09:35', 1, 20),
(287, 1, 40, 292, 'naturee', NULL, NULL, 'uploads/1768454891_MXTok_1000000018.mp4', 'uploads/1768454894_MXTok_1000000018.jpg', 46, 0, 0, 0, 0, NULL, 0, 1, NULL, NULL, NULL, NULL, NULL, 0, '2026-01-15 05:28:15', '2026-07-29 04:42:43', 1, 15),
(289, 1, 40, NULL, NULL, NULL, NULL, 'uploads/1768568941_MXTok_1000000023.mp4', 'uploads/1768568942_MXTok_1000000023.jpg', 44, 0, 0, 0, 0, NULL, 0, 1, NULL, NULL, NULL, NULL, NULL, 0, '2026-01-16 07:39:05', '2026-07-29 04:42:38', 0, 0),
(291, 1, 40, NULL, NULL, NULL, NULL, 'uploads/1768574939_MXTok_1000000020.mp4', 'uploads/1768574940_MXTok_1000000020.jpg', 53, 1, 1, 0, 0, NULL, 0, 1, NULL, NULL, NULL, NULL, NULL, 0, '2026-01-16 09:19:01', '2026-07-29 04:20:48', 0, 0),
(300, 3, 40, NULL, 'Happy Birthday!', NULL, NULL, 'uploads/1770876027_MXTok_1000326003.mp4', 'uploads/1770876028_MXTok_1000326003.jpg', 8, 1, 0, 0, 2, NULL, 0, 0, NULL, NULL, NULL, NULL, NULL, 0, '2026-02-12 00:30:31', '2026-07-29 08:17:39', 0, 0),
(314, 1, 60, 299, 'Hell of good', NULL, NULL, 'uploads/1771992131_MXTok_processed_video.mp4', 'uploads/1771992132_MXTok_upload_1771992129339.jpg', 47, 0, 0, 0, 0, NULL, 0, 1, NULL, NULL, NULL, NULL, NULL, 0, '2026-02-25 04:02:13', '2026-07-29 06:10:03', 0, 0),
(318, 2, 43, NULL, NULL, NULL, NULL, NULL, NULL, 0, 0, 0, 0, 0, NULL, 0, 1, NULL, NULL, NULL, NULL, NULL, 0, '2026-02-25 04:38:59', '2026-02-25 04:38:59', 0, 0),
(332, 1, 40, NULL, NULL, NULL, NULL, 'uploads/1784889822_MXTok_13684619_2160_3840_30fps.mp4', 'uploads/1784889822_MXTok_upload_1784889822549.jpg', 23, 1, 2, 0, 0, NULL, 0, 1, NULL, NULL, NULL, NULL, NULL, 0, '2026-07-24 10:43:42', '2026-07-29 04:42:09', 0, 0),
(333, 1, 40, NULL, NULL, NULL, NULL, 'uploads/1784889937_MXTok_16298200_2160_3840_30fps.mp4', 'uploads/1784889938_MXTok_upload_1784889937896.jpg', 12, 0, 0, 0, 0, NULL, 0, 1, NULL, NULL, NULL, NULL, NULL, 0, '2026-07-24 10:45:38', '2026-07-29 04:42:11', 0, 0),
(334, 1, 40, NULL, NULL, NULL, NULL, 'uploads/1784889960_MXTok_16376499_2160_3840_30fps.mp4', 'uploads/1784889960_MXTok_upload_1784889960576.jpg', 8, 1, 2, 1, 0, NULL, 0, 1, NULL, NULL, NULL, NULL, NULL, 0, '2026-07-24 10:46:01', '2026-07-29 04:31:59', 0, 0),
(335, 1, 40, NULL, NULL, NULL, NULL, 'uploads/1784889990_MXTok_16396054_2160_3840_50fps.mp4', 'uploads/1784889990_MXTok_upload_1784889990308.jpg', 14, 1, 0, 0, 0, NULL, 0, 1, NULL, NULL, NULL, NULL, NULL, 0, '2026-07-24 10:46:30', '2026-07-28 10:12:53', 0, 0),
(336, 2, 40, NULL, NULL, NULL, NULL, NULL, NULL, 0, 0, 0, 0, 0, NULL, 0, 1, NULL, NULL, NULL, NULL, NULL, 0, '2026-07-24 10:47:14', '2026-07-24 10:47:14', 0, 0),
(337, 3, 40, NULL, NULL, NULL, NULL, 'uploads/1784890199_MXTok_16298200_2160_3840_30fps.mp4', 'uploads/1784890199_MXTok_upload_1784890199385.jpg', 1, 1, 0, 0, 0, NULL, 0, 1, NULL, NULL, NULL, NULL, NULL, 0, '2026-07-24 10:49:59', '2026-07-27 13:16:15', 0, 0),
(338, 1, 40, NULL, NULL, NULL, NULL, 'uploads/1784890363_MXTok_14889495_1080_1920_30fps.mp4', 'uploads/1784890363_MXTok_upload_1784890363431.jpg', 19, 0, 0, 0, 0, NULL, 0, 1, NULL, NULL, NULL, NULL, NULL, 0, '2026-07-24 10:52:43', '2026-07-28 10:43:09', 0, 0),
(339, 1, 43, 298, 'Flowers', NULL, NULL, 'uploads/1784890787_MXTok_processed_video.mp4', 'uploads/1784890790_MXTok_upload_1784890786508.jpg', 43, 1, 1, 1, 1, NULL, 0, 1, NULL, NULL, NULL, NULL, NULL, 0, '2026-07-24 10:59:50', '2026-07-29 04:34:47', 0, 0),
(342, 1, 79, NULL, NULL, NULL, NULL, 'uploads/1785133287_MXTok_2896138-hd_1920_1080_24fps.mp4', 'uploads/1785133288_MXTok_upload_1785133287826.jpg', 21, 1, 1, 0, 0, NULL, 0, 1, NULL, NULL, NULL, NULL, NULL, 0, '2026-07-27 06:21:28', '2026-07-29 06:12:33', 1, 200),
(343, 1, 80, NULL, 'Nature', NULL, NULL, 'uploads/1785133584_MXTok_16332263_2160_3840_30fps.mp4', 'uploads/1785133585_MXTok_upload_1785133585071.jpg', 27, 1, 0, 0, 0, NULL, 0, 1, NULL, NULL, NULL, NULL, NULL, 0, '2026-07-27 06:26:25', '2026-07-29 04:42:14', 1, 10),
(344, 1, 83, 299, NULL, NULL, NULL, 'uploads/1785146868_MXTok_processed_video.mp4', 'uploads/1785146869_MXTok_upload_1785146869073.jpg', 17, 0, 1, 0, 0, NULL, 0, 1, NULL, NULL, NULL, NULL, NULL, 0, '2026-07-27 10:07:49', '2026-07-29 06:06:02', 0, 0),
(350, 1, 84, 311, '@85', NULL, NULL, 'uploads/1785158819_MXTok_1000242436.mp4', 'uploads/1785158820_MXTok_1000242436.jpg', 28, 1, 2, 0, 0, '85', 0, 1, NULL, NULL, NULL, NULL, NULL, 0, '2026-07-27 13:27:01', '2026-07-29 04:42:05', 1, 3),
(351, 1, 43, NULL, 'Shiny', NULL, NULL, 'uploads/1785229697_MXTok_9223089-uhd_2160_3840_30fps.mp4', 'uploads/1785229698_MXTok_upload_1785229697398.jpg', 8, 0, 0, 0, 0, NULL, 0, 1, NULL, NULL, NULL, NULL, NULL, 0, '2026-07-28 09:08:18', '2026-07-29 04:59:07', 1, 600),
(352, 1, 87, NULL, NULL, NULL, NULL, 'uploads/1785230543_MXTok_13474691_1920_1080_25fps.mp4', 'uploads/1785230543_MXTok_upload_1785230542342.jpg', 10, 0, 0, 0, 0, NULL, 0, 1, NULL, NULL, NULL, NULL, NULL, 0, '2026-07-28 09:22:23', '2026-07-29 05:58:59', 0, 0),
(354, 1, 87, NULL, NULL, NULL, NULL, 'uploads/1785230788_MXTok_12520654_2160_3840_30fps.mp4', 'uploads/1785230790_MXTok_upload_1785230788058.jpg', 4, 0, 0, 0, 0, NULL, 0, 1, NULL, NULL, NULL, NULL, NULL, 0, '2026-07-28 09:26:30', '2026-07-29 04:38:23', 0, 0),
(356, 1, 87, NULL, NULL, NULL, NULL, 'uploads/1785231120_MXTok_16131071_1440_2560_30fps.mp4', 'uploads/1785231122_MXTok_upload_1785231119650.jpg', 5, 1, 0, 0, 0, NULL, 0, 1, NULL, NULL, NULL, NULL, NULL, 0, '2026-07-28 09:32:02', '2026-07-29 04:29:28', 0, 0),
(358, 1, 87, NULL, NULL, NULL, NULL, 'uploads/1785231911_MXTok_12595892-uhd_2160_3840_60fps.mp4', 'uploads/1785231912_MXTok_upload_1785231910493.jpg', 8, 1, 0, 0, 0, NULL, 0, 1, NULL, NULL, NULL, NULL, NULL, 0, '2026-07-28 09:45:12', '2026-07-29 04:59:58', 0, 0),
(363, 2, 83, NULL, 'Great Couple', NULL, NULL, NULL, NULL, 0, 0, 0, 0, 0, NULL, 0, 1, NULL, NULL, NULL, NULL, NULL, 0, '2026-07-28 10:12:50', '2026-07-28 10:12:50', 0, 0),
(364, 2, 79, NULL, NULL, NULL, NULL, NULL, NULL, 0, 0, 3, 0, 0, NULL, 0, 1, NULL, NULL, NULL, NULL, NULL, 0, '2026-07-28 10:43:05', '2026-07-28 10:51:46', 0, 0),
(367, 1, 87, NULL, NULL, NULL, NULL, 'uploads/1785296949_MXTok_12142291-hd_1920_1080_24fps.mp4', 'uploads/1785296950_MXTok_upload_1785296948915.jpg', 8, 0, 0, 0, 0, NULL, 0, 1, NULL, NULL, NULL, NULL, NULL, 0, '2026-07-29 03:49:10', '2026-07-29 04:31:54', 0, 0),
(368, 1, 44, NULL, 'Gaming Days', NULL, NULL, 'uploads/1785298509_MXTok_9067664-hd_1080_1920_25fps_(1).mp4', 'uploads/1785298510_MXTok_upload_1785298510151.jpg', 1, 0, 0, 0, 0, '55,54,46,40,43', 0, 1, NULL, NULL, NULL, NULL, NULL, 0, '2026-07-29 04:15:10', '2026-07-29 05:02:03', 0, 0),
(369, 1, 59, NULL, 'Let\'s go fishing guys.....', NULL, NULL, 'uploads/1785298519_MXTok_5237521-hd_1080_1920_30fps_(1).mp4', 'uploads/1785298520_MXTok_upload_1785298521567.jpg', 4, 0, 0, 0, 0, NULL, 0, 1, NULL, NULL, NULL, NULL, NULL, 0, '2026-07-29 04:15:20', '2026-07-29 04:30:55', 0, 0),
(370, 1, 44, NULL, NULL, NULL, NULL, 'uploads/1785298688_MXTok_16310025_2160_3840_25fps_(1).mp4', 'uploads/1785298689_MXTok_upload_1785298689046.jpg', 4, 0, 0, 0, 0, NULL, 0, 1, NULL, NULL, NULL, NULL, NULL, 0, '2026-07-29 04:18:09', '2026-07-29 04:48:12', 0, 0),
(371, 3, 44, NULL, NULL, NULL, NULL, 'uploads/1785298761_MXTok_13866390-uhd_3840_2160_30fps.mp4', 'uploads/1785298762_MXTok_upload_1785298762176.jpg', 0, 0, 0, 0, 0, NULL, 0, 1, NULL, NULL, NULL, NULL, NULL, 0, '2026-07-29 04:19:22', '2026-07-29 04:19:22', 0, 0),
(372, 1, 44, NULL, NULL, NULL, NULL, 'uploads/1785298842_MXTok_14574316_1080_1920_60fps.mov', 'uploads/1785298842_MXTok_upload_1785298842797.jpg', 2, 0, 0, 0, 0, NULL, 0, 1, NULL, NULL, NULL, NULL, NULL, 0, '2026-07-29 04:20:43', '2026-07-29 04:29:45', 1, 5),
(373, 1, 59, NULL, 'No caption needed....', NULL, NULL, 'uploads/1785299011_MXTok_12155762_1080_1920_60fps_(2).mp4', 'uploads/1785299011_MXTok_upload_1785299013051.jpg', 1, 0, 0, 0, 0, NULL, 0, 1, NULL, NULL, NULL, NULL, NULL, 0, '2026-07-29 04:23:31', '2026-07-29 04:30:55', 0, 0),
(374, 2, 44, NULL, NULL, NULL, NULL, NULL, NULL, 0, 0, 0, 0, 0, NULL, 0, 1, NULL, NULL, NULL, NULL, NULL, 0, '2026-07-29 04:29:38', '2026-07-29 04:29:38', 0, 0),
(375, 2, 44, NULL, NULL, NULL, NULL, NULL, NULL, 0, 0, 0, 0, 0, NULL, 0, 1, NULL, NULL, NULL, NULL, NULL, 0, '2026-07-29 04:29:51', '2026-07-29 04:29:51', 0, 0),
(376, 2, 44, NULL, NULL, NULL, NULL, NULL, NULL, 0, 0, 0, 0, 0, NULL, 0, 1, NULL, NULL, NULL, NULL, NULL, 0, '2026-07-29 04:30:02', '2026-07-29 04:30:02', 0, 0),
(377, 1, 59, NULL, NULL, NULL, NULL, 'uploads/1785299510_MXTok_16123553_2160_3840_30fps_(1).mp4', 'uploads/1785299511_MXTok_upload_1785299512445.jpg', 1, 0, 0, 0, 0, NULL, 0, 1, NULL, NULL, NULL, NULL, NULL, 0, '2026-07-29 04:31:51', '2026-07-29 04:45:14', 0, 0),
(378, 1, 44, NULL, NULL, NULL, NULL, 'uploads/1785299565_MXTok_16244938-uhd_2160_3840_60fps.mp4', 'uploads/1785299566_MXTok_upload_1785299565589.jpg', 1, 0, 0, 0, 0, NULL, 0, 1, NULL, NULL, NULL, NULL, NULL, 0, '2026-07-29 04:32:46', '2026-07-29 04:41:33', 0, 0),
(379, 2, 59, NULL, 'Fast just Fast', NULL, NULL, NULL, NULL, 0, 0, 0, 0, 0, NULL, 0, 1, NULL, NULL, NULL, NULL, NULL, 0, '2026-07-29 04:34:10', '2026-07-29 04:34:10', 0, 0),
(380, 2, 59, NULL, NULL, NULL, NULL, NULL, NULL, 0, 0, 0, 0, 0, NULL, 0, 1, NULL, NULL, NULL, NULL, NULL, 0, '2026-07-29 04:34:44', '2026-07-29 04:34:44', 0, 0),
(381, 1, 61, NULL, NULL, NULL, NULL, 'uploads/1785301063_MXTok_12150566_1080_1920_30fps_(1).mp4', 'uploads/1785301063_MXTok_upload_1785301065166.jpg', 0, 0, 0, 0, 0, NULL, 0, 1, NULL, NULL, NULL, NULL, NULL, 0, '2026-07-29 04:57:44', '2026-07-29 04:57:44', 0, 0),
(382, 2, 61, NULL, NULL, NULL, NULL, NULL, NULL, 0, 0, 0, 0, 0, NULL, 0, 1, NULL, NULL, NULL, NULL, NULL, 0, '2026-07-29 04:58:50', '2026-07-29 04:58:50', 0, 0),
(383, 2, 61, NULL, NULL, NULL, NULL, NULL, NULL, 0, 0, 0, 0, 0, NULL, 0, 1, NULL, NULL, NULL, NULL, NULL, 0, '2026-07-29 04:59:22', '2026-07-29 04:59:22', 0, 0),
(384, 2, 61, NULL, NULL, NULL, NULL, NULL, NULL, 0, 0, 0, 0, 0, NULL, 0, 1, NULL, NULL, NULL, NULL, NULL, 0, '2026-07-29 04:59:55', '2026-07-29 04:59:55', 0, 0);

-- --------------------------------------------------------

--
-- Table structure for table `tbl_ppv_unlocks`
--

CREATE TABLE `tbl_ppv_unlocks` (
  `id` bigint(20) UNSIGNED NOT NULL,
  `user_id` int(11) NOT NULL COMMENT 'Buyer ID',
  `post_id` int(11) NOT NULL,
  `creator_id` int(11) NOT NULL COMMENT 'Seller ID',
  `price` int(11) NOT NULL COMMENT 'Price paid in coins',
  `admin_commission` int(11) NOT NULL COMMENT 'Commission amount',
  `creator_net_amount` int(11) NOT NULL COMMENT 'Amount credited to creator',
  `created_at` timestamp NULL DEFAULT NULL,
  `updated_at` timestamp NULL DEFAULT NULL
) ENGINE=MyISAM DEFAULT CHARSET=utf8mb4 COLLATE=utf8mb4_unicode_ci;

--
-- Dumping data for table `tbl_ppv_unlocks`
--

INSERT INTO `tbl_ppv_unlocks` (`id`, `user_id`, `post_id`, `creator_id`, `price`, `admin_commission`, `creator_net_amount`, `created_at`, `updated_at`) VALUES
(1, 48, 270, 40, 10, 1, 10, '2026-01-07 11:05:48', '2026-01-07 11:05:48'),
(2, 40, 276, 48, 10, 1, 10, '2026-01-07 11:29:21', '2026-01-07 11:29:21'),
(3, 40, 277, 48, 10, 1, 10, '2026-01-07 11:33:43', '2026-01-07 11:33:43'),
(4, 40, 278, 48, 10, 1, 10, '2026-01-07 11:35:55', '2026-01-07 11:35:55'),
(5, 47, 279, 46, 10, 1, 10, '2026-01-08 05:29:58', '2026-01-08 05:29:58'),
(6, 47, 270, 40, 10, 1, 10, '2026-01-08 05:30:43', '2026-01-08 05:30:43'),
(7, 48, 279, 46, 10, 1, 10, '2026-01-08 08:15:59', '2026-01-08 08:15:59'),
(8, 47, 283, 46, 15, 1, 14, '2026-01-08 10:09:39', '2026-01-08 10:09:39'),
(9, 48, 283, 46, 15, 1, 14, '2026-01-08 10:10:49', '2026-01-08 10:10:49'),
(10, 40, 279, 46, 10, 1, 10, '2026-01-08 12:23:09', '2026-01-08 12:23:09'),
(11, 48, 274, 40, 10, 1, 10, '2026-01-09 03:43:11', '2026-01-09 03:43:11'),
(12, 48, 268, 40, 10, 1, 10, '2026-01-12 04:51:22', '2026-01-12 04:51:22'),
(13, 43, 268, 40, 10, 1, 10, '2026-01-12 04:53:58', '2026-01-12 04:53:58'),
(14, 48, 282, 46, 15, 1, 14, '2026-01-12 05:08:19', '2026-01-12 05:08:19'),
(15, 48, 284, 40, 15, 1, 14, '2026-01-12 05:08:44', '2026-01-12 05:08:44'),
(16, 45, 273, 40, 10, 1, 10, '2026-01-12 05:58:54', '2026-01-12 05:58:54'),
(17, 45, 277, 48, 10, 1, 10, '2026-01-12 05:59:06', '2026-01-12 05:59:06'),
(18, 45, 268, 40, 10, 1, 10, '2026-01-12 06:01:09', '2026-01-12 06:01:09'),
(19, 45, 276, 48, 10, 1, 10, '2026-01-12 06:04:29', '2026-01-12 06:04:29'),
(20, 45, 274, 40, 10, 1, 10, '2026-01-12 06:05:08', '2026-01-12 06:05:08'),
(21, 48, 273, 40, 10, 1, 10, '2026-01-13 04:32:31', '2026-01-13 04:32:31'),
(22, 54, 273, 40, 10, 1, 10, '2026-01-13 05:32:19', '2026-01-13 05:32:19'),
(23, 54, 274, 40, 10, 1, 10, '2026-01-13 05:32:25', '2026-01-13 05:32:25'),
(24, 54, 270, 40, 10, 1, 10, '2026-01-13 06:14:43', '2026-01-13 06:14:43'),
(25, 54, 268, 40, 10, 1, 10, '2026-01-13 06:20:41', '2026-01-13 06:20:41'),
(26, 40, 286, 54, 20, 1, 19, '2026-01-13 06:22:08', '2026-01-13 06:22:08'),
(27, 54, 282, 46, 15, 1, 14, '2026-01-13 06:55:16', '2026-01-13 06:55:16'),
(28, 72, 286, 54, 20, 1, 19, '2026-07-09 17:14:33', '2026-07-09 17:14:33'),
(29, 43, 299, 40, 1, 0, 1, '2026-07-20 08:27:19', '2026-07-20 08:27:19'),
(30, 43, 274, 40, 10, 1, 10, '2026-07-20 08:27:29', '2026-07-20 08:27:29'),
(31, 40, 282, 46, 15, 1, 14, '2026-07-21 04:07:52', '2026-07-21 04:07:52'),
(32, 40, 283, 46, 15, 1, 14, '2026-07-21 06:17:20', '2026-07-21 06:17:20'),
(33, 74, 279, 46, 10, 1, 10, '2026-07-24 11:58:23', '2026-07-24 11:58:23'),
(34, 74, 287, 40, 15, 1, 14, '2026-07-24 12:13:15', '2026-07-24 12:13:15'),
(35, 74, 274, 40, 10, 1, 10, '2026-07-24 12:15:52', '2026-07-24 12:15:52'),
(36, 80, 279, 46, 10, 1, 10, '2026-07-27 06:26:47', '2026-07-27 06:26:47'),
(37, 79, 343, 80, 10, 1, 10, '2026-07-27 06:27:58', '2026-07-27 06:27:58'),
(38, 78, 283, 46, 15, 1, 14, '2026-07-27 08:42:37', '2026-07-27 08:42:37'),
(39, 84, 282, 46, 15, 1, 14, '2026-07-27 13:00:06', '2026-07-27 13:00:06'),
(40, 84, 279, 46, 10, 1, 10, '2026-07-27 13:01:30', '2026-07-27 13:01:30'),
(41, 85, 268, 40, 10, 1, 10, '2026-07-27 13:15:22', '2026-07-27 13:15:22'),
(42, 85, 274, 40, 10, 1, 10, '2026-07-27 13:15:51', '2026-07-27 13:15:51'),
(43, 85, 347, 84, 5, 0, 5, '2026-07-27 13:24:55', '2026-07-27 13:24:55'),
(44, 84, 286, 54, 20, 1, 19, '2026-07-27 13:38:25', '2026-07-27 13:38:25'),
(45, 43, 347, 84, 5, 0, 5, '2026-07-28 04:59:37', '2026-07-28 04:59:37'),
(46, 83, 286, 54, 20, 1, 19, '2026-07-28 08:39:47', '2026-07-28 08:39:47'),
(47, 83, 283, 46, 15, 1, 14, '2026-07-28 08:39:51', '2026-07-28 08:39:51'),
(48, 83, 342, 79, 200, 10, 190, '2026-07-28 09:09:34', '2026-07-28 09:09:34'),
(49, 83, 351, 43, 600, 30, 570, '2026-07-28 09:15:19', '2026-07-28 09:15:19'),
(50, 40, 343, 80, 10, 1, 10, '2026-07-28 21:50:58', '2026-07-28 21:50:58'),
(51, 40, 372, 44, 5, 0, 5, '2026-07-29 04:29:43', '2026-07-29 04:29:43'),
(52, 79, 286, 54, 20, 1, 19, '2026-07-29 04:32:10', '2026-07-29 04:32:10'),
(53, 79, 350, 84, 3, 0, 3, '2026-07-29 04:32:21', '2026-07-29 04:32:21'),
(54, 79, 270, 40, 10, 1, 10, '2026-07-29 04:42:22', '2026-07-29 04:42:22'),
(55, 79, 287, 40, 15, 1, 14, '2026-07-29 04:42:46', '2026-07-29 04:42:46');

-- --------------------------------------------------------

--
-- Table structure for table `tbl_redeem_gateways`
--

CREATE TABLE `tbl_redeem_gateways` (
  `id` int(11) NOT NULL,
  `title` varchar(255) NOT NULL,
  `created_at` timestamp NOT NULL DEFAULT current_timestamp(),
  `updated_at` timestamp NOT NULL DEFAULT current_timestamp()
) ENGINE=InnoDB DEFAULT CHARSET=utf8mb4 COLLATE=utf8mb4_general_ci;

--
-- Dumping data for table `tbl_redeem_gateways`
--

INSERT INTO `tbl_redeem_gateways` (`id`, `title`, `created_at`, `updated_at`) VALUES
(1, 'Paytm', '2022-04-06 11:22:54', '2022-04-06 11:22:54'),
(2, 'PayPal', '2022-04-06 11:22:54', '2022-04-06 11:22:54'),
(3, 'PhonePay', '2022-06-16 04:16:10', '2022-06-16 04:16:10');

-- --------------------------------------------------------

--
-- Table structure for table `tbl_redeem_request`
--

CREATE TABLE `tbl_redeem_request` (
  `id` int(11) NOT NULL,
  `user_id` int(11) NOT NULL,
  `request_number` varchar(255) DEFAULT NULL,
  `gateway` varchar(20) DEFAULT NULL,
  `account` varchar(100) NOT NULL,
  `amount` varchar(100) NOT NULL,
  `coins` int(11) NOT NULL DEFAULT 0,
  `coin_value` float NOT NULL DEFAULT 0,
  `status` tinyint(1) NOT NULL DEFAULT 0 COMMENT '0=pending 1=completed 2=rejected',
  `created_at` timestamp NOT NULL DEFAULT current_timestamp(),
  `updated_at` datetime DEFAULT NULL
) ENGINE=InnoDB DEFAULT CHARSET=utf8mb4 COLLATE=utf8mb4_general_ci;

--
-- Dumping data for table `tbl_redeem_request`
--

INSERT INTO `tbl_redeem_request` (`id`, `user_id`, `request_number`, `gateway`, `account`, `amount`, `coins`, `coin_value`, `status`, `created_at`, `updated_at`) VALUES
(9, 40, '40-7740', 'Paytm', 'user demo', '20', 1000, 0.02, 0, '2026-02-10 05:00:51', '2026-02-10 10:30:51'),
(10, 40, '40-9617', 'PayPal', '12345467855', '10', 500, 0.02, 0, '2026-07-22 03:45:35', '2026-07-22 03:45:35'),
(11, 83, '83-2286', 'PayPal', 'johndoe@yopmail.com', '3', 150, 0.02, 0, '2026-07-28 06:28:01', '2026-07-28 06:28:01');

-- --------------------------------------------------------

--
-- Table structure for table `tbl_sound`
--

CREATE TABLE `tbl_sound` (
  `id` int(11) NOT NULL,
  `category_id` int(11) DEFAULT NULL,
  `post_count` int(11) NOT NULL DEFAULT 0,
  `added_by` tinyint(1) NOT NULL DEFAULT 0 COMMENT '1=admin 0=user',
  `user_id` int(11) DEFAULT NULL,
  `title` varchar(250) DEFAULT NULL,
  `sound` varchar(200) DEFAULT NULL,
  `duration` varchar(100) DEFAULT NULL,
  `artist` varchar(100) DEFAULT NULL,
  `image` varchar(999) DEFAULT NULL,
  `is_deleted` tinyint(1) NOT NULL DEFAULT 0 COMMENT '0=not 1=deleted',
  `created_at` timestamp NOT NULL DEFAULT current_timestamp(),
  `updated_at` datetime DEFAULT NULL
) ENGINE=InnoDB DEFAULT CHARSET=utf8mb4 COLLATE=utf8mb4_general_ci;

--
-- Dumping data for table `tbl_sound`
--

INSERT INTO `tbl_sound` (`id`, `category_id`, `post_count`, `added_by`, `user_id`, `title`, `sound`, `duration`, `artist`, `image`, `is_deleted`, `created_at`, `updated_at`) VALUES
(288, NULL, 1, 0, 40, 'Original Audio', 'uploads/1767703556_MXTok_extract_audio.m4a', '0:12', 'miracuves123', 'uploads/1767703556_MXTok_08534b20-eafc-11f0-883e-edc09f367ce7.jpg', 0, '2026-01-06 12:45:56', '2026-01-06 12:46:02'),
(289, NULL, 0, 0, 48, 'Original Audio', 'uploads/1767778886_MXTok_extract_audio.m4a', '0:21', 'miracuves15865', NULL, 0, '2026-01-07 09:41:26', '2026-01-13 04:49:17'),
(290, NULL, 0, 0, 48, 'Original Audio', 'uploads/1767779001_MXTok_extract_audio.m4a', '0:18', 'miracuves15865', NULL, 0, '2026-01-07 09:43:21', '2026-01-13 04:49:17'),
(291, NULL, 1, 0, 54, 'Original Audio', 'uploads/1768284739_MXTok_extract_audio.m4a', '0:7', 'miracuves16091', NULL, 0, '2026-01-13 06:12:19', '2026-02-25 04:46:06'),
(292, NULL, 1, 0, 40, 'Original Audio', 'uploads/1768454887_MXTok_extract_audio.m4a', '0:12', 'miracuves123', 'uploads/1768454887_MXTok_43115180-f1d2-11f0-866d-955c7379f99c.jpg', 0, '2026-01-15 05:28:07', '2026-01-15 05:28:15'),
(293, NULL, 0, 0, 40, 'Original Audio', 'uploads/1770642862_MXTok_extract_audio.m4a', '1:0', 'miracuves123', 'uploads/1770642862_MXTok_059c72e0-05b3-11f1-b847-156e47361aad.jpg', 0, '2026-02-09 07:44:22', '2026-02-10 09:02:35'),
(294, NULL, 0, 0, 40, 'Original Audio', 'uploads/1770648619_MXTok_extract_audio.m4a', '0:2', 'miracuves123', 'uploads/1770648620_MXTok_458d3310-05bf-11f1-82bf-c1c6f285b90f.jpg', 0, '2026-02-09 09:20:20', '2026-07-29 03:56:49'),
(295, NULL, 0, 0, 54, 'Original Audio', 'uploads/1770649360_MXTok_extract_audio.m4a', '0:44', 'miracuves16091', NULL, 0, '2026-02-09 09:32:40', '2026-02-10 09:02:13'),
(296, NULL, 0, 0, 54, 'Original Audio', 'uploads/1770649574_MXTok_extract_audio.m4a', '1:24', 'miracuves16091', NULL, 0, '2026-02-09 09:36:14', '2026-02-10 09:02:08'),
(297, NULL, 0, 0, 40, 'Original Audio', 'uploads/1770876400_MXTok_extract_audio.m4a', '0:8', 'miracuves123', 'uploads/1770876400_MXTok_07e9c540-07d7-11f1-b5be-450efc392d75.jpg', 0, '2026-02-12 00:36:40', '2026-07-24 10:53:25'),
(298, 16, 1, 1, NULL, 'Tix', 'uploads/1771560891_MXTok_file_example_MP3_700KB.mp3', '00:42', 'Mixkit', 'uploads/1771560892_MXTok_image-optimisation-scaled.jpg', 0, '2026-02-19 22:44:52', '2026-07-29 03:56:35'),
(299, 16, 2, 1, NULL, 'Welcome', 'uploads/1771565416_MXTok_jamendo_6997f1684e646.mp3', '114', 'RATSKASS', 'uploads/1771565416_MXTok_jamendo_thumb_6997f1689590e.jpg', 0, '2026-02-20 00:00:16', '2026-07-29 03:56:16'),
(300, NULL, 0, 0, 40, 'Original Audio', 'uploads/1771843872_MXTok_extract_audio.m4a', '0:17', 'miracuves123', 'uploads/1771843872_MXTok_e67786f0-10a4-11f1-9527-e7d86e38c46a.jpg', 0, '2026-02-23 10:51:12', '2026-02-23 10:57:47'),
(301, NULL, 0, 0, 40, 'Original Audio', 'uploads/1771844193_MXTok_extract_audio.m4a', '0:21', 'miracuves123', 'uploads/1771844193_MXTok_e67786f0-10a4-11f1-9527-e7d86e38c46a.jpg', 0, '2026-02-23 10:56:33', '2026-07-24 10:49:28'),
(302, NULL, 0, 0, 40, 'Original Audio', 'uploads/1771845680_MXTok_extract_audio.m4a', '0:28', 'miracuves123', 'uploads/1771845680_MXTok_e67786f0-10a4-11f1-9527-e7d86e38c46a.jpg', 0, '2026-02-23 11:21:20', '2026-07-24 10:49:22'),
(303, NULL, 0, 0, 40, 'Original Audio', 'uploads/1771847904_MXTok_extract_audio.m4a', '0:28', 'miracuves123', 'uploads/1771847904_MXTok_e67786f0-10a4-11f1-9527-e7d86e38c46a.jpg', 0, '2026-02-23 11:58:24', '2026-02-23 12:02:21'),
(304, NULL, 0, 0, 40, 'Original Audio', 'uploads/1771848730_MXTok_extract_audio.m4a', '0:21', 'miracuves123', 'uploads/1771848730_MXTok_e67786f0-10a4-11f1-9527-e7d86e38c46a.jpg', 0, '2026-02-23 12:12:10', '2026-07-24 10:49:16'),
(305, NULL, 0, 0, 61, 'Original Audio', 'uploads/1771993442_MXTok_extract_audio.m4a', '0:48', 'user6444', NULL, 0, '2026-02-25 04:24:02', '2026-07-29 03:56:06'),
(306, NULL, 0, 0, 40, 'Original Audio', 'uploads/1784543197_MXTok_extract_audio.m4a', '0:2', 'miracuves123', 'uploads/1784543197_MXTok_6ffe6c70-8424-11f1-8531-13e3f5874716.jpg', 0, '2026-07-20 10:26:37', '2026-07-29 03:55:46'),
(307, NULL, 0, 0, 40, 'Original Audio', 'uploads/1784543197_MXTok_extract_audio.m4a', '0:2', 'miracuves123', 'uploads/1784543197_MXTok_6ffe6c70-8424-11f1-8531-13e3f5874716.jpg', 0, '2026-07-20 10:26:37', '2026-07-24 10:53:14'),
(308, NULL, 0, 0, 43, 'Original Audio', 'uploads/1784610626_MXTok_extract_audio.m4a', '0:2', 'Jack17', 'uploads/1784610626_MXTok_1000240975.jpg', 0, '2026-07-21 05:10:26', '2026-07-28 05:46:48'),
(309, NULL, 0, 0, 84, 'Original Audio', 'uploads/1785158802_MXTok_extract_audio.m4a', '0:8', 'rkt8405', NULL, 0, '2026-07-27 13:26:42', '2026-07-29 03:53:25'),
(310, NULL, 0, 0, 84, 'Original Audio', 'uploads/1785158802_MXTok_extract_audio.m4a', '0:8', 'rkt8405', NULL, 0, '2026-07-27 13:26:42', '2026-07-29 03:53:18'),
(311, NULL, 1, 0, 84, 'Original Audio', 'uploads/1785158803_MXTok_extract_audio.m4a', '0:8', 'rkt8405', NULL, 0, '2026-07-27 13:26:43', '2026-07-27 13:27:01');

-- --------------------------------------------------------

--
-- Table structure for table `tbl_sound_category`
--

CREATE TABLE `tbl_sound_category` (
  `id` int(11) NOT NULL,
  `name` varchar(50) DEFAULT NULL,
  `image` varchar(999) DEFAULT NULL,
  `is_deleted` tinyint(1) NOT NULL DEFAULT 0 COMMENT '0=not 1=deleted',
  `created_at` timestamp NOT NULL DEFAULT current_timestamp(),
  `updated_at` datetime DEFAULT NULL
) ENGINE=InnoDB DEFAULT CHARSET=utf8mb4 COLLATE=utf8mb4_general_ci;

--
-- Dumping data for table `tbl_sound_category`
--

INSERT INTO `tbl_sound_category` (`id`, `name`, `image`, `is_deleted`, `created_at`, `updated_at`) VALUES
(16, 'Bling', NULL, 0, '2026-02-19 22:44:21', '2026-02-20 04:14:21');

-- --------------------------------------------------------

--
-- Table structure for table `tbl_subscription_payments`
--

CREATE TABLE `tbl_subscription_payments` (
  `id` bigint(20) UNSIGNED NOT NULL,
  `user_id` bigint(20) UNSIGNED NOT NULL,
  `creator_id` bigint(20) UNSIGNED NOT NULL,
  `plan_id` bigint(20) UNSIGNED NOT NULL,
  `coin_amount` int(11) NOT NULL,
  `admin_commission` int(11) NOT NULL,
  `creator_earning` int(11) NOT NULL,
  `transaction_id` varchar(255) DEFAULT NULL,
  `created_at` timestamp NULL DEFAULT NULL,
  `updated_at` timestamp NULL DEFAULT NULL
) ENGINE=MyISAM DEFAULT CHARSET=utf8mb4 COLLATE=utf8mb4_unicode_ci;

--
-- Dumping data for table `tbl_subscription_payments`
--

INSERT INTO `tbl_subscription_payments` (`id`, `user_id`, `creator_id`, `plan_id`, `coin_amount`, `admin_commission`, `creator_earning`, `transaction_id`, `created_at`, `updated_at`) VALUES
(1, 40, 43, 3, 100, 30, 70, 'SUB-1766052686-40', '2025-12-18 04:41:26', '2025-12-18 04:41:26'),
(2, 48, 40, 4, 200, 60, 140, 'SUB-1767866070-48', '2026-01-08 09:54:30', '2026-01-08 09:54:30'),
(3, 54, 40, 12, 900, 270, 630, 'SUB-1768285539-54', '2026-01-13 06:25:39', '2026-01-13 06:25:39'),
(4, 43, 40, 14, 1, 0, 1, 'SUB-1784549129-43', '2026-07-20 12:05:29', '2026-07-20 12:05:29');

-- --------------------------------------------------------

--
-- Table structure for table `tbl_subscription_plans`
--

CREATE TABLE `tbl_subscription_plans` (
  `id` bigint(20) UNSIGNED NOT NULL,
  `user_id` bigint(20) UNSIGNED NOT NULL,
  `title` varchar(255) NOT NULL,
  `coin_price` int(11) NOT NULL,
  `perks` text DEFAULT NULL,
  `image` varchar(255) DEFAULT NULL,
  `status` tinyint(1) NOT NULL DEFAULT 1,
  `created_at` timestamp NULL DEFAULT NULL,
  `updated_at` timestamp NULL DEFAULT NULL
) ENGINE=MyISAM DEFAULT CHARSET=utf8mb4 COLLATE=utf8mb4_unicode_ci;

--
-- Dumping data for table `tbl_subscription_plans`
--

INSERT INTO `tbl_subscription_plans` (`id`, `user_id`, `title`, `coin_price`, `perks`, `image`, `status`, `created_at`, `updated_at`) VALUES
(1, 40, 'VIP Plan', 500, 'VIP Access', NULL, 1, '2025-12-16 01:59:33', '2026-07-22 05:20:10'),
(2, 43, 'Basic', 200, 'VIP', NULL, 1, '2025-12-16 11:15:27', '2025-12-16 11:15:27'),
(3, 43, 'hjbjyg', 100, 'scsdc', NULL, 1, '2025-12-16 11:23:25', '2025-12-16 11:23:25'),
(4, 40, 'VIP Demo', 200, 'Demo use', NULL, 1, '2026-01-07 04:24:33', '2026-01-07 04:27:11'),
(5, 40, 'Vip point', 1000, 'demo plan', 'uploads/1767760123_MXTok_160412.jpg', 1, '2026-01-07 04:28:43', '2026-01-10 05:57:02'),
(6, 40, 'Access', 800, 'demo plan', 'uploads/1767760137_MXTok_160412.jpg', 1, '2026-01-07 04:28:57', '2026-01-07 04:53:14'),
(7, 40, 'VIP USE', 500, NULL, 'uploads/1767760307_MXTok_160412.jpg', 0, '2026-01-07 04:31:47', '2026-01-16 05:29:15'),
(8, 40, 'vip 200', 200, 'demo', 'uploads/1767760310_MXTok_160412.jpg', 1, '2026-01-07 04:31:50', '2026-01-07 04:52:03'),
(9, 40, 'vip 110', 800, 'demo plan', 'uploads/1767760611_MXTok_160412.jpg', 1, '2026-01-07 04:36:51', '2026-01-07 04:51:14'),
(10, 46, 'VIP Demo', 500, NULL, NULL, 0, '2026-01-08 05:21:34', '2026-01-13 06:12:23'),
(11, 43, 'Vip Access', 500, NULL, NULL, 1, '2026-01-12 04:40:18', '2026-01-12 04:40:39'),
(12, 40, 'VVIP', 900, 'subscribe and enjoy our VVIP plan', NULL, 1, '2026-01-13 06:12:08', '2026-01-13 06:12:08'),
(13, 46, 'VIP acess', 250, 'Early Access', NULL, 1, '2026-01-13 06:12:39', '2026-01-13 06:14:17'),
(14, 40, 'platinum subscription', 1, 'you can see all the things freely without any payment and ad! enjoy my friend', 'uploads/1784543707_MXTok_1000239919.jpg', 1, '2026-07-20 10:30:52', '2026-07-20 11:38:26'),
(15, 40, 'new', 1, 'ok', NULL, 1, '2026-07-20 12:13:35', '2026-07-20 12:13:35'),
(16, 40, 'test plan', 101, 'test', NULL, 1, '2026-07-22 05:19:49', '2026-07-22 05:19:49');

-- --------------------------------------------------------

--
-- Table structure for table `tbl_user_addresses`
--

CREATE TABLE `tbl_user_addresses` (
  `id` bigint(20) UNSIGNED NOT NULL,
  `user_id` int(11) NOT NULL,
  `name` varchar(255) NOT NULL,
  `mobile_number` varchar(255) NOT NULL,
  `address_line_1` varchar(255) NOT NULL,
  `address_line_2` varchar(255) DEFAULT NULL,
  `landmark` varchar(255) DEFAULT NULL,
  `country_id` bigint(20) UNSIGNED NOT NULL,
  `state` varchar(255) NOT NULL,
  `city` varchar(255) NOT NULL,
  `postal_code` varchar(255) NOT NULL,
  `is_default` tinyint(1) NOT NULL DEFAULT 0,
  `created_at` timestamp NULL DEFAULT NULL,
  `updated_at` timestamp NULL DEFAULT NULL
) ENGINE=MyISAM DEFAULT CHARSET=utf8mb4 COLLATE=utf8mb4_unicode_ci;

--
-- Dumping data for table `tbl_user_addresses`
--

INSERT INTO `tbl_user_addresses` (`id`, `user_id`, `name`, `mobile_number`, `address_line_1`, `address_line_2`, `landmark`, `country_id`, `state`, `city`, `postal_code`, `is_default`, `created_at`, `updated_at`) VALUES
(1, 40, 'Miracuves', '54245454523', 'fgghf', 'hfghfgh', 'ghfh', 2, 'fghfggh', 'fghfgghf', '5724', 0, '2025-12-31 11:00:53', '2025-12-31 11:02:01'),
(2, 40, 'Miracuves', '45544645', 'fgghf', 'hfghfgh', 'ghfh', 2, 'fghfggh', 'fghfgghf', '5724', 1, '2025-12-31 11:02:01', '2025-12-31 11:02:01');

-- --------------------------------------------------------

--
-- Table structure for table `tbl_user_block`
--

CREATE TABLE `tbl_user_block` (
  `id` int(11) NOT NULL,
  `from_user_id` int(11) DEFAULT NULL,
  `to_user_id` int(11) DEFAULT NULL,
  `created_at` timestamp NOT NULL DEFAULT current_timestamp(),
  `updated_at` timestamp NULL DEFAULT current_timestamp()
) ENGINE=InnoDB DEFAULT CHARSET=utf8mb4 COLLATE=utf8mb4_general_ci;

--
-- Dumping data for table `tbl_user_block`
--

INSERT INTO `tbl_user_block` (`id`, `from_user_id`, `to_user_id`, `created_at`, `updated_at`) VALUES
(65, 84, 40, '2026-07-27 13:03:04', '2026-07-27 13:03:04');

-- --------------------------------------------------------

--
-- Table structure for table `user_levels`
--

CREATE TABLE `user_levels` (
  `id` int(11) NOT NULL,
  `level` int(11) NOT NULL DEFAULT 0,
  `coins_collection` int(11) NOT NULL DEFAULT 0,
  `created_at` timestamp NOT NULL DEFAULT current_timestamp(),
  `updated_at` timestamp NOT NULL DEFAULT current_timestamp()
) ENGINE=InnoDB DEFAULT CHARSET=utf8mb4 COLLATE=utf8mb4_general_ci;

--
-- Dumping data for table `user_levels`
--

INSERT INTO `user_levels` (`id`, `level`, `coins_collection`, `created_at`, `updated_at`) VALUES
(1, 1, 500, '2024-12-25 09:02:35', '2025-05-26 04:02:44'),
(2, 2, 1500, '2024-12-25 09:02:53', '2025-01-28 23:11:47'),
(3, 3, 5000, '2024-12-25 09:02:53', '2025-01-28 23:12:31'),
(6, 4, 10000, '2025-01-28 23:13:33', '2025-01-28 23:13:33'),
(7, 5, 15000, '2025-01-28 23:13:40', '2025-01-28 23:13:40'),
(8, 6, 25000, '2025-01-28 23:13:46', '2025-01-28 23:13:46');

-- --------------------------------------------------------

--
-- Table structure for table `user_links`
--

CREATE TABLE `user_links` (
  `id` int(11) NOT NULL,
  `user_id` int(11) DEFAULT NULL,
  `title` varchar(555) DEFAULT NULL,
  `url` varchar(555) DEFAULT NULL,
  `created_at` timestamp NOT NULL DEFAULT current_timestamp(),
  `updated_at` timestamp NOT NULL DEFAULT current_timestamp()
) ENGINE=InnoDB DEFAULT CHARSET=utf8mb4 COLLATE=utf8mb4_general_ci;

--
-- Dumping data for table `user_links`
--

INSERT INTO `user_links` (`id`, `user_id`, `title`, `url`, `created_at`, `updated_at`) VALUES
(38, 43, 'insta', 'https://instagram.com', '2026-07-20 09:17:51', '2026-07-20 09:18:04');

-- --------------------------------------------------------

--
-- Table structure for table `user_supports`
--

CREATE TABLE `user_supports` (
  `id` bigint(20) UNSIGNED NOT NULL,
  `user_id` int(11) NOT NULL,
  `created_at` timestamp NULL DEFAULT NULL,
  `updated_at` timestamp NULL DEFAULT NULL
) ENGINE=MyISAM DEFAULT CHARSET=utf8mb4 COLLATE=utf8mb4_unicode_ci;

--
-- Indexes for dumped tables
--

--
-- Indexes for table `businesses`
--
ALTER TABLE `businesses`
  ADD PRIMARY KEY (`id`),
  ADD UNIQUE KEY `businesses_user_id_unique` (`user_id`);

--
-- Indexes for table `business_balances`
--
ALTER TABLE `business_balances`
  ADD PRIMARY KEY (`id`),
  ADD UNIQUE KEY `business_balances_business_id_unique` (`business_id`);

--
-- Indexes for table `business_registrations`
--
ALTER TABLE `business_registrations`
  ADD PRIMARY KEY (`id`),
  ADD UNIQUE KEY `business_registrations_user_id_unique` (`user_id`);

--
-- Indexes for table `business_transactions`
--
ALTER TABLE `business_transactions`
  ADD PRIMARY KEY (`id`);

--
-- Indexes for table `business_withdrawals`
--
ALTER TABLE `business_withdrawals`
  ADD PRIMARY KEY (`id`);

--
-- Indexes for table `comment_likes`
--
ALTER TABLE `comment_likes`
  ADD PRIMARY KEY (`id`);

--
-- Indexes for table `comment_replies`
--
ALTER TABLE `comment_replies`
  ADD PRIMARY KEY (`id`);

--
-- Indexes for table `creator_ads`
--
ALTER TABLE `creator_ads`
  ADD PRIMARY KEY (`id`);

--
-- Indexes for table `creator_ad_interactions`
--
ALTER TABLE `creator_ad_interactions`
  ADD PRIMARY KEY (`id`);

--
-- Indexes for table `creator_ad_payments`
--
ALTER TABLE `creator_ad_payments`
  ADD PRIMARY KEY (`id`);

--
-- Indexes for table `creator_ad_stats`
--
ALTER TABLE `creator_ad_stats`
  ADD PRIMARY KEY (`id`);

--
-- Indexes for table `creator_fund_applications`
--
ALTER TABLE `creator_fund_applications`
  ADD PRIMARY KEY (`id`),
  ADD KEY `creator_fund_applications_user_id_foreign` (`user_id`);

--
-- Indexes for table `creator_fund_daily_stats`
--
ALTER TABLE `creator_fund_daily_stats`
  ADD PRIMARY KEY (`id`),
  ADD UNIQUE KEY `creator_fund_daily_stats_date_user_id_unique` (`date`,`user_id`),
  ADD KEY `creator_fund_daily_stats_user_id_foreign` (`user_id`);

--
-- Indexes for table `creator_fund_settings`
--
ALTER TABLE `creator_fund_settings`
  ADD PRIMARY KEY (`id`);

--
-- Indexes for table `creator_fund_transactions`
--
ALTER TABLE `creator_fund_transactions`
  ADD PRIMARY KEY (`id`),
  ADD KEY `creator_fund_transactions_wallet_id_foreign` (`wallet_id`);

--
-- Indexes for table `creator_fund_wallets`
--
ALTER TABLE `creator_fund_wallets`
  ADD PRIMARY KEY (`id`),
  ADD UNIQUE KEY `creator_fund_wallets_user_id_unique` (`user_id`);

--
-- Indexes for table `creator_fund_withdrawals`
--
ALTER TABLE `creator_fund_withdrawals`
  ADD PRIMARY KEY (`id`),
  ADD KEY `creator_fund_withdrawals_user_id_foreign` (`user_id`);

--
-- Indexes for table `creator_wallets`
--
ALTER TABLE `creator_wallets`
  ADD PRIMARY KEY (`id`);

--
-- Indexes for table `daily_active_users`
--
ALTER TABLE `daily_active_users`
  ADD PRIMARY KEY (`id`);

--
-- Indexes for table `deepar_filters`
--
ALTER TABLE `deepar_filters`
  ADD PRIMARY KEY (`id`);

--
-- Indexes for table `dummy_live_videos`
--
ALTER TABLE `dummy_live_videos`
  ADD PRIMARY KEY (`id`);

--
-- Indexes for table `failed_jobs`
--
ALTER TABLE `failed_jobs`
  ADD PRIMARY KEY (`id`);

--
-- Indexes for table `languages`
--
ALTER TABLE `languages`
  ADD PRIMARY KEY (`id`);

--
-- Indexes for table `migrations`
--
ALTER TABLE `migrations`
  ADD PRIMARY KEY (`id`);

--
-- Indexes for table `notification_admin`
--
ALTER TABLE `notification_admin`
  ADD PRIMARY KEY (`id`);

--
-- Indexes for table `notification_users`
--
ALTER TABLE `notification_users`
  ADD PRIMARY KEY (`id`);

--
-- Indexes for table `oauth_auth_codes`
--
ALTER TABLE `oauth_auth_codes`
  ADD PRIMARY KEY (`id`),
  ADD KEY `oauth_auth_codes_user_id_index` (`user_id`);

--
-- Indexes for table `oauth_personal_access_clients`
--
ALTER TABLE `oauth_personal_access_clients`
  ADD PRIMARY KEY (`id`);

--
-- Indexes for table `onboarding_screens`
--
ALTER TABLE `onboarding_screens`
  ADD PRIMARY KEY (`id`);

--
-- Indexes for table `orders`
--
ALTER TABLE `orders`
  ADD PRIMARY KEY (`id`);

--
-- Indexes for table `order_cancellations`
--
ALTER TABLE `order_cancellations`
  ADD PRIMARY KEY (`id`),
  ADD KEY `order_cancellations_order_id_foreign` (`order_id`),
  ADD KEY `order_cancellations_user_id_foreign` (`user_id`),
  ADD KEY `order_cancellations_business_id_foreign` (`business_id`);

--
-- Indexes for table `order_items`
--
ALTER TABLE `order_items`
  ADD PRIMARY KEY (`id`);

--
-- Indexes for table `payment_transactions`
--
ALTER TABLE `payment_transactions`
  ADD PRIMARY KEY (`id`);

--
-- Indexes for table `post_images`
--
ALTER TABLE `post_images`
  ADD PRIMARY KEY (`id`);

--
-- Indexes for table `post_saves`
--
ALTER TABLE `post_saves`
  ADD PRIMARY KEY (`id`);

--
-- Indexes for table `post_views`
--
ALTER TABLE `post_views`
  ADD PRIMARY KEY (`id`),
  ADD KEY `post_views_post_id_created_at_index` (`post_id`,`created_at`),
  ADD KEY `post_views_user_id_post_id_index` (`user_id`,`post_id`);

--
-- Indexes for table `products`
--
ALTER TABLE `products`
  ADD PRIMARY KEY (`id`);

--
-- Indexes for table `product_reviews`
--
ALTER TABLE `product_reviews`
  ADD PRIMARY KEY (`id`);

--
-- Indexes for table `report_posts`
--
ALTER TABLE `report_posts`
  ADD PRIMARY KEY (`id`);

--
-- Indexes for table `report_reasons`
--
ALTER TABLE `report_reasons`
  ADD PRIMARY KEY (`id`);

--
-- Indexes for table `report_user`
--
ALTER TABLE `report_user`
  ADD PRIMARY KEY (`id`);

--
-- Indexes for table `restriction_username`
--
ALTER TABLE `restriction_username`
  ADD PRIMARY KEY (`id`);

--
-- Indexes for table `shop_categories`
--
ALTER TABLE `shop_categories`
  ADD PRIMARY KEY (`id`);

--
-- Indexes for table `stories`
--
ALTER TABLE `stories`
  ADD PRIMARY KEY (`id`);

--
-- Indexes for table `tbl_ad_config`
--
ALTER TABLE `tbl_ad_config`
  ADD PRIMARY KEY (`id`);

--
-- Indexes for table `tbl_ad_rewards`
--
ALTER TABLE `tbl_ad_rewards`
  ADD PRIMARY KEY (`id`);

--
-- Indexes for table `tbl_coin_plan`
--
ALTER TABLE `tbl_coin_plan`
  ADD PRIMARY KEY (`id`);

--
-- Indexes for table `tbl_comments`
--
ALTER TABLE `tbl_comments`
  ADD PRIMARY KEY (`id`);

--
-- Indexes for table `tbl_countries`
--
ALTER TABLE `tbl_countries`
  ADD PRIMARY KEY (`id`),
  ADD UNIQUE KEY `tbl_countries_iso_code_unique` (`iso_code`);

--
-- Indexes for table `tbl_creator_managers`
--
ALTER TABLE `tbl_creator_managers`
  ADD PRIMARY KEY (`id`),
  ADD UNIQUE KEY `tbl_creator_managers_creator_id_manager_id_unique` (`creator_id`,`manager_id`),
  ADD KEY `tbl_creator_managers_manager_id_foreign` (`manager_id`);

--
-- Indexes for table `tbl_creator_subscriptions`
--
ALTER TABLE `tbl_creator_subscriptions`
  ADD PRIMARY KEY (`id`),
  ADD KEY `tbl_creator_subscriptions_user_id_foreign` (`user_id`),
  ADD KEY `tbl_creator_subscriptions_creator_id_foreign` (`creator_id`),
  ADD KEY `tbl_creator_subscriptions_plan_id_foreign` (`plan_id`);

--
-- Indexes for table `tbl_followers`
--
ALTER TABLE `tbl_followers`
  ADD PRIMARY KEY (`id`);

--
-- Indexes for table `tbl_gifts`
--
ALTER TABLE `tbl_gifts`
  ADD PRIMARY KEY (`id`);

--
-- Indexes for table `tbl_hash_tags`
--
ALTER TABLE `tbl_hash_tags`
  ADD PRIMARY KEY (`id`);

--
-- Indexes for table `tbl_likes`
--
ALTER TABLE `tbl_likes`
  ADD PRIMARY KEY (`id`);

--
-- Indexes for table `tbl_post`
--
ALTER TABLE `tbl_post`
  ADD PRIMARY KEY (`id`);

--
-- Indexes for table `tbl_ppv_unlocks`
--
ALTER TABLE `tbl_ppv_unlocks`
  ADD PRIMARY KEY (`id`),
  ADD KEY `tbl_ppv_unlocks_user_id_post_id_index` (`user_id`,`post_id`);

--
-- Indexes for table `tbl_redeem_gateways`
--
ALTER TABLE `tbl_redeem_gateways`
  ADD PRIMARY KEY (`id`);

--
-- Indexes for table `tbl_redeem_request`
--
ALTER TABLE `tbl_redeem_request`
  ADD PRIMARY KEY (`id`);

--
-- Indexes for table `tbl_sound`
--
ALTER TABLE `tbl_sound`
  ADD PRIMARY KEY (`id`);

--
-- Indexes for table `tbl_sound_category`
--
ALTER TABLE `tbl_sound_category`
  ADD PRIMARY KEY (`id`);

--
-- Indexes for table `tbl_subscription_payments`
--
ALTER TABLE `tbl_subscription_payments`
  ADD PRIMARY KEY (`id`),
  ADD KEY `tbl_subscription_payments_user_id_foreign` (`user_id`),
  ADD KEY `tbl_subscription_payments_creator_id_foreign` (`creator_id`),
  ADD KEY `tbl_subscription_payments_plan_id_foreign` (`plan_id`);

--
-- Indexes for table `tbl_subscription_plans`
--
ALTER TABLE `tbl_subscription_plans`
  ADD PRIMARY KEY (`id`),
  ADD KEY `tbl_subscription_plans_user_id_foreign` (`user_id`);

--
-- Indexes for table `tbl_user_addresses`
--
ALTER TABLE `tbl_user_addresses`
  ADD PRIMARY KEY (`id`),
  ADD KEY `tbl_user_addresses_country_id_foreign` (`country_id`);

--
-- Indexes for table `tbl_user_block`
--
ALTER TABLE `tbl_user_block`
  ADD PRIMARY KEY (`id`);

--
-- Indexes for table `user_levels`
--
ALTER TABLE `user_levels`
  ADD PRIMARY KEY (`id`);

--
-- Indexes for table `user_links`
--
ALTER TABLE `user_links`
  ADD PRIMARY KEY (`id`);

--
-- Indexes for table `user_supports`
--
ALTER TABLE `user_supports`
  ADD PRIMARY KEY (`id`);

--
-- AUTO_INCREMENT for dumped tables
--

--
-- AUTO_INCREMENT for table `businesses`
--
ALTER TABLE `businesses`
  MODIFY `id` bigint(20) UNSIGNED NOT NULL AUTO_INCREMENT, AUTO_INCREMENT=11;

--
-- AUTO_INCREMENT for table `business_balances`
--
ALTER TABLE `business_balances`
  MODIFY `id` bigint(20) UNSIGNED NOT NULL AUTO_INCREMENT, AUTO_INCREMENT=10;

--
-- AUTO_INCREMENT for table `business_registrations`
--
ALTER TABLE `business_registrations`
  MODIFY `id` bigint(20) UNSIGNED NOT NULL AUTO_INCREMENT;

--
-- AUTO_INCREMENT for table `business_transactions`
--
ALTER TABLE `business_transactions`
  MODIFY `id` bigint(20) UNSIGNED NOT NULL AUTO_INCREMENT, AUTO_INCREMENT=64;

--
-- AUTO_INCREMENT for table `business_withdrawals`
--
ALTER TABLE `business_withdrawals`
  MODIFY `id` bigint(20) UNSIGNED NOT NULL AUTO_INCREMENT, AUTO_INCREMENT=2;

--
-- AUTO_INCREMENT for table `comment_likes`
--
ALTER TABLE `comment_likes`
  MODIFY `id` int(11) NOT NULL AUTO_INCREMENT, AUTO_INCREMENT=144;

--
-- AUTO_INCREMENT for table `comment_replies`
--
ALTER TABLE `comment_replies`
  MODIFY `id` int(11) NOT NULL AUTO_INCREMENT, AUTO_INCREMENT=149;

--
-- AUTO_INCREMENT for table `creator_ads`
--
ALTER TABLE `creator_ads`
  MODIFY `id` bigint(20) UNSIGNED NOT NULL AUTO_INCREMENT, AUTO_INCREMENT=74;

--
-- AUTO_INCREMENT for table `creator_ad_interactions`
--
ALTER TABLE `creator_ad_interactions`
  MODIFY `id` bigint(20) UNSIGNED NOT NULL AUTO_INCREMENT, AUTO_INCREMENT=273;

--
-- AUTO_INCREMENT for table `creator_ad_payments`
--
ALTER TABLE `creator_ad_payments`
  MODIFY `id` bigint(20) UNSIGNED NOT NULL AUTO_INCREMENT, AUTO_INCREMENT=35;

--
-- AUTO_INCREMENT for table `creator_ad_stats`
--
ALTER TABLE `creator_ad_stats`
  MODIFY `id` bigint(20) UNSIGNED NOT NULL AUTO_INCREMENT, AUTO_INCREMENT=190;

--
-- AUTO_INCREMENT for table `creator_fund_applications`
--
ALTER TABLE `creator_fund_applications`
  MODIFY `id` bigint(20) UNSIGNED NOT NULL AUTO_INCREMENT, AUTO_INCREMENT=9;

--
-- AUTO_INCREMENT for table `creator_fund_daily_stats`
--
ALTER TABLE `creator_fund_daily_stats`
  MODIFY `id` bigint(20) UNSIGNED NOT NULL AUTO_INCREMENT;

--
-- AUTO_INCREMENT for table `creator_fund_settings`
--
ALTER TABLE `creator_fund_settings`
  MODIFY `id` bigint(20) UNSIGNED NOT NULL AUTO_INCREMENT, AUTO_INCREMENT=2;

--
-- AUTO_INCREMENT for table `creator_fund_transactions`
--
ALTER TABLE `creator_fund_transactions`
  MODIFY `id` bigint(20) UNSIGNED NOT NULL AUTO_INCREMENT, AUTO_INCREMENT=7;

--
-- AUTO_INCREMENT for table `creator_fund_wallets`
--
ALTER TABLE `creator_fund_wallets`
  MODIFY `id` bigint(20) UNSIGNED NOT NULL AUTO_INCREMENT, AUTO_INCREMENT=7;

--
-- AUTO_INCREMENT for table `creator_fund_withdrawals`
--
ALTER TABLE `creator_fund_withdrawals`
  MODIFY `id` bigint(20) UNSIGNED NOT NULL AUTO_INCREMENT, AUTO_INCREMENT=7;

--
-- AUTO_INCREMENT for table `creator_wallets`
--
ALTER TABLE `creator_wallets`
  MODIFY `id` bigint(20) UNSIGNED NOT NULL AUTO_INCREMENT, AUTO_INCREMENT=13;

--
-- AUTO_INCREMENT for table `daily_active_users`
--
ALTER TABLE `daily_active_users`
  MODIFY `id` int(11) NOT NULL AUTO_INCREMENT, AUTO_INCREMENT=7;

--
-- AUTO_INCREMENT for table `deepar_filters`
--
ALTER TABLE `deepar_filters`
  MODIFY `id` int(11) NOT NULL AUTO_INCREMENT, AUTO_INCREMENT=17;

--
-- AUTO_INCREMENT for table `dummy_live_videos`
--
ALTER TABLE `dummy_live_videos`
  MODIFY `id` int(11) NOT NULL AUTO_INCREMENT, AUTO_INCREMENT=4;

--
-- AUTO_INCREMENT for table `failed_jobs`
--
ALTER TABLE `failed_jobs`
  MODIFY `id` bigint(20) UNSIGNED NOT NULL AUTO_INCREMENT;

--
-- AUTO_INCREMENT for table `languages`
--
ALTER TABLE `languages`
  MODIFY `id` int(11) NOT NULL AUTO_INCREMENT, AUTO_INCREMENT=53;

--
-- AUTO_INCREMENT for table `migrations`
--
ALTER TABLE `migrations`
  MODIFY `id` int(10) UNSIGNED NOT NULL AUTO_INCREMENT, AUTO_INCREMENT=49;

--
-- AUTO_INCREMENT for table `notification_admin`
--
ALTER TABLE `notification_admin`
  MODIFY `id` int(11) NOT NULL AUTO_INCREMENT, AUTO_INCREMENT=21;

--
-- AUTO_INCREMENT for table `notification_users`
--
ALTER TABLE `notification_users`
  MODIFY `id` int(11) NOT NULL AUTO_INCREMENT, AUTO_INCREMENT=1330;

--
-- AUTO_INCREMENT for table `oauth_personal_access_clients`
--
ALTER TABLE `oauth_personal_access_clients`
  MODIFY `id` bigint(20) UNSIGNED NOT NULL AUTO_INCREMENT, AUTO_INCREMENT=3;

--
-- AUTO_INCREMENT for table `onboarding_screens`
--
ALTER TABLE `onboarding_screens`
  MODIFY `id` int(11) NOT NULL AUTO_INCREMENT, AUTO_INCREMENT=7;

--
-- AUTO_INCREMENT for table `orders`
--
ALTER TABLE `orders`
  MODIFY `id` bigint(20) UNSIGNED NOT NULL AUTO_INCREMENT, AUTO_INCREMENT=58;

--
-- AUTO_INCREMENT for table `order_cancellations`
--
ALTER TABLE `order_cancellations`
  MODIFY `id` bigint(20) UNSIGNED NOT NULL AUTO_INCREMENT, AUTO_INCREMENT=22;

--
-- AUTO_INCREMENT for table `order_items`
--
ALTER TABLE `order_items`
  MODIFY `id` bigint(20) UNSIGNED NOT NULL AUTO_INCREMENT, AUTO_INCREMENT=58;

--
-- AUTO_INCREMENT for table `payment_transactions`
--
ALTER TABLE `payment_transactions`
  MODIFY `id` bigint(20) UNSIGNED NOT NULL AUTO_INCREMENT, AUTO_INCREMENT=256;

--
-- AUTO_INCREMENT for table `post_images`
--
ALTER TABLE `post_images`
  MODIFY `id` int(11) NOT NULL AUTO_INCREMENT, AUTO_INCREMENT=167;

--
-- AUTO_INCREMENT for table `post_saves`
--
ALTER TABLE `post_saves`
  MODIFY `id` int(11) NOT NULL AUTO_INCREMENT, AUTO_INCREMENT=146;

--
-- AUTO_INCREMENT for table `post_views`
--
ALTER TABLE `post_views`
  MODIFY `id` bigint(20) UNSIGNED NOT NULL AUTO_INCREMENT, AUTO_INCREMENT=666;

--
-- AUTO_INCREMENT for table `products`
--
ALTER TABLE `products`
  MODIFY `id` bigint(20) UNSIGNED NOT NULL AUTO_INCREMENT, AUTO_INCREMENT=30;

--
-- AUTO_INCREMENT for table `product_reviews`
--
ALTER TABLE `product_reviews`
  MODIFY `id` bigint(20) UNSIGNED NOT NULL AUTO_INCREMENT, AUTO_INCREMENT=10;

--
-- AUTO_INCREMENT for table `report_posts`
--
ALTER TABLE `report_posts`
  MODIFY `id` int(11) NOT NULL AUTO_INCREMENT, AUTO_INCREMENT=15;

--
-- AUTO_INCREMENT for table `report_reasons`
--
ALTER TABLE `report_reasons`
  MODIFY `id` int(11) NOT NULL AUTO_INCREMENT, AUTO_INCREMENT=7;

--
-- AUTO_INCREMENT for table `report_user`
--
ALTER TABLE `report_user`
  MODIFY `id` int(11) NOT NULL AUTO_INCREMENT, AUTO_INCREMENT=8;

--
-- AUTO_INCREMENT for table `restriction_username`
--
ALTER TABLE `restriction_username`
  MODIFY `id` int(11) NOT NULL AUTO_INCREMENT, AUTO_INCREMENT=6;

--
-- AUTO_INCREMENT for table `shop_categories`
--
ALTER TABLE `shop_categories`
  MODIFY `id` bigint(20) UNSIGNED NOT NULL AUTO_INCREMENT, AUTO_INCREMENT=5;

--
-- AUTO_INCREMENT for table `stories`
--
ALTER TABLE `stories`
  MODIFY `id` int(11) NOT NULL AUTO_INCREMENT, AUTO_INCREMENT=182;

--
-- AUTO_INCREMENT for table `tbl_ad_config`
--
ALTER TABLE `tbl_ad_config`
  MODIFY `id` bigint(20) UNSIGNED NOT NULL AUTO_INCREMENT, AUTO_INCREMENT=2;

--
-- AUTO_INCREMENT for table `tbl_ad_rewards`
--
ALTER TABLE `tbl_ad_rewards`
  MODIFY `id` bigint(20) UNSIGNED NOT NULL AUTO_INCREMENT, AUTO_INCREMENT=3;

--
-- AUTO_INCREMENT for table `tbl_coin_plan`
--
ALTER TABLE `tbl_coin_plan`
  MODIFY `id` int(11) NOT NULL AUTO_INCREMENT, AUTO_INCREMENT=10;

--
-- AUTO_INCREMENT for table `tbl_comments`
--
ALTER TABLE `tbl_comments`
  MODIFY `id` int(11) NOT NULL AUTO_INCREMENT, AUTO_INCREMENT=400;

--
-- AUTO_INCREMENT for table `tbl_countries`
--
ALTER TABLE `tbl_countries`
  MODIFY `id` bigint(20) UNSIGNED NOT NULL AUTO_INCREMENT, AUTO_INCREMENT=6;

--
-- AUTO_INCREMENT for table `tbl_creator_managers`
--
ALTER TABLE `tbl_creator_managers`
  MODIFY `id` bigint(20) UNSIGNED NOT NULL AUTO_INCREMENT, AUTO_INCREMENT=2;

--
-- AUTO_INCREMENT for table `tbl_creator_subscriptions`
--
ALTER TABLE `tbl_creator_subscriptions`
  MODIFY `id` bigint(20) UNSIGNED NOT NULL AUTO_INCREMENT, AUTO_INCREMENT=5;

--
-- AUTO_INCREMENT for table `tbl_followers`
--
ALTER TABLE `tbl_followers`
  MODIFY `id` int(11) NOT NULL AUTO_INCREMENT, AUTO_INCREMENT=392;

--
-- AUTO_INCREMENT for table `tbl_gifts`
--
ALTER TABLE `tbl_gifts`
  MODIFY `id` int(11) NOT NULL AUTO_INCREMENT, AUTO_INCREMENT=24;

--
-- AUTO_INCREMENT for table `tbl_hash_tags`
--
ALTER TABLE `tbl_hash_tags`
  MODIFY `id` int(11) NOT NULL AUTO_INCREMENT, AUTO_INCREMENT=95;

--
-- AUTO_INCREMENT for table `tbl_likes`
--
ALTER TABLE `tbl_likes`
  MODIFY `id` int(11) NOT NULL AUTO_INCREMENT, AUTO_INCREMENT=769;

--
-- AUTO_INCREMENT for table `tbl_post`
--
ALTER TABLE `tbl_post`
  MODIFY `id` int(11) NOT NULL AUTO_INCREMENT, AUTO_INCREMENT=385;

--
-- AUTO_INCREMENT for table `tbl_ppv_unlocks`
--
ALTER TABLE `tbl_ppv_unlocks`
  MODIFY `id` bigint(20) UNSIGNED NOT NULL AUTO_INCREMENT, AUTO_INCREMENT=56;

--
-- AUTO_INCREMENT for table `tbl_redeem_gateways`
--
ALTER TABLE `tbl_redeem_gateways`
  MODIFY `id` int(11) NOT NULL AUTO_INCREMENT, AUTO_INCREMENT=5;

--
-- AUTO_INCREMENT for table `tbl_redeem_request`
--
ALTER TABLE `tbl_redeem_request`
  MODIFY `id` int(11) NOT NULL AUTO_INCREMENT, AUTO_INCREMENT=12;

--
-- AUTO_INCREMENT for table `tbl_sound`
--
ALTER TABLE `tbl_sound`
  MODIFY `id` int(11) NOT NULL AUTO_INCREMENT, AUTO_INCREMENT=312;

--
-- AUTO_INCREMENT for table `tbl_sound_category`
--
ALTER TABLE `tbl_sound_category`
  MODIFY `id` int(11) NOT NULL AUTO_INCREMENT, AUTO_INCREMENT=17;

--
-- AUTO_INCREMENT for table `tbl_subscription_payments`
--
ALTER TABLE `tbl_subscription_payments`
  MODIFY `id` bigint(20) UNSIGNED NOT NULL AUTO_INCREMENT, AUTO_INCREMENT=5;

--
-- AUTO_INCREMENT for table `tbl_subscription_plans`
--
ALTER TABLE `tbl_subscription_plans`
  MODIFY `id` bigint(20) UNSIGNED NOT NULL AUTO_INCREMENT, AUTO_INCREMENT=17;

--
-- AUTO_INCREMENT for table `tbl_user_addresses`
--
ALTER TABLE `tbl_user_addresses`
  MODIFY `id` bigint(20) UNSIGNED NOT NULL AUTO_INCREMENT, AUTO_INCREMENT=3;

--
-- AUTO_INCREMENT for table `tbl_user_block`
--
ALTER TABLE `tbl_user_block`
  MODIFY `id` int(11) NOT NULL AUTO_INCREMENT, AUTO_INCREMENT=66;

--
-- AUTO_INCREMENT for table `user_levels`
--
ALTER TABLE `user_levels`
  MODIFY `id` int(11) NOT NULL AUTO_INCREMENT, AUTO_INCREMENT=9;

--
-- AUTO_INCREMENT for table `user_links`
--
ALTER TABLE `user_links`
  MODIFY `id` int(11) NOT NULL AUTO_INCREMENT, AUTO_INCREMENT=39;

--
-- AUTO_INCREMENT for table `user_supports`
--
ALTER TABLE `user_supports`
  MODIFY `id` bigint(20) UNSIGNED NOT NULL AUTO_INCREMENT;
COMMIT;

