-- Table structure for table `promotional_videos`
--

CREATE TABLE `promotional_videos` (
  `id` bigint(20) UNSIGNED NOT NULL,
  `user_id` int(10) UNSIGNED NOT NULL,
  `video` varchar(100) DEFAULT NULL,
  `video_poster` varchar(100) DEFAULT NULL,
  `subtitles` varchar(255) DEFAULT NULL,
  `duration_video` varchar(100) DEFAULT NULL,
  `encode` tinyint(3) UNSIGNED NOT NULL DEFAULT 0,
  `status` tinyint(3) UNSIGNED NOT NULL DEFAULT 0,
  `bytes` varchar(100) DEFAULT NULL,
  `mime` varchar(100) DEFAULT NULL,
  `job_id` varchar(255) DEFAULT NULL,
  `created_at` timestamp NULL DEFAULT NULL,
  `updated_at` timestamp NULL DEFAULT NULL
) ENGINE=InnoDB DEFAULT CHARSET=utf8mb4 COLLATE=utf8mb4_unicode_ci;

--
-- Dumping data for table `promotional_videos`
--

INSERT INTO `promotional_videos` (`id`, `user_id`, `video`, `video_poster`, `subtitles`, `duration_video`, `encode`, `status`, `bytes`, `mime`, `job_id`, `created_at`, `updated_at`) VALUES
(2, 12, '1269a1322592eee1772171813tauapuigpwxq3sdl1ar8.mp4', NULL, NULL, NULL, 1, 0, '2603986', 'video/mp4', NULL, '2026-02-27 05:56:53', '2026-02-27 05:57:36');

-- --------------------------------------------------------

--
-- Table structure for table `referrals`
--

CREATE TABLE `referrals` (
  `id` bigint(20) UNSIGNED NOT NULL,
  `user_id` int(10) UNSIGNED NOT NULL,
  `referred_by` int(10) UNSIGNED NOT NULL,
  `created_at` timestamp NULL DEFAULT NULL,
  `updated_at` timestamp NULL DEFAULT NULL
) ENGINE=InnoDB DEFAULT CHARSET=utf8mb4 COLLATE=utf8mb4_unicode_ci;

--
-- Dumping data for table `referrals`
--

INSERT INTO `referrals` (`id`, `user_id`, `referred_by`, `created_at`, `updated_at`) VALUES
(1, 648, 647, '2026-05-28 06:01:14', '2026-05-28 06:01:14');

-- --------------------------------------------------------

--
-- Table structure for table `referral_transactions`
--

CREATE TABLE `referral_transactions` (
  `id` bigint(20) UNSIGNED NOT NULL,
  `transactions_id` int(10) UNSIGNED DEFAULT NULL,
  `referrals_id` int(10) UNSIGNED NOT NULL,
  `user_id` int(10) UNSIGNED NOT NULL,
  `referred_by` int(10) UNSIGNED NOT NULL,
  `earnings` double(10,2) NOT NULL,
  `type` char(25) NOT NULL,
  `created_at` timestamp NULL DEFAULT NULL,
  `updated_at` timestamp NULL DEFAULT NULL
) ENGINE=InnoDB DEFAULT CHARSET=utf8mb4 COLLATE=utf8mb4_unicode_ci;

--
-- Dumping data for table `referral_transactions`
--

INSERT INTO `referral_transactions` (`id`, `transactions_id`, `referrals_id`, `user_id`, `referred_by`, `earnings`, `type`, `created_at`, `updated_at`) VALUES
(1, 185, 1, 648, 647, 0.01, 'dm', '2026-05-28 06:20:38', '2026-05-28 06:20:38'),
(2, 186, 1, 648, 647, 0.01, 'dm', '2026-05-28 06:23:19', '2026-05-28 06:23:19'),
(3, 187, 1, 648, 647, 0.01, 'dm', '2026-05-28 06:23:45', '2026-05-28 06:23:45'),
(4, 181, 1, 648, 647, 0.17, 'custom_video', '2026-05-28 06:34:21', '2026-05-28 06:34:21');

-- --------------------------------------------------------

--
-- Table structure for table `refunds`
--

CREATE TABLE `refunds` (
  `id` bigint(20) UNSIGNED NOT NULL,
  `order_id` int(10) UNSIGNED NOT NULL,
  `user_id` int(10) UNSIGNED NOT NULL,
  `seller_id` int(10) UNSIGNED NOT NULL,
  `status` varchar(50) NOT NULL DEFAULT 'pending',
  `reason` text NOT NULL,
  `created_at` timestamp NULL DEFAULT NULL,
  `updated_at` timestamp NULL DEFAULT NULL
) ENGINE=InnoDB DEFAULT CHARSET=utf8mb4 COLLATE=utf8mb4_unicode_ci;

--
-- Dumping data for table `refunds`
--

INSERT INTO `refunds` (`id`, `order_id`, `user_id`, `seller_id`, `status`, `reason`, `created_at`, `updated_at`) VALUES
(4, 953, 2, 12, 'approved_by_admin', 'not good errterte not good errterte', '2026-03-03 12:18:40', '2026-03-10 13:37:28'),
(5, 954, 2, 12, 'approved_by_seller', 'ghngvsgdhdgshshdhshshshshahshsjsj', '2026-03-05 09:25:50', '2026-03-05 09:26:19'),
(6, 960, 2, 12, 'approved_by_seller', 'not good work and not good behavior', '2026-03-30 10:39:05', '2026-04-01 07:16:56'),
(7, 964, 2, 12, 'approved_by_seller', 'not good work and not good behavior', '2026-03-30 10:39:46', '2026-04-01 07:13:37'),
(8, 961, 2, 12, 'approved_by_seller', 'not good ..dsfffsfsff', '2026-03-30 11:30:21', '2026-04-01 07:11:24'),
(9, 962, 2, 12, 'declined_by_seller', 'not good work and not good behavior', '2026-03-30 11:53:47', '2026-04-01 05:08:18'),
(10, 968, 2, 12, 'approved_by_seller', 'not good work this was not reply time to time', '2026-04-01 04:58:53', '2026-04-01 05:02:38'),
(11, 967, 2, 12, 'approved_by_seller', 'not good work for video in this', '2026-04-01 07:19:28', '2026-04-01 07:20:39'),
(12, 966, 2, 12, 'approved_by_seller', 'not good work for creator so refund my money', '2026-04-01 07:21:33', '2026-04-01 07:21:50'),
(13, 965, 2, 12, 'approved_by_seller', 'not good work for this creator', '2026-04-01 07:22:45', '2026-04-01 07:24:48'),
(14, 963, 2, 12, 'approved_by_seller', 'demo not working good to see this', '2026-04-01 07:25:38', '2026-04-01 07:26:41'),
(15, 958, 2, 12, 'approved_by_seller', 'not good working creator refund my money', '2026-04-01 07:29:46', '2026-04-01 07:57:34'),
(16, 957, 2, 12, 'closed', 'not propper work refund my money', '2026-04-01 08:02:13', '2026-04-01 08:04:52'),
(17, 956, 2, 12, 'declined_by_seller', 'not good work on this creator data', '2026-04-01 08:06:22', '2026-04-01 08:18:14'),
(18, 71, 2, 12, 'declined_by_seller', 'not good work of creator', '2026-04-01 08:15:37', '2026-04-01 08:21:50'),
(19, 955, 2, 12, 'approved_by_seller', 'demo not good good  gfdgfdgfg', '2026-04-01 08:25:03', '2026-04-01 08:25:17'),
(20, 938, 2, 12, 'closed', 'not good work gdydhjhhdhss', '2026-04-01 08:28:03', '2026-04-01 08:28:12'),
(21, 971, 2, 12, 'declined_by_seller', 'not working propper way', '2026-04-02 05:13:17', '2026-04-02 05:13:31'),
(22, 970, 2, 12, 'approved_by_seller', 'hdhdhdgsgsfshfmcnfhdgsge', '2026-04-02 05:13:50', '2026-04-02 05:13:59');

-- --------------------------------------------------------

--
-- Table structure for table `replies`
--

CREATE TABLE `replies` (
  `id` bigint(20) UNSIGNED NOT NULL,
  `user_id` bigint(20) UNSIGNED NOT NULL,
  `updates_id` bigint(20) UNSIGNED NOT NULL,
  `comments_id` bigint(20) UNSIGNED NOT NULL,
  `reply` longtext NOT NULL,
  `created_at` timestamp NULL DEFAULT NULL,
  `updated_at` timestamp NULL DEFAULT NULL
) ENGINE=InnoDB DEFAULT CHARSET=utf8mb4 COLLATE=utf8mb4_unicode_ci;

-- --------------------------------------------------------

--
-- Table structure for table `reports`
--

CREATE TABLE `reports` (
  `id` int(10) UNSIGNED NOT NULL,
  `user_id` int(10) UNSIGNED NOT NULL,
  `report_id` int(10) UNSIGNED NOT NULL,
  `reason` varchar(100) NOT NULL,
  `created_at` timestamp NULL DEFAULT NULL,
  `updated_at` timestamp NULL DEFAULT NULL
) ENGINE=InnoDB DEFAULT CHARSET=utf8mb3 COLLATE=utf8mb3_general_ci;

-- --------------------------------------------------------

--
-- Table structure for table `reserved`
--

CREATE TABLE `reserved` (
  `id` int(10) UNSIGNED NOT NULL,
  `name` varchar(255) NOT NULL,
  `editable` tinyint(1) NOT NULL DEFAULT 0
) ENGINE=InnoDB DEFAULT CHARSET=utf8mb3 COLLATE=utf8mb3_general_ci;

--
-- Dumping data for table `reserved`
--

INSERT INTO `reserved` (`id`, `name`, `editable`) VALUES
(1, 'fuck', 0),
(2, 'app', 0),
(3, 'public', 0),
(4, 'vendor', 0),
(5, 'xxx', 0),
(6, 'porn', 0),
(7, 'sex', 0),
(8, 'tags', 0),
(9, 'goods', 0),
(11, 'jobs', 0),
(12, 'projects', 0),
(13, 'messages', 0),
(14, 'account', 0),
(15, 'popular', 0),
(16, 'latest', 0),
(17, 'search', 0),
(19, 'notifications', 0),
(20, 'login', 0),
(21, 'join', 0),
(23, 'register', 0),
(24, 'upgrade', 0),
(25, 'contact', 0),
(26, 'signup', 0),
(27, 'members', 0),
(28, 'upload', 0),
(29, 'comment', 0),
(30, 'bootstrap', 0),
(31, 'api', 0),
(32, 'creators', 0),
(33, 'logout', 0),
(34, 'categories', 0),
(35, 'featured', 0),
(36, 'collections', 0),
(37, 'dashboard', 0),
(38, 'tests', 0),
(39, 'routes', 0),
(40, 'resources', 0),
(41, 'database', 0),
(42, 'config', 0),
(44, 'storage', 0),
(45, 'core', 0),
(46, 'cpanel', 0),
(47, 'blog', 0),
(48, 'offline', 0),
(49, 'artisan', 0),
(50, 'explore', 0),
(51, 'shop', 0),
(52, 'home', 0),
(53, 'lang', 0),
(54, 'favorites', 0),
(55, 'orders', 0),
(56, 'enroll', 0),
(57, 'wallet', 0),
(58, 'withdrawals', 0),
(59, 'changelog', 0),
(60, 'payments', 0),
(61, 'install', 0);

-- --------------------------------------------------------

--
-- Table structure for table `restrictions`
--

CREATE TABLE `restrictions` (
  `id` bigint(20) UNSIGNED NOT NULL,
  `user_id` int(10) UNSIGNED NOT NULL,
  `user_restricted` int(10) UNSIGNED NOT NULL,
  `created_at` timestamp NULL DEFAULT NULL,
  `updated_at` timestamp NULL DEFAULT NULL
) ENGINE=InnoDB DEFAULT CHARSET=utf8mb4 COLLATE=utf8mb4_unicode_ci;

-- --------------------------------------------------------

--
-- Table structure for table `reviews`
--

CREATE TABLE `reviews` (
  `id` bigint(20) UNSIGNED NOT NULL,
  `user_id` int(10) UNSIGNED NOT NULL,
  `seller_id` int(10) UNSIGNED NOT NULL,
  `orders_id` int(10) UNSIGNED NOT NULL,
  `rating` int(10) UNSIGNED NOT NULL,
  `comment` text NOT NULL,
  `created_at` timestamp NULL DEFAULT NULL,
  `updated_at` timestamp NULL DEFAULT NULL
) ENGINE=InnoDB DEFAULT CHARSET=utf8mb4 COLLATE=utf8mb4_unicode_ci;

--
-- Dumping data for table `reviews`
--

INSERT INTO `reviews` (`id`, `user_id`, `seller_id`, `orders_id`, `rating`, `comment`, `created_at`, `updated_at`) VALUES
(20, 2, 12, 954, 4, 'yrdry rdydydtyt ydty', '2026-03-02 05:06:06', '2026-03-02 05:06:06'),
(21, 2, 12, 952, 4, 'gffdg', '2026-03-05 11:55:29', '2026-03-05 11:55:29'),
(22, 2, 12, 962, 5, 'nice work', '2026-03-30 10:19:33', '2026-03-30 10:19:33'),
(25, 2, 12, 971, 5, 'nice work', '2026-04-02 05:11:49', '2026-04-02 05:11:49');

-- --------------------------------------------------------

--
-- Table structure for table `roles_and_permissions`
--

CREATE TABLE `roles_and_permissions` (
  `id` bigint(20) UNSIGNED NOT NULL,
  `name` varchar(250) NOT NULL,
  `permissions` longtext NOT NULL,
  `editable` enum('0','1') NOT NULL DEFAULT '1',
  `created_at` timestamp NULL DEFAULT NULL,
  `updated_at` timestamp NULL DEFAULT NULL
) ENGINE=InnoDB DEFAULT CHARSET=utf8mb4 COLLATE=utf8mb4_unicode_ci;

--
-- Dumping data for table `roles_and_permissions`
--

INSERT INTO `roles_and_permissions` (`id`, `name`, `permissions`, `editable`, `created_at`, `updated_at`) VALUES
(1, 'Super Admin', 'full_access', '0', '2024-06-27 19:00:00', '2024-06-27 19:00:00'),
(2, 'Admin', 'limited_access', '1', '2026-03-12 09:25:53', '2026-03-12 09:25:53');

-- --------------------------------------------------------

--
-- Table structure for table `states`
--

CREATE TABLE `states` (
  `id` bigint(20) UNSIGNED NOT NULL,
  `countries_id` int(10) UNSIGNED NOT NULL,
  `name` varchar(250) NOT NULL,
  `code` char(10) NOT NULL,
  `created_at` timestamp NULL DEFAULT NULL,
  `updated_at` timestamp NULL DEFAULT NULL
) ENGINE=InnoDB DEFAULT CHARSET=utf8mb4 COLLATE=utf8mb4_unicode_ci;

-- --------------------------------------------------------

--
-- Table structure for table `stories`
--

CREATE TABLE `stories` (
  `id` bigint(20) UNSIGNED NOT NULL,
  `user_id` int(10) UNSIGNED NOT NULL,
  `media_path` varchar(255) CHARACTER SET utf8mb4 COLLATE utf8mb4_unicode_ci NOT NULL,
  `media_type` enum('image','video') CHARACTER SET utf8mb4 COLLATE utf8mb4_unicode_ci NOT NULL,
  `caption` text CHARACTER SET utf8mb4 COLLATE utf8mb4_unicode_ci DEFAULT NULL,
  `overlay_data_json` longtext CHARACTER SET utf8mb4 COLLATE utf8mb4_bin DEFAULT NULL,
  `privacy_type` enum('public','followers','subscribers') CHARACTER SET utf8mb4 COLLATE utf8mb4_unicode_ci NOT NULL DEFAULT 'public',
  `expires_at` datetime DEFAULT NULL,
  `viewers_count` int(10) UNSIGNED NOT NULL DEFAULT 0,
  `status` enum('active','expired','deleted') CHARACTER SET utf8mb4 COLLATE utf8mb4_unicode_ci NOT NULL DEFAULT 'active',
  `created_at` timestamp NULL DEFAULT NULL,
  `updated_at` timestamp NULL DEFAULT NULL
) ENGINE=InnoDB DEFAULT CHARSET=latin1 COLLATE=latin1_swedish_ci;

--
-- Dumping data for table `stories`
--

INSERT INTO `stories` (`id`, `user_id`, `media_path`, `media_type`, `caption`, `overlay_data_json`, `privacy_type`, `expires_at`, `viewers_count`, `status`, `created_at`, `updated_at`) VALUES
(50, 192, 'stories/test_video.mp4', 'video', NULL, NULL, 'public', '2026-02-25 04:13:17', 0, 'active', '2026-02-26 01:17:03', '2026-02-26 04:13:17'),
(61, 2, 'stories/2/story_MjmpNsE07romP6pT1GP1.png', 'image', 'Test', '{\"version\":\"5.3.0\",\"objects\":[{\"type\":\"i-text\",\"version\":\"5.3.0\",\"originX\":\"center\",\"originY\":\"center\",\"left\":179,\"top\":535.35,\"width\":202.08,\"height\":40.68,\"fill\":\"#ffffff\",\"stroke\":null,\"strokeWidth\":1,\"strokeDashArray\":null,\"strokeLineCap\":\"butt\",\"strokeDashOffset\":0,\"strokeLineJoin\":\"miter\",\"strokeUniform\":false,\"strokeMiterLimit\":4,\"scaleX\":1,\"scaleY\":1,\"angle\":0,\"flipX\":false,\"flipY\":false,\"opacity\":1,\"shadow\":{\"color\":\"rgba(0,0,0,0.8)\",\"blur\":8,\"offsetX\":2,\"offsetY\":2,\"id\":0},\"visible\":true,\"backgroundColor\":\"\",\"fillRule\":\"nonzero\",\"paintFirst\":\"fill\",\"globalCompositeOperation\":\"source-over\",\"skewX\":0,\"skewY\":0,\"fontFamily\":\"Montserrat, sans-serif\",\"fontWeight\":\"bold\",\"fontSize\":36,\"text\":\"Shaktimaan\",\"underline\":false,\"overline\":false,\"linethrough\":false,\"textAlign\":\"left\",\"fontStyle\":\"normal\",\"lineHeight\":1.16,\"textBackgroundColor\":\"\",\"charSpacing\":0,\"styles\":[],\"direction\":\"ltr\",\"path\":null,\"pathStartOffset\":0,\"pathSide\":\"left\",\"pathAlign\":\"baseline\"},{\"type\":\"path\",\"version\":\"5.3.0\",\"originX\":\"left\",\"originY\":\"top\",\"left\":128.1,\"top\":530.05,\"width\":179,\"height\":88.92,\"fill\":null,\"stroke\":\"#ffffff\",\"strokeWidth\":5,\"strokeDashArray\":null,\"strokeLineCap\":\"round\",\"strokeDashOffset\":0,\"strokeLineJoin\":\"round\",\"strokeUniform\":false,\"strokeMiterLimit\":10,\"scaleX\":1,\"scaleY\":1,\"angle\":0,\"flipX\":false,\"flipY\":false,\"opacity\":1,\"shadow\":null,\"visible\":true,\"backgroundColor\":\"\",\"fillRule\":\"nonzero\",\"paintFirst\":\"fill\",\"globalCompositeOperation\":\"source-over\",\"skewX\":0,\"skewY\":0,\"path\":[[\"M\",130.59999084472656,591.4954219409283],[\"Q\",130.59999084472656,591.5004219409283,130.59999084472656,592],[\"Q\",130.59999084472656,592.4995780590717,130.59999084472656,592.9991561181434],[\"Q\",130.59999084472656,593.4987341772152,131.59999084472656,594.4978902953587],[\"Q\",132.59999084472656,595.4970464135022,134.09999084472656,597.9949367088608],[\"Q\",135.59999084472656,600.4928270042194,137.09999084472656,602.9907172995781],[\"Q\",138.59999084472656,605.4886075949368,141.09999084472656,608.4860759493672],[\"Q\",143.59999084472656,611.4835443037975,144.09999084472656,613.4818565400844],[\"Q\",144.59999084472656,615.4801687763713,145.59999084472656,616.4793248945148],[\"Q\",146.59999084472656,617.4784810126582,147.59999084472656,617.97805907173],[\"Q\",148.59999084472656,618.4776371308017,148.59999084472656,619.4767932489451],[\"Q\",148.59999084472656,620.4759493670887,148.59999084472656,620.9755274261604],[\"Q\",148.59999084472656,621.4751054852321,149.09999084472656,621.4751054852321],[\"Q\",149.59999084472656,621.4751054852321,150.09999084472656,621.4751054852321],[\"Q\",150.59999084472656,621.4751054852321,152.09999084472656,620.9755274261604],[\"Q\",153.59999084472656,620.4759493670887,155.59999084472656,619.4767932489451],[\"Q\",157.59999084472656,618.4776371308017,163.59999084472656,614.4810126582279],[\"Q\",169.59999084472656,610.4843881856541,179.59999084472656,602.9907172995781],[\"Q\",189.59999084472656,595.4970464135022,202.09999084472656,588.5029535864979],[\"Q\",214.59999084472656,581.5088607594937,237.09999084472656,569.0194092827005],[\"Q\",259.59999084472656,556.5299578059072,274.09999084472656,548.5367088607595],[\"Q\",288.59999084472656,540.5434599156118,293.59999084472656,538.5451476793249],[\"Q\",298.59999084472656,536.546835443038,300.59999084472656,535.0481012658229],[\"Q\",302.59999084472656,533.5493670886076,304.59999084472656,533.0497890295359],[\"Q\",306.59999084472656,532.5502109704641,308.09999084472656,532.5502109704641],[\"L\",309.60499084472656,532.5502109704641]]}]}', 'public', '2026-02-27 05:40:04', 1, 'active', '2026-02-27 05:39:58', '2026-02-27 05:40:04'),
(68, 12, 'stories/12/story_taOsoSN7M29HRFkC8FmW.png', 'image', 'aaaaaa', '{\"version\":\"5.3.0\",\"objects\":[]}', 'public', '2026-03-03 07:32:15', 1, 'active', '2026-03-03 07:32:11', '2026-03-03 07:32:15'),
(69, 12, 'stories/12/story_R2vBxTxxmBMcnUc0GcgZ.png', 'image', 'LOgo', '{\"version\":\"5.3.0\",\"objects\":[]}', 'public', '2026-03-03 08:07:55', 1, 'active', '2026-03-03 08:07:52', '2026-03-03 08:07:55'),
(70, 12, 'stories/12/story_wY7RLPCDWaEam6jnrC9A.png', 'image', 'VV', '{\"version\":\"5.3.0\",\"objects\":[]}', 'public', '2026-03-03 08:08:12', 1, 'active', '2026-03-03 08:08:10', '2026-03-03 08:08:12'),
(71, 12, 'stories/12/story_1GnQB4aboqqjfMD6Eylv.png', 'image', 'eeee', '{\"version\":\"5.3.0\",\"objects\":[]}', 'public', '2026-03-03 08:09:01', 1, 'active', '2026-03-03 08:08:53', '2026-03-03 08:09:01'),
(72, 12, 'stories/12/story_zOsTzwotd1XW6c9dLfgP.png', 'image', '11', '{\"version\":\"5.3.0\",\"objects\":[]}', 'public', '2026-03-03 08:52:49', 1, 'active', '2026-03-03 08:52:42', '2026-03-03 08:52:42'),
(73, 12, 'stories/12/story_KxlTjg2rT29bvEencbNr.png', 'image', '12', '{\"version\":\"5.3.0\",\"objects\":[]}', 'public', '2026-03-03 08:53:05', 1, 'active', '2026-03-03 08:53:00', '2026-03-03 08:53:00'),
(74, 12, 'stories/12/story_VE8YX46EPe1dYqn4unBJ.png', 'image', '1', '{\"version\":\"5.3.0\",\"objects\":[]}', 'public', '2026-03-04 08:56:13', 1, 'active', '2026-03-03 08:56:13', '2026-03-03 08:56:13'),
(75, 12, 'stories/12/story_xt5YYV6fMQaoLZHhLbAy.png', 'image', '3', '{\"version\":\"5.3.0\",\"objects\":[]}', 'public', '2026-03-04 08:56:32', 1, 'active', '2026-03-03 08:56:32', '2026-03-03 08:56:32'),
(76, 12, 'stories/12/story_K1i5ymLJITchIroFBYSq.jpg', 'image', 'thh', NULL, 'public', '2026-03-04 09:01:56', 1, 'active', '2026-03-03 09:01:56', '2026-03-03 09:01:56'),
(77, 12, 'stories/12/story_NgukNRAjTwXuiQjjYaL3.jpg', 'image', '', NULL, 'public', '2026-03-10 09:49:43', 1, 'active', '2026-03-09 09:49:43', '2026-03-09 09:49:43'),
(83, 12, 'stories/12/story_aYEYTgiONO78PSPSJpGk.jpg', 'image', 'hellofriends', NULL, 'public', '2026-03-13 16:58:55', 1, 'active', '2026-03-12 11:28:55', '2026-03-12 11:28:55'),
(84, 12, 'stories/12/story_vrz98S31isDca61RkFMF.jpg', 'image', '', NULL, 'public', '2026-04-02 17:16:00', 2, 'active', '2026-04-01 11:46:00', '2026-04-01 11:46:00');

-- --------------------------------------------------------

--
-- Table structure for table `story_views`
--

CREATE TABLE `story_views` (
  `id` bigint(20) UNSIGNED NOT NULL,
  `story_id` bigint(20) UNSIGNED NOT NULL,
  `user_id` int(10) UNSIGNED DEFAULT NULL,
  `ip_address` varchar(255) DEFAULT NULL,
  `viewed_at` timestamp NOT NULL DEFAULT current_timestamp() ON UPDATE current_timestamp()
) ENGINE=InnoDB DEFAULT CHARSET=utf8mb4 COLLATE=utf8mb4_unicode_ci;

--
-- Dumping data for table `story_views`
--

INSERT INTO `story_views` (`id`, `story_id`, `user_id`, `ip_address`, `viewed_at`) VALUES
(20, 61, 2, '152.58.17.226', '2026-02-27 05:40:04'),
(26, 68, 12, '152.58.35.177', '2026-03-03 07:32:15'),
(27, 69, 12, '106.215.176.184', '2026-03-03 08:07:55'),
(28, 70, 12, '106.215.176.184', '2026-03-03 08:08:12'),
(29, 71, 12, '106.215.176.184', '2026-03-03 08:09:01'),
(30, 72, 12, '106.215.176.184', '2026-03-03 08:52:49'),
(31, 73, 12, '106.215.176.184', '2026-03-03 08:53:05'),
(32, 74, 12, '106.215.176.184', '2026-03-03 08:56:16'),
(33, 75, 12, '106.215.176.184', '2026-03-03 08:56:39'),
(34, 76, 12, '152.58.35.177', '2026-03-03 09:02:12'),
(35, 77, 12, '152.59.38.168', '2026-03-09 09:51:42'),
(37, 83, 12, '152.58.61.49', '2026-03-12 11:35:01'),
(38, 84, 2, '152.58.60.86', '2026-04-01 11:46:39'),
(40, 84, 12, '152.58.17.141', '2026-04-02 04:29:13');

-- --------------------------------------------------------

--
-- Table structure for table `stripe_state_tokens`
--

CREATE TABLE `stripe_state_tokens` (
  `id` bigint(20) UNSIGNED NOT NULL,
  `user_id` bigint(20) UNSIGNED NOT NULL,
  `token` varchar(255) DEFAULT NULL,
  `created_at` timestamp NULL DEFAULT NULL,
  `updated_at` timestamp NULL DEFAULT NULL
) ENGINE=InnoDB DEFAULT CHARSET=utf8mb4 COLLATE=utf8mb4_unicode_ci;

--
-- Dumping data for table `stripe_state_tokens`
--

INSERT INTO `stripe_state_tokens` (`id`, `user_id`, `token`, `created_at`, `updated_at`) VALUES
(1, 12, '705deec0-bb56-4dcf-bfba-ea7501d85cb56a2664dde0be212', '2026-06-08 06:44:45', '2026-06-08 06:44:45'),
(2, 12, '9d7c712f-294b-4669-bcf7-3d5b708a165c6a266cbe72a9412', '2026-06-08 07:18:22', '2026-06-08 07:18:22'),
(3, 12, '25b862c2-67d1-4723-af50-e5aa766717ea6a266da25c14612', '2026-06-08 07:22:10', '2026-06-08 07:22:10'),
(4, 12, 'b402fa9f-60d0-479c-9edd-08aadd7fc3e06a266dd7ab1f512', '2026-06-08 07:23:03', '2026-06-08 07:23:03'),
(5, 12, '9f76825c-9efa-496a-8121-9b9f0202f20f6a266de5bf43c12', '2026-06-08 07:23:17', '2026-06-08 07:23:17'),
(6, 12, '0c278f1c-f662-4d81-9e7c-d6fa1bde5d416a266ed8bcff412', '2026-06-08 07:27:20', '2026-06-08 07:27:20'),
(7, 12, '43a90b80-ec20-4954-a6b4-7c2fcf0b24ad6a266ee243a5e12', '2026-06-08 07:27:30', '2026-06-08 07:27:30'),
(8, 12, 'bc1ddde5-fc1b-4c48-ad87-5bc4cdd8a7c56a266f3a3552612', '2026-06-08 07:28:58', '2026-06-08 07:28:58'),
(9, 12, 'afbcb23d-13c1-4205-822d-5ca03281b0556a266f80a0e7312', '2026-06-08 07:30:08', '2026-06-08 07:30:08');

-- --------------------------------------------------------

--
-- Table structure for table `support_tickets`
--

CREATE TABLE `support_tickets` (
  `id` bigint(20) UNSIGNED NOT NULL,
  `business_profile_id` bigint(20) UNSIGNED NOT NULL,
  `assigned_admin_id` bigint(20) UNSIGNED DEFAULT NULL,
  `subject` varchar(255) NOT NULL,
  `body` text NOT NULL,
  `type` enum('general','concierge','campaign_assistance','managed_campaign') NOT NULL DEFAULT 'general',
  `status` enum('open','in_progress','waiting_business','resolved','closed') NOT NULL DEFAULT 'open',
  `priority` enum('standard','priority','enterprise') NOT NULL DEFAULT 'standard',
  `sla_due_at` timestamp NULL DEFAULT NULL,
  `resolved_at` timestamp NULL DEFAULT NULL,
  `created_at` timestamp NULL DEFAULT NULL,
  `updated_at` timestamp NULL DEFAULT NULL
) ENGINE=MyISAM DEFAULT CHARSET=utf8mb4 COLLATE=utf8mb4_unicode_ci;

-- --------------------------------------------------------

--
-- Table structure for table `support_ticket_replies`
--

CREATE TABLE `support_ticket_replies` (
  `id` bigint(20) UNSIGNED NOT NULL,
  `ticket_id` bigint(20) UNSIGNED NOT NULL,
  `user_id` bigint(20) UNSIGNED NOT NULL,
  `body` text NOT NULL,
  `is_admin_reply` tinyint(1) NOT NULL DEFAULT 0,
  `created_at` timestamp NULL DEFAULT NULL,
  `updated_at` timestamp NULL DEFAULT NULL
) ENGINE=MyISAM DEFAULT CHARSET=utf8mb4 COLLATE=utf8mb4_unicode_ci;

-- --------------------------------------------------------

--
-- Table structure for table `tax_rates`
--

CREATE TABLE `tax_rates` (
  `id` int(10) UNSIGNED NOT NULL,
  `name` varchar(250) NOT NULL,
  `type` tinyint(1) NOT NULL DEFAULT 1,
  `percentage` decimal(5,2) NOT NULL,
  `country` varchar(100) DEFAULT NULL,
  `state` varchar(100) DEFAULT NULL,
  `iso_state` char(10) DEFAULT NULL,
  `status` enum('0','1') NOT NULL DEFAULT '1',
  `created_at` timestamp NULL DEFAULT NULL,
  `updated_at` timestamp NULL DEFAULT NULL
) ENGINE=InnoDB DEFAULT CHARSET=utf8mb4 COLLATE=utf8mb4_unicode_ci;

-- --------------------------------------------------------

--
-- Table structure for table `tips`
--

CREATE TABLE `tips` (
  `user_id` int(10) UNSIGNED NOT NULL,
  `seller_id` int(10) UNSIGNED NOT NULL,
  `orders_id` int(10) UNSIGNED NOT NULL,
  `transactions_id` int(10) UNSIGNED DEFAULT NULL,
  `amount` decimal(10,2) NOT NULL,
  `created_at` timestamp NULL DEFAULT NULL,
  `updated_at` timestamp NULL DEFAULT NULL
) ENGINE=InnoDB DEFAULT CHARSET=utf8mb4 COLLATE=utf8mb4_unicode_ci;

--
-- Dumping data for table `tips`
--

INSERT INTO `tips` (`user_id`, `seller_id`, `orders_id`, `transactions_id`, `amount`, `created_at`, `updated_at`) VALUES
(2, 12, 954, 120, 1.00, '2026-03-05 09:23:20', '2026-03-05 09:23:20'),
(2, 12, 954, 121, 5.00, '2026-03-05 09:24:46', '2026-03-05 09:24:46'),
(2, 12, 953, 122, 1.00, '2026-03-05 09:50:13', '2026-03-05 09:50:13'),
(2, 12, 960, 144, 1.00, '2026-03-06 09:32:06', '2026-03-06 09:32:06'),
(2, 12, 968, 168, 1.00, '2026-04-01 04:58:01', '2026-04-01 04:58:01'),
(2, 12, 971, 175, 1.00, '2026-04-02 05:10:32', '2026-04-02 05:10:32');

-- --------------------------------------------------------

--
-- Table structure for table `transactions`
--

CREATE TABLE `transactions` (
  `id` int(10) UNSIGNED NOT NULL,
  `txn_id` varchar(250) DEFAULT NULL,
  `user_id` int(10) UNSIGNED NOT NULL,
  `seller` int(10) UNSIGNED NOT NULL,
  `earning_net_user` decimal(10,2) NOT NULL,
  `earning_net_admin` decimal(10,2) NOT NULL,
  `payment_gateway` varchar(100) NOT NULL,
  `status` tinyint(3) UNSIGNED NOT NULL DEFAULT 1,
  `amount` float NOT NULL,
  `charged` decimal(10,2) NOT NULL,
  `type` varchar(100) NOT NULL DEFAULT 'custom_video',
  `percentage_applied` varchar(50) DEFAULT NULL,
  `referred_commission` int(10) UNSIGNED DEFAULT NULL,
  `taxes_applied` decimal(10,2) NOT NULL,
  `taxes` text DEFAULT NULL,
  `direct_payment` tinyint(1) NOT NULL DEFAULT 0,
  `created_at` timestamp NULL DEFAULT NULL,
  `updated_at` timestamp NULL DEFAULT NULL,
  `coupon_id` int(11) DEFAULT NULL
) ENGINE=InnoDB DEFAULT CHARSET=utf8mb4 COLLATE=utf8mb4_unicode_ci;

--
-- Dumping data for table `transactions`
--

INSERT INTO `transactions` (`id`, `txn_id`, `user_id`, `seller`, `earning_net_user`, `earning_net_admin`, `payment_gateway`, `status`, `amount`, `charged`, `type`, `percentage_applied`, `referred_commission`, `taxes_applied`, `taxes`, `direct_payment`, `created_at`, `updated_at`, `coupon_id`) VALUES
(1, 'w_Kp6BmmaH0kPPHNnUFKjpDfXGk', 70, 12, 500.00, 25.00, 'Wallet', 1, 500, 525.00, 'custom_video_business', NULL, 0, 0.00, '', 0, '2026-02-24 03:03:08', '2026-02-24 03:06:41', NULL),
(2, 'w_cEpFocmAKmVQybvY6tub1YXd4', 70, 12, 500.00, 25.00, 'Wallet', 1, 500, 525.00, 'custom_video_business', NULL, 0, 0.00, '', 0, '2026-02-24 03:25:03', '2026-02-24 03:51:08', NULL),
(3, 'w_LaRJcw7aAJTgIlU61NgK90I93', 70, 12, 500.00, 25.00, 'Wallet', 1, 500, 525.00, 'custom_video_business', NULL, 0, 0.00, '', 0, '2026-02-24 04:02:04', '2026-02-24 04:03:40', NULL),
(4, 'w_0G84oShW7cUYgM1QFupZnpuvt', 70, 12, 500.00, 25.00, 'Wallet', 1, 500, 525.00, 'custom_video_business', NULL, 0, 0.00, '', 0, '2026-02-24 04:29:19', '2026-02-24 04:30:41', NULL),
(5, 'w_RQ3nr27MQdVGQjRnHzyU4KCEP', 70, 12, 500.00, 25.00, 'Wallet', 1, 500, 525.00, 'custom_video_business', NULL, 0, 0.00, '', 0, '2026-02-24 04:42:06', '2026-02-24 04:43:29', NULL),
(6, 'w_ocYh6VXR4imks0JfWRXy5NmSY', 70, 12, 500.00, 25.00, 'Wallet', 2, 500, 525.00, 'custom_video_business', NULL, NULL, 0.00, '', 0, '2026-02-24 04:49:34', '2026-03-12 09:19:55', NULL),
(7, 'w_zoKn6dtl0jmFQKOrg3x0f8R5N', 70, 12, 500.00, 25.00, 'Wallet', 1, 500, 525.00, 'custom_video_business', NULL, 0, 0.00, '', 0, '2026-02-24 04:57:56', '2026-02-24 04:59:17', NULL),
(8, 'w_0hMYAXnUuJVvxPt6kcANTi3yI', 70, 12, 500.00, 25.00, 'Wallet', 1, 500, 525.00, 'custom_video_business', NULL, 0, 0.00, '', 0, '2026-02-24 05:02:37', '2026-02-24 05:03:53', NULL),
(9, 'w_cxqIh4n6ZmQaHil8wselW6znW', 70, 12, 500.00, 25.00, 'Wallet', 1, 500, 525.00, 'custom_video_business', NULL, 0, 0.00, '', 0, '2026-02-24 06:03:38', '2026-02-24 06:04:57', NULL),
(10, 'w_qt4guzSdMvsk0RYieUYtvf0PN', 70, 12, 500.00, 25.00, 'Wallet', 2, 500, 525.00, 'custom_video_business', NULL, NULL, 0.00, '', 0, '2026-02-24 06:05:09', '2026-03-12 09:19:55', NULL),
(11, 'w_4aE0ZegjOKzpUZeqXfjB3vrrS', 70, 12, 500.00, 25.00, 'Wallet', 2, 500, 525.00, 'custom_video_business', NULL, NULL, 0.00, '', 0, '2026-02-24 06:19:45', '2026-03-12 09:19:55', NULL),
(12, 'w_Co0yDQhvgZ5oCiLTXkQ4JOOfl', 70, 12, 500.00, 25.00, 'Wallet', 1, 500, 525.00, 'custom_video_business', NULL, 0, 0.00, '', 0, '2026-02-24 06:29:42', '2026-02-24 06:41:20', NULL),
(13, 'w_d6aJm2MTtl6jO19rXlGVESI0p', 70, 12, 500.00, 25.00, 'Wallet', 1, 500, 525.00, 'custom_video_business', NULL, 0, 0.00, '', 0, '2026-02-24 06:48:08', '2026-02-24 06:49:38', NULL),
(14, 'w_NWOtCX6zK8vqaeQe8nz6M8Z5V', 70, 12, 500.00, 25.00, 'Wallet', 1, 500, 525.00, 'custom_video_business', NULL, 0, 0.00, '', 0, '2026-02-24 07:07:16', '2026-02-24 09:34:27', NULL),
(15, 'w_89sUqwQofAsUUH9mQ18orYR1d', 2, 70, 10.00, 0.50, 'Wallet', 1, 10, 10.50, 'custom_video', NULL, 0, 0.00, '', 0, '2026-02-24 11:38:02', '2026-02-24 11:38:57', NULL),
(29, NULL, 2, 12, 1.64, 0.10, 'Stripe', 3, 2, 2.10, 'custom_video', '2.9% + 0.30', NULL, 0.00, '', 0, '2026-02-26 00:28:33', '2026-02-26 00:28:33', NULL),
(30, NULL, 2, 12, 1.64, 0.10, 'Stripe', 3, 2, 2.10, 'custom_video', '2.9% + 0.30', NULL, 0.00, '', 0, '2026-02-26 00:33:04', '2026-02-26 00:33:04', NULL),
(31, 'w_5yrNNBCP95un36vLooPG1GFl9', 2, 12, 2.00, 0.10, 'Wallet', 3, 2, 2.10, 'custom_video', NULL, NULL, 0.00, '', 0, '2026-02-26 00:34:58', '2026-02-26 00:34:58', NULL),
(32, 'w_akJmTzioMOURMkaPScwGX7MTy', 2, 12, 2.00, 0.10, 'Wallet', 3, 2, 2.10, 'custom_video', NULL, NULL, 0.00, '', 0, '2026-02-26 00:39:47', '2026-02-26 00:39:47', NULL),
(33, 'w_SgNKKtZU9uD1uCKuM9xlebtXp', 2, 12, 2.00, 0.10, 'Wallet', 2, 2, 2.10, 'custom_video', NULL, NULL, 0.00, '', 0, '2026-02-26 00:49:19', '2026-02-27 04:58:34', NULL),
(34, 'w_r1XLshViu2LUgjtV7PMXTzsYO', 2, 12, 2.00, 0.10, 'Wallet', 1, 2, 2.10, 'custom_video', NULL, 0, 0.00, '', 0, '2026-02-26 01:16:12', '2026-02-26 01:16:44', NULL),
(77, 'w_gneHHX2GE3GqfeawooNfBLZRU', 2, 12, 2.00, 0.10, 'Wallet', 2, 2, 2.10, 'custom_video', NULL, NULL, 0.00, '', 0, '2026-02-26 10:56:38', '2026-02-26 11:12:08', NULL),
(78, NULL, 2, 12, 2.00, 0.10, 'Wallet', 3, 2, 2.10, 'dm', NULL, NULL, 0.00, '', 0, '2026-02-26 11:30:51', '2026-02-26 11:30:51', NULL),
(79, NULL, 2, 12, 2.00, 0.10, 'Wallet', 3, 2, 2.10, 'dm', NULL, NULL, 0.00, '', 0, '2026-02-26 11:31:05', '2026-02-26 11:31:05', NULL),
(80, NULL, 2, 12, 2.00, 0.10, 'Wallet', 3, 2, 2.10, 'dm', NULL, NULL, 0.00, '', 0, '2026-02-26 11:31:07', '2026-02-26 11:31:07', NULL),
(81, NULL, 2, 12, 2.00, 0.10, 'Wallet', 3, 2, 2.10, 'dm', NULL, NULL, 0.00, '', 0, '2026-02-26 11:31:08', '2026-02-26 11:31:08', NULL),
(82, 'w_rPJQ1ZmOEqMCtfqR4CUXC4YGQ', 2, 12, 2.00, 0.10, 'Wallet', 2, 2, 2.10, 'custom_video', NULL, NULL, 0.00, '', 0, '2026-02-26 11:46:27', '2026-02-27 06:03:29', NULL),
(83, NULL, 2, 12, 2.00, 0.10, 'Wallet', 3, 2, 2.10, 'dm', NULL, NULL, 0.00, '', 0, '2026-02-26 11:48:16', '2026-02-26 11:48:16', NULL),
(84, 'w_JpneRcFqQNgI2P25QkGLynoCE', 2, 12, 2.00, 0.10, 'Wallet', 2, 2, 2.10, 'custom_video', NULL, NULL, 0.00, '', 0, '2026-02-27 04:56:38', '2026-03-05 06:14:22', NULL),
(85, NULL, 2, 12, 11.33, 0.60, 'Stripe', 3, 12, 12.60, 'custom_video', '2.9% + 0.30', NULL, 0.00, '', 0, '2026-02-27 05:04:42', '2026-02-27 05:04:42', NULL),
(86, NULL, 2, 12, 11.33, 0.60, 'Stripe', 3, 12, 12.60, 'custom_video', '2.9% + 0.30', NULL, 0.00, '', 0, '2026-02-27 05:06:34', '2026-02-27 05:06:34', NULL),
(87, 'w_3sKQe2fqV7v3GMAfWmLt5o8i9', 2, 12, 12.00, 0.60, 'Wallet', 1, 12, 12.60, 'custom_video', NULL, 0, 0.00, '', 0, '2026-02-27 05:08:43', '2026-04-01 08:26:32', NULL),
(88, 'w_YdXTpjIoqJvEwxUbUwom0CEEf', 2, 12, 12.00, 0.60, 'Wallet', 3, 12, 12.60, 'custom_video', NULL, NULL, 0.00, '', 0, '2026-02-27 05:13:09', '2026-02-27 05:13:09', NULL),
(89, NULL, 2, 12, 11.33, 0.60, 'Stripe', 3, 12, 12.60, 'custom_video', '2.9% + 0.30', NULL, 0.00, '', 0, '2026-02-27 05:16:36', '2026-02-27 05:16:36', NULL),
(90, 'w_FP6USz8M2ablc79DANkNpnvAX', 2, 12, 500.00, 25.00, 'Wallet', 2, 500, 525.00, 'custom_video_business', NULL, NULL, 0.00, '', 0, '2026-02-27 05:24:41', '2026-02-27 06:03:45', NULL),
(91, NULL, 2, 12, 2.00, 0.10, 'Wallet', 3, 2, 2.10, 'dm', NULL, NULL, 0.00, '', 0, '2026-02-27 05:27:04', '2026-02-27 05:27:04', NULL),
(92, NULL, 2, 12, 2.00, 0.10, 'Wallet', 3, 2, 2.10, 'dm', NULL, NULL, 0.00, '', 0, '2026-02-27 05:31:01', '2026-02-27 05:31:01', NULL),
(93, NULL, 2, 12, 2.00, 0.10, 'Wallet', 3, 2, 2.10, 'dm', NULL, NULL, 0.00, '', 0, '2026-02-27 05:31:40', '2026-02-27 05:31:40', NULL),
(94, NULL, 2, 12, 2.00, 0.10, 'Wallet', 3, 2, 2.10, 'dm', NULL, NULL, 0.00, '', 0, '2026-02-27 05:32:58', '2026-02-27 05:32:58', NULL),
(95, 'w_d8emi2uipkqcD1Yyn1aXHl8Hm', 2, 12, 70.00, 3.50, 'Wallet', 2, 70, 73.50, 'custom_video', NULL, NULL, 0.00, '', 0, '2026-02-27 06:52:12', '2026-02-27 06:52:17', NULL),
(96, NULL, 2, 12, 67.57, 3.50, 'Stripe', 3, 70, 73.50, 'custom_video', '2.9% + 0.30', NULL, 0.00, '', 0, '2026-02-27 06:54:13', '2026-02-27 06:54:13', NULL),
(97, NULL, 2, 12, 67.57, 3.50, 'Stripe', 3, 70, 73.50, 'custom_video', '2.9% + 0.30', NULL, 0.00, '', 0, '2026-02-27 06:59:39', '2026-02-27 06:59:39', NULL),
(98, NULL, 1, 12, 484.47, 25.00, 'Stripe', 3, 500, 525.00, 'custom_video_business', '2.9% + 0.30', NULL, 0.00, '', 0, '2026-02-27 07:02:24', '2026-02-27 07:02:24', NULL),
(99, NULL, 2, 12, 67.57, 3.50, 'Stripe', 3, 70, 73.50, 'custom_video', '2.9% + 0.30', NULL, 0.00, '', 0, '2026-02-27 07:08:07', '2026-02-27 07:08:07', NULL),
(100, NULL, 2, 12, 67.57, 3.50, 'Stripe', 3, 70, 73.50, 'custom_video', '2.9% + 0.30', NULL, 0.00, '', 0, '2026-02-27 07:09:25', '2026-02-27 07:09:25', NULL),
(101, NULL, 2, 12, 2.00, 0.10, 'Wallet', 3, 2, 2.10, 'dm', NULL, NULL, 0.00, '', 0, '2026-02-27 07:09:52', '2026-02-27 07:09:52', NULL),
(102, NULL, 2, 12, 2.00, 0.10, 'Wallet', 3, 2, 2.10, 'dm', NULL, NULL, 0.00, '', 0, '2026-02-27 07:09:57', '2026-02-27 07:09:57', NULL),
(103, 'w_DHK1SSnD2HPFd7oXmiwdbu6J3', 2, 12, 2.00, 0.10, 'Wallet', 1, 2, 2.10, 'dm', NULL, 0, 0.00, '', 0, '2026-02-27 07:28:33', '2026-02-27 07:28:33', NULL),
(104, 'w_CUcSPrqGezUOSqn44ytIZBL4S', 2, 12, 2.00, 0.10, 'Wallet', 1, 2, 2.10, 'dm', NULL, 0, 0.00, '', 0, '2026-02-27 07:29:38', '2026-02-27 07:29:38', NULL),
(105, NULL, 2, 38, 3.00, 0.15, 'Wallet', 3, 3, 3.15, 'custom_video', NULL, NULL, 0.00, '', 0, '2026-02-27 07:58:12', '2026-02-27 07:58:12', NULL),
(106, 'w_pm9nD29bUaVO7c0BafTRmuuV0', 2, 12, 70.00, 3.50, 'Wallet', 2, 70, 73.50, 'custom_video', NULL, NULL, 0.00, '', 0, '2026-02-27 08:02:48', '2026-02-27 08:04:39', NULL),
(107, 'w_h92x5eRAqVEdY3g5Q5U68j7lE', 2, 12, 0.01, 0.00, 'Wallet', 2, 0.01, 0.01, 'videocall', NULL, NULL, 0.00, '', 0, '2026-02-27 08:07:24', '2026-03-10 15:00:00', NULL),
(108, 'w_jwIF26cWl7p8dRhO3H0EzEBEc', 2, 12, 0.01, 0.00, 'Wallet', 3, 0.01, 0.01, 'videocall', NULL, NULL, 0.00, '', 0, '2026-02-27 08:21:31', '2026-02-27 08:21:31', NULL),
(109, 'w_Wb8pSB84lQP6g4MYVnvhrs4PV', 2, 12, 70.00, 3.50, 'Wallet', 2, 70, 73.50, 'custom_video', NULL, NULL, 0.00, '', 0, '2026-02-27 08:24:50', '2026-02-27 09:50:33', NULL),
(110, 'w_oCPhqWhlQgyCmh9D3yzrNtKIe', 2, 12, 2.00, 0.10, 'Wallet', 1, 2, 2.10, 'dm', NULL, 0, 0.00, '', 0, '2026-02-27 09:42:47', '2026-02-27 09:42:47', NULL),
(111, 'w_kTi7nw19jNdg6oM9mXZVsJfKC', 2, 12, 2.00, 0.10, 'Wallet', 1, 2, 2.10, 'dm', NULL, 0, 0.00, '', 0, '2026-02-27 09:43:22', '2026-02-27 09:43:22', NULL),
(112, 'w_Mxb7asEuGd25SvLcnukpj2UDa', 2, 12, 0.01, 0.00, 'Wallet', 3, 0.01, 0.01, 'videocall', NULL, NULL, 0.00, '', 0, '2026-02-27 09:47:37', '2026-02-27 09:47:37', NULL),
(113, 'w_uUlW2WdOd1KuWlRAYXOR42epk', 2, 12, 0.01, 0.00, 'Wallet', 2, 0.01, 0.01, 'videocall', NULL, NULL, 0.00, '', 0, '2026-02-27 09:48:40', '2026-02-27 09:49:06', NULL),
(114, 'w_k6EY49MUJ0LVIFdTqh82cd9lg', 2, 12, 70.00, 3.50, 'Wallet', 2, 70, 73.50, 'custom_video', NULL, NULL, 0.00, '', 0, '2026-02-27 09:50:25', '2026-02-27 09:52:00', NULL),
(115, NULL, 2, 12, 77.26, 4.00, 'Stripe', 3, 80, 84.00, 'custom_video', '2.9% + 0.30', NULL, 0.00, '', 0, '2026-02-27 09:53:43', '2026-02-27 09:53:43', NULL),
(116, 'w_NaGSpZmdFVajlaJwCYvS2IEsP', 2, 12, 70.00, 3.50, 'Wallet', 3, 70, 73.50, 'custom_video', NULL, NULL, 0.00, '', 0, '2026-03-02 04:59:50', '2026-03-02 04:59:50', NULL),
(117, 'w_3RNHE8buTLfMMce0fa4oNFD6i', 2, 12, 70.00, 3.50, 'Wallet', 2, 70, 73.50, 'custom_video', NULL, 0, 0.00, '', 0, '2026-03-02 05:01:13', '2026-03-10 13:37:28', NULL),
(118, 'w_Jk8k1xLvdGekVnt5kF7y6XUCQ', 2, 12, 70.00, 3.50, 'Wallet', 1, 70, 73.50, 'custom_video', NULL, 0, 0.00, '', 0, '2026-03-02 05:02:25', '2026-03-02 05:02:50', NULL),
(119, NULL, 2, 12, 500.00, 25.00, 'Wallet', 3, 500, 525.00, 'custom_video_business', NULL, NULL, 0.00, '', 0, '2026-03-02 10:14:17', '2026-03-02 10:14:17', NULL),
(120, 't_MMeT6gt3o14FDX83nM686AdRM', 2, 12, 1.00, 0.00, 'Wallet', 1, 1, 1.00, 'tip', NULL, NULL, 0.00, NULL, 0, '2026-03-05 09:23:20', '2026-03-05 09:23:20', NULL),
(121, 't_xFLTGkYfx55ClpDA4SB8STtNO', 2, 12, 5.00, 0.00, 'Wallet', 1, 5, 5.00, 'tip', NULL, NULL, 0.00, NULL, 0, '2026-03-05 09:24:46', '2026-03-05 09:24:46', NULL),
(122, 't_yqWFg1RdTO8jWPbArgHF2VxTb', 2, 12, 1.00, 0.00, 'Wallet', 1, 1, 1.00, 'tip', NULL, NULL, 0.00, NULL, 0, '2026-03-05 09:50:13', '2026-03-05 09:50:13', NULL),
(123, NULL, 2, 12, 70.00, 3.50, 'Wallet', 3, 70, 73.50, 'custom_video', NULL, NULL, 0.00, '', 0, '2026-03-05 12:35:46', '2026-03-05 12:35:46', NULL),
(124, NULL, 2, 12, 70.00, 3.50, 'Wallet', 3, 70, 73.50, 'custom_video', NULL, NULL, 0.00, '', 0, '2026-03-05 12:38:40', '2026-03-05 12:38:40', NULL),
(125, NULL, 2, 12, 70.00, 3.50, 'Wallet', 3, 70, 73.50, 'custom_video', NULL, NULL, 0.00, '', 0, '2026-03-05 12:41:04', '2026-03-05 12:41:04', NULL),
(126, NULL, 2, 12, 70.00, 3.50, 'Wallet', 3, 70, 73.50, 'custom_video', NULL, NULL, 0.00, '', 0, '2026-03-05 12:42:45', '2026-03-05 12:42:45', NULL),
(127, NULL, 2, 12, 70.00, 3.50, 'Wallet', 3, 70, 73.50, 'custom_video', NULL, NULL, 0.00, '', 0, '2026-03-05 12:44:16', '2026-03-05 12:44:16', NULL),
(128, 'w_gNzTTYnrTOuNH95flrhQwiILt', 2, 12, 70.00, 3.50, 'Wallet', 2, 70, 73.50, 'custom_video', NULL, 0, 0.00, '', 0, '2026-03-05 12:47:24', '2026-04-01 08:25:17', NULL),
(129, 'w_wPBxEQPaW4JSgpcPv9R1VUCWs', 2, 12, 70.00, 3.50, 'Wallet', 1, 70, 73.50, 'custom_video', NULL, 0, 0.00, '', 0, '2026-03-06 04:54:48', '2026-03-10 05:32:22', NULL),
(130, 'w_g9AGxnGOEdI9h82LhygZ6RFOu', 2, 12, 70.00, 3.50, 'Wallet', 1, 70, 73.50, 'custom_video', NULL, 0, 0.00, '', 0, '2026-03-06 04:56:39', '2026-03-06 10:27:42', NULL),
(131, 'w_TlsAlyNxDQGewimZ5AGL360PM', 2, 12, 70.00, 3.50, 'Wallet', 2, 70, 73.50, 'custom_video', NULL, 0, 0.00, '', 0, '2026-03-06 05:10:14', '2026-04-01 07:57:34', NULL),
(132, 'w_CAVN0GjN0AWX5ZwUxLnj741tv', 2, 12, 70.00, 3.50, 'Wallet', 2, 70, 73.50, 'custom_video', NULL, NULL, 0.00, '', 0, '2026-03-06 05:20:00', '2026-03-06 05:20:21', NULL),
(133, 'w_5V861fs2MsInLuRQFVOrOCJEH', 2, 12, 70.00, 3.50, 'Wallet', 1, 70, 73.50, 'custom_video', NULL, 0, 0.00, '', 0, '2026-03-06 05:20:46', '2026-03-06 09:28:23', NULL),
(134, 'w_6ChktawR4UEDN2WAfFjxsgWzL', 2, 12, 500.00, 25.00, 'Wallet', 1, 500, 525.00, 'custom_video_business', NULL, 0, 0.00, '', 0, '2026-03-06 05:29:54', '2026-03-06 09:26:54', NULL),
(135, 'w_shuHdOHW8g3iN1g2W9DfWvTQ5', 2, 12, 520.00, 26.00, 'Wallet', 3, 520, 546.00, 'custom_video_business', NULL, NULL, 0.00, '', 0, '2026-03-06 05:32:31', '2026-03-06 05:32:31', NULL),
(136, 'w_RLxY26D0McQeNC6YIKGnVxcXk', 2, 12, 0.01, 0.00, 'Wallet', 3, 0.01, 0.01, 'videocall', NULL, NULL, 0.00, '', 0, '2026-03-06 06:40:25', '2026-03-06 06:40:25', NULL),
(137, 'w_SNYDJ92fGDnSZKPj6pQcXrzsX', 2, 12, 0.01, 0.00, 'Wallet', 3, 0.01, 0.01, 'videocall', NULL, NULL, 0.00, '', 0, '2026-03-06 06:41:21', '2026-03-06 06:41:21', NULL),
(138, 'w_tNrxr3qEYfbirv16UVSDlRKSI', 2, 12, 0.01, 0.00, 'Wallet', 3, 0.01, 0.01, 'videocall', NULL, NULL, 0.00, '', 0, '2026-03-06 07:12:22', '2026-03-06 07:12:22', NULL),
(139, 'w_hfxe5kvkm78NHhJa3QNSt7SSD', 2, 12, 0.01, 0.00, 'Wallet', 3, 0.01, 0.01, 'videocall', NULL, NULL, 0.00, '', 0, '2026-03-06 07:19:30', '2026-03-06 07:19:30', NULL),
(140, NULL, 2, 12, 2.00, 0.10, 'Wallet', 3, 2, 2.10, 'dm', NULL, NULL, 0.00, '', 0, '2026-03-06 09:15:47', '2026-03-06 09:15:47', NULL),
(141, NULL, 2, 12, 2.00, 0.10, 'Wallet', 3, 2, 2.10, 'dm', NULL, NULL, 0.00, '', 0, '2026-03-06 09:17:55', '2026-03-06 09:17:55', NULL),
(142, NULL, 2, 12, 2.00, 0.10, 'Wallet', 3, 2, 2.10, 'dm', NULL, NULL, 0.00, '', 0, '2026-03-06 09:18:24', '2026-03-06 09:18:24', NULL),
(143, 'w_dCFEdJ8bCJrRApNabo1eSP9pe', 2, 12, 2.00, 0.10, 'Wallet', 1, 2, 2.10, 'dm', NULL, 0, 0.00, '', 0, '2026-03-06 09:24:04', '2026-03-06 09:24:04', NULL),
(144, 't_V11OkQ15D272E8kmlxzlSQGkJ', 2, 12, 1.00, 0.00, 'Wallet', 1, 1, 1.00, 'tip', NULL, NULL, 0.00, NULL, 0, '2026-03-06 09:32:06', '2026-03-06 09:32:06', NULL),
(145, 'w_wpRdj9PixmsskTOu5HejcjPyM', 2, 12, 70.00, 3.50, 'Wallet', 2, 70, 73.50, 'custom_video', NULL, 0, 0.00, '', 0, '2026-03-06 10:29:52', '2026-04-01 07:26:41', NULL),
(146, 'w_88mH48z01e9WoDVWeCZQ9Piev', 2, 12, 2.00, 0.10, 'Wallet', 1, 2, 2.10, 'dm', NULL, 0, 0.00, '', 0, '2026-03-10 04:10:02', '2026-03-10 04:10:02', NULL),
(147, 'w_KWHzy7DrvB2qcY2YealRCMnFj', 2, 12, 0.01, 0.00, 'Wallet', 3, 0.01, 0.01, 'videocall', NULL, NULL, 0.00, '', 0, '2026-03-10 07:13:26', '2026-03-10 07:13:26', NULL),
(148, 'w_3rveMdJsPdPL7xcagyNpfgqPt', 2, 12, 0.01, 0.00, 'Wallet', 3, 0.01, 0.01, 'videocall', NULL, NULL, 0.00, '', 0, '2026-03-10 13:50:16', '2026-03-10 13:50:16', NULL),
(149, 'w_eC3l1EwTdYWiOHsUCiYARpnNu', 2, 12, 0.01, 0.00, 'Wallet', 1, 0.01, 0.01, 'videocall', NULL, 0, 0.00, '', 0, '2026-03-10 13:59:24', '2026-03-10 14:03:54', NULL),
(150, 'w_p0VSm0ySLwvZz4mRwSFzyDHKt', 2, 12, 0.01, 0.00, 'Wallet', 1, 0.01, 0.01, 'videocall', NULL, 0, 0.00, '', 0, '2026-03-10 14:21:16', '2026-03-10 14:22:59', NULL),
(151, 'w_x7NgbX15dk4xSEZhUkI5ugvM2', 2, 12, 0.01, 0.00, 'Wallet', 1, 0.01, 0.01, 'videocall', NULL, 0, 0.00, '', 0, '2026-03-10 17:35:44', '2026-03-10 17:39:53', NULL),
(152, 'w_18j64hNcUtQKb8nVF9YKUnsEH', 2, 12, 0.01, 0.00, 'Wallet', 1, 0.01, 0.01, 'videocall', NULL, 0, 0.00, '', 0, '2026-03-10 18:01:52', '2026-03-10 18:02:46', NULL),
(153, 'w_7VpZmLRD2CuG7FPpN8jD7tsV3', 2, 12, 0.01, 0.00, 'Wallet', 1, 0.01, 0.01, 'videocall', NULL, 0, 0.00, '', 0, '2026-03-11 09:11:24', '2026-03-11 09:13:05', NULL),
(154, 'w_cJGQ8OUC0X7gLXxZsTUIZjzZF', 2, 12, 0.01, 0.00, 'Wallet', 1, 0.01, 0.01, 'videocall', NULL, 0, 0.00, '', 0, '2026-03-11 09:23:27', '2026-03-11 09:23:54', NULL),
(155, 'w_L81Htw7PZ4ke0AI8kqALOZvQu', 2, 12, 0.01, 0.00, 'Wallet', 2, 0.01, 0.01, 'videocall', NULL, NULL, 0.00, '', 0, '2026-03-11 09:35:07', '2026-03-11 09:37:28', NULL),
(156, 'w_slrjcX6YMnziazSHZ6dQJe1tX', 2, 12, 0.01, 0.00, 'Wallet', 1, 0.01, 0.01, 'videocall', NULL, 0, 0.00, '', 0, '2026-03-11 09:37:12', '2026-03-11 09:39:03', NULL),
(157, 'w_dMIe0Go5p0o2p4zPuIpbFkFmF', 2, 12, 0.01, 0.00, 'Wallet', 1, 0.01, 0.01, 'videocall', NULL, 0, 0.00, '', 0, '2026-03-11 09:55:07', '2026-03-11 09:55:43', NULL),
(158, 'w_B3YUc2L68kYpzuaRzh6Gc6V3d', 2, 12, 0.01, 0.00, 'Wallet', 1, 0.01, 0.01, 'videocall', NULL, 0, 0.00, '', 0, '2026-03-11 10:13:57', '2026-03-11 10:14:25', NULL),
(159, 'w_gaQhZlFU6fSxQy1eMpQe4UHDQ', 2, 12, 0.01, 0.00, 'Wallet', 1, 0.01, 0.01, 'videocall', NULL, 0, 0.00, '', 0, '2026-03-11 10:26:01', '2026-03-11 10:26:28', NULL),
(160, 'w_CRzVV2BgJNoFyVP15xhA6NQkO', 2, 12, 0.01, 0.00, 'Wallet', 1, 0.01, 0.01, 'videocall', NULL, 0, 0.00, '', 0, '2026-03-11 10:39:59', '2026-03-11 10:41:54', NULL),
(161, 'w_jmssmTrK2mvmSA9J39IXhzH7i', 2, 12, 80.00, 4.00, 'Wallet', 1, 80, 84.00, 'custom_video', NULL, 0, 0.00, '', 0, '2026-03-11 11:19:31', '2026-03-11 11:33:36', NULL),
(162, 'w_2Z7cDvfmK4wlYbd8JJIHqCmkZ', 2, 12, 0.01, 0.00, 'Wallet', 3, 0.01, 0.01, 'videocall', NULL, NULL, 0.00, '', 0, '2026-03-11 11:19:52', '2026-03-11 11:19:52', NULL),
(163, 'w_BDIDo8ICvkIgADl3vibuSavIP', 2, 12, 2.00, 0.10, 'Wallet', 1, 2, 2.10, 'dm', NULL, 0, 0.00, '', 0, '2026-03-11 11:20:08', '2026-03-11 11:20:08', NULL),
(164, 'w_PQVPtQqCSeJ1umJyoxmioLmTN', 2, 12, 70.00, 3.50, 'Wallet', 2, 70, 73.50, 'custom_video', NULL, 0, 0.00, '', 0, '2026-03-20 10:52:11', '2026-04-01 07:24:48', NULL),
(165, 'w_neuDuI2YXmZsmemYsihri0qHd', 2, 12, 70.00, 3.50, 'Wallet', 2, 70, 73.50, 'custom_video', NULL, 0, 0.00, '', 0, '2026-03-20 11:41:57', '2026-04-01 07:21:50', NULL),
(166, 'w_cKsbD8foJdozpw4jWY2RHLzll', 2, 12, 70.00, 3.50, 'Wallet', 2, 70, 73.50, 'custom_video', NULL, 0, 0.00, '', 0, '2026-03-20 12:53:45', '2026-04-01 07:20:39', NULL),
(167, 'w_JHNcZ3HP4YfKZzpVWti4bcNSM', 2, 12, 70.00, 3.50, 'Wallet', 2, 70, 73.50, 'custom_video', NULL, 0, 0.00, '', 0, '2026-04-01 04:28:53', '2026-04-01 05:02:38', NULL),
(168, 't_wN48y7x2hkorGcZuqkxkBixWw', 2, 12, 1.00, 0.00, 'Wallet', 1, 1, 1.00, 'tip', NULL, NULL, 0.00, NULL, 0, '2026-04-01 04:58:01', '2026-04-01 04:58:01', NULL),
(169, 'w_Zxhij2cFNvpS4BnXxwxu06KpC', 2, 12, 70.00, 3.50, 'Wallet', 3, 70, 73.50, 'custom_video', NULL, NULL, 0.00, '', 0, '2026-04-01 08:52:21', '2026-04-01 08:52:21', NULL),
(170, 'w_tcqhBYyaqewYrJDksz3lPmvro', 2, 12, 530.00, 26.50, 'Wallet', 2, 530, 556.50, 'custom_video_business', NULL, 0, 0.00, '', 0, '2026-04-01 08:53:57', '2026-04-02 05:13:59', NULL),
(171, 'w_tIZSOi7c29Vk9CeXVpygHfdnP', 2, 12, 0.03, 0.00, 'Wallet', 3, 0.03, 0.03, 'videocall', NULL, NULL, 0.00, '', 0, '2026-04-01 08:54:34', '2026-04-01 08:54:34', NULL),
(172, 'w_eMjBfuUIXELczuK6zBG76yfxR', 2, 12, 0.03, 0.00, 'Wallet', 3, 0.03, 0.03, 'videocall', NULL, NULL, 0.00, '', 0, '2026-04-01 09:14:57', '2026-04-01 09:14:57', NULL),
(173, 'w_L6NRBtFJQZyDLRML6EI8m6KXv', 2, 12, 0.03, 0.00, 'Wallet', 1, 0.03, 0.03, 'videocall', NULL, 0, 0.00, '', 0, '2026-04-01 09:15:25', '2026-04-02 05:20:09', NULL),
(174, 'w_wq2TRfuv8IZ0ZOPdyDNCG09A8', 2, 12, 70.00, 3.50, 'Wallet', 1, 70, 73.50, 'custom_video', NULL, 0, 0.00, '', 0, '2026-04-02 04:22:49', '2026-04-02 05:10:01', NULL),
(175, 't_eas5KcJCcbQhPrkIKF40lqLWI', 2, 12, 1.00, 0.00, 'Wallet', 1, 1, 1.00, 'tip', NULL, NULL, 0.00, NULL, 0, '2026-04-02 05:10:32', '2026-04-02 05:10:32', NULL),
(176, 'w_YMe0bNl7FXww40muA6vjj0q6J', 2, 12, 2.00, 0.10, 'Wallet', 1, 2, 2.10, 'dm', NULL, 0, 0.00, '', 0, '2026-04-02 05:11:13', '2026-04-02 05:11:13', NULL),
(177, 'w_fLW09lEOCe2zbDjQgOiSuZiaL', 1, 36, 5.00, 0.25, 'Wallet', 1, 5, 5.25, 'dm', NULL, 0, 0.00, '', 0, '2026-04-17 12:21:32', '2026-04-17 12:21:32', NULL),
(178, 'w_ZCWqL8yinFB9FdWa2szzJmOXQ', 1, 36, 5.00, 0.25, 'Wallet', 1, 5, 5.25, 'dm', NULL, 0, 0.00, '', 0, '2026-04-17 12:21:52', '2026-04-17 12:21:52', NULL),
(179, 'w_Jz28uhRh1jL7vbpkNivd1z4ss', 12, 20, 5.00, 0.25, 'Wallet', 1, 5, 5.25, 'dm', NULL, 0, 0.00, '', 0, '2026-05-03 11:55:09', '2026-05-03 11:55:09', NULL),
(180, 'w_pAYeFHzJYLrxCA3r40liLfwvB', 12, 14, 12.00, 0.60, 'Wallet', 3, 12, 12.60, 'custom_video', NULL, NULL, 0.00, '', 0, '2026-05-03 18:20:51', '2026-05-03 18:20:51', NULL),
(181, 'w_2NP1kqZmiS0WN3p2eq2Vawt4h', 648, 12, 70.00, 3.32, 'Wallet', 1, 70, 73.50, 'custom_video', NULL, 1, 0.00, '', 0, '2026-05-28 06:16:21', '2026-05-28 06:34:21', NULL),
(182, NULL, 648, 14, 5.00, 0.25, 'Wallet', 3, 5, 5.25, 'dm', NULL, NULL, 0.00, '', 0, '2026-05-28 06:16:59', '2026-05-28 06:16:59', NULL),
(183, 'w_tEXI0SdREvBEOmC346Fa7pHzq', 648, 14, 2.00, 0.10, 'Wallet', 3, 2, 2.10, 'custom_video', NULL, NULL, 0.00, '', 0, '2026-05-28 06:17:28', '2026-05-28 06:17:28', NULL),
(184, NULL, 648, 12, 2.00, 0.10, 'Wallet', 3, 2, 2.10, 'dm', NULL, NULL, 0.00, '', 0, '2026-05-28 06:17:55', '2026-05-28 06:17:55', NULL),
(185, NULL, 648, 12, 2.00, 0.10, 'Wallet', 3, 2, 2.10, 'dm', NULL, NULL, 0.00, '', 0, '2026-05-28 06:20:38', '2026-05-28 06:20:38', NULL),
(186, 'w_KYSP6ay0ZWnXubD72ALvfaS2Y', 648, 14, 5.00, 0.24, 'Wallet', 1, 5, 5.25, 'dm', NULL, 1, 0.00, '', 0, '2026-05-28 06:23:19', '2026-05-28 06:23:19', NULL),
(187, 'w_tf0Sb6ouKHa4tSkC7pB53CXLE', 648, 12, 2.00, 0.09, 'Wallet', 1, 2, 2.10, 'dm', NULL, 1, 0.00, '', 0, '2026-05-28 06:23:45', '2026-05-28 06:23:45', NULL),
(188, 'w_v28MUXmDGsGT8qjpPzUovNW3l', 648, 12, 0.03, 0.00, 'Wallet', 3, 0.03, 0.03, 'videocall', NULL, NULL, 0.00, '', 0, '2026-05-28 06:40:07', '2026-05-28 06:40:07', NULL),
(189, 'w_48hcv8m9GbfGO3PLwVyMXOuMU', 648, 12, 0.03, 0.00, 'Wallet', 3, 0.03, 0.03, 'videocall', NULL, NULL, 0.00, '', 0, '2026-05-28 06:40:38', '2026-05-28 06:40:38', NULL),
(190, 'w_eXzoLS7fKrSi1Xr2m6UUTwiBe', 648, 12, 0.03, 0.00, 'Wallet', 3, 0.03, 0.03, 'videocall', NULL, NULL, 0.00, '', 0, '2026-05-28 06:47:40', '2026-05-28 06:47:40', NULL);

-- --------------------------------------------------------

--
-- Table structure for table `two_factor_codes`
--

CREATE TABLE `two_factor_codes` (
  `id` bigint(20) UNSIGNED NOT NULL,
  `user_id` int(10) UNSIGNED NOT NULL,
  `code` varchar(25) NOT NULL,
  `created_at` timestamp NULL DEFAULT NULL,
  `updated_at` timestamp NULL DEFAULT NULL
) ENGINE=InnoDB DEFAULT CHARSET=utf8mb4 COLLATE=utf8mb4_unicode_ci;

-- --------------------------------------------------------

--
-- Table structure for table `users`
--

CREATE TABLE `users` (
  `id` int(10) UNSIGNED NOT NULL,
  `name` varchar(150) CHARACTER SET utf8mb4 COLLATE utf8mb4_unicode_ci NOT NULL,
  `username` varchar(100) CHARACTER SET utf8mb4 COLLATE utf8mb4_unicode_ci DEFAULT NULL,
  `countries_id` char(25) DEFAULT NULL,
  `password` char(60) NOT NULL,
  `email` varchar(255) NOT NULL,
  `avatar` varchar(70) NOT NULL,
  `cover` varchar(70) NOT NULL,
  `suspended` tinyint(3) UNSIGNED NOT NULL DEFAULT 0,
  `role` int(10) UNSIGNED NOT NULL,
  `remember_token` varchar(100) NOT NULL,
  `payment_gateway` varchar(50) NOT NULL,
  `payment_account` text NOT NULL,
  `featured_at` timestamp NULL DEFAULT NULL,
  `about_you` text CHARACTER SET utf8mb4 COLLATE utf8mb4_unicode_ci NOT NULL,
  `oauth_uid` varchar(255) NOT NULL,
  `oauth_provider` varchar(255) NOT NULL,
  `categories_id` varchar(255) NOT NULL,
  `subcategory` varchar(200) DEFAULT NULL,
  `website` varchar(200) NOT NULL,
  `price` decimal(10,2) NOT NULL,
  `price_video_business` decimal(10,2) NOT NULL,
  `balance` decimal(10,2) NOT NULL,
  `type` varchar(100) DEFAULT 'normal',
  `address` varchar(200) NOT NULL,
  `city` varchar(150) NOT NULL,
  `zip` varchar(50) NOT NULL,
  `facebook` varchar(200) NOT NULL,
  `twitter` varchar(200) NOT NULL,
  `instagram` varchar(200) NOT NULL,
  `youtube` varchar(200) NOT NULL,
  `pinterest` varchar(200) NOT NULL,
  `github` varchar(200) NOT NULL,
  `last_seen` timestamp NULL DEFAULT NULL,
  `company` varchar(50) NOT NULL,
  `ip` varchar(40) NOT NULL,
  `dark_mode` enum('on','off') NOT NULL DEFAULT 'off',
  `birthdate` varchar(30) NOT NULL,
  `language` varchar(10) NOT NULL,
  `wallet` decimal(10,2) NOT NULL,
  `tiktok` varchar(200) NOT NULL,
  `snapchat` varchar(200) NOT NULL,
  `last_login` varchar(250) NOT NULL,
  `birthdate_changed` enum('yes','no') NOT NULL DEFAULT 'no',
  `payoneer_account` varchar(200) NOT NULL,
  `zelle_account` varchar(200) NOT NULL,
  `two_factor_auth` enum('yes','no') NOT NULL DEFAULT 'no',
  `stripe_connect_id` varchar(255) DEFAULT NULL,
  `completed_stripe_onboarding` tinyint(1) NOT NULL DEFAULT 0,
  `telegram` varchar(200) NOT NULL,
  `vk` varchar(200) NOT NULL,
  `twitch` varchar(200) NOT NULL,
  `discord` varchar(200) NOT NULL,
  `reddit` varchar(200) NOT NULL,
  `spotify` varchar(200) NOT NULL,
  `phone` varchar(100) DEFAULT NULL,
  `ocupation` varchar(200) CHARACTER SET utf8mb4 COLLATE utf8mb4_unicode_ci DEFAULT NULL,
  `flash_delivery` tinyint(3) UNSIGNED NOT NULL DEFAULT 0,
  `days_delivery` tinyint(3) UNSIGNED NOT NULL DEFAULT 7,
  `flash_delivery_price` decimal(10,2) NOT NULL,
  `business` tinyint(3) UNSIGNED NOT NULL DEFAULT 0,
  `allow_booking_videos` tinyint(3) UNSIGNED NOT NULL DEFAULT 0,
  `allow_dm` tinyint(3) UNSIGNED DEFAULT 0,
  `price_dm` decimal(10,2) NOT NULL,
  `allow_flash_delivery_business` tinyint(3) UNSIGNED NOT NULL DEFAULT 0,
  `flash_delivery_business_price` decimal(10,2) NOT NULL,
  `created_at` timestamp NULL DEFAULT NULL,
  `updated_at` timestamp NULL DEFAULT NULL,
  `email_verified_at` timestamp NULL DEFAULT NULL,
  `rating` int(10) UNSIGNED NOT NULL,
  `popularity_score` decimal(10,2) NOT NULL DEFAULT 0.00,
  `follower_count` int(11) NOT NULL DEFAULT 0,
  `profile_completeness_score` int(11) NOT NULL DEFAULT 0,
  `total_rating` int(10) UNSIGNED NOT NULL,
  `verification_status` varchar(255) DEFAULT NULL,
  `verification_tier` enum('none','silver','gold','premium') NOT NULL DEFAULT 'none',
  `videos_available` char(10) NOT NULL DEFAULT '-1',
  `videocall_status` tinyint(1) NOT NULL DEFAULT 0,
  `videocall_price` decimal(10,2) NOT NULL,
  `videocall_duration` int(11) DEFAULT NULL,
  `timezone` varchar(255) DEFAULT NULL,
  `timezone_offset` varchar(255) DEFAULT NULL,
  `age_verification` tinyint(1) NOT NULL DEFAULT 0,
  `business_verified` tinyint(1) NOT NULL DEFAULT 0,
  `engagement_rate` decimal(5,2) NOT NULL DEFAULT 0.00,
  `avg_delivery_time_days` decimal(4,1) DEFAULT NULL,
  `business_rating` decimal(3,2) NOT NULL DEFAULT 0.00,
  `business_ratings_count` int(10) UNSIGNED NOT NULL DEFAULT 0,
  `featured_for_business_at` timestamp NULL DEFAULT NULL
) ENGINE=InnoDB DEFAULT CHARSET=utf8mb3 COLLATE=utf8mb3_general_ci;

--
-- Dumping data for table `users`
--

INSERT INTO `users` (`id`, `name`, `username`, `countries_id`, `password`, `email`, `avatar`, `cover`, `suspended`, `role`, `remember_token`, `payment_gateway`, `payment_account`, `featured_at`, `about_you`, `oauth_uid`, `oauth_provider`, `categories_id`, `subcategory`, `website`, `price`, `price_video_business`, `balance`, `type`, `address`, `city`, `zip`, `facebook`, `twitter`, `instagram`, `youtube`, `pinterest`, `github`, `last_seen`, `company`, `ip`, `dark_mode`, `birthdate`, `language`, `wallet`, `tiktok`, `snapchat`, `last_login`, `birthdate_changed`, `payoneer_account`, `zelle_account`, `two_factor_auth`, `stripe_connect_id`, `completed_stripe_onboarding`, `telegram`, `vk`, `twitch`, `discord`, `reddit`, `spotify`, `phone`, `ocupation`, `flash_delivery`, `days_delivery`, `flash_delivery_price`, `business`, `allow_booking_videos`, `allow_dm`, `price_dm`, `allow_flash_delivery_business`, `flash_delivery_business_price`, `created_at`, `updated_at`, `email_verified_at`, `rating`, `popularity_score`, `follower_count`, `profile_completeness_score`, `total_rating`, `verification_status`, `verification_tier`, `videos_available`, `videocall_status`, `videocall_price`, `videocall_duration`, `timezone`, `timezone_offset`, `age_verification`, `business_verified`, `engagement_rate`, `avg_delivery_time_days`, `business_rating`, `business_ratings_count`, `featured_for_business_at`) VALUES
(1, 'Master Demo', 'mastermcx', '1', '$2y$10$tTNMfl1ffziHoqs3.5yy5.Km7A2UswksfTZNCcUWhZG99yq6b6CO.', 'mastermcx@miracuves.com', 'default-1771491177.gif', '', 0, 1, 'E7VaMko1brYzfOQzMZqrRO5qi1SPeE1UTyEziWU7w9s5MnJRAMDKmyOEtnqO', '', '', NULL, '', '', '', '0', NULL, '', 0.00, 0.00, 0.00, 'normal', '', '', '', '', '', '', '', '', '', NULL, '', '', 'on', '', 'en', 999988.50, '', '', '', 'no', '', '', '', NULL, 0, '', '', '', '', '', '', NULL, NULL, 0, 7, 0.00, 0, 0, 0, 0.00, 0, 0.00, '2026-02-19 02:38:24', '2026-04-17 12:21:52', '2024-06-27 19:56:55', 0, 0.00, 0, 0, 0, NULL, 'none', '-1', 0, 0.00, NULL, NULL, NULL, 0, 0, 0.00, NULL, 0.00, 0, NULL),
(2, 'User Demo', 'userdemo', '99', '$2y$10$wS8YiIUR9HS0UTMzzop6aOuYKPl4uPxUsUv7iRtoSurorFApUilcO', 'user@demo.com', 'userdemo-21772515666zgnayqwudv.jpg', '', 0, 0, 'H9gwsbd27cHsl4kUkigz4T9UUWgqdk1odONKYnlKny2IOHJ4pczrhPx9OdZN', '', '', NULL, '', '', '', '1', '19', '', 0.00, 0.00, 0.01, 'user', '', '', '', '', '', '', '', '', '', NULL, '', '152.59.190.189', 'off', '', 'en', 99996343.69, '', '', '', 'no', '', '', 'no', NULL, 0, '', '', '', '', '', '', '78945123000', NULL, 0, 7, 0.00, 0, 0, 0, 0.00, 0, 0.00, '2025-08-28 09:07:30', '2026-04-02 05:27:20', '2025-09-10 10:01:23', 0, 0.00, 0, 0, 0, 'rejected', '', '-1', 0, 0.00, NULL, NULL, NULL, 0, 0, 0.00, NULL, 0.00, 0, NULL),
(4, 'Paul Walker', 'Paul123', '99', '$2y$10$12B6s6.Tx5JIBw59qZxnCeVF80NOAsONc9XtyCdjnXWHEI2J64ADW', 'paul@gmail.com', 'default-1756362794.gif', '', 0, 0, '', '', '', NULL, '', '', '', '', NULL, '', 0.00, 0.00, 0.00, 'normal', '', '', '', '', '', '', '', '', '', NULL, '', '150.107.232.5', 'off', '', 'en', 0.00, '', '', '', 'no', '', '', 'no', NULL, 0, '', '', '', '', '', '', NULL, NULL, 0, 7, 0.00, 0, 0, 0, 0.00, 0, 0.00, '2025-08-28 09:25:17', '2025-08-28 09:25:17', '2025-09-10 09:15:17', 0, 0.00, 0, 0, 0, NULL, 'none', '-1', 0, 0.00, NULL, NULL, NULL, 0, 0, 0.00, NULL, 0.00, 0, NULL),
(5, 'Vin Diesel', 'vin123', '99', '$2y$10$.3/ycaV1v393gpatZy8dYeDAcKCUUoxnkVF1hfBUA7jZZgG7/yZqG', 'wix.st.oc.l.e@gmail.com', 'default-1756362794.gif', '', 0, 0, '', '', '', NULL, '', '', '', '5', '31', '', 0.00, 0.00, 0.00, 'celebrity', '', '', '', '', '', '', '', '', '', NULL, '', '150.107.232.5', 'off', '', 'en', 0.00, '', '', '', 'no', '', '', '', NULL, 0, '', '', '', '', '', '', '9898989898', NULL, 0, 7, 0.00, 0, 0, 0, 0.00, 0, 0.00, '2025-08-28 09:46:56', '2026-02-23 05:44:53', '2025-08-28 09:48:18', 0, 0.00, 0, 0, 0, 'verified', 'none', '-1', 0, 0.00, NULL, NULL, NULL, 0, 0, 0.00, NULL, 0.00, 0, NULL),
(7, 'Andrea Denver', 'andrea', '4', '$2y$10$vx1fPM6BaQQ2LZuCLUGP2eOHm93I/QqbSwEAMEDvC7oTY4iYWuqRO', 'johnson@gmail.com', 'default-1756362794.gif', '', 0, 0, 'oqrbanKwTJ4lDhOtfI06k8yUPs6eZdQTBrWD0kGEXx3W3PxKmAwowufdQ5yR', '', '', NULL, '', '', '', '4', '46', '', 0.00, 0.00, 0.00, 'celebrity', '', '', '', '', '', '', '', '', '', NULL, '', '150.107.232.5', 'off', '', 'en', 0.00, '', '', '', 'no', '', '', 'no', NULL, 0, '', '', '', '', '', '', '9090909090', NULL, 0, 7, 0.00, 0, 0, 0, 0.00, 0, 0.00, '2025-08-28 10:23:43', '2026-02-23 05:44:53', '2025-08-28 10:44:51', 0, 0.00, 0, 0, 0, 'verified', 'none', '-1', 0, 0.00, NULL, NULL, NULL, 0, 0, 0.00, NULL, 0.00, 0, NULL),
(8, 'Brandon Walker', 'brandon', '96', '$2y$10$o3pPbP8MIY9SRpo0SGOoCegRyxkrF6nTY2rH9fLNxqYEeW8h1Qz9y', 'brandon@gmail.com', 'brandon-81756383456mla8xs5tis.jpg', '', 0, 0, '', '', '', NULL, '', '', '', '4', '46', '', 0.00, 0.00, 0.00, 'celebrity', '', '', '', '', '', '', '', '', '', NULL, '', '150.107.232.5', 'off', '', 'en', 0.00, '', '', '', 'no', '', '', '', NULL, 0, '', '', '', '', '', '', '9090909090', NULL, 0, 7, 0.00, 0, 0, NULL, 0.00, 0, 0.00, '2025-08-28 10:57:11', '2026-02-23 05:44:53', '2025-08-28 10:57:44', 0, 0.00, 0, 0, 0, 'verified', 'none', '-1', 0, 0.00, NULL, NULL, NULL, 0, 0, 0.00, NULL, 0.00, 0, NULL),
(9, 'BJ Britt', 'bjb', '97', '$2y$10$PDh/bVsEGUMGlphv2eA4ueFESvXZSKmKj1i3UtWn1FKz2jN4mnORa', 'britt@gmail.com', 'bjb-91762838255kxjkvl4rtt.jpg', '', 0, 0, '', '', '', '2025-08-28 11:41:32', '', '', '', '4', '45', '', 2.00, 0.00, 0.00, 'celebrity', '', '', '', '', '', '', '', '', '', NULL, '', '150.107.232.5', 'off', '', 'en', 0.00, '', '', '', 'no', '', '', '', NULL, 0, '', '', '', '', '', '', '9898989898', 'Creator', 0, 7, 0.00, 0, 1, NULL, 0.00, 0, 0.00, '2025-08-28 11:03:42', '2026-02-23 05:45:11', '2025-08-28 11:04:01', 0, 1000.00, 0, 0, 0, 'verified', 'none', '-1', 0, 0.00, NULL, NULL, NULL, 0, 0, 0.00, NULL, 0.00, 0, NULL),
(10, 'Amit Kumar', 'amitkumar', '99', '$2y$10$7MxvZiFImjdDPT1ljM.GcORCTN0rsyeAC2aCSSHocgNJPrixQBgMu', 'amit@demo.com', 'default-1756362794.gif', '', 0, 0, '', '', '', NULL, '', '', '', '', NULL, '', 0.00, 0.00, 0.00, 'normal', '', '', '', '', '', '', '', '', '', NULL, '', '157.33.198.231', 'off', '', 'en', 0.00, '', '', '', 'no', '', '', 'no', NULL, 0, '', '', '', '', '', '', NULL, NULL, 0, 7, 0.00, 0, 0, 0, 0.00, 0, 0.00, '2025-08-28 11:12:45', '2025-08-28 11:14:10', '2025-08-28 11:14:10', 0, 0.00, 0, 0, 0, NULL, 'none', '-1', 0, 0.00, NULL, NULL, NULL, 0, 0, 0.00, NULL, 0.00, 0, NULL),
(11, 'Ben Mintz', 'benmintz', '99', '$2y$10$NBOzgYB8yhvHY/zBTyxKL.1/vBR4Fa5ppIUnx.38otoxoPTjcAXd.', 'mintz@gmail.com', 'benmintz-111756380697sj5hjwordm.jpg', '', 0, 0, '', '', '', '2025-08-28 11:40:59', '', '', '', '4', '49', '', 0.00, 0.00, 0.00, 'celebrity', '', '', '', '', '', '', '', '', '', NULL, '', '150.107.232.5', 'off', '', 'en', 0.00, '', '', '', 'no', '', '', '', NULL, 0, '', '', '', '', '', '', '9090909090', NULL, 0, 7, 0.00, 0, 0, 0, 0.00, 0, 0.00, '2025-08-28 11:18:52', '2026-02-23 05:44:53', '2025-08-28 11:19:17', 0, 1000.00, 0, 0, 0, 'verified', 'none', '-1', 0, 0.00, NULL, NULL, NULL, 0, 0, 0.00, NULL, 0.00, 0, NULL),
(12, 'Carry Minati', 'carryminati', '1', '$2y$10$6Cb2nyvdXG3MSHxf4ihM8ue9SKB.2lSoDh6WLgv3MTj3DCgrJr0g.', 'creator@demo.com', 'carryminati-121772534251lmdtpxy0nj.jpg', '', 0, 0, 'naNCo0sBkLopsvTdiALnrSU9fX7yRB1zTZcsh9MpeAkp6C2X7rCTRVYBOtFw', 'PayPal', 'provider@demo.com', '2025-08-28 11:40:45', 'gaming wonder', '', '', '4', '49', '', 70.00, 500.00, 6375.15, 'celebrity', '', '', '', '', '', '', '', '', '', NULL, '', '150.107.232.5', 'off', '', 'en', 972.70, '', '', '', 'no', '', '', '', 'acct_1Tfy9o60aHRPOJmt', 1, '', '', '', '', '', '', '9898989898', 'Gamer', 1, 7, 10.00, 1, 1, 1, 2.00, 1, 100.00, '2025-08-28 11:37:03', '2026-06-08 08:21:49', '2025-08-28 11:37:23', 27, 1027.00, 0, 0, 6, 'verified', '', '-1', 1, 0.03, 10, 'Asia/Kolkata', 'GMT+5', 0, 0, 0.00, NULL, 0.00, 0, NULL),
(13, 'Khaby Lame', 'khabylame', '99', '$2y$10$vkg95iWUmoUmEapyM6vQsuF8C5USRYInxxJiBV0dNehlnPwdclO0S', 'khaby@gmail.com', 'khabylame-131762838397fu9wow948j.jpg', '', 0, 0, '', '', '', NULL, '', '', '', '4', '45', '', 2.00, 500.00, 0.00, 'celebrity', '', '', '', '', '', '', '', '', '', NULL, '', '150.107.232.5', 'off', '', 'en', 0.00, '', '', '', 'no', '', '', '', NULL, 0, '', '', '', '', '', '', '9898989898', 'creator', 1, 7, 10.00, 1, 1, 1, 5.00, 1, 100.00, '2025-08-29 03:41:50', '2026-02-23 05:44:53', '2025-08-29 03:41:50', 0, 0.00, 0, 0, 0, 'verified', 'none', '-1', 0, 0.00, NULL, NULL, NULL, 0, 0, 0.00, NULL, 0.00, 0, NULL),
(14, 'Mr Beast', 'jamesstephen', '1', '$2y$10$kNw5Al1vU9u3DmaO.UlKTOer1dfIZ3r5dQnazTX/8vt3HncvSGk12', 'james12@gmail.com', 'jamesstephen-141762838581i5wo5ltgbl.png', '', 0, 0, '', '', '', '2026-05-03 10:01:50', '', '', '', '4', '46', '', 2.00, 500.00, 0.00, 'celebrity', '', '', '', '', '', '', '', '', '', NULL, '', '42.104.161.119', 'off', '', 'en', 9999.00, '', '', '', 'no', '', '', '', NULL, 0, '', '', '', '', '', '', '9898989898', 'creator', 1, 7, 10.00, 1, 1, 1, 5.00, 1, 100.00, '2025-08-29 04:31:45', '2026-05-03 10:31:58', '2025-08-29 04:31:45', 0, 0.00, 0, 0, 0, 'verified', 'none', '-1', 0, 0.00, 10, '', NULL, 0, 0, 0.00, NULL, 0.00, 0, NULL),
(15, 'Zach King', 'zachking', '99', '$2y$10$Sm0igOp1ScYqXiRfCQ2Qjuf1IXjw8zkbBEfZ.Vz3xpn6tpj1v8s0G', 'zach12@gmail.com', 'zachking-151762838661zblgklbvfm.jpg', '', 0, 0, '', '', '', NULL, '', '', '', '4', '46', '', 2.00, 500.00, 0.00, 'celebrity', '', '', '', '', '', '', '', '', '', NULL, '', '42.104.161.119', 'off', '', 'en', 0.00, '', '', '', 'no', '', '', '', NULL, 0, '', '', '', '', '', '', '9898989898', 'creator', 1, 7, 10.00, 1, 1, 1, 5.00, 1, 100.00, '2025-08-29 04:42:18', '2026-02-23 05:44:53', '2025-08-29 04:42:18', 0, 0.00, 0, 0, 0, 'verified', 'none', '-1', 0, 0.00, NULL, NULL, NULL, 0, 0, 0.00, NULL, 0.00, 0, NULL),
(16, 'Leonardo DiCaprio', 'leonardo', '1', '$2y$10$P/my0yHZH.eKYBIQwTcmEOMRrmVK9UG66C1KXVT6O8HpVco7smEru', 'leonardo12@gmail.com', 'leonardo-161762838804qw4rcqzudx.jpg', '', 0, 0, '', '', '', NULL, '', '', '', '5', '26', '', 2.00, 500.00, 0.00, 'celebrity', '', '', '', '', '', '', '', '', '', NULL, '', '42.108.133.73', 'off', '', 'en', 0.00, '', '', '', 'no', '', '', '', NULL, 0, '', '', '', '', '', '', '9898989898', 'Actor', 1, 7, 10.00, 1, 1, 1, 5.00, 1, 100.00, '2025-08-29 05:37:19', '2026-02-23 05:44:53', '2025-08-29 05:37:19', 0, 0.00, 0, 0, 0, 'verified', 'none', '-1', 0, 0.00, NULL, NULL, NULL, 0, 0, 0.00, NULL, 0.00, 0, NULL),
(17, 'Robert Downey Jr.', 'robertdowney', '1', '$2y$10$/2YhNWCb0wos4sJpZlA3F.gHDp8lNrtepEuNOectkYVqR1kxprmFy', 'downey12@gmail.com', 'robertdowney-171762838907czseuzvdzj.jpg', '', 0, 0, '', '', '', NULL, '', '', '', '5', '26', '', 2.00, 500.00, 0.00, 'celebrity', '', '', '', '', '', '', '', '', '', NULL, '', '42.108.133.73', 'off', '', 'en', 0.00, '', '', '', 'no', '', '', '', NULL, 0, '', '', '', '', '', '', '9898989898', 'Actor', 1, 7, 10.00, 1, 1, 1, 5.00, 1, 100.00, '2025-08-29 05:49:13', '2026-02-23 05:44:53', '2025-08-29 05:49:13', 0, 0.00, 0, 0, 0, 'verified', 'none', '-1', 0, 0.00, NULL, NULL, NULL, 0, 0, 0.00, NULL, 0.00, 0, NULL),
(18, 'Shah Rukh Khan', 'shahrukh', '99', '$2y$10$iL0V9QOAF0Vamynrkjd83OEDfqdU0wVjFr1H8ADHUBbyAn1VnPPwm', 'srk123@gmail.com', 'shahrukh-181762838987qbopr08lax.jpg', '', 0, 0, '', '', '', NULL, '', '', '', '5', '28', '', 2.00, 500.00, 0.00, 'celebrity', '', '', '', '', '', '', '', '', '', NULL, '', '42.108.133.73', 'off', '', 'en', 0.00, '', '', '', 'no', '', '', '', NULL, 0, '', '', '', '', '', '', '9898989898', 'Actor', 1, 7, 10.00, 1, 1, 1, 5.00, 1, 100.00, '2025-08-29 05:55:38', '2026-02-23 05:44:53', '2025-08-29 05:55:38', 0, 0.00, 0, 0, 0, 'verified', 'none', '-1', 0, 0.00, NULL, NULL, NULL, 0, 0, 0.00, NULL, 0.00, 0, NULL),
(19, 'Aishwarya Rai Bachchan', 'Aishwarya', '99', '$2y$10$9lvkJ3EIcnuunl3k1GfTru1yYWqKdHEif.uzF.XhPl.P1NJVgfvBa', 'aish123@gmail.com', 'aishwarya-191762839279qzsgwts2mq.jpg', '', 0, 0, '', '', '', NULL, '', '', '', '5', '28', '', 2.00, 500.00, 0.00, 'celebrity', '', '', '', '', '', '', '', '', '', NULL, '', '42.108.131.102', 'off', '', 'en', 0.00, '', '', '', 'no', '', '', '', NULL, 0, '', '', '', '', '', '', '9898989898', 'Actor', 1, 7, 10.00, 1, 1, 1, 5.00, 1, 100.00, '2025-08-29 06:05:03', '2026-02-23 05:44:53', '2025-08-29 06:05:03', 0, 0.00, 0, 0, 0, 'verified', 'none', '-1', 0, 0.00, NULL, NULL, NULL, 0, 0, 0.00, NULL, 0.00, 0, NULL),
(20, 'Cristiano Ronaldo', 'cristiano', '174', '$2y$10$7q7Sh8YPVjuv0pvgTahJSu.iXX7JQebaU4n2GGy9ndgOHGRUHJlym', 'cristiano12@gmail.com', 'cristiano-201756463570xrqyccfjgv.png', '', 0, 0, '9cbZ71gogFAQZIMmaPMGfaud1AcQKWbmHgtx1Ud5XXnUbSA5yAttT05kvIaY', 'PayPal', 'cristiano12@gmail.com', '2026-05-03 10:02:42', '', '', '', '1', '16', '', 2.00, 500.00, 550.00, 'celebrity', '', '', '', '', '', '', '', '', '', NULL, '', '42.108.131.102', 'off', '', 'en', 99453.00, '', '', '', 'no', '', '', '', NULL, 0, '', '', '', '', '', '', '9898989898', 'Footballer', 1, 7, 10.00, 1, 1, 1, 5.00, 1, 100.00, '2025-08-29 06:13:36', '2026-05-03 10:08:29', '2025-08-29 06:13:36', 5, 15.00, 0, 0, 1, 'verified', 'none', '-1', 1, 0.07, 10, 'America/Adak', 'GMT-9', 0, 0, 0.00, NULL, 0.00, 0, NULL),
(21, 'Rohit Sharma', 'rohitsharma', '99', '$2y$10$VvlhIQRHFsYK3.Cy4Dg8buDOwjgP5Ox8OmzI8bzpuZFwHpWlqsxpq', 'rohit12@gmail.com', 'rohitsharma-2117628393928bxypgqbt2.jpg', '', 0, 0, '', '', '', NULL, '', '', '', '1', '36', '', 2.00, 500.00, -6.00, 'celebrity', '', '', '', '', '', '', '', '', '', NULL, '', '42.108.131.102', 'off', '', 'en', 0.00, '', '', '', 'no', '', '', '', NULL, 0, '', '', '', '', '', '', '9898989898', 'cricketer', 1, 7, 10.00, 1, 1, 1, 5.00, 1, 100.00, '2025-08-29 06:24:20', '2026-02-23 05:44:53', '2025-08-29 06:24:20', 0, 0.00, 0, 0, 0, 'verified', 'none', '-1', 0, 0.00, NULL, NULL, NULL, 0, 0, 0.00, NULL, 0.00, 0, NULL),
(22, 'John Isner', 'johncena', '1', '$2y$10$Li2UE343GhB4SVfrBL2A3uSHjyNEVWF1a5GFt8DsdwFO6TcvuOf96', 'john12@gmail.com', 'johncena-221762839486353evp6oqq.jpg', '', 0, 0, '', '', '', NULL, '', '', '', '1', '33', '', 2.00, 500.00, 0.00, 'celebrity', '', '', '', '', '', '', '', '', '', NULL, '', '42.108.131.102', 'off', '', 'en', 0.00, '', '', '', 'no', '', '', '', NULL, 0, '', '', '', '', '', '', '9898989898', 'Tennis', 1, 7, 10.00, 1, 1, 1, 5.00, 1, 100.00, '2025-08-29 06:32:38', '2026-02-23 05:44:53', '2025-08-29 06:32:38', 0, 0.00, 0, 0, 0, 'verified', 'none', '-1', 0, 0.00, NULL, NULL, NULL, 0, 0, 0.00, NULL, 0.00, 0, NULL),
(23, 'Harmanpreet Singh', 'harmanpreet', '99', '$2y$10$4fDlVLxCJbpN8Uxaz3RiVOVMFTEPVnjbvU15rqIW9aOvSMvOKimqa', 'harmanpreet@gmail.com', 'default-1756362794.gif', '', 0, 0, '', '', '', NULL, '', '', '', '', NULL, '', 0.00, 0.00, 0.00, 'normal', '', '', '', '', '', '', '', '', '', NULL, '', '42.108.131.102', 'off', '', 'en', 0.00, '', '', '', 'no', '', '', 'no', NULL, 0, '', '', '', '', '', '', NULL, NULL, 0, 7, 0.00, 0, 0, 0, 0.00, 0, 0.00, '2025-08-29 06:41:42', '2025-08-29 06:41:42', '2025-08-29 06:41:42', 0, 0.00, 0, 0, 0, NULL, 'none', '-1', 0, 0.00, NULL, NULL, NULL, 0, 0, 0.00, NULL, 0.00, 0, NULL),
(24, 'Vishesh Bhriguvanshi', 'vishesh', '99', '$2y$10$5Zy7eiYLhJeNVMmI0rv8UuTkmR9GzmSTcoPlv/NP3IdLNcEHzqqCC', 'vishesh@gmail.com', 'vishesh-241756463105l9lmvdo5or.jpg', '', 0, 0, '', '', '', NULL, '', '', '', '1', '17', '', 2.00, 500.00, 0.00, 'celebrity', '', '', '', '', '', '', '', '', '', NULL, '', '42.108.131.102', 'off', '', 'en', 0.00, '', '', '', 'no', '', '', '', NULL, 0, '', '', '', '', '', '', '9898989898', 'Basketball', 1, 7, 10.00, 1, 1, 1, 5.00, 1, 100.00, '2025-08-29 06:45:06', '2026-02-23 05:44:53', '2025-08-29 06:45:06', 0, 0.00, 0, 0, 0, 'verified', 'none', '-1', 0, 0.00, NULL, NULL, NULL, 0, 0, 0.00, NULL, 0.00, 0, NULL),
(25, 'Kapil Sharma', 'kapilsharma', '99', '$2y$10$BGKGXquIz8/uHHW8oV8GQOJKGdFg7YA8MKkTd9t7ZhkLzwaxrr50y', 'kapil@gmail.com', 'kapilsharma-251762839572jntuxtqpuz.jpg', '', 0, 0, '', '', '', NULL, '', '', '', '2', '20', '', 2.00, 500.00, 0.00, 'celebrity', '', '', '', '', '', '', '', '', '', NULL, '', '42.108.131.102', 'off', '', 'fr', 0.00, '', '', '', 'no', '', '', '', NULL, 0, '', '', '', '', '', '', '9898989898', 'Comedians', 1, 7, 10.00, 1, 1, 1, 5.00, 1, 100.00, '2025-08-29 06:54:02', '2026-02-23 05:55:43', '2025-08-29 06:54:02', 0, 0.00, 0, 0, 0, 'verified', 'none', '-1', 0, 0.00, NULL, NULL, NULL, 0, 0, 0.00, NULL, 0.00, 0, NULL),
(26, 'Zakir Khan', 'zakirkhan', '99', '$2y$10$GG2n78tPS9dgA3FLgyQht.LmpS.9zjYgzWzrAu9YCAghdLUyrIccC', 'zakir@gmail.com', 'default-1756362794.gif', '', 0, 0, '', '', '', NULL, '', '', '', '', NULL, '', 0.00, 0.00, 0.00, 'normal', '', '', '', '', '', '', '', '', '', NULL, '', '42.108.131.102', 'off', '', 'en', 0.00, '', '', '', 'no', '', '', 'no', NULL, 0, '', '', '', '', '', '', NULL, NULL, 0, 7, 0.00, 0, 0, 0, 0.00, 0, 0.00, '2025-08-29 07:03:13', '2025-08-29 07:03:13', '2025-08-29 07:03:13', 0, 0.00, 0, 0, 0, NULL, 'none', '-1', 0, 0.00, NULL, NULL, NULL, 0, 0, 0.00, NULL, 0.00, 0, NULL),
(28, 'Zakir Khan', 'zaakirkhan', '99', '$2y$10$pD4mfGn40JUTMxd6Os2Vs..zF9HqelBmzRI.AqyJCfGsQtrWzxnjC', 'zakir12@gmail.com', 'default-1756362794.gif', '', 0, 0, '', '', '', NULL, '', '', '', '2', '20', '', 0.00, 0.00, 0.00, 'celebrity', '', '', '', '', '', '', '', '', '', NULL, '', '42.108.131.102', 'off', '', 'en', 0.00, '', '', '', 'no', '', '', 'no', NULL, 0, '', '', '', '', '', '', '9898989898', NULL, 0, 7, 0.00, 0, 0, 0, 0.00, 0, 0.00, '2025-08-29 07:04:04', '2026-02-23 05:44:53', '2025-08-29 07:04:04', 0, 0.00, 0, 0, 0, 'verified', 'none', '-1', 0, 0.00, NULL, NULL, NULL, 0, 0, 0.00, NULL, 0.00, 0, NULL),
(29, 'Hannibal Buress', 'hannibal', '1', '$2y$10$r8clo4P//Mk7frKG4m2hP./R7w9becjtNeBVreuSEGbZnjgmve6f2', 'hannibal@demo.com', 'hannibal-29175646416516ww6pw4xw.jpg', '', 0, 0, '', '', '', NULL, '', '', '', '2', '20', '', 2.00, 500.00, 0.00, 'celebrity', '', '', '', '', '', '', '', '', '', NULL, '', '42.108.131.102', 'off', '', 'en', 0.00, '', '', '', 'no', '', '', '', NULL, 0, '', '', '', '', '', '', '9898989898', 'Comedians', 1, 7, 10.00, 1, 1, 1, 5.00, 1, 100.00, '2025-08-29 07:18:02', '2026-02-23 05:44:53', '2025-08-29 07:18:02', 0, 0.00, 0, 0, 0, 'verified', 'none', '-1', 0, 0.00, NULL, NULL, NULL, 0, 0, 0.00, NULL, 0.00, 0, NULL),
(30, 'Tracy Morgan', 'morgan', '99', '$2y$10$EFUc.Ce.MvTjXd71gz82vu3CAJTkzwbf3a4xEbeEIeL8w1hKLlTAO', 'morgan@gmail.com', 'morgan-301762839667synj35dfpj.jpg', '', 0, 0, '', '', '', NULL, '', '', '', '2', '20', '', 2.00, 500.00, 0.00, 'celebrity', '', '', '', '', '', '', '', '', '', NULL, '', '42.108.131.102', 'off', '', 'en', 0.00, '', '', '', 'no', '', '', '', NULL, 0, '', '', '', '', '', '', '9898989898', NULL, 1, 7, 10.00, 1, 1, 1, 5.00, 1, 100.00, '2025-08-29 07:27:31', '2026-02-23 05:44:53', '2025-08-29 07:27:31', 0, 0.00, 0, 0, 0, 'verified', 'none', '-1', 0, 0.00, NULL, NULL, NULL, 0, 0, 0.00, NULL, 0.00, 0, NULL),
(31, 'The D Soraki', 'Thedsoraki', '108', '$2y$10$eCKtdReISqNy15HRBaMHeOTz26TFekutp6gf1qiecHWXi7d5Y9qfK', 'soraki@demo.com', 'thedsoraki-311762839803a2mvlbzaqm.png', '', 0, 0, '', '', '', NULL, '', '', '', '10', '69', '', 2.00, 500.00, 0.00, 'celebrity', '', '', '', '', '', '', '', '', '', NULL, '', '42.108.131.102', 'off', '', 'en', 0.00, '', '', '', 'no', '', '', '', NULL, 0, '', '', '', '', '', '', '9898989898', 'Dancer', 1, 7, 10.00, 1, 1, 1, 5.00, 1, 100.00, '2025-08-29 07:58:25', '2026-02-23 05:44:53', '2025-08-29 07:58:25', 0, 0.00, 0, 0, 0, 'verified', 'none', '-1', 0, 0.00, NULL, NULL, NULL, 0, 0, 0.00, NULL, 0.00, 0, NULL),
(32, 'Rihanna', 'rihanna', '21', '$2y$10$HUPZXDHppQabPlDEag.3r.IJRD1ZonOtvsBLHQ9Z2yxUrwjr/gN/y', 'rihanna@demo.com', 'rihanna-321762839955ccfccrroon.jpg', '', 0, 0, '', '', '', NULL, '', '', '', '4', '46', '', 2.00, 500.00, 0.00, 'celebrity', '', '', '', '', '', '', '', '', '', NULL, '', '42.108.131.102', 'off', '', 'en', 0.00, '', '', '', 'no', '', '', '', NULL, 0, '', '', '', '', '', '', '9898989898', 'Singer', 1, 7, 10.00, 1, 1, 1, 5.00, 1, 100.00, '2025-08-29 08:07:56', '2026-05-03 10:09:18', '2025-08-29 08:07:56', 0, 0.00, 0, 0, 0, 'verified', 'none', '-1', 1, 0.06, 10, 'Africa/Addis_Ababa', 'GMT+3', 0, 0, 0.00, NULL, 0.00, 0, NULL),
(33, 'Adrianna Daniel', 'adrianna', '173', '$2y$10$V6deSw.IxOTaP7ktJlmI7uqjnyFcuIBwQ/9LYVoc67KX7.oBpmaFS', 'adrianna@demo.com', 'adrianna-331756465158ii9vydcxhi.png', '', 0, 0, '', '', '', NULL, '', '', '', '88', '', '', 2.00, 500.00, 0.00, 'celebrity', '', '', '', '', '', '', '', '', '', NULL, '', '42.108.131.102', 'off', '', 'en', 0.00, '', '', '', 'no', '', '', '', NULL, 0, '', '', '', '', '', '', '9898989898', 'Model', 1, 7, 10.00, 1, 1, 1, 5.00, 1, 100.00, '2025-08-29 08:20:26', '2026-02-23 05:44:53', '2025-08-29 08:20:26', 0, 0.00, 0, 0, 0, 'verified', 'none', '-1', 0, 0.00, NULL, NULL, NULL, 0, 0, 0.00, NULL, 0.00, 0, NULL),
(34, 'Nick Vujicic', 'nickvujicic', '15', '$2y$10$mbSY6VyWsXet8mVDHLZOQuIE9jawmCuRvhdEJWn1p./GtIjvRt.Sy', 'nick@demo.com', 'nickvujicic-341762840106zlelxpnymf.jpg', '', 0, 0, '', '', '', NULL, '', '', '', '88', '', '', 2.00, 500.00, 0.00, 'celebrity', '', '', '', '', '', '', '', '', '', NULL, '', '42.108.131.102', 'off', '', 'en', 0.00, '', '', '', 'no', '', '', '', NULL, 0, '', '', '', '', '', '', '9898989898', 'Motivational speaker', 1, 7, 10.00, 1, 1, 1, 5.00, 1, 100.00, '2025-08-29 08:29:04', '2026-02-23 05:44:53', '2025-08-29 08:29:04', 0, 0.00, 0, 0, 0, 'verified', 'none', '-1', 0, 0.00, NULL, NULL, NULL, 0, 0, 0.00, NULL, 0.00, 0, NULL),
(35, 'Max Martin', 'maxmartin', '207', '$2y$10$f29aqiLkoVm7lzol2gNhQu/4FfugLCZremaG363YTNZ6.zih.vnRm', 'max@demo.com', 'maxmartin-351762840258uckjbtqlvq.jpg', '', 0, 0, '', '', '', NULL, '', '', '', '88', '', '', 2.00, 500.00, 0.00, 'celebrity', '', '', '', '', '', '', '', '', '', NULL, '', '42.108.131.102', 'off', '', 'en', 0.00, '', '', '', 'no', '', '', '', NULL, 0, '', '', '', '', '', '', '9898989898', 'Music Producer', 1, 7, 10.00, 1, 1, 1, 5.00, 1, 100.00, '2025-08-29 08:39:39', '2026-02-23 05:44:53', '2025-08-29 08:39:39', 0, 0.00, 0, 0, 0, 'verified', 'none', '-1', 0, 0.00, NULL, NULL, NULL, 0, 0, 0.00, NULL, 0.00, 0, NULL),
(36, 'Wil Anderson', 'wilanderson', '15', '$2y$10$QpoC4vEe20kC93GBpMovJOnVX/U0yVM6zHgvciPrZHtAcRTJa0TNS', 'will@demo.com', 'wilanderson-361756463810ulsw9nvzid.jpg', '', 0, 0, 'HtiATXRZ7js5y9yndFE9g1RMOWnWWqqf71Lkz0YcEbfPvkwphsYMPhVgxFas', '', '', '2025-08-29 12:33:52', '', '', '', '2', '20', '', 5.00, 500.00, 0.00, 'celebrity', '', '', '', '', '', '', '', '', '', NULL, '', '42.108.131.102', 'off', '', 'en', 99999.00, '', '', '', 'no', '', '', '', NULL, 0, '', '', '', '', '', '', '9898989898', 'Comedians', 1, 7, 10.00, 1, 1, 1, 5.00, 1, 100.00, '2025-08-29 08:53:53', '2026-02-23 05:44:53', '2025-08-29 08:53:53', 0, 1000.00, 0, 0, 0, 'verified', 'none', '-1', 1, 20.00, 10, 'America/Adak', 'GMT-9', 0, 0, 0.00, NULL, 0.00, 0, NULL),
(37, 'Bill Murray', 'billmurray', '1', '$2y$10$GjUEEpa.hcl3vRc0saHvruDvhZ0425R67uH5l9cosfSGUIozydYu.', 'murray@demo.com', 'billmurray-371762840925pqmpzwj4dz.png', '', 0, 0, '', '', '', NULL, '', '', '', '5', '14', '', 2.00, 500.00, 0.00, 'celebrity', '', '', '', '', '', '', '', '', '', NULL, '', '42.108.131.102', 'off', '', 'en', 0.00, '', '', '', 'no', '', '', '', NULL, 0, '', '', '', '', '', '', '9898989898', 'Actor', 1, 7, 10.00, 1, 1, 1, 5.00, 1, 100.00, '2025-08-29 09:12:10', '2026-02-23 05:44:53', '2025-08-29 09:12:10', 0, 0.00, 0, 0, 0, 'verified', 'none', '-1', 0, 0.00, NULL, NULL, NULL, 0, 0, 0.00, NULL, 0.00, 0, NULL),
(38, 'Simon Pegg', 'simonpegg', '1', '$2y$10$liSvKo20HnPYgBWHwx//6us2CAGPGcmPP0nOfzUa0K1RE.K/6NDHO', 'simon@demo.com', 'simonpegg-3817628410412z0qhhvpid.jpg', '', 0, 0, 'dD0EWEAjilnpfysTkPmZijr3SW3J68P9lRXltxsSCpa20ACujpaFAMrERycz', '', '', NULL, '', '', '', '5', '14', '', 3.00, 500.00, 0.00, 'celebrity', '', '', '', '', '', '', '', '', '', NULL, '', '42.108.131.102', 'off', '', 'en', 0.00, '', '', '', 'no', '', '', '', NULL, 0, '', '', '', '', '', '', '9898989898', 'Actor', 1, 7, 10.00, 1, 1, 1, 5.00, 1, 100.00, '2025-08-29 09:21:02', '2026-02-23 05:44:53', '2025-08-29 09:21:02', 0, 0.00, 0, 0, 0, 'verified', 'none', '-1', 0, 0.00, NULL, NULL, NULL, 0, 0, 0.00, NULL, 0.00, 0, NULL),
(39, 'Jason Dolley', 'jason', '1', '$2y$10$bWuT033DbvfW12imjTVKTOPPrEcErcGSIiucBERU6Hdq541OZlTeW', 'jason@demo.com', 'default-1756362794.gif', '', 0, 0, '', '', '', NULL, '', '', '', '5', '24', '', 0.00, 0.00, 0.00, 'celebrity', '', '', '', '', '', '', '', '', '', NULL, '', '42.108.131.102', 'off', '', 'en', 0.00, '', '', '', 'no', '', '', 'no', NULL, 0, '', '', '', '', '', '', '9898989898', 'Actor', 0, 7, 0.00, 0, 0, 0, 0.00, 0, 0.00, '2025-08-29 09:33:21', '2026-02-23 05:44:53', '2025-08-29 09:33:21', 0, 0.00, 0, 0, 0, 'verified', 'none', '-1', 0, 0.00, NULL, NULL, NULL, 0, 0, 0.00, NULL, 0.00, 0, NULL),
(40, 'Travis Head', 'travishead', '15', '$2y$10$M3MWWRgqGHV9mkyBp1YpM.KQrbCY0jP01vJCRbhgAoQLhrLL3vAPO', 'travis@demo.com', 'travishead-401762837862190xihhjrn.png', '', 0, 0, '', '', '', NULL, '', '', '', '1', '36', '', 3.00, 0.00, 0.00, 'celebrity', '', '', '', '', '', '', '', '', '', NULL, '', '42.104.161.55', 'off', '', 'en', 0.00, '', '', '', 'no', '', '', '', NULL, 0, '', '', '', '', '', '', '9898989898', 'cricket', 0, 7, 0.00, 0, 1, NULL, 0.00, 0, 0.00, '2025-08-29 11:16:27', '2026-02-23 05:44:53', '2025-08-29 11:16:27', 0, 0.00, 0, 0, 0, 'verified', 'none', '-1', 0, 0.00, NULL, NULL, NULL, 0, 0, 0.00, NULL, 0.00, 0, NULL),
(41, 'Bill Burr', 'billburr', '1', '$2y$10$peVEiWTMWaa49tK.lW2kwewKqREeP/OUoBnh49yc8fyV5ud6EHVV.', 'burr@demo.com', 'billburr-411762840665ytsyw7veso.jpg', '', 0, 0, '', '', '', NULL, '', '', '', '2', '20', '', 4.00, 0.00, 0.00, 'celebrity', '', '', '', '', '', '', '', '', '', NULL, '', '42.104.161.55', 'off', '', 'en', 0.00, '', '', '', 'no', '', '', '', NULL, 0, '', '', '', '', '', '', '9898989898', 'Comedians', 0, 7, 0.00, 0, 1, NULL, 0.00, 0, 0.00, '2025-08-29 11:34:47', '2026-02-23 05:44:53', '2025-08-29 11:34:47', 0, 0.00, 0, 0, 0, 'verified', 'none', '-1', 0, 0.00, NULL, NULL, NULL, 0, 0, 0.00, NULL, 0.00, 0, NULL),
(42, 'Selena Gomez', 'selena', '1', '$2y$10$kpMYPKoCfHC9f0JnbGLkiOJRYkBTeMwsnbGFG9okHgaQW.27t8JgS', 'selena@demo.com', 'selena-421762838009l6ctjser5t.jpg', '', 0, 0, '', '', '', '2025-08-29 12:33:42', '', '', '', '4', '45', '', 4.00, 500.00, 4.00, 'celebrity', '', '', '', '', '', '', '', '', '', NULL, '', '42.104.161.55', 'off', '', 'en', 0.00, '', '', '', 'no', '', '', '', NULL, 0, '', '', '', '', '', '', '9898989898', 'influencers', 1, 7, 10.00, 1, 1, 1, 5.00, 1, 100.00, '2025-08-29 11:51:19', '2026-02-23 05:44:53', '2025-08-29 11:51:19', 0, 1000.00, 0, 0, 0, 'verified', 'none', '-1', 0, 0.00, NULL, NULL, NULL, 0, 0, 0.00, NULL, 0.00, 0, NULL),
(43, 'Billie Eilish', 'billieeilish', '1', '$2y$10$3v.sJmb83MZAf5/PTQ/NG.ypXIZRYp6u7sIlxApkCvSTPEKUFu.tK', 'eilish@demo.com', 'billieeilish-431756469948ev1bhvliiw.png', '', 0, 0, '', '', '', '2025-08-29 12:33:34', '', '', '', '3', '51', '', 2.00, 0.00, 0.00, 'celebrity', '', '', '', '', '', '', '', '', '', NULL, '', '42.104.161.55', 'off', '', 'en', 0.00, '', '', '', 'no', '', '', '', NULL, 0, '', '', '', '', '', '', '9898989898', 'Musicians', 0, 7, 0.00, 0, 1, 0, 0.00, 0, 0.00, '2025-08-29 12:14:22', '2026-05-03 10:34:09', '2025-08-29 12:14:22', 0, 1000.00, 0, 0, 0, 'verified', 'none', '-1', 0, 0.00, 10, '', NULL, 0, 0, 0.00, NULL, 0.00, 0, NULL),
(44, 'Justin Bieber', 'justin', '2', '$2y$10$oLpy3tdGnpzfCBD6vImhPuJSV3W9UWL9XY4juBuMHUgVReEy8s.ne', 'justin@demo.com', 'justin-441756470757zvkrijpsgg.png', '', 0, 0, '', '', '', '2025-08-29 12:33:27', '', '', '', '3', '51', '', 3.00, 0.00, 0.00, 'celebrity', '', '', '', '', '', '', '', '', '', NULL, '', '42.104.161.55', 'off', '', 'en', 0.00, '', '', '', 'no', '', '', '', NULL, 0, '', '', '', '', '', '', '9898989898', 'Musicians', 0, 7, 0.00, 0, 1, 0, 0.00, 0, 0.00, '2025-08-29 12:20:39', '2026-05-03 10:19:20', '2025-08-29 12:20:39', 0, 1000.00, 0, 0, 0, 'verified', 'none', '-1', 0, 0.00, 10, '', NULL, 0, 0, 0.00, NULL, 0.00, 0, NULL),
(45, 'Mark McGrath', 'mark', '1', '$2y$10$Q2jrpE5OgpCug11GO4gcjOWE79ULDDJnUGWSRTJbl/cdcPGCwqRPa', 'mark@demo.com', 'mark-451762840557617dqzu3af.jpg', '', 0, 0, '', '', '', NULL, '', '', '', '3', '', '', 2.00, 0.00, 0.00, 'celebrity', '', '', '', '', '', '', '', '', '', NULL, '', '150.107.241.199', 'off', '', 'en', 0.00, '', '', '', 'no', '', '', '', NULL, 0, '', '', '', '', '', '', '9898989898', 'Musicians', 0, 7, 0.00, 0, 1, NULL, 0.00, 0, 0.00, '2025-09-01 03:40:31', '2026-02-23 05:44:53', '2025-09-01 03:40:31', 0, 0.00, 0, 0, 0, 'verified', 'none', '-1', 0, 0.00, NULL, NULL, NULL, 0, 0, 0.00, NULL, 0.00, 0, NULL),
(46, 'Riff Raff', 'riffraff', '1', '$2y$10$yhZDbRO9tmCXPD.KXlfk6uwio4jqfEtOqSHdxEym.FYLs42fQkxQy', 'riff@demo.com', 'riffraff-461762840497c9adr4ls9l.jpg', '', 0, 0, '', '', '', NULL, '', '', '', '3', '', '', 2.00, 0.00, 0.00, 'celebrity', '', '', '', '', '', '', '', '', '', NULL, '', '150.107.241.199', 'off', '', 'en', 0.00, '', '', '', 'no', '', '', '', NULL, 0, '', '', '', '', '', '', '9898989898', 'Musicians', 0, 7, 0.00, 0, 1, NULL, 0.00, 0, 0.00, '2025-09-01 03:52:42', '2026-02-23 05:44:53', '2025-09-01 03:52:42', 0, 0.00, 0, 0, 0, 'verified', 'none', '-1', 0, 0.00, NULL, NULL, NULL, 0, 0, 0.00, NULL, 0.00, 0, NULL),
(47, 'Kenny G', 'kennyg', '1', '$2y$10$THdfPZqVRJ0Rt.pACK1LU.n8/SsUaUk3KRamAzbL3he.TNNAZOtLO', 'kenny@demo.com', 'kennyg-471762840371ogqxm3ccrc.jpg', '', 0, 0, '', '', '', NULL, '', '', '', '3', '', '', 2.00, 0.00, 0.00, 'celebrity', '', '', '', '', '', '', '', '', '', NULL, '', '150.107.241.199', 'off', '', 'en', 0.00, '', '', '', 'no', '', '', '', NULL, 0, '', '', '', '', '', '', '9898989898', 'Musicians', 0, 7, 0.00, 0, 1, NULL, 0.00, 0, 0.00, '2025-09-01 03:58:52', '2026-02-23 05:44:53', '2025-09-01 03:58:52', 0, 0.00, 0, 0, 0, 'verified', 'none', '-1', 0, 0.00, NULL, NULL, NULL, 0, 0, 0.00, NULL, 0.00, 0, NULL),
(48, 'Bam Margera', 'margera', '1', '$2y$10$evObLfoyZzU8N823eOzBwuOSGiw6wDCaHahMrlpsuaMuFpdGtfcHi', 'margera@demo.com', 'margera-481762840292omobiolrnf.jpg', '', 0, 0, '', '', '', NULL, '', '', '', '7', '', '', 3.00, 0.00, 0.00, 'celebrity', '', '', '', '', '', '', '', '', '', NULL, '', '150.107.241.199', 'off', '', 'en', 0.00, '', '', '', 'no', '', '', '', NULL, 0, '', '', '', '', '', '', '9898989898', 'stunt performer', 0, 7, 0.00, 0, 1, NULL, 0.00, 0, 0.00, '2025-09-01 04:06:43', '2026-02-23 05:44:53', '2025-09-01 04:06:43', 0, 0.00, 0, 0, 0, 'verified', 'none', '-1', 0, 0.00, NULL, NULL, NULL, 0, 0, 0.00, NULL, 0.00, 0, NULL),
(49, 'Chris Pontius', 'chris', '1', '$2y$10$SCxkFqmQAo7ZwfM7UjExgeHPBZcjVGV83bITyMW2gUd.sI7lrbq4.', 'chris@demo.com', 'chris-491756700360la9tqs6zqm.jpg', '', 0, 0, '', '', '', NULL, '', '', '', '7', '', '', 3.00, 0.00, 0.00, 'celebrity', '', '', '', '', '', '', '', '', '', NULL, '', '150.107.241.199', 'off', '', 'en', 0.00, '', '', '', 'no', '', '', '', NULL, 0, '', '', '', '', '', '', '9898989898', 'stunt performer', 0, 7, 0.00, 0, 1, NULL, 0.00, 0, 0.00, '2025-09-01 04:14:56', '2026-02-23 05:44:53', '2025-09-01 04:14:56', 0, 0.00, 0, 0, 0, 'verified', 'none', '-1', 0, 0.00, NULL, NULL, NULL, 0, 0, 0.00, NULL, 0.00, 0, NULL),
(50, 'Cara Maria Sorbello', 'caramaria', '1', '$2y$10$unAE5iHkD0V0ItRpG2hZKuGI4wQv4Bb2v1YHDm2g9XvPXZMs67O4S', 'cara@demo.com', 'caramaria-501762840183n8zik2ncdy.jpg', '', 0, 0, '', '', '', NULL, '', '', '', '7', '', '', 2.00, 0.00, 0.00, 'celebrity', '', '', '', '', '', '', '', '', '', NULL, '', '150.107.241.199', 'off', '', 'en', 0.00, '', '', '', 'no', '', '', '', NULL, 0, '', '', '', '', '', '', '9898989898', 'Reality TV', 0, 7, 0.00, 0, 1, NULL, 0.00, 0, 0.00, '2025-09-01 04:21:00', '2026-02-23 05:44:53', '2025-09-01 04:21:00', 0, 0.00, 0, 0, 0, 'verified', 'none', '-1', 0, 0.00, NULL, NULL, NULL, 0, 0, 0.00, NULL, 0.00, 0, NULL),
(51, 'Johnny Devenanzio', 'johnny', '1', '$2y$10$iwcN4YuM0q2oEMeuYXU70uyJD5DgP4hdaH2er0zq635B8HGxHZjdC', 'johnny@demo.com', 'johnny-511762840114pnrfcfsxxt.jpg', '', 0, 0, '', '', '', NULL, '', '', '', '7', '', '', 2.00, 0.00, 0.00, 'celebrity', '', '', '', '', '', '', '', '', '', NULL, '', '150.107.241.199', 'off', '', 'en', 0.00, '', '', '', 'no', '', '', '', NULL, 0, '', '', '', '', '', '', '9898989898', 'Reality TV', 0, 7, 0.00, 0, 1, NULL, 0.00, 0, 0.00, '2025-09-01 04:34:03', '2026-02-23 05:44:53', '2025-09-01 04:34:03', 0, 0.00, 0, 0, 0, 'verified', 'none', '-1', 0, 0.00, NULL, NULL, NULL, 0, 0, 0.00, NULL, 0.00, 0, NULL),
(52, 'Farrah Abraham', 'farrah', '1', '$2y$10$wlYI6ANro/Lj0c3TF/.F7.czdlyNlMtMfonTaRjm/BwJ49I2i6Yqu', 'farrah@demo.com', 'farrah-521756702204eeta2p5otb.jpg', '', 0, 0, '', '', '', NULL, '', '', '', '7', '', '', 2.00, 0.00, 0.00, 'celebrity', '', '', '', '', '', '', '', '', '', NULL, '', '150.107.241.199', 'off', '', 'en', 0.00, '', '', '', 'no', '', '', '', NULL, 0, '', '', '', '', '', '', '9898989898', 'Reality TV', 0, 7, 0.00, 0, 1, NULL, 0.00, 0, 0.00, '2025-09-01 04:40:43', '2026-02-23 05:44:53', '2025-09-01 04:40:43', 0, 0.00, 0, 0, 0, 'verified', 'none', '-1', 0, 0.00, NULL, NULL, NULL, 0, 0, 0.00, NULL, 0.00, 0, NULL),
(53, 'Dani Bowman', 'dani', '99', '$2y$10$j/MLFInnssqQBDjXBPqLZu1djKMiie9IaKkfgFVTE47p4nAo7A2/6', 'dani@demo.com', 'default-1756362794.gif', '', 0, 0, 'Ea8QcSzdViOk8H8PkwLTYskwKAW7altYxeinaecfaWkzFyW2kjVxj7WkQfFa', '', '', NULL, '', '', '', '', NULL, '', 0.00, 0.00, 0.00, 'normal', '', '', '', '', '', '', '', '', '', NULL, '', '150.107.241.199', 'off', '', 'en', 98801.68, '', '', '', 'no', '', '', 'no', NULL, 0, '', '', '', '', '', '', NULL, NULL, 0, 7, 0.00, 0, 0, 0, 0.00, 0, 0.00, '2025-09-01 04:54:28', '2025-09-03 06:39:07', '2025-09-01 04:54:28', 0, 0.00, 0, 0, 0, NULL, 'none', '-1', 0, 0.00, NULL, NULL, NULL, 0, 0, 0.00, NULL, 0.00, 0, NULL),
(54, 'Jimmy Fallon', 'jimmy', '1', '$2y$10$qaHrVUN.u9Bi54EqpSlpqer5jG6dCkH5H.82unniuvaIg2f7LDw2e', 'jimmy@demo.com', 'jimmy-5417628400567sul6wddmb.jpg', '', 0, 0, '', '', '', NULL, '', '', '', '10', '', '', 3.00, 0.00, 0.00, 'celebrity', '', '', '', '', '', '', '', '', '', NULL, '', '150.107.241.199', 'off', '', 'en', 0.00, '', '', '', 'no', '', '', '', NULL, 0, '', '', '', '', '', '', '9898989898', 'Reality TV', 0, 7, 0.00, 0, 1, NULL, 0.00, 0, 0.00, '2025-09-01 05:25:03', '2026-02-23 05:44:53', '2025-09-01 05:25:03', 0, 0.00, 0, 0, 0, 'verified', 'none', '-1', 0, 0.00, NULL, NULL, NULL, 0, 0, 0.00, NULL, 0.00, 0, NULL),
(55, 'Karyn Bryant', 'karyn', '1', '$2y$10$CIHM4n9D83WjrDVqqqHnPuN.bhi2dxHf0B.id87xN7X5Aq9K9KWL6', 'karyn@demo.com', 'karyn-551762839950zskmvrzewa.jpg', '', 0, 0, '', '', '', NULL, '', '', '', '10', '', '', 2.00, 0.00, 0.00, 'celebrity', '', '', '', '', '', '', '', '', '', NULL, '', '150.107.241.199', 'off', '', 'en', 0.00, '', '', '', 'no', '', '', '', NULL, 0, '', '', '', '', '', '', '9090909090', 'TV Host', 0, 7, 0.00, 0, 1, NULL, 0.00, 0, 0.00, '2025-09-01 05:33:50', '2026-02-23 05:44:53', '2025-09-01 05:33:50', 0, 0.00, 0, 0, 0, 'verified', 'none', '-1', 0, 0.00, NULL, NULL, NULL, 0, 0, 0.00, NULL, 0.00, 0, NULL),
(56, 'Kate Upton', 'kateupton', '1', '$2y$10$oMh1GeTgI/MLQ6SemNRFcexM9l8UPZNmjpLamFMivLR5EUCPyFHc.', 'kate@demo.com', 'kateupton-561756705474ijsoebrkyf.png', '', 0, 0, '', '', '', NULL, '', '', '', '10', '', '', 2.00, 0.00, 0.00, 'celebrity', '', '', '', '', '', '', '', '', '', NULL, '', '150.107.241.199', 'off', '', 'en', 0.00, '', '', '', 'no', '', '', '', NULL, 0, '', '', '', '', '', '', '9090909090', 'Model', 0, 7, 0.00, 0, 1, NULL, 0.00, 0, 0.00, '2025-09-01 05:41:26', '2026-02-23 05:44:53', '2025-09-01 05:41:26', 0, 0.00, 0, 0, 0, 'verified', 'none', '-1', 0, 0.00, NULL, NULL, NULL, 0, 0, 0.00, NULL, 0.00, 0, NULL),
(57, 'Erik Wahl', 'erikwahl', '1', '$2y$10$46MlmYSOezIKn48NLW4w4uVkAOsDCU1zc0kYtdN.kZLeySxvnM6Z2', 'erik@demo.com', 'erikwahl-571762839801ju0svj4yy4.png', '', 0, 0, '', '', '', NULL, '', '', '', '10', '', '', 3.00, 0.00, 0.00, 'celebrity', '', '', '', '', '', '', '', '', '', NULL, '', '150.107.241.199', 'off', '', 'en', 0.00, '', '', '', 'no', '', '', '', NULL, 0, '', '', '', '', '', '', '9898989898', 'Motivational speaker', 0, 7, 0.00, 0, 1, NULL, 0.00, 0, 0.00, '2025-09-01 05:46:34', '2026-02-23 05:44:53', '2025-09-01 05:46:34', 0, 0.00, 0, 0, 0, 'verified', 'none', '-1', 0, 0.00, NULL, NULL, NULL, 0, 0, 0.00, NULL, 0.00, 0, NULL),
(58, 'Alex Petar', 'alexpetar', '99', '$2y$10$otul5QH9UPCHhOC6PYE1r.YbJbOSZ2KwhpwKYKR0PGhOa/zHB3TWy', 'alex@demo.com', 'default-1756362794.gif', '', 0, 0, '', '', '', NULL, '', '', '', '', NULL, '', 0.00, 0.00, 0.00, 'normal', '', '', '', '', '', '', '', '', '', NULL, '', '150.107.241.199', 'off', '', 'en', 0.00, '', '', '', 'no', '', '', 'no', NULL, 0, '', '', '', '', '', '', NULL, NULL, 0, 7, 0.00, 0, 0, 0, 0.00, 0, 0.00, '2025-09-01 09:06:18', '2025-09-01 09:06:18', '2025-09-01 09:06:18', 0, 0.00, 0, 0, 0, NULL, 'none', '-1', 0, 0.00, NULL, NULL, NULL, 0, 0, 0.00, NULL, 0.00, 0, NULL),
(62, 'Sam Chan', 'samc', '99', '$2y$10$lpiMYjy3xX9MuFIYYl3sAen.Ls/ARojgUBaoEd0jagYGrK1uyQ7NW', 'user2@demo.com', 'default-1756362794.gif', '', 0, 0, '', '', '', NULL, '', '', '', '1', '18', '', 0.00, 0.00, 0.00, 'celebrity', '', '', '', '', '', '', '', '', '', NULL, '', '103.116.239.109', 'off', '', 'en', 99999993.75, '', '', '', 'no', '', '', 'no', NULL, 0, '', '', '', '', '', '', '2564556666', NULL, 0, 7, 0.00, 0, 0, 0, 0.00, 0, 0.00, '2025-09-11 04:21:50', '2026-03-12 09:20:23', '2025-09-11 04:21:50', 0, 0.00, 0, 0, 0, 'verified', 'none', '-1', 0, 0.00, NULL, NULL, NULL, 0, 0, 0.00, NULL, 0.00, 0, NULL),
(63, 'Admin Demo', 'admin', '99', '$2y$10$L.8hDuJappJLCaTBFB86NO3A.0ysj5orNh.FoqH65r3frqTB4eoYm', 'admin@demo.com', 'default-1756362794.gif', '', 0, 2, 'YbyPpEnGdjFHN0OVZMmfmcfDRs3yhXC9Kp6lrm6PkUYlf3fcI6pcwXDchMQo', '', '', NULL, '', '', '', '1', '', '', 0.00, 0.00, 0.00, 'normal', '', '', '', '', '', '', '', '', '', NULL, '', '106.215.159.24', 'off', '', 'en', 0.00, '', '', '', 'no', '', '', 'no', NULL, 0, '', '', '', '', '', '', '44444444444', NULL, 0, 7, 0.00, 0, 0, 0, 0.00, 0, 0.00, '2025-09-15 07:06:10', '2025-12-08 17:42:30', '2025-09-15 07:06:10', 0, 0.00, 0, 0, 0, NULL, 'none', '-1', 0, 0.00, NULL, NULL, NULL, 0, 0, 0.00, NULL, 0.00, 0, NULL),
(64, 'Tom', 'Cruise', '99', '$2y$10$/GBj5eYgxuMNk6Z621vbO.b3hfraScT5ksg1ZXhu.guioEzdOGx8.', 'tom@demo.com', 'cruise-641762858872zwdmclyjzd.jpg', '', 0, 0, '', '', '', NULL, '', '', '', '', NULL, '', 0.00, 0.00, 0.00, 'normal', '', '', '', '', '', '', '', '', '', NULL, '', '106.215.180.59', 'off', '', 'en', 0.00, '', '', '', 'no', '', '', '', NULL, 0, '', '', '', '', '', '', NULL, NULL, 0, 7, 0.00, 0, 0, 0, 0.00, 0, 0.00, '2025-11-11 11:00:38', '2025-11-11 11:01:59', '2025-11-11 11:00:38', 0, 0.00, 0, 0, 0, NULL, 'none', '-1', 0, 0.00, NULL, NULL, NULL, 0, 0, 0.00, NULL, 0.00, 0, NULL),
(65, 'Tolgaded', 'Tolgaded', '1', '$2y$10$0lhMcOBpBJV7eBRn.2K25ex9QOzjTDSGzgXjwcyhMebo.xzg.y8CC', 'tolgacan@em2.thematinggrounds.com', 'default-1756362794.gif', '', 0, 0, '', '', '', NULL, '', '', '', '', NULL, '', 0.00, 0.00, 0.00, 'normal', '', '', '', '', '', '', '', '', '', NULL, '', '3.228.76.156', 'off', '', 'en', 0.00, '', '', '', 'no', '', '', 'no', NULL, 0, '', '', '', '', '', '', NULL, NULL, 0, 7, 0.00, 0, 0, 0, 0.00, 0, 0.00, '2026-01-26 09:49:00', '2026-01-26 09:49:00', '2026-01-26 09:49:00', 0, 0.00, 0, 0, 0, NULL, 'none', '-1', 0, 0.00, NULL, NULL, NULL, 0, 0, 0.00, NULL, 0.00, 0, NULL),
(68, 'user23', 'user23', '99', '$2y$10$J8rPEWfFNh8sqh5KUMa1/uhlBCRMyVVrdFeagG9X7jXT37CPDcPR6', 'user23@demo.com', 'default-1771491177.gif', '', 1, 0, '', '', '', NULL, '', '', '', '5', '28', '', 20.00, 0.00, 0.00, 'celebrity', '', '', '', '', '', '', '', '', '', NULL, '', '::1', 'off', '', 'en', 0.00, '', '', '', 'no', '', '', 'no', NULL, 0, '', '', '', '', '', '', '8787475875', NULL, 0, 7, 0.00, 0, 1, NULL, 0.00, 0, 0.00, '2026-02-20 06:56:43', '2026-02-25 06:39:38', '2026-02-20 06:57:23', 0, 0.00, 0, 0, 0, 'verified', '', '-1', 0, 0.00, NULL, NULL, NULL, 0, 0, 0.00, NULL, 0.00, 0, NULL),
(117, 'Myriam Stanton', NULL, NULL, '$2y$10$92IXUNpkjO0rOQ5byMi.Ye4oKoEa3Ro9llC/.og/at2.uheWG/igi', 'robel.elbert@example.net', '', '', 0, 0, '4D8XTECFNm', '', '', NULL, '', '', '', '', NULL, '', 0.00, 0.00, 0.00, 'user', '', '', '', '', '', '', '', '', '', NULL, '', '', 'off', '', '', 0.00, '', '', '', 'no', '', '', 'no', NULL, 0, '', '', '', '', '', '', NULL, NULL, 0, 7, 0.00, 0, 0, 0, 0.00, 0, 0.00, '2026-02-26 01:10:17', '2026-02-26 01:10:17', '2026-02-26 01:10:17', 0, 0.00, 0, 0, 0, NULL, 'none', '-1', 0, 0.00, NULL, NULL, NULL, 0, 0, 0.00, NULL, 0.00, 0, NULL),
(119, 'Ramona Beahan', NULL, NULL, '$2y$10$92IXUNpkjO0rOQ5byMi.Ye4oKoEa3Ro9llC/.og/at2.uheWG/igi', 'casper.nayeli@example.org', '', '', 0, 0, 'rPxqnWeoj1', '', '', NULL, '', '', '', '', NULL, '', 0.00, 0.00, 0.00, 'user', '', '', '', '', '', '', '', '', '', NULL, '', '', 'off', '', '', 0.00, '', '', '', 'no', '', '', 'no', NULL, 0, '', '', '', '', '', '', NULL, NULL, 0, 7, 0.00, 0, 0, 0, 0.00, 0, 0.00, '2026-02-26 01:10:17', '2026-02-26 01:10:17', '2026-02-26 01:10:17', 0, 0.00, 0, 0, 0, NULL, 'none', '-1', 0, 0.00, NULL, NULL, NULL, 0, 0, 0.00, NULL, 0.00, 0, NULL),
(121, 'Carol Kozey', NULL, NULL, '$2y$10$92IXUNpkjO0rOQ5byMi.Ye4oKoEa3Ro9llC/.og/at2.uheWG/igi', 'zelda.vandervort@example.org', '', '', 0, 0, 'FuwwpvsFAg', '', '', NULL, '', '', '', '', NULL, '', 0.00, 0.00, 0.00, 'user', '', '', '', '', '', '', '', '', '', NULL, '', '', 'off', '', '', 0.00, '', '', '', 'no', '', '', 'no', NULL, 0, '', '', '', '', '', '', NULL, NULL, 0, 7, 0.00, 0, 0, 0, 0.00, 0, 0.00, '2026-02-26 01:10:17', '2026-02-26 01:10:17', '2026-02-26 01:10:17', 0, 0.00, 0, 0, 0, NULL, 'none', '-1', 0, 0.00, NULL, NULL, NULL, 0, 0, 0.00, NULL, 0.00, 0, NULL),
(123, 'Kobe Strosin', NULL, NULL, '$2y$10$92IXUNpkjO0rOQ5byMi.Ye4oKoEa3Ro9llC/.og/at2.uheWG/igi', 'austen.dicki@example.org', '', '', 0, 0, 'cOa5iVc57c', '', '', NULL, '', '', '', '', NULL, '', 0.00, 0.00, 0.00, 'user', '', '', '', '', '', '', '', '', '', NULL, '', '', 'off', '', '', 0.00, '', '', '', 'no', '', '', 'no', NULL, 0, '', '', '', '', '', '', NULL, NULL, 0, 7, 0.00, 0, 0, 0, 0.00, 0, 0.00, '2026-02-26 01:10:18', '2026-02-26 01:10:18', '2026-02-26 01:10:18', 0, 0.00, 0, 0, 0, NULL, 'none', '-1', 0, 0.00, NULL, NULL, NULL, 0, 0, 0.00, NULL, 0.00, 0, NULL),
(125, 'Grover Watsica', NULL, NULL, '$2y$10$92IXUNpkjO0rOQ5byMi.Ye4oKoEa3Ro9llC/.og/at2.uheWG/igi', 'sgoyette@example.com', '', '', 0, 0, 'pIjF9xG0uL', '', '', NULL, '', '', '', '', NULL, '', 0.00, 0.00, 0.00, 'user', '', '', '', '', '', '', '', '', '', NULL, '', '', 'off', '', '', 0.00, '', '', '', 'no', '', '', 'no', NULL, 0, '', '', '', '', '', '', NULL, NULL, 0, 7, 0.00, 0, 0, 0, 0.00, 0, 0.00, '2026-02-26 01:11:16', '2026-02-26 01:11:16', '2026-02-26 01:11:16', 0, 0.00, 0, 0, 0, NULL, 'none', '-1', 0, 0.00, NULL, NULL, NULL, 0, 0, 0.00, NULL, 0.00, 0, NULL),
(127, 'Cayla Borer', NULL, NULL, '$2y$10$92IXUNpkjO0rOQ5byMi.Ye4oKoEa3Ro9llC/.og/at2.uheWG/igi', 'npouros@example.com', '', '', 0, 0, 'jkiGreEeEn', '', '', NULL, '', '', '', '', NULL, '', 0.00, 0.00, 0.00, 'user', '', '', '', '', '', '', '', '', '', NULL, '', '', 'off', '', '', 0.00, '', '', '', 'no', '', '', 'no', NULL, 0, '', '', '', '', '', '', NULL, NULL, 0, 7, 0.00, 0, 0, 0, 0.00, 0, 0.00, '2026-02-26 01:11:16', '2026-02-26 01:11:16', '2026-02-26 01:11:16', 0, 0.00, 0, 0, 0, NULL, 'none', '-1', 0, 0.00, NULL, NULL, NULL, 0, 0, 0.00, NULL, 0.00, 0, NULL),
(129, 'Hilton West', NULL, NULL, '$2y$10$92IXUNpkjO0rOQ5byMi.Ye4oKoEa3Ro9llC/.og/at2.uheWG/igi', 'lillie90@example.net', '', '', 0, 0, 'AqgiduAGcx', '', '', NULL, '', '', '', '', NULL, '', 0.00, 0.00, 0.00, 'user', '', '', '', '', '', '', '', '', '', NULL, '', '', 'off', '', '', 0.00, '', '', '', 'no', '', '', 'no', NULL, 0, '', '', '', '', '', '', NULL, NULL, 0, 7, 0.00, 0, 0, 0, 0.00, 0, 0.00, '2026-02-26 01:11:16', '2026-02-26 01:11:16', '2026-02-26 01:11:16', 0, 0.00, 0, 0, 0, NULL, 'none', '-1', 0, 0.00, NULL, NULL, NULL, 0, 0, 0.00, NULL, 0.00, 0, NULL),
(131, 'Joesph Stanton II', NULL, NULL, '$2y$10$92IXUNpkjO0rOQ5byMi.Ye4oKoEa3Ro9llC/.og/at2.uheWG/igi', 'bednar.vernice@example.com', '', '', 0, 0, 'T20OBQ2DG3', '', '', NULL, '', '', '', '', NULL, '', 0.00, 0.00, 0.00, 'user', '', '', '', '', '', '', '', '', '', NULL, '', '', 'off', '', '', 0.00, '', '', '', 'no', '', '', 'no', NULL, 0, '', '', '', '', '', '', NULL, NULL, 0, 7, 0.00, 0, 0, 0, 0.00, 0, 0.00, '2026-02-26 01:11:16', '2026-02-26 01:11:16', '2026-02-26 01:11:16', 0, 0.00, 0, 0, 0, NULL, 'none', '-1', 0, 0.00, NULL, NULL, NULL, 0, 0, 0.00, NULL, 0.00, 0, NULL),
(133, 'Cielo Kuhn MD', NULL, NULL, '$2y$10$92IXUNpkjO0rOQ5byMi.Ye4oKoEa3Ro9llC/.og/at2.uheWG/igi', 'adrien88@example.org', '', '', 0, 0, 'JQIEwujTeI', '', '', NULL, '', '', '', '', NULL, '', 0.00, 0.00, 0.00, 'user', '', '', '', '', '', '', '', '', '', NULL, '', '', 'off', '', '', 0.00, '', '', '', 'no', '', '', 'no', NULL, 0, '', '', '', '', '', '', NULL, NULL, 0, 7, 0.00, 0, 0, 0, 0.00, 0, 0.00, '2026-02-26 01:11:55', '2026-02-26 01:11:55', '2026-02-26 01:11:55', 0, 0.00, 0, 0, 0, NULL, 'none', '-1', 0, 0.00, NULL, NULL, NULL, 0, 0, 0.00, NULL, 0.00, 0, NULL),
(135, 'Orrin O\'Kon', NULL, NULL, '$2y$10$92IXUNpkjO0rOQ5byMi.Ye4oKoEa3Ro9llC/.og/at2.uheWG/igi', 'gracie76@example.net', '', '', 0, 0, 'heSZHJX8jz', '', '', NULL, '', '', '', '', NULL, '', 0.00, 0.00, 0.00, 'user', '', '', '', '', '', '', '', '', '', NULL, '', '', 'off', '', '', 0.00, '', '', '', 'no', '', '', 'no', NULL, 0, '', '', '', '', '', '', NULL, NULL, 0, 7, 0.00, 0, 0, 0, 0.00, 0, 0.00, '2026-02-26 01:11:55', '2026-02-26 01:11:55', '2026-02-26 01:11:55', 0, 0.00, 0, 0, 0, NULL, 'none', '-1', 0, 0.00, NULL, NULL, NULL, 0, 0, 0.00, NULL, 0.00, 0, NULL),
(137, 'Elroy Larson', NULL, NULL, '$2y$10$92IXUNpkjO0rOQ5byMi.Ye4oKoEa3Ro9llC/.og/at2.uheWG/igi', 'pdaugherty@example.org', '', '', 0, 0, '3AlYE8XsQk', '', '', NULL, '', '', '', '', NULL, '', 0.00, 0.00, 0.00, 'user', '', '', '', '', '', '', '', '', '', NULL, '', '', 'off', '', '', 0.00, '', '', '', 'no', '', '', 'no', NULL, 0, '', '', '', '', '', '', NULL, NULL, 0, 7, 0.00, 0, 0, 0, 0.00, 0, 0.00, '2026-02-26 01:11:55', '2026-02-26 01:11:55', '2026-02-26 01:11:55', 0, 0.00, 0, 0, 0, NULL, 'none', '-1', 0, 0.00, NULL, NULL, NULL, 0, 0, 0.00, NULL, 0.00, 0, NULL),
(139, 'Carolina Bernhard', NULL, NULL, '$2y$10$92IXUNpkjO0rOQ5byMi.Ye4oKoEa3Ro9llC/.og/at2.uheWG/igi', 'jewel02@example.org', '', '', 0, 0, 'js6sOJiOdL', '', '', NULL, '', '', '', '', NULL, '', 0.00, 0.00, 0.00, 'user', '', '', '', '', '', '', '', '', '', NULL, '', '', 'off', '', '', 0.00, '', '', '', 'no', '', '', 'no', NULL, 0, '', '', '', '', '', '', NULL, NULL, 0, 7, 0.00, 0, 0, 0, 0.00, 0, 0.00, '2026-02-26 01:11:55', '2026-02-26 01:11:55', '2026-02-26 01:11:55', 0, 0.00, 0, 0, 0, NULL, 'none', '-1', 0, 0.00, NULL, NULL, NULL, 0, 0, 0.00, NULL, 0.00, 0, NULL),
(141, 'Gayle Lockman', NULL, NULL, '$2y$10$92IXUNpkjO0rOQ5byMi.Ye4oKoEa3Ro9llC/.og/at2.uheWG/igi', 'iva95@example.net', '', '', 0, 0, 'ohL6Hvtp9i', '', '', NULL, '', '', '', '', NULL, '', 0.00, 0.00, 0.00, 'user', '', '', '', '', '', '', '', '', '', NULL, '', '', 'off', '', '', 0.00, '', '', '', 'no', '', '', 'no', NULL, 0, '', '', '', '', '', '', NULL, NULL, 0, 7, 0.00, 0, 0, 0, 0.00, 0, 0.00, '2026-02-26 01:12:35', '2026-02-26 01:12:35', '2026-02-26 01:12:35', 0, 0.00, 0, 0, 0, NULL, 'none', '-1', 0, 0.00, NULL, NULL, NULL, 0, 0, 0.00, NULL, 0.00, 0, NULL),
(143, 'Clifton Murray', NULL, NULL, '$2y$10$92IXUNpkjO0rOQ5byMi.Ye4oKoEa3Ro9llC/.og/at2.uheWG/igi', 'sven.casper@example.org', '', '', 0, 0, '0aoJ21PGhh', '', '', NULL, '', '', '', '', NULL, '', 0.00, 0.00, 0.00, 'user', '', '', '', '', '', '', '', '', '', NULL, '', '', 'off', '', '', 0.00, '', '', '', 'no', '', '', 'no', NULL, 0, '', '', '', '', '', '', NULL, NULL, 0, 7, 0.00, 0, 0, 0, 0.00, 0, 0.00, '2026-02-26 01:12:35', '2026-02-26 01:12:35', '2026-02-26 01:12:35', 0, 0.00, 0, 0, 0, NULL, 'none', '-1', 0, 0.00, NULL, NULL, NULL, 0, 0, 0.00, NULL, 0.00, 0, NULL),
(145, 'Prof. Brisa Jacobs', NULL, NULL, '$2y$10$92IXUNpkjO0rOQ5byMi.Ye4oKoEa3Ro9llC/.og/at2.uheWG/igi', 'nsimonis@example.net', '', '', 0, 0, '8iXVLibXhx', '', '', NULL, '', '', '', '', NULL, '', 0.00, 0.00, 0.00, 'user', '', '', '', '', '', '', '', '', '', NULL, '', '', 'off', '', '', 0.00, '', '', '', 'no', '', '', 'no', NULL, 0, '', '', '', '', '', '', NULL, NULL, 0, 7, 0.00, 0, 0, 0, 0.00, 0, 0.00, '2026-02-26 01:12:36', '2026-02-26 01:12:36', '2026-02-26 01:12:36', 0, 0.00, 0, 0, 0, NULL, 'none', '-1', 0, 0.00, NULL, NULL, NULL, 0, 0, 0.00, NULL, 0.00, 0, NULL),
(147, 'Moises Lehner', NULL, NULL, '$2y$10$92IXUNpkjO0rOQ5byMi.Ye4oKoEa3Ro9llC/.og/at2.uheWG/igi', 'bmurphy@example.org', '', '', 0, 0, '4IuxGAh75y', '', '', NULL, '', '', '', '', NULL, '', 0.00, 0.00, 0.00, 'user', '', '', '', '', '', '', '', '', '', NULL, '', '', 'off', '', '', 0.00, '', '', '', 'no', '', '', 'no', NULL, 0, '', '', '', '', '', '', NULL, NULL, 0, 7, 0.00, 0, 0, 0, 0.00, 0, 0.00, '2026-02-26 01:12:36', '2026-02-26 01:12:36', '2026-02-26 01:12:36', 0, 0.00, 0, 0, 0, NULL, 'none', '-1', 0, 0.00, NULL, NULL, NULL, 0, 0, 0.00, NULL, 0.00, 0, NULL),
(149, 'Jannie Marvin', NULL, NULL, '$2y$10$92IXUNpkjO0rOQ5byMi.Ye4oKoEa3Ro9llC/.og/at2.uheWG/igi', 'leanna.oberbrunner@example.org', '', '', 0, 0, 'y1kANOowt4', '', '', NULL, '', '', '', '', NULL, '', 0.00, 0.00, 0.00, 'user', '', '', '', '', '', '', '', '', '', NULL, '', '', 'off', '', '', 0.00, '', '', '', 'no', '', '', 'no', NULL, 0, '', '', '', '', '', '', NULL, NULL, 0, 7, 0.00, 0, 0, 0, 0.00, 0, 0.00, '2026-02-26 01:13:00', '2026-02-26 01:13:00', '2026-02-26 01:13:00', 0, 0.00, 0, 0, 0, NULL, 'none', '-1', 0, 0.00, NULL, NULL, NULL, 0, 0, 0.00, NULL, 0.00, 0, NULL);
INSERT INTO `users` (`id`, `name`, `username`, `countries_id`, `password`, `email`, `avatar`, `cover`, `suspended`, `role`, `remember_token`, `payment_gateway`, `payment_account`, `featured_at`, `about_you`, `oauth_uid`, `oauth_provider`, `categories_id`, `subcategory`, `website`, `price`, `price_video_business`, `balance`, `type`, `address`, `city`, `zip`, `facebook`, `twitter`, `instagram`, `youtube`, `pinterest`, `github`, `last_seen`, `company`, `ip`, `dark_mode`, `birthdate`, `language`, `wallet`, `tiktok`, `snapchat`, `last_login`, `birthdate_changed`, `payoneer_account`, `zelle_account`, `two_factor_auth`, `stripe_connect_id`, `completed_stripe_onboarding`, `telegram`, `vk`, `twitch`, `discord`, `reddit`, `spotify`, `phone`, `ocupation`, `flash_delivery`, `days_delivery`, `flash_delivery_price`, `business`, `allow_booking_videos`, `allow_dm`, `price_dm`, `allow_flash_delivery_business`, `flash_delivery_business_price`, `created_at`, `updated_at`, `email_verified_at`, `rating`, `popularity_score`, `follower_count`, `profile_completeness_score`, `total_rating`, `verification_status`, `verification_tier`, `videos_available`, `videocall_status`, `videocall_price`, `videocall_duration`, `timezone`, `timezone_offset`, `age_verification`, `business_verified`, `engagement_rate`, `avg_delivery_time_days`, `business_rating`, `business_ratings_count`, `featured_for_business_at`) VALUES
(151, 'Miss Abigale Raynor II', NULL, NULL, '$2y$10$92IXUNpkjO0rOQ5byMi.Ye4oKoEa3Ro9llC/.og/at2.uheWG/igi', 'fspinka@example.org', '', '', 0, 0, '7e8lPftU8g', '', '', NULL, '', '', '', '', NULL, '', 0.00, 0.00, 0.00, 'user', '', '', '', '', '', '', '', '', '', NULL, '', '', 'off', '', '', 0.00, '', '', '', 'no', '', '', 'no', NULL, 0, '', '', '', '', '', '', NULL, NULL, 0, 7, 0.00, 0, 0, 0, 0.00, 0, 0.00, '2026-02-26 01:13:01', '2026-02-26 01:13:01', '2026-02-26 01:13:01', 0, 0.00, 0, 0, 0, NULL, 'none', '-1', 0, 0.00, NULL, NULL, NULL, 0, 0, 0.00, NULL, 0.00, 0, NULL),
(153, 'Eric Cruickshank', NULL, NULL, '$2y$10$92IXUNpkjO0rOQ5byMi.Ye4oKoEa3Ro9llC/.og/at2.uheWG/igi', 'wilkinson.obie@example.net', '', '', 0, 0, 'OJSaH1lUjx', '', '', NULL, '', '', '', '', NULL, '', 0.00, 0.00, 0.00, 'user', '', '', '', '', '', '', '', '', '', NULL, '', '', 'off', '', '', 0.00, '', '', '', 'no', '', '', 'no', NULL, 0, '', '', '', '', '', '', NULL, NULL, 0, 7, 0.00, 0, 0, 0, 0.00, 0, 0.00, '2026-02-26 01:13:01', '2026-02-26 01:13:01', '2026-02-26 01:13:01', 0, 0.00, 0, 0, 0, NULL, 'none', '-1', 0, 0.00, NULL, NULL, NULL, 0, 0, 0.00, NULL, 0.00, 0, NULL),
(155, 'Adelia Becker Sr.', NULL, NULL, '$2y$10$92IXUNpkjO0rOQ5byMi.Ye4oKoEa3Ro9llC/.og/at2.uheWG/igi', 'eugene.koss@example.org', '', '', 0, 0, 'qdb21dr83G', '', '', NULL, '', '', '', '', NULL, '', 0.00, 0.00, 0.00, 'user', '', '', '', '', '', '', '', '', '', NULL, '', '', 'off', '', '', 0.00, '', '', '', 'no', '', '', 'no', NULL, 0, '', '', '', '', '', '', NULL, NULL, 0, 7, 0.00, 0, 0, 0, 0.00, 0, 0.00, '2026-02-26 01:13:01', '2026-02-26 01:13:01', '2026-02-26 01:13:01', 0, 0.00, 0, 0, 0, NULL, 'none', '-1', 0, 0.00, NULL, NULL, NULL, 0, 0, 0.00, NULL, 0.00, 0, NULL),
(157, 'Leonie Halvorson', NULL, NULL, '$2y$10$92IXUNpkjO0rOQ5byMi.Ye4oKoEa3Ro9llC/.og/at2.uheWG/igi', 'reagan.graham@example.com', '', '', 0, 0, 'OfTvbFOsuX', '', '', NULL, '', '', '', '', NULL, '', 0.00, 0.00, 0.00, 'user', '', '', '', '', '', '', '', '', '', NULL, '', '', 'off', '', '', 0.00, '', '', '', 'no', '', '', 'no', NULL, 0, '', '', '', '', '', '', NULL, NULL, 0, 7, 0.00, 0, 0, 0, 0.00, 0, 0.00, '2026-02-26 01:13:52', '2026-02-26 01:13:52', '2026-02-26 01:13:52', 0, 0.00, 0, 0, 0, NULL, 'none', '-1', 0, 0.00, NULL, NULL, NULL, 0, 0, 0.00, NULL, 0.00, 0, NULL),
(159, 'Theresa Jenkins', NULL, NULL, '$2y$10$92IXUNpkjO0rOQ5byMi.Ye4oKoEa3Ro9llC/.og/at2.uheWG/igi', 'watsica.lesly@example.org', '', '', 0, 0, 'IIollQUm7D', '', '', NULL, '', '', '', '', NULL, '', 0.00, 0.00, 0.00, 'user', '', '', '', '', '', '', '', '', '', NULL, '', '', 'off', '', '', 0.00, '', '', '', 'no', '', '', 'no', NULL, 0, '', '', '', '', '', '', NULL, NULL, 0, 7, 0.00, 0, 0, 0, 0.00, 0, 0.00, '2026-02-26 01:13:52', '2026-02-26 01:13:52', '2026-02-26 01:13:52', 0, 0.00, 0, 0, 0, NULL, 'none', '-1', 0, 0.00, NULL, NULL, NULL, 0, 0, 0.00, NULL, 0.00, 0, NULL),
(161, 'Paxton Bruen', NULL, NULL, '$2y$10$92IXUNpkjO0rOQ5byMi.Ye4oKoEa3Ro9llC/.og/at2.uheWG/igi', 'macie81@example.com', '', '', 0, 0, 'ei9KnwZ4Mk', '', '', NULL, '', '', '', '', NULL, '', 0.00, 0.00, 0.00, 'user', '', '', '', '', '', '', '', '', '', NULL, '', '', 'off', '', '', 0.00, '', '', '', 'no', '', '', 'no', NULL, 0, '', '', '', '', '', '', NULL, NULL, 0, 7, 0.00, 0, 0, 0, 0.00, 0, 0.00, '2026-02-26 01:13:52', '2026-02-26 01:13:52', '2026-02-26 01:13:52', 0, 0.00, 0, 0, 0, NULL, 'none', '-1', 0, 0.00, NULL, NULL, NULL, 0, 0, 0.00, NULL, 0.00, 0, NULL),
(163, 'Felix Brown IV', NULL, NULL, '$2y$10$92IXUNpkjO0rOQ5byMi.Ye4oKoEa3Ro9llC/.og/at2.uheWG/igi', 'emmalee46@example.org', '', '', 0, 0, 'M2c2mHlGaq', '', '', NULL, '', '', '', '', NULL, '', 0.00, 0.00, 0.00, 'user', '', '', '', '', '', '', '', '', '', NULL, '', '', 'off', '', '', 0.00, '', '', '', 'no', '', '', 'no', NULL, 0, '', '', '', '', '', '', NULL, NULL, 0, 7, 0.00, 0, 0, 0, 0.00, 0, 0.00, '2026-02-26 01:13:52', '2026-02-26 01:13:52', '2026-02-26 01:13:52', 0, 0.00, 0, 0, 0, NULL, 'none', '-1', 0, 0.00, NULL, NULL, NULL, 0, 0, 0.00, NULL, 0.00, 0, NULL),
(165, 'Joana Johns', NULL, NULL, '$2y$10$92IXUNpkjO0rOQ5byMi.Ye4oKoEa3Ro9llC/.og/at2.uheWG/igi', 'mellie14@example.org', '', '', 0, 0, 'v8YLnkUnOS', '', '', NULL, '', '', '', '', NULL, '', 0.00, 0.00, 0.00, 'user', '', '', '', '', '', '', '', '', '', NULL, '', '', 'off', '', '', 0.00, '', '', '', 'no', '', '', 'no', NULL, 0, '', '', '', '', '', '', NULL, NULL, 0, 7, 0.00, 0, 0, 0, 0.00, 0, 0.00, '2026-02-26 01:14:10', '2026-02-26 01:14:10', '2026-02-26 01:14:10', 0, 0.00, 0, 0, 0, NULL, 'none', '-1', 0, 0.00, NULL, NULL, NULL, 0, 0, 0.00, NULL, 0.00, 0, NULL),
(167, 'Jerald Daugherty', NULL, NULL, '$2y$10$92IXUNpkjO0rOQ5byMi.Ye4oKoEa3Ro9llC/.og/at2.uheWG/igi', 'itromp@example.com', '', '', 0, 0, 'eedD2OjXIY', '', '', NULL, '', '', '', '', NULL, '', 0.00, 0.00, 0.00, 'user', '', '', '', '', '', '', '', '', '', NULL, '', '', 'off', '', '', 0.00, '', '', '', 'no', '', '', 'no', NULL, 0, '', '', '', '', '', '', NULL, NULL, 0, 7, 0.00, 0, 0, 0, 0.00, 0, 0.00, '2026-02-26 01:14:50', '2026-02-26 01:14:50', '2026-02-26 01:14:50', 0, 0.00, 0, 0, 0, NULL, 'none', '-1', 0, 0.00, NULL, NULL, NULL, 0, 0, 0.00, NULL, 0.00, 0, NULL),
(169, 'Ryann Berge', NULL, NULL, '$2y$10$92IXUNpkjO0rOQ5byMi.Ye4oKoEa3Ro9llC/.og/at2.uheWG/igi', 'zgislason@example.org', '', '', 0, 0, 'WC2YlvrEr9', '', '', NULL, '', '', '', '', NULL, '', 0.00, 0.00, 0.00, 'user', '', '', '', '', '', '', '', '', '', NULL, '', '', 'off', '', '', 0.00, '', '', '', 'no', '', '', 'no', NULL, 0, '', '', '', '', '', '', NULL, NULL, 0, 7, 0.00, 0, 0, 0, 0.00, 0, 0.00, '2026-02-26 01:14:50', '2026-02-26 01:14:50', '2026-02-26 01:14:50', 0, 0.00, 0, 0, 0, NULL, 'none', '-1', 0, 0.00, NULL, NULL, NULL, 0, 0, 0.00, NULL, 0.00, 0, NULL),
(171, 'Ezequiel Klein', NULL, NULL, '$2y$10$92IXUNpkjO0rOQ5byMi.Ye4oKoEa3Ro9llC/.og/at2.uheWG/igi', 'jarrell.kreiger@example.com', '', '', 0, 0, 'RxXZaAJJI5', '', '', NULL, '', '', '', '', NULL, '', 0.00, 0.00, 0.00, 'user', '', '', '', '', '', '', '', '', '', NULL, '', '', 'off', '', '', 0.00, '', '', '', 'no', '', '', 'no', NULL, 0, '', '', '', '', '', '', NULL, NULL, 0, 7, 0.00, 0, 0, 0, 0.00, 0, 0.00, '2026-02-26 01:14:50', '2026-02-26 01:14:50', '2026-02-26 01:14:50', 0, 0.00, 0, 0, 0, NULL, 'none', '-1', 0, 0.00, NULL, NULL, NULL, 0, 0, 0.00, NULL, 0.00, 0, NULL),
(173, 'Dr. Odessa Grady', NULL, NULL, '$2y$10$92IXUNpkjO0rOQ5byMi.Ye4oKoEa3Ro9llC/.og/at2.uheWG/igi', 'miller.wilburn@example.net', '', '', 0, 0, 'm7acrC4omO', '', '', NULL, '', '', '', '', NULL, '', 0.00, 0.00, 0.00, 'user', '', '', '', '', '', '', '', '', '', NULL, '', '', 'off', '', '', 0.00, '', '', '', 'no', '', '', 'no', NULL, 0, '', '', '', '', '', '', NULL, NULL, 0, 7, 0.00, 0, 0, 0, 0.00, 0, 0.00, '2026-02-26 01:14:50', '2026-02-26 01:14:50', '2026-02-26 01:14:50', 0, 0.00, 0, 0, 0, NULL, 'none', '-1', 0, 0.00, NULL, NULL, NULL, 0, 0, 0.00, NULL, 0.00, 0, NULL),
(175, 'Hanna Kozey', NULL, NULL, '$2y$10$92IXUNpkjO0rOQ5byMi.Ye4oKoEa3Ro9llC/.og/at2.uheWG/igi', 'sebastian29@example.com', '', '', 0, 0, 'e5YmQnlX8y', '', '', NULL, '', '', '', '', NULL, '', 0.00, 0.00, 0.00, 'user', '', '', '', '', '', '', '', '', '', NULL, '', '', 'off', '', '', 0.00, '', '', '', 'no', '', '', 'no', NULL, 0, '', '', '', '', '', '', NULL, NULL, 0, 7, 0.00, 0, 0, 0, 0.00, 0, 0.00, '2026-02-26 01:15:31', '2026-02-26 01:15:31', '2026-02-26 01:15:31', 0, 0.00, 0, 0, 0, NULL, 'none', '-1', 0, 0.00, NULL, NULL, NULL, 0, 0, 0.00, NULL, 0.00, 0, NULL),
(176, 'Amely Thiel', NULL, NULL, '$2y$10$92IXUNpkjO0rOQ5byMi.Ye4oKoEa3Ro9llC/.og/at2.uheWG/igi', 'alden10@example.net', '', '', 0, 0, '2J2pNvYpc6', '', '', NULL, '', '', '', '', NULL, '', 0.00, 0.00, 0.00, 'user', '', '', '', '', '', '', '', '', '', NULL, '', '', 'off', '', '', 0.00, '', '', '', 'no', '', '', 'no', NULL, 0, '', '', '', '', '', '', NULL, NULL, 0, 7, 0.00, 0, 0, 0, 0.00, 0, 0.00, '2026-02-26 01:15:31', '2026-02-26 01:15:31', '2026-02-26 01:15:31', 0, 0.00, 0, 0, 0, NULL, 'none', '-1', 0, 0.00, NULL, NULL, NULL, 0, 0, 0.00, NULL, 0.00, 0, NULL),
(177, 'Kacey Beahan', NULL, NULL, '$2y$10$92IXUNpkjO0rOQ5byMi.Ye4oKoEa3Ro9llC/.og/at2.uheWG/igi', 'brosenbaum@example.net', '', '', 0, 0, 'zfwwyOOYk7', '', '', NULL, '', '', '', '', NULL, '', 0.00, 0.00, 0.00, 'user', '', '', '', '', '', '', '', '', '', NULL, '', '', 'off', '', '', 0.00, '', '', '', 'no', '', '', 'no', NULL, 0, '', '', '', '', '', '', NULL, NULL, 0, 7, 0.00, 0, 0, 0, 0.00, 0, 0.00, '2026-02-26 01:15:31', '2026-02-26 01:15:31', '2026-02-26 01:15:31', 0, 0.00, 0, 0, 0, NULL, 'none', '-1', 0, 0.00, NULL, NULL, NULL, 0, 0, 0.00, NULL, 0.00, 0, NULL),
(178, 'Madelyn Legros PhD', NULL, NULL, '$2y$10$92IXUNpkjO0rOQ5byMi.Ye4oKoEa3Ro9llC/.og/at2.uheWG/igi', 'kutch.mellie@example.com', '', '', 0, 0, 'qnv14XQ8VN', '', '', NULL, '', '', '', '', NULL, '', 0.00, 0.00, 0.00, 'user', '', '', '', '', '', '', '', '', '', NULL, '', '', 'off', '', '', 0.00, '', '', '', 'no', '', '', 'no', NULL, 0, '', '', '', '', '', '', NULL, NULL, 0, 7, 0.00, 0, 0, 0, 0.00, 0, 0.00, '2026-02-26 01:15:31', '2026-02-26 01:15:31', '2026-02-26 01:15:31', 0, 0.00, 0, 0, 0, NULL, 'none', '-1', 0, 0.00, NULL, NULL, NULL, 0, 0, 0.00, NULL, 0.00, 0, NULL),
(179, 'Mallory Beier', NULL, NULL, '$2y$10$92IXUNpkjO0rOQ5byMi.Ye4oKoEa3Ro9llC/.og/at2.uheWG/igi', 'spencer.marina@example.org', '', '', 0, 0, 'E2xQy26r04', '', '', NULL, '', '', '', '', NULL, '', 0.00, 0.00, 0.00, 'user', '', '', '', '', '', '', '', '', '', NULL, '', '', 'off', '', '', 0.00, '', '', '', 'no', '', '', 'no', NULL, 0, '', '', '', '', '', '', NULL, NULL, 0, 7, 0.00, 0, 0, 0, 0.00, 0, 0.00, '2026-02-26 01:16:04', '2026-02-26 01:16:04', '2026-02-26 01:16:04', 0, 0.00, 0, 0, 0, NULL, 'none', '-1', 0, 0.00, NULL, NULL, NULL, 0, 0, 0.00, NULL, 0.00, 0, NULL),
(181, 'Aisha Treutel', NULL, NULL, '$2y$10$92IXUNpkjO0rOQ5byMi.Ye4oKoEa3Ro9llC/.og/at2.uheWG/igi', 'vgreenfelder@example.com', '', '', 0, 0, '8BVXFjruOC', '', '', NULL, '', '', '', '', NULL, '', 0.00, 0.00, 0.00, 'user', '', '', '', '', '', '', '', '', '', NULL, '', '', 'off', '', '', 0.00, '', '', '', 'no', '', '', 'no', NULL, 0, '', '', '', '', '', '', NULL, NULL, 0, 7, 0.00, 0, 0, 0, 0.00, 0, 0.00, '2026-02-26 01:16:05', '2026-02-26 01:16:05', '2026-02-26 01:16:05', 0, 0.00, 0, 0, 0, NULL, 'none', '-1', 0, 0.00, NULL, NULL, NULL, 0, 0, 0.00, NULL, 0.00, 0, NULL),
(183, 'Abbey Steuber', NULL, NULL, '$2y$10$92IXUNpkjO0rOQ5byMi.Ye4oKoEa3Ro9llC/.og/at2.uheWG/igi', 'clotilde00@example.org', '', '', 0, 0, '8MjxrgUiyU', '', '', NULL, '', '', '', '', NULL, '', 0.00, 0.00, 0.00, 'user', '', '', '', '', '', '', '', '', '', NULL, '', '', 'off', '', '', 0.00, '', '', '', 'no', '', '', 'no', NULL, 0, '', '', '', '', '', '', NULL, NULL, 0, 7, 0.00, 0, 0, 0, 0.00, 0, 0.00, '2026-02-26 01:16:05', '2026-02-26 01:16:05', '2026-02-26 01:16:05', 0, 0.00, 0, 0, 0, NULL, 'none', '-1', 0, 0.00, NULL, NULL, NULL, 0, 0, 0.00, NULL, 0.00, 0, NULL),
(185, 'Melvina Welch', NULL, NULL, '$2y$10$92IXUNpkjO0rOQ5byMi.Ye4oKoEa3Ro9llC/.og/at2.uheWG/igi', 'cassin.margot@example.org', '', '', 0, 0, 'Vgopysr94A', '', '', NULL, '', '', '', '', NULL, '', 0.00, 0.00, 0.00, 'user', '', '', '', '', '', '', '', '', '', NULL, '', '', 'off', '', '', 0.00, '', '', '', 'no', '', '', 'no', NULL, 0, '', '', '', '', '', '', NULL, NULL, 0, 7, 0.00, 0, 0, 0, 0.00, 0, 0.00, '2026-02-26 01:16:05', '2026-02-26 01:16:05', '2026-02-26 01:16:05', 0, 0.00, 0, 0, 0, NULL, 'none', '-1', 0, 0.00, NULL, NULL, NULL, 0, 0, 0.00, NULL, 0.00, 0, NULL),
(187, 'Damien Lockman', NULL, NULL, '$2y$10$92IXUNpkjO0rOQ5byMi.Ye4oKoEa3Ro9llC/.og/at2.uheWG/igi', 'annabel71@example.net', '', '', 0, 0, '05nZykdcMH', '', '', NULL, '', '', '', '', NULL, '', 0.00, 0.00, 0.00, 'user', '', '', '', '', '', '', '', '', '', NULL, '', '', 'off', '', '', 0.00, '', '', '', 'no', '', '', 'no', NULL, 0, '', '', '', '', '', '', NULL, NULL, 0, 7, 0.00, 0, 0, 0, 0.00, 0, 0.00, '2026-02-26 01:17:02', '2026-02-26 01:17:02', '2026-02-26 01:17:02', 0, 0.00, 0, 0, 0, NULL, 'none', '-1', 0, 0.00, NULL, NULL, NULL, 0, 0, 0.00, NULL, 0.00, 0, NULL),
(189, 'Graham D\'Amore', NULL, NULL, '$2y$10$92IXUNpkjO0rOQ5byMi.Ye4oKoEa3Ro9llC/.og/at2.uheWG/igi', 'sdeckow@example.com', '', '', 0, 0, 'IKTR2WTJor', '', '', NULL, '', '', '', '', NULL, '', 0.00, 0.00, 0.00, 'user', '', '', '', '', '', '', '', '', '', NULL, '', '', 'off', '', '', 0.00, '', '', '', 'no', '', '', 'no', NULL, 0, '', '', '', '', '', '', NULL, NULL, 0, 7, 0.00, 0, 0, 0, 0.00, 0, 0.00, '2026-02-26 01:17:03', '2026-02-26 01:17:03', '2026-02-26 01:17:03', 0, 0.00, 0, 0, 0, NULL, 'none', '-1', 0, 0.00, NULL, NULL, NULL, 0, 0, 0.00, NULL, 0.00, 0, NULL),
(191, 'Jana Lubowitz', NULL, NULL, '$2y$10$92IXUNpkjO0rOQ5byMi.Ye4oKoEa3Ro9llC/.og/at2.uheWG/igi', 'jadyn.schmitt@example.com', '', '', 0, 0, '8zyNHmrwpE', '', '', NULL, '', '', '', '', NULL, '', 0.00, 0.00, 0.00, 'user', '', '', '', '', '', '', '', '', '', NULL, '', '', 'off', '', '', 0.00, '', '', '', 'no', '', '', 'no', NULL, 0, '', '', '', '', '', '', NULL, NULL, 0, 7, 0.00, 0, 0, 0, 0.00, 0, 0.00, '2026-02-26 01:17:03', '2026-02-26 01:17:03', '2026-02-26 01:17:03', 0, 0.00, 0, 0, 0, NULL, 'none', '-1', 0, 0.00, NULL, NULL, NULL, 0, 0, 0.00, NULL, 0.00, 0, NULL),
(192, 'Flossie Dicki', 'Flossie', NULL, '$2y$10$92IXUNpkjO0rOQ5byMi.Ye4oKoEa3Ro9llC/.og/at2.uheWG/igi', 'citlalli.buckridge@example.net', '-19217732871590tihecwgvy.png', '', 0, 0, 'SjdDqN9tdXaHIYML5m5AhBZAEYA8XCyiErj8TD5Jl005NwGZ3Yo11R07jyVH', '', '', NULL, '', '', '', '', NULL, '', 10.00, 500.00, 0.00, 'celebrity', '', '', '', '', '', '', '', '', '', NULL, '', '', 'off', '', '', 0.00, '', '', '', 'no', '', '', 'no', NULL, 0, '', '', '', '', '', '', NULL, NULL, 0, 7, 0.00, 1, 1, 1, 5.00, 0, 0.00, '2026-02-26 01:17:03', '2026-05-03 10:13:38', '2026-02-26 01:17:03', 0, 0.00, 0, 0, 0, NULL, 'none', '-1', 0, 0.00, 10, '', NULL, 0, 0, 0.00, NULL, 0.00, 0, NULL),
(193, 'Dr. Afton Senger Sr.', NULL, NULL, '$2y$10$92IXUNpkjO0rOQ5byMi.Ye4oKoEa3Ro9llC/.og/at2.uheWG/igi', 'madison.baumbach@example.com', '', '', 0, 0, '4MD6Fst4ND', '', '', NULL, '', '', '', '', NULL, '', 0.00, 0.00, 0.00, 'user', '', '', '', '', '', '', '', '', '', NULL, '', '', 'off', '', '', 0.00, '', '', '', 'no', '', '', 'no', NULL, 0, '', '', '', '', '', '', NULL, NULL, 0, 7, 0.00, 0, 0, 0, 0.00, 0, 0.00, '2026-02-26 01:17:03', '2026-02-26 01:17:03', '2026-02-26 01:17:03', 0, 0.00, 0, 0, 0, NULL, 'none', '-1', 0, 0.00, NULL, NULL, NULL, 0, 0, 0.00, NULL, 0.00, 0, NULL),
(485, 'Precious Senger', NULL, NULL, '$2y$10$92IXUNpkjO0rOQ5byMi.Ye4oKoEa3Ro9llC/.og/at2.uheWG/igi', 'roberts.alivia@example.com', '', '', 0, 0, 'dqo8dOi8MH', '', '', NULL, '', '', '', '', NULL, '', 0.00, 0.00, 0.00, 'user', '', '', '', '', '', '', '', '', '', NULL, '', '', 'off', '', '', 0.00, '', '', '', 'no', '', '', 'no', NULL, 0, '', '', '', '', '', '', NULL, NULL, 0, 7, 0.00, 0, 0, 0, 0.00, 0, 0.00, '2026-02-26 03:17:00', '2026-02-26 03:17:00', '2026-02-26 03:17:00', 0, 0.00, 0, 0, 0, NULL, 'none', '-1', 0, 0.00, NULL, NULL, NULL, 0, 0, 0.00, NULL, 0.00, 0, NULL),
(487, 'Miss Meta Abernathy MD', NULL, NULL, '$2y$10$92IXUNpkjO0rOQ5byMi.Ye4oKoEa3Ro9llC/.og/at2.uheWG/igi', 'krystal.mccullough@example.net', '', '', 0, 0, 'tCsFD3BEl9', '', '', NULL, '', '', '', '', NULL, '', 0.00, 0.00, 0.00, 'user', '', '', '', '', '', '', '', '', '', NULL, '', '', 'off', '', '', 0.00, '', '', '', 'no', '', '', 'no', NULL, 0, '', '', '', '', '', '', NULL, NULL, 0, 7, 0.00, 0, 0, 0, 0.00, 0, 0.00, '2026-02-26 03:17:00', '2026-02-26 03:17:00', '2026-02-26 03:17:00', 0, 0.00, 0, 0, 0, NULL, 'none', '-1', 0, 0.00, NULL, NULL, NULL, 0, 0, 0.00, NULL, 0.00, 0, NULL),
(489, 'Ms. Vivian Rosenbaum Sr.', NULL, NULL, '$2y$10$92IXUNpkjO0rOQ5byMi.Ye4oKoEa3Ro9llC/.og/at2.uheWG/igi', 'jveum@example.org', '', '', 0, 0, 'qW0gAB7x5b', '', '', NULL, '', '', '', '', NULL, '', 0.00, 0.00, 0.00, 'user', '', '', '', '', '', '', '', '', '', NULL, '', '', 'off', '', '', 0.00, '', '', '', 'no', '', '', 'no', NULL, 0, '', '', '', '', '', '', NULL, NULL, 0, 7, 0.00, 0, 0, 0, 0.00, 0, 0.00, '2026-02-26 03:17:00', '2026-02-26 03:17:00', '2026-02-26 03:17:00', 0, 0.00, 0, 0, 0, NULL, 'none', '-1', 0, 0.00, NULL, NULL, NULL, 0, 0, 0.00, NULL, 0.00, 0, NULL),
(645, 'Amira Sharma', 'amirasharma', '49', '$2y$10$X.Wtx1LyeqVTdnuBigN/JeJBik3ERC3tRbzXQ2KZSj7TnUhKwRAdK', 'amishasharma@demo.com', 'default-1771491177.gif', '', 0, 0, '', '', '', NULL, '', '', '', '4', '49', '', 10.00, 500.00, 0.00, 'celebrity', '', '', '', '', '', '', '', '', '', NULL, '', '152.59.38.168', 'off', '', 'en', 0.00, '', '', '', 'no', '', '', 'no', NULL, 0, '', '', '', '', '', '', '9598989898', NULL, 0, 7, 0.00, 1, 1, NULL, 0.00, 0, 0.00, '2026-03-09 06:10:04', '2026-03-12 10:23:56', '2026-03-09 06:10:22', 0, 0.00, 0, 0, 0, 'verified', '', '-1', 1, 0.01, 10, 'Asia/Kolkata', 'GMT+5', 0, 0, 0.00, NULL, 0.00, 0, NULL),
(647, 'Business Account', 'miracuves', NULL, '$2y$10$0O5MRYDToLma9HE64FJPweisLkToce2XJ.nlrAtKBVMTBUX/HgGaC', 'business@demo.com', 'default-1771491177.gif', '', 0, 0, '', '', '', NULL, '', '', '', '', NULL, '', 0.00, 0.00, 0.20, 'business', '', '', '', '', '', '', '', '', '', NULL, '', '127.0.0.1', 'off', '', 'en', 999899.00, '', '', '', 'no', '', '', 'no', NULL, 0, '', '', '', '', '', '', NULL, NULL, 0, 7, 0.00, 0, 0, 0, 0.00, 0, 0.00, '2026-05-19 09:44:26', '2026-05-28 06:34:21', '2026-05-19 09:44:55', 0, 0.00, 0, 0, 0, NULL, 'none', '-1', 0, 0.00, NULL, NULL, NULL, 0, 0, 0.00, NULL, 0.00, 0, NULL),
(648, 'User 2', NULL, NULL, '$2y$10$ZH/.JEyi5tehA74ihi39BO0e5SpOqyNVtSOI5C25YB.ZnukRVngyC', 'user22@demo.com', 'default-1771491177.gif', '', 0, 0, '', '', '', NULL, '', '', '', '', NULL, '', 0.00, 0.00, 0.00, 'normal', '', '', '', '', '', '', '', '', '', NULL, '', '127.0.0.1', 'off', '', 'en', 99915.96, '', '', '', 'no', '', '', 'no', NULL, 0, '', '', '', '', '', '', NULL, NULL, 0, 7, 0.00, 0, 0, 0, 0.00, 0, 0.00, '2026-05-28 06:01:06', '2026-05-28 06:47:40', '2026-05-28 06:15:33', 0, 0.00, 0, 0, 0, NULL, 'none', '-1', 0, 0.00, NULL, NULL, NULL, 0, 0, 0.00, NULL, 0.00, 0, NULL);

-- --------------------------------------------------------

--
-- Table structure for table `user_audience_demographics`
--

CREATE TABLE `user_audience_demographics` (
  `id` bigint(20) UNSIGNED NOT NULL,
  `user_id` bigint(20) UNSIGNED NOT NULL,
  `age_13_17_percentage` tinyint(3) UNSIGNED NOT NULL DEFAULT 0,
  `male_percentage` tinyint(3) UNSIGNED NOT NULL DEFAULT 50,
  `female_percentage` tinyint(3) UNSIGNED NOT NULL DEFAULT 50,
  `age_18_24_percentage` tinyint(3) UNSIGNED NOT NULL DEFAULT 30,
  `age_25_34_percentage` tinyint(3) UNSIGNED NOT NULL DEFAULT 40,
  `age_35_44_percentage` tinyint(3) UNSIGNED NOT NULL DEFAULT 0,
  `age_45_54_percentage` tinyint(3) UNSIGNED NOT NULL DEFAULT 0,
  `age_55_plus_percentage` tinyint(3) UNSIGNED NOT NULL DEFAULT 0,
  `age_35_plus_percentage` tinyint(3) UNSIGNED NOT NULL DEFAULT 30,
  `created_at` timestamp NULL DEFAULT NULL,
  `updated_at` timestamp NULL DEFAULT NULL,
  `income_0_20k_percentage` tinyint(3) UNSIGNED NOT NULL DEFAULT 0,
  `income_20_40k_percentage` tinyint(3) UNSIGNED NOT NULL DEFAULT 0,
  `income_40_60k_percentage` tinyint(3) UNSIGNED NOT NULL DEFAULT 0,
  `income_60_80k_percentage` tinyint(3) UNSIGNED NOT NULL DEFAULT 0,
  `income_80_100k_percentage` tinyint(3) UNSIGNED NOT NULL DEFAULT 0,
  `income_100k_plus_percentage` tinyint(3) UNSIGNED NOT NULL DEFAULT 0,
  `top_city_1` varchar(255) DEFAULT NULL,
  `top_city_1_percentage` decimal(5,2) DEFAULT NULL,
  `top_city_2` varchar(255) DEFAULT NULL,
  `top_city_2_percentage` decimal(5,2) DEFAULT NULL,
  `top_city_3` varchar(255) DEFAULT NULL,
  `top_city_3_percentage` decimal(5,2) DEFAULT NULL,
  `top_city_4` varchar(255) DEFAULT NULL,
  `top_city_4_percentage` decimal(5,2) DEFAULT NULL,
  `top_city_5` varchar(255) DEFAULT NULL,
  `top_city_5_percentage` decimal(5,2) DEFAULT NULL
) ENGINE=MyISAM DEFAULT CHARSET=utf8mb4 COLLATE=utf8mb4_unicode_ci;

--
-- Dumping data for table `user_audience_demographics`
--

INSERT INTO `user_audience_demographics` (`id`, `user_id`, `age_13_17_percentage`, `male_percentage`, `female_percentage`, `age_18_24_percentage`, `age_25_34_percentage`, `age_35_44_percentage`, `age_45_54_percentage`, `age_55_plus_percentage`, `age_35_plus_percentage`, `created_at`, `updated_at`, `income_0_20k_percentage`, `income_20_40k_percentage`, `income_40_60k_percentage`, `income_60_80k_percentage`, `income_80_100k_percentage`, `income_100k_plus_percentage`, `top_city_1`, `top_city_1_percentage`, `top_city_2`, `top_city_2_percentage`, `top_city_3`, `top_city_3_percentage`, `top_city_4`, `top_city_4_percentage`, `top_city_5`, `top_city_5_percentage`) VALUES
(1, 12, 0, 50, 50, 0, 0, 0, 0, 0, 30, '2026-05-28 06:37:39', '2026-05-28 06:38:56', 0, 0, 0, 0, 0, 0, 'United States', 33.33, 'India', 33.33, NULL, 0.00, NULL, 0.00, NULL, 0.00);

-- --------------------------------------------------------

--
-- Table structure for table `user_business_licenses`
--

CREATE TABLE `user_business_licenses` (
  `id` bigint(20) UNSIGNED NOT NULL,
  `user_id` int(10) UNSIGNED NOT NULL,
  `days` int(11) NOT NULL,
  `price` decimal(10,2) NOT NULL,
  `created_at` timestamp NULL DEFAULT NULL,
  `updated_at` timestamp NULL DEFAULT NULL
) ENGINE=InnoDB DEFAULT CHARSET=utf8mb4 COLLATE=utf8mb4_unicode_ci;

--
-- Dumping data for table `user_business_licenses`
--

INSERT INTO `user_business_licenses` (`id`, `user_id`, `days`, `price`, `created_at`, `updated_at`) VALUES
(122, 12, 15, 0.00, '2026-04-01 08:49:06', '2026-04-01 08:49:06'),
(123, 12, 20, 20.00, '2026-04-01 08:49:06', '2026-04-01 08:49:06'),
(124, 12, 30, 30.00, '2026-04-01 08:49:06', '2026-04-01 08:49:06');

-- --------------------------------------------------------

--
-- Table structure for table `user_devices`
--

CREATE TABLE `user_devices` (
  `id` bigint(20) UNSIGNED NOT NULL,
  `user_id` bigint(20) UNSIGNED NOT NULL,
  `player_id` varchar(255) NOT NULL,
  `device_type` char(5) DEFAULT NULL,
  `created_at` timestamp NULL DEFAULT NULL,
  `updated_at` timestamp NULL DEFAULT NULL
) ENGINE=InnoDB DEFAULT CHARSET=utf8mb4 COLLATE=utf8mb4_unicode_ci;

-- --------------------------------------------------------

--
-- Table structure for table `user_video_request_categories`
--

CREATE TABLE `user_video_request_categories` (
  `id` bigint(20) UNSIGNED NOT NULL,
  `user_id` int(10) UNSIGNED NOT NULL,
  `video_request_category_id` bigint(20) UNSIGNED NOT NULL,
  `created_at` timestamp NULL DEFAULT NULL,
  `updated_at` timestamp NULL DEFAULT NULL
) ENGINE=InnoDB DEFAULT CHARSET=utf8mb4 COLLATE=utf8mb4_unicode_ci;

--
-- Dumping data for table `user_video_request_categories`
--

INSERT INTO `user_video_request_categories` (`id`, `user_id`, `video_request_category_id`, `created_at`, `updated_at`) VALUES
(3, 12, 1, NULL, NULL),
(4, 12, 2, NULL, NULL),
(5, 645, 1, NULL, NULL),
(6, 645, 2, NULL, NULL),
(7, 20, 1, NULL, NULL),
(8, 20, 2, NULL, NULL),
(9, 32, 1, NULL, NULL),
(10, 32, 2, NULL, NULL),
(11, 192, 1, NULL, NULL),
(12, 192, 2, NULL, NULL),
(13, 44, 1, NULL, NULL),
(14, 44, 2, NULL, NULL),
(15, 14, 1, NULL, NULL),
(16, 14, 2, NULL, NULL),
(17, 43, 1, NULL, NULL),
(18, 43, 2, NULL, NULL);

-- --------------------------------------------------------

--
-- Table structure for table `verification_audit_logs`
--

CREATE TABLE `verification_audit_logs` (
  `id` bigint(20) UNSIGNED NOT NULL,
  `user_id` bigint(20) UNSIGNED NOT NULL,
  `admin_id` bigint(20) UNSIGNED DEFAULT NULL,
  `action` varchar(255) NOT NULL,
  `from_tier` varchar(255) DEFAULT NULL,
  `to_tier` varchar(255) DEFAULT NULL,
  `note` text DEFAULT NULL,
  `created_at` timestamp NULL DEFAULT NULL,
  `updated_at` timestamp NULL DEFAULT NULL
) ENGINE=InnoDB DEFAULT CHARSET=utf8mb4 COLLATE=utf8mb4_unicode_ci;

--
-- Dumping data for table `verification_audit_logs`
--

INSERT INTO `verification_audit_logs` (`id`, `user_id`, `admin_id`, `action`, `from_tier`, `to_tier`, `note`, `created_at`, `updated_at`) VALUES
(1, 67, 1, 'approved', NULL, 'silver', NULL, '2026-02-20 06:45:24', '2026-02-20 06:45:24'),
(2, 68, 1, 'approved', NULL, 'silver', NULL, '2026-02-20 06:59:20', '2026-02-20 06:59:20'),
(3, 68, 1, 'upgraded', 'silver', 'gold', '', '2026-02-20 07:14:58', '2026-02-20 07:14:58'),
(4, 68, 1, 'upgraded', 'gold', 'premium', '', '2026-02-20 07:15:36', '2026-02-20 07:15:36'),
(5, 69, 1, 'approved', NULL, 'silver', NULL, '2026-02-23 03:15:59', '2026-02-23 03:15:59'),
(6, 70, 1, 'approved', NULL, NULL, NULL, '2026-02-23 03:30:13', '2026-02-23 03:30:13'),
(7, 12, 1, 'upgraded', 'none', 'gold', '', '2026-02-25 06:22:46', '2026-02-25 06:22:46'),
(8, 68, 1, 'upgraded', '', 'silver', '', '2026-02-25 06:27:57', '2026-02-25 06:27:57'),
(9, 68, 1, 'downgraded', 'silver', NULL, '', '2026-02-25 06:39:38', '2026-02-25 06:39:38'),
(10, 2, 1, 'approved', NULL, NULL, NULL, '2026-02-27 05:38:27', '2026-02-27 05:38:27'),
(11, 2, 1, 'revoked', '', NULL, 'You are a user', '2026-02-27 05:41:22', '2026-02-27 05:41:22'),
(12, 644, 1, 'approved', NULL, NULL, NULL, '2026-03-09 05:58:41', '2026-03-09 05:58:41'),
(13, 645, 1, 'approved', NULL, NULL, NULL, '2026-03-09 06:12:07', '2026-03-09 06:12:07'),
(14, 646, 1, 'approved', NULL, NULL, NULL, '2026-05-19 08:09:53', '2026-05-19 08:09:53');

-- --------------------------------------------------------

--
-- Table structure for table `verification_requests`
--

CREATE TABLE `verification_requests` (
  `id` int(10) UNSIGNED NOT NULL,
  `user_id` bigint(20) UNSIGNED NOT NULL,
  `name` varchar(255) NOT NULL,
  `email` varchar(200) NOT NULL,
  `username` varchar(150) NOT NULL,
  `phone` varchar(100) NOT NULL,
  `country` int(10) UNSIGNED NOT NULL,
  `document_type` varchar(100) DEFAULT NULL,
  `id_card` varchar(100) DEFAULT NULL,
  `id_card_back` varchar(100) DEFAULT NULL,
  `passport` varchar(100) DEFAULT NULL,
  `image_selfie` varchar(100) DEFAULT NULL,
  `category` int(10) UNSIGNED NOT NULL,
  `subcategory` int(11) NOT NULL,
  `link_social` varchar(200) NOT NULL,
  `ip` varchar(100) DEFAULT NULL,
  `language` varchar(20) DEFAULT NULL,
  `status` varchar(100) NOT NULL DEFAULT 'pending',
  `tier` varchar(255) DEFAULT NULL,
  `price_paid` decimal(10,2) NOT NULL DEFAULT 0.00,
  `created_at` timestamp NULL DEFAULT NULL,
  `updated_at` timestamp NULL DEFAULT NULL
) ENGINE=InnoDB DEFAULT CHARSET=utf8mb3 COLLATE=utf8mb3_general_ci;

--
-- Dumping data for table `verification_requests`
--

INSERT INTO `verification_requests` (`id`, `user_id`, `name`, `email`, `username`, `phone`, `country`, `document_type`, `id_card`, `id_card_back`, `passport`, `image_selfie`, `category`, `subcategory`, `link_social`, `ip`, `language`, `status`, `tier`, `price_paid`, `created_at`, `updated_at`) VALUES
(1, 66, 'User 1', 'user1@demo.com', '', '9898767656', 99, 'id_driver_license', 'zouHioJxgU9hen9YKaB5UuiD29OvCQ9d3CE2UoDW.png', 'UWDBtZlNoOMFSTZlBhYzh0apF4MJo8rn5qjS6gse.png', NULL, 'EktOG3NpAFNBgdRO945RRVLPBTqtfKQKAkPINX5F.png', 5, 28, 'https://fb.com/abhishekb', '::1', 'en', 'deleted', 'gold', 50.00, '2026-02-20 04:52:33', '2026-03-12 09:20:43'),
(2, 67, 'User 22', 'user22@demo.com', '', '2345656767', 99, 'id_driver_license', '3XK9bjJi0sNI2fdHo1DiKEOUSVALIIOUMK7pPGQE.png', 'HYRhyiMbWiXl62qA6yKEgRXbYczxpjxrI6RwJ81E.png', NULL, 'pQXUBK1nFsJzUNXbXguaetgYwZvMf4HZgUnl271w.png', 5, 28, 'http://localhost/mxmeo/', '::1', 'en', 'deleted', 'silver', 0.00, '2026-02-20 06:45:03', '2026-03-12 09:20:49'),
(3, 68, 'user23', 'user23@demo.com', '', '8787475875', 99, 'id_driver_license', 'O5U0pMb5bwe2bMwvS7iWUoZCppdeacW25P5ySogn.png', 'xYF8iEXGlu9B7C28HzGvtQwWdja2aDrvRMevAKcM.png', NULL, 'kzHeJPH9pk6oddu9WckUZII7mwhNIksu1IClOkky.png', 5, 28, 'https://example.com', '::1', 'en', 'approved', 'silver', 0.00, '2026-02-20 06:58:33', '2026-02-20 06:59:20'),
(4, 69, 'USer 24', 'user24@demo.com', '', '9878767656', 99, 'id_driver_license', 'UfwSQQ7BgobwkeKJ89NcvELbfN7vCJ0EQLD5f7N8.jpg', 'zImwmgEWknCtdqWSJtWpkRCQHVSPMzRkDzsnj1ZE.jpg', NULL, '2X9IYLWlQKOzBlOWxilu5mwG2wTiinbeL6XoscGW.jpg', 5, 28, 'https://example.com', '::1', 'en', 'deleted', 'silver', 0.00, '2026-02-23 03:15:17', '2026-03-12 09:20:54'),
(5, 70, 'User 25', 'user25@demo.com', '', '8758758575', 99, 'passport', NULL, NULL, 'rq9QgrPHHOeyzcvSgbNw3e0oP0cfObQr6IXv7EGC.jpg', 'uY6VdCVTenuAjuMiH3q3aFq9QZgUG2WybCFMFlSR.jpg', 5, 28, 'https://www.linkedin.com/', '::1', 'en', 'deleted', NULL, 0.00, '2026-02-23 03:27:58', '2026-03-12 09:19:55'),
(21, 2, 'User Demo', 'user@demo.com', '', '78945123000', 99, 'id_driver_license', 'uujjoSEkafOtvZUMrClDMvcVSXCq6T9ceftqnSbt.png', 'Fb9YItRshQFkDAhoGsn2ITdJyHqR6oDvLLHBEjV9.png', NULL, 'aKvSfjPMwewQy7Y05c6sKNjznJzUgZFEtP9iULpG.png', 1, 19, 'https://www.miracuves.com/', '152.58.17.226', 'en', 'approved', NULL, 0.00, '2026-02-27 05:37:25', '2026-02-27 05:38:27'),
(22, 644, 'user', 'user222@demo.com', '', '9898989898', 99, 'id_driver_license', 'Q3X8Cl43wkGuASXZkEL6nf8R8Dw5NurglYsQb5d9.jpg', '1IQdcRVlrN7kQhHtH8G5rXZaXmuk88A5dVyXCAOs.jpg', NULL, 'QzsBnOhAueZHkMPwuliXRU5w1vFcMGqFecsnxBUp.jpg', 4, 50, 'https://google.com', '152.59.38.168', 'en', 'approved', NULL, 0.00, '2026-03-09 05:50:38', '2026-03-09 05:58:41'),
(23, 645, 'dyhdy', 'user22@demo.com', '', '9598989898', 49, 'id_driver_license', '5agalj0njpf7TDCKp0f37OgQZiBI3keHRuv6mPqU.jpg', 'EuyEFebp32jc6c3jKnb7VStzS6N37zLz9Gerkv81.jpg', NULL, 'FTJvSDD0mhF56mu1tpBjspYLazL8kWAuqMQriN6P.jpg', 4, 49, 'https://google.com', '152.59.38.168', 'en', 'approved', NULL, 0.00, '2026-03-09 06:11:52', '2026-03-09 06:12:07'),
(24, 646, 'Business Account', 'business@demo.com', '', '09876543210', 3, 'id_driver_license', 'rcOuYc4kDJxfSv0wgPYE3vQF76pAxnuP6WJg3gBW.jpg', 'a2pNupBqXn8RKTdH3ORsIG7olhI1vhu2Qcuz7niD.png', NULL, 'nFRUFWdnIhqjPf8UX8niIXUnEkth9zOqdYOMnhgI.jpg', 5, 28, 'https://facebook.com', '127.0.0.1', 'en', 'deleted', NULL, 0.00, '2026-05-19 07:30:26', '2026-05-19 09:43:18');

-- --------------------------------------------------------

--
-- Table structure for table `video_calls`
--

CREATE TABLE `video_calls` (
  `id` bigint(20) UNSIGNED NOT NULL,
  `seller_id` bigint(20) UNSIGNED NOT NULL,
  `transactions_id` varchar(250) DEFAULT NULL,
  `buyer_id` bigint(20) UNSIGNED NOT NULL,
  `status` varchar(20) NOT NULL DEFAULT 'pending',
  `minutes` int(10) UNSIGNED NOT NULL,
  `timezone_offset` varchar(255) DEFAULT NULL,
  `token` varchar(200) DEFAULT NULL,
  `video_call_date` timestamp NULL DEFAULT NULL,
  `started_at` timestamp NULL DEFAULT NULL,
  `joined_at` timestamp NULL DEFAULT NULL,
  `ended_at` timestamp NULL DEFAULT NULL,
  `created_at` timestamp NULL DEFAULT NULL,
  `updated_at` timestamp NULL DEFAULT NULL
) ENGINE=InnoDB DEFAULT CHARSET=utf8mb4 COLLATE=utf8mb4_unicode_ci;

--
-- Dumping data for table `video_calls`
--

INSERT INTO `video_calls` (`id`, `seller_id`, `transactions_id`, `buyer_id`, `status`, `minutes`, `timezone_offset`, `token`, `video_call_date`, `started_at`, `joined_at`, `ended_at`, `created_at`, `updated_at`) VALUES
(9913, 12, '107', 2, 'rejected', 10, 'GMT+5', '702dbc46-3d80-40f1-adf9-8df8e84dc0f3', '2026-03-21 19:00:00', NULL, NULL, NULL, '2026-02-27 08:07:24', '2026-03-10 15:00:00'),
(9914, 12, '108', 2, 'accepted', 10, 'GMT+5', '867c6d00-fcfd-4f67-9bdf-4d7175e3fadf', '2026-03-21 18:00:00', NULL, NULL, NULL, '2026-02-27 08:21:31', '2026-03-10 06:35:53'),
(9915, 12, '112', 2, 'accepted', 10, 'GMT+5', 'ac5b4ee8-01da-403c-9bb3-6f021c07c05b', '2026-03-14 13:00:00', NULL, NULL, NULL, '2026-02-27 09:47:37', '2026-02-27 09:48:09'),
(9916, 12, '113', 2, 'rejected', 10, 'GMT+5', 'a87357d9-f246-4618-bfc6-3e7eb8d3b35a', '2026-03-15 13:00:00', NULL, NULL, NULL, '2026-02-27 09:48:40', '2026-02-27 09:49:06'),
(9917, 12, '136', 2, 'accepted', 10, 'GMT+5', 'eccf0bdd-812f-47a6-8322-1f660fc5c11f', '2026-03-26 17:00:00', NULL, NULL, NULL, '2026-03-06 06:40:25', '2026-03-10 14:59:53'),
(9918, 12, '137', 2, 'accepted', 10, 'GMT+5', '473d9c60-af4f-4cb3-8912-8f2fc303b4de', '2026-03-31 15:00:00', NULL, NULL, NULL, '2026-03-06 06:41:21', '2026-03-10 14:59:46'),
(9919, 12, '138', 2, 'accepted', 10, 'GMT+5', '70d26400-2460-46ab-950a-b5f8645cd26f', '2026-03-27 15:00:00', NULL, NULL, NULL, '2026-03-06 07:12:22', '2026-03-10 14:59:37'),
(9920, 12, '139', 2, 'accepted', 10, 'GMT+5', '195065f0-8660-4e29-8ce1-34a163088183', '2026-03-31 20:00:00', NULL, NULL, NULL, '2026-03-06 07:19:30', '2026-03-10 06:37:34'),
(9921, 12, '147', 2, 'accepted', 10, 'GMT+5', '959a5269-3f28-4d73-a9ee-cf59d0248ed1', '2026-03-10 12:31:00', NULL, NULL, NULL, '2026-03-10 12:59:00', '2026-03-10 12:59:00'),
(9922, 12, '148', 2, 'accepted', 10, 'GMT+5', 'a9a850ff-97ac-44a2-8426-749bca29b3a2', '2026-03-25 14:00:00', NULL, NULL, NULL, '2026-03-10 13:50:16', '2026-03-10 14:59:23'),
(9923, 12, '149', 2, 'completed', 10, 'GMT+5', 'a3f88088-2593-4453-aa74-a3ddf2a79499', '2026-03-10 14:03:00', '2026-03-10 14:03:54', NULL, NULL, '2026-03-10 13:59:24', '2026-03-10 14:03:54'),
(9924, 12, '150', 2, 'completed', 10, 'GMT+5', '530cb3b7-aeff-43a1-9c3b-6221d12cf1cf', '2026-03-10 14:23:00', '2026-03-10 14:22:59', NULL, '2026-03-10 14:55:19', '2026-03-10 14:21:16', '2026-03-10 14:55:19'),
(9925, 12, '151', 2, 'completed', 10, 'GMT+5', '7f95034d-e333-44ae-8306-363e9ac7ef79', '2026-03-10 17:38:00', '2026-03-10 17:39:53', NULL, NULL, '2026-03-10 17:35:44', '2026-03-10 18:00:34'),
(9926, 12, '152', 2, 'completed', 10, 'GMT+5', 'bde9d4e6-435a-4669-a3e6-951c5fa66fa1', '2026-03-10 18:03:00', '2026-03-10 18:02:46', '2026-03-10 18:09:16', '2026-03-10 18:18:23', '2026-03-10 18:01:52', '2026-03-10 18:18:23'),
(9927, 12, '153', 2, 'completed', 10, 'GMT+5', 'a325bf86-5bed-4caa-a7d8-46e149cd0cce', '2026-03-11 09:13:00', '2026-03-11 09:13:05', '2026-03-11 09:13:26', '2026-03-11 09:14:26', '2026-03-11 09:11:24', '2026-03-11 09:14:26'),
(9928, 12, '154', 2, 'completed', 10, 'GMT+5', '5bee53a0-67be-4cdc-9763-df7dc5b74c6f', '2026-03-11 09:24:00', '2026-03-11 09:23:54', '2026-03-11 09:24:08', '2026-03-11 09:26:29', '2026-03-11 09:23:27', '2026-03-11 09:26:29'),
(9929, 12, '155', 2, 'rejected', 10, 'GMT+5', '180b0eba-d3b0-4349-8bf7-1511ab54a610', '2026-03-26 15:00:00', NULL, NULL, NULL, '2026-03-11 09:35:07', '2026-03-11 09:37:28'),
(9930, 12, '156', 2, 'completed', 10, 'GMT+5', '983cc8bb-cc3d-4d43-9db7-15c0c4faa687', '2026-03-11 09:39:00', '2026-03-11 09:39:03', '2026-03-11 09:39:21', '2026-03-11 09:39:44', '2026-03-11 09:37:12', '2026-03-11 09:39:44'),
(9931, 12, '157', 2, 'completed', 10, 'GMT+5', 'a10dff55-1846-4791-bf5f-9b2b5623979f', '2026-03-11 09:56:00', '2026-03-11 09:55:43', '2026-03-11 09:55:53', '2026-03-11 09:56:02', '2026-03-11 09:55:07', '2026-03-11 09:56:02'),
(9932, 12, '158', 2, 'completed', 10, 'GMT+5', '4ef0ee78-2519-44cb-8be8-83b018751e27', '2026-03-11 10:15:00', '2026-03-11 10:14:25', NULL, '2026-03-11 10:24:06', '2026-03-11 10:13:57', '2026-03-11 10:24:06'),
(9933, 12, '159', 2, 'completed', 10, 'GMT+5', 'e5933937-b713-44dd-bc34-7e2a6a4062ae', '2026-03-11 10:27:00', '2026-03-11 10:26:28', '2026-03-11 10:26:39', '2026-03-11 10:26:58', '2026-03-11 10:26:01', '2026-03-11 10:26:58'),
(9934, 12, '160', 2, 'completed', 10, 'GMT+5', 'e281e9d8-fefd-44f9-8889-ccd73a6dc2ca', '2026-03-11 10:42:00', '2026-03-11 10:41:54', '2026-03-11 10:42:04', '2026-03-11 10:42:14', '2026-03-11 10:39:59', '2026-03-11 10:42:14'),
(9935, 12, '162', 2, 'accepted', 10, 'GMT+5', '2306ee18-2c06-432c-8c43-315ffa842bf6', '2026-03-26 20:00:00', NULL, NULL, NULL, '2026-03-11 11:19:52', '2026-03-12 10:04:47'),
(9936, 12, '171', 2, 'pending', 10, 'GMT+5', '11fbe367-64e6-4cb0-8e43-ce34d0b113fd', '2026-04-20 08:30:00', NULL, NULL, NULL, '2026-04-01 08:54:34', '2026-04-01 08:54:34'),
(9937, 12, '172', 2, 'accepted', 10, 'GMT+5', '7a3b7ffb-0574-40a4-a878-f0bb89ed9ff3', '2026-04-16 08:30:00', NULL, NULL, NULL, '2026-04-01 09:14:57', '2026-04-17 05:29:10'),
(9938, 12, '173', 2, 'completed', 10, 'GMT+5', 'fcbb4037-41f2-4417-af36-3197de54bdde', '2026-04-02 05:20:00', '2026-04-02 05:20:09', '2026-04-02 05:20:13', '2026-04-02 05:28:54', '2026-04-01 09:15:25', '2026-04-02 05:28:54'),
(9939, 12, '188', 648, 'pending', 10, 'GMT+5', '358390b8-02e5-4e9d-aef1-09d2947c4b26', '2026-06-12 07:30:00', NULL, NULL, NULL, '2026-05-28 06:40:07', '2026-05-28 06:40:07'),
(9940, 12, '189', 648, 'pending', 10, 'GMT+5', 'e28f1737-1b19-4fc8-b270-f46f19fdedb1', '2026-06-12 08:30:00', NULL, NULL, NULL, '2026-05-28 06:40:38', '2026-05-28 06:40:38'),
(9941, 12, '190', 648, 'pending', 10, 'GMT+5', '0fc4208f-3b9a-4365-b260-080ef846d3a7', '2026-06-12 09:30:00', NULL, NULL, NULL, '2026-05-28 06:47:40', '2026-05-28 06:47:40');

-- --------------------------------------------------------

--
-- Table structure for table `video_occasions`
--

CREATE TABLE `video_occasions` (
  `id` bigint(20) UNSIGNED NOT NULL,
  `name` varchar(255) NOT NULL,
  `unique_id` varchar(100) NOT NULL,
  `status` tinyint(1) NOT NULL DEFAULT 1,
  `created_at` timestamp NULL DEFAULT NULL,
  `updated_at` timestamp NULL DEFAULT NULL
) ENGINE=InnoDB DEFAULT CHARSET=utf8mb4 COLLATE=utf8mb4_unicode_ci;

-- --------------------------------------------------------

--
-- Table structure for table `video_request_categories`
--

CREATE TABLE `video_request_categories` (
  `id` bigint(20) UNSIGNED NOT NULL,
  `name` varchar(255) NOT NULL,
  `status` enum('0','1') NOT NULL DEFAULT '1',
  `created_at` timestamp NULL DEFAULT NULL,
  `updated_at` timestamp NULL DEFAULT NULL
) ENGINE=InnoDB DEFAULT CHARSET=utf8mb4 COLLATE=utf8mb4_unicode_ci;

--
-- Dumping data for table `video_request_categories`
--

INSERT INTO `video_request_categories` (`id`, `name`, `status`, `created_at`, `updated_at`) VALUES
(1, 'Birthday', '1', '2026-02-24 11:36:58', '2026-02-24 11:36:58'),
(2, 'Motivation', '1', '2026-02-24 11:37:05', '2026-02-24 11:37:05');

-- --------------------------------------------------------

--
-- Table structure for table `withdrawals`
--

CREATE TABLE `withdrawals` (
  `id` int(10) UNSIGNED NOT NULL,
  `user_id` int(10) UNSIGNED NOT NULL,
  `status` enum('pending','paid') NOT NULL DEFAULT 'pending',
  `amount` varchar(50) NOT NULL,
  `date` timestamp NOT NULL DEFAULT current_timestamp(),
  `gateway` varchar(100) NOT NULL,
  `account` text NOT NULL,
  `estimated_payment` timestamp NULL DEFAULT NULL,
  `date_paid` timestamp NOT NULL DEFAULT '0000-00-00 00:00:00',
  `txn_id` varchar(255) NOT NULL
) ENGINE=InnoDB DEFAULT CHARSET=utf8mb3 COLLATE=utf8mb3_general_ci;

--
-- Dumping data for table `withdrawals`
--

INSERT INTO `withdrawals` (`id`, `user_id`, `status`, `amount`, `date`, `gateway`, `account`, `estimated_payment`, `date_paid`, `txn_id`) VALUES
(1, 12, 'paid', '999', '2026-02-27 05:47:22', 'bank', '123456799', '2026-03-08 13:00:00', '2026-02-27 05:47:49', ''),
(6, 12, 'paid', '100', '2026-03-03 11:41:33', 'bank', '123456799', '2026-04-08 13:00:00', '2026-03-10 13:37:15', ''),
(9, 12, 'pending', '400', '2026-06-08 08:21:49', 'PayPal', 'provider@demo.com', '2026-07-08 07:30:00', '0000-00-00 00:00:00', '');

--
-- Indexes for dumped tables
--

--
-- Indexes for table `admin_settings`
--
ALTER TABLE `admin_settings`
  ADD PRIMARY KEY (`id`),
  ADD KEY `min_price_video` (`min_price_video`),
  ADD KEY `max_price_video` (`max_price_video`),
  ADD KEY `request_id_verification` (`request_id_verification`);

--
-- Indexes for table `audit_logs`
--
ALTER TABLE `audit_logs`
  ADD PRIMARY KEY (`id`),
  ADD KEY `audit_logs_user_id_foreign` (`user_id`);

--
-- Indexes for table `blogs`
--
ALTER TABLE `blogs`
  ADD PRIMARY KEY (`id`),
  ADD KEY `tags` (`tags`),
  ADD KEY `slug` (`slug`);

--
-- Indexes for table `business_asset_folders`
--
ALTER TABLE `business_asset_folders`
  ADD PRIMARY KEY (`id`),
  ADD KEY `business_asset_folders_business_profile_id_foreign` (`business_profile_id`),
  ADD KEY `business_asset_folders_parent_id_foreign` (`parent_id`);

--
-- Indexes for table `business_campaign_assets`
--
ALTER TABLE `business_campaign_assets`
  ADD PRIMARY KEY (`id`),
  ADD KEY `business_campaign_assets_business_profile_id_foreign` (`business_profile_id`),
  ADD KEY `business_campaign_assets_user_id_foreign` (`user_id`),
  ADD KEY `business_campaign_assets_folder_id_foreign` (`folder_id`);

--
-- Indexes for table `business_contacts`
--
ALTER TABLE `business_contacts`
  ADD PRIMARY KEY (`id`),
  ADD KEY `business_contacts_business_profile_id_foreign` (`business_profile_id`);

--
-- Indexes for table `business_invitations`
--
ALTER TABLE `business_invitations`
  ADD PRIMARY KEY (`id`),
  ADD UNIQUE KEY `business_invitations_token_unique` (`token`),
  ADD KEY `business_invitations_business_profile_id_foreign` (`business_profile_id`);

--
-- Indexes for table `business_order_comments`
--
ALTER TABLE `business_order_comments`
  ADD PRIMARY KEY (`id`),
  ADD KEY `business_order_comments_order_id_foreign` (`order_id`),
  ADD KEY `business_order_comments_user_id_foreign` (`user_id`);

--
-- Indexes for table `business_profiles`
--
ALTER TABLE `business_profiles`
  ADD PRIMARY KEY (`id`),
  ADD UNIQUE KEY `business_profiles_user_id_unique` (`user_id`);

--
-- Indexes for table `business_refunds`
--
ALTER TABLE `business_refunds`
  ADD PRIMARY KEY (`id`);

--
-- Indexes for table `business_team_members`
--
ALTER TABLE `business_team_members`
  ADD PRIMARY KEY (`id`),
  ADD KEY `business_team_members_business_profile_id_foreign` (`business_profile_id`),
  ADD KEY `business_team_members_user_id_foreign` (`user_id`);

--
-- Indexes for table `campaigns`
--
ALTER TABLE `campaigns`
  ADD PRIMARY KEY (`id`),
  ADD KEY `campaigns_business_profile_id_foreign` (`business_profile_id`),
  ADD KEY `campaigns_campaign_group_id_foreign` (`campaign_group_id`);

--
-- Indexes for table `campaign_analytics`
--
ALTER TABLE `campaign_analytics`
  ADD PRIMARY KEY (`id`),
  ADD KEY `campaign_analytics_order_id_foreign` (`order_id`);

--
-- Indexes for table `campaign_applications`
--
ALTER TABLE `campaign_applications`
  ADD PRIMARY KEY (`id`),
  ADD UNIQUE KEY `campaign_applications_campaign_id_creator_id_unique` (`campaign_id`,`creator_id`),
  ADD KEY `campaign_applications_creator_id_foreign` (`creator_id`);

--
-- Indexes for table `campaign_conversions`
--
ALTER TABLE `campaign_conversions`
  ADD PRIMARY KEY (`id`),
  ADD KEY `campaign_conversions_order_id_foreign` (`order_id`);

--
-- Indexes for table `campaign_groups`
--
ALTER TABLE `campaign_groups`
  ADD PRIMARY KEY (`id`),
  ADD KEY `campaign_groups_business_profile_id_foreign` (`business_profile_id`);

--
-- Indexes for table `categories`
--
ALTER TABLE `categories`
  ADD PRIMARY KEY (`id`),
  ADD KEY `slug` (`slug`),
  ADD KEY `parent` (`parent`);

--
-- Indexes for table `countries`
--
ALTER TABLE `countries`
  ADD PRIMARY KEY (`id`);

--
-- Indexes for table `coupons`
--
ALTER TABLE `coupons`
  ADD PRIMARY KEY (`id`),
  ADD KEY `code` (`code`);

--
-- Indexes for table `creator_faqs`
--
ALTER TABLE `creator_faqs`
  ADD PRIMARY KEY (`id`),
  ADD KEY `creator_faqs_user_id_foreign` (`user_id`);

--
-- Indexes for table `creator_pricing_rules`
--
ALTER TABLE `creator_pricing_rules`
  ADD PRIMARY KEY (`id`),
  ADD KEY `creator_pricing_rules_user_id_foreign` (`user_id`);

--
-- Indexes for table `creator_social_handles`
--
ALTER TABLE `creator_social_handles`
  ADD PRIMARY KEY (`id`),
  ADD KEY `creator_social_handles_user_id_foreign` (`user_id`);

--
-- Indexes for table `custom_offers`
--
ALTER TABLE `custom_offers`
  ADD PRIMARY KEY (`id`),
  ADD KEY `custom_offers_quote_id_foreign` (`quote_id`),
  ADD KEY `custom_offers_sender_id_foreign` (`sender_id`),
  ADD KEY `custom_offers_receiver_id_foreign` (`receiver_id`);

--
-- Indexes for table `custom_quotes`
--
ALTER TABLE `custom_quotes`
  ADD PRIMARY KEY (`id`),
  ADD KEY `custom_quotes_buyer_id_foreign` (`buyer_id`),
  ADD KEY `custom_quotes_seller_id_foreign` (`seller_id`);

--
-- Indexes for table `deposits`
--
ALTER TABLE `deposits`
  ADD PRIMARY KEY (`id`);

--
-- Indexes for table `failed_jobs`
--
ALTER TABLE `failed_jobs`
  ADD PRIMARY KEY (`id`),
  ADD UNIQUE KEY `failed_jobs_uuid_unique` (`uuid`);

--
-- Indexes for table `favorites`
--
ALTER TABLE `favorites`
  ADD PRIMARY KEY (`id`),
  ADD KEY `celebrity` (`celebrity`),
  ADD KEY `user_id` (`user_id`);

--
-- Indexes for table `invoices`
--
ALTER TABLE `invoices`
  ADD PRIMARY KEY (`id`),
  ADD UNIQUE KEY `invoices_invoice_number_unique` (`invoice_number`),
  ADD KEY `invoices_business_profile_id_index` (`business_profile_id`);

--
-- Indexes for table `invoice_items`
--
ALTER TABLE `invoice_items`
  ADD PRIMARY KEY (`id`),
  ADD KEY `invoice_items_invoice_id_index` (`invoice_id`),
  ADD KEY `invoice_items_campaign_id_index` (`campaign_id`);

--
-- Indexes for table `jobs`
--
ALTER TABLE `jobs`
  ADD PRIMARY KEY (`id`),
  ADD KEY `jobs_queue_index` (`queue`);

--
-- Indexes for table `languages`
--
ALTER TABLE `languages`
  ADD PRIMARY KEY (`id`);

--
-- Indexes for table `messages`
--
ALTER TABLE `messages`
  ADD PRIMARY KEY (`id`),
  ADD KEY `sender_id` (`sender_id`),
  ADD KEY `receiver_id` (`receiver_id`),
  ADD KEY `transactions_id` (`transactions_id`),
  ADD KEY `status` (`status`),
  ADD KEY `buyer_id` (`buyer_id`),
  ADD KEY `created_at` (`created_at`),
  ADD KEY `messages_custom_offer_id_foreign` (`custom_offer_id`);

--
-- Indexes for table `notifications`
--
ALTER TABLE `notifications`
  ADD PRIMARY KEY (`id`),
  ADD KEY `destination` (`destination`,`author`,`target`,`status`),
  ADD KEY `target` (`target`);

--
-- Indexes for table `onboarding_checklists`
--
ALTER TABLE `onboarding_checklists`
  ADD PRIMARY KEY (`id`),
  ADD KEY `onboarding_checklists_business_profile_id_foreign` (`business_profile_id`);

--
-- Indexes for table `orders`
--
ALTER TABLE `orders`
  ADD PRIMARY KEY (`id`),
  ADD KEY `seller` (`seller_id`),
  ADD KEY `user_id` (`user_id`),
  ADD KEY `type` (`type`),
  ADD KEY `status` (`status`),
  ADD KEY `delivery_deadline` (`expires`),
  ADD KEY `encode` (`encode`),
  ADD KEY `job_id` (`job_id`),
  ADD KEY `orders_video_request_category_id_foreign` (`video_request_category_id`),
  ADD KEY `orders_business_profile_id_foreign` (`business_profile_id`),
  ADD KEY `orders_custom_offer_id_foreign` (`custom_offer_id`);

--
-- Indexes for table `order_approvals`
--
ALTER TABLE `order_approvals`
  ADD PRIMARY KEY (`id`),
  ADD KEY `order_approvals_order_id_foreign` (`order_id`),
  ADD KEY `order_approvals_reviewer_id_foreign` (`reviewer_id`);

--
-- Indexes for table `order_milestones`
--
ALTER TABLE `order_milestones`
  ADD PRIMARY KEY (`id`),
  ADD KEY `order_milestones_order_id_foreign` (`order_id`);

--
-- Indexes for table `order_tips`
--
ALTER TABLE `order_tips`
  ADD PRIMARY KEY (`id`);

--
-- Indexes for table `pages`
--
ALTER TABLE `pages`
  ADD PRIMARY KEY (`id`),
  ADD KEY `slug` (`slug`);

--
-- Indexes for table `password_resets`
--
ALTER TABLE `password_resets`
  ADD PRIMARY KEY (`id`),
  ADD KEY `id_hash` (`token`),
  ADD KEY `email` (`email`);

--
-- Indexes for table `payment_gateways`
--
ALTER TABLE `payment_gateways`
  ADD PRIMARY KEY (`id`);

--
-- Indexes for table `personal_access_tokens`
--
ALTER TABLE `personal_access_tokens`
  ADD PRIMARY KEY (`id`),
  ADD UNIQUE KEY `personal_access_tokens_token_unique` (`token`),
  ADD KEY `personal_access_tokens_tokenable_type_tokenable_id_index` (`tokenable_type`,`tokenable_id`);

--
-- Indexes for table `profile_views`
--
ALTER TABLE `profile_views`
  ADD PRIMARY KEY (`id`),
  ADD KEY `profile_views_celebrity_id_index` (`celebrity_id`),
  ADD KEY `profile_views_viewer_id_index` (`viewer_id`),
  ADD KEY `profile_views_session_key_index` (`session_key`);

--
-- Indexes for table `promotional_videos`
--
ALTER TABLE `promotional_videos`
  ADD PRIMARY KEY (`id`),
  ADD KEY `user_id` (`user_id`),
  ADD KEY `encode` (`encode`),
  ADD KEY `status` (`status`);

--
-- Indexes for table `referrals`
--
ALTER TABLE `referrals`
  ADD PRIMARY KEY (`id`),
  ADD KEY `referrals_user_id_index` (`user_id`),
  ADD KEY `referrals_referred_by_index` (`referred_by`);

--
-- Indexes for table `referral_transactions`
--
ALTER TABLE `referral_transactions`
  ADD PRIMARY KEY (`id`),
  ADD KEY `referral_transactions_referrals_id_index` (`referrals_id`),
  ADD KEY `referral_transactions_user_id_index` (`user_id`),
  ADD KEY `referral_transactions_referred_by_index` (`referred_by`),
  ADD KEY `referral_transactions_transactions_id_index` (`transactions_id`);

--
-- Indexes for table `refunds`
--
ALTER TABLE `refunds`
  ADD PRIMARY KEY (`id`),
  ADD KEY `refunds_orders_id_index` (`order_id`),
  ADD KEY `refunds_user_id_index` (`user_id`),
  ADD KEY `refunds_seller_id_index` (`seller_id`),
  ADD KEY `refunds_status_index` (`status`);

--
-- Indexes for table `replies`
--
ALTER TABLE `replies`
  ADD PRIMARY KEY (`id`),
  ADD KEY `replies_user_id_index` (`user_id`),
  ADD KEY `replies_updates_id_index` (`updates_id`),
  ADD KEY `replies_comments_id_index` (`comments_id`);

--
-- Indexes for table `reports`
--
ALTER TABLE `reports`
  ADD PRIMARY KEY (`id`),
  ADD KEY `user` (`user_id`,`report_id`);

--
-- Indexes for table `reserved`
--
ALTER TABLE `reserved`
  ADD PRIMARY KEY (`id`),
  ADD UNIQUE KEY `name` (`name`) USING BTREE;

--
-- Indexes for table `restrictions`
--
ALTER TABLE `restrictions`
  ADD PRIMARY KEY (`id`),
  ADD KEY `restrictions_user_id_index` (`user_id`),
  ADD KEY `restrictions_user_restricted_index` (`user_restricted`);

--
-- Indexes for table `reviews`
--
ALTER TABLE `reviews`
  ADD PRIMARY KEY (`id`),
  ADD KEY `reviews_user_id_index` (`user_id`),
  ADD KEY `reviews_orders_id_index` (`orders_id`),
  ADD KEY `seller` (`seller_id`),
  ADD KEY `rating` (`rating`);

--
-- Indexes for table `roles_and_permissions`
--
ALTER TABLE `roles_and_permissions`
  ADD PRIMARY KEY (`id`),
  ADD KEY `name` (`name`),
  ADD KEY `roles_and_permissions_permissions_index` (`permissions`(768));

--
-- Indexes for table `states`
--
ALTER TABLE `states`
  ADD PRIMARY KEY (`id`),
  ADD KEY `states_countries_id_index` (`countries_id`),
  ADD KEY `name` (`name`),
  ADD KEY `code` (`code`);

--
-- Indexes for table `stories`
--
ALTER TABLE `stories`
  ADD PRIMARY KEY (`id`),
  ADD KEY `stories_user_id_index` (`user_id`),
  ADD KEY `stories_expires_at_index` (`expires_at`),
  ADD KEY `stories_status_index` (`status`);

--
-- Indexes for table `story_views`
--
ALTER TABLE `story_views`
  ADD PRIMARY KEY (`id`),
  ADD UNIQUE KEY `story_views_story_id_user_id_ip_address_unique` (`story_id`,`user_id`,`ip_address`),
  ADD KEY `story_views_story_id_index` (`story_id`),
  ADD KEY `story_views_user_id_index` (`user_id`);

--
-- Indexes for table `stripe_state_tokens`
--
ALTER TABLE `stripe_state_tokens`
  ADD PRIMARY KEY (`id`);

--
-- Indexes for table `support_tickets`
--
ALTER TABLE `support_tickets`
  ADD PRIMARY KEY (`id`),
  ADD KEY `support_tickets_business_profile_id_foreign` (`business_profile_id`);

--
-- Indexes for table `support_ticket_replies`
--
ALTER TABLE `support_ticket_replies`
  ADD PRIMARY KEY (`id`),
  ADD KEY `support_ticket_replies_ticket_id_foreign` (`ticket_id`);

--
-- Indexes for table `tax_rates`
--
ALTER TABLE `tax_rates`
  ADD PRIMARY KEY (`id`),
  ADD KEY `name` (`name`),
  ADD KEY `type` (`type`);

--
-- Indexes for table `tips`
--
ALTER TABLE `tips`
  ADD KEY `tips_user_id_foreign` (`user_id`),
  ADD KEY `tips_seller_id_foreign` (`seller_id`),
  ADD KEY `tips_orders_id_foreign` (`orders_id`),
  ADD KEY `tips_transactions_id_foreign` (`transactions_id`);

--
-- Indexes for table `transactions`
--
ALTER TABLE `transactions`
  ADD PRIMARY KEY (`id`),
  ADD KEY `user_id` (`user_id`),
  ADD KEY `seller` (`seller`),
  ADD KEY `approved` (`status`);

--
-- Indexes for table `two_factor_codes`
--
ALTER TABLE `two_factor_codes`
  ADD PRIMARY KEY (`id`);

--
-- Indexes for table `users`
--
ALTER TABLE `users`
  ADD PRIMARY KEY (`id`),
  ADD UNIQUE KEY `email` (`email`),
  ADD KEY `username` (`suspended`),
  ADD KEY `role` (`role`),
  ADD KEY `username_2` (`username`),
  ADD KEY `categories_id` (`categories_id`),
  ADD KEY `subcategory` (`subcategory`),
  ADD KEY `flash_delivery` (`flash_delivery`),
  ADD KEY `days_delivery` (`days_delivery`),
  ADD KEY `business` (`business`),
  ADD KEY `email_verified_at` (`email_verified_at`),
  ADD KEY `rating` (`rating`),
  ADD KEY `total_rating` (`total_rating`),
  ADD KEY `sent_id` (`verification_status`),
  ADD KEY `age_verification` (`age_verification`),
  ADD KEY `users_price_index` (`price`),
  ADD KEY `users_rating_index` (`rating`),
  ADD KEY `users_days_delivery_index` (`days_delivery`),
  ADD KEY `users_language_index` (`language`),
  ADD KEY `users_categories_id_index` (`categories_id`),
  ADD KEY `users_popularity_score_index` (`popularity_score`);
ALTER TABLE `users` ADD FULLTEXT KEY `search_index` (`name`,`username`,`ocupation`);

--
-- Indexes for table `user_audience_demographics`
--
ALTER TABLE `user_audience_demographics`
  ADD PRIMARY KEY (`id`),
  ADD KEY `user_audience_demographics_user_id_foreign` (`user_id`);

--
-- Indexes for table `user_business_licenses`
--
ALTER TABLE `user_business_licenses`
  ADD PRIMARY KEY (`id`),
  ADD KEY `user_business_licenses_user_id_foreign` (`user_id`);

--
-- Indexes for table `user_devices`
--
ALTER TABLE `user_devices`
  ADD PRIMARY KEY (`id`),
  ADD UNIQUE KEY `user_devices_player_id_unique` (`player_id`);

--
-- Indexes for table `user_video_request_categories`
--
ALTER TABLE `user_video_request_categories`
  ADD PRIMARY KEY (`id`),
  ADD KEY `user_video_request_categories_user_id_foreign` (`user_id`),
  ADD KEY `user_video_request_categories_video_request_category_id_foreign` (`video_request_category_id`);

--
-- Indexes for table `verification_audit_logs`
--
ALTER TABLE `verification_audit_logs`
  ADD PRIMARY KEY (`id`);

--
-- Indexes for table `verification_requests`
--
ALTER TABLE `verification_requests`
  ADD PRIMARY KEY (`id`),
  ADD KEY `user_id` (`user_id`);

--
-- Indexes for table `video_calls`
--
ALTER TABLE `video_calls`
  ADD PRIMARY KEY (`id`),
  ADD KEY `seller_id` (`seller_id`),
  ADD KEY `transactions_id` (`transactions_id`),
  ADD KEY `buyer_id` (`buyer_id`),
  ADD KEY `status` (`status`),
  ADD KEY `token` (`token`),
  ADD KEY `joined_at` (`joined_at`);

--
-- Indexes for table `video_occasions`
--
ALTER TABLE `video_occasions`
  ADD PRIMARY KEY (`id`),
  ADD KEY `unique_id` (`unique_id`);

--
-- Indexes for table `video_request_categories`
--
ALTER TABLE `video_request_categories`
  ADD PRIMARY KEY (`id`);

--
-- Indexes for table `withdrawals`
--
ALTER TABLE `withdrawals`
  ADD PRIMARY KEY (`id`),
  ADD KEY `campaings_id` (`user_id`);

--
-- AUTO_INCREMENT for dumped tables
--

--
-- AUTO_INCREMENT for table `admin_settings`
--
ALTER TABLE `admin_settings`
  MODIFY `id` int(10) UNSIGNED NOT NULL AUTO_INCREMENT, AUTO_INCREMENT=2;

--
-- AUTO_INCREMENT for table `audit_logs`
--
ALTER TABLE `audit_logs`
  MODIFY `id` bigint(20) UNSIGNED NOT NULL AUTO_INCREMENT, AUTO_INCREMENT=12;

--
-- AUTO_INCREMENT for table `blogs`
--
ALTER TABLE `blogs`
  MODIFY `id` int(11) NOT NULL AUTO_INCREMENT;

--
-- AUTO_INCREMENT for table `business_asset_folders`
--
ALTER TABLE `business_asset_folders`
  MODIFY `id` bigint(20) UNSIGNED NOT NULL AUTO_INCREMENT, AUTO_INCREMENT=3;

--
-- AUTO_INCREMENT for table `business_campaign_assets`
--
ALTER TABLE `business_campaign_assets`
  MODIFY `id` bigint(20) UNSIGNED NOT NULL AUTO_INCREMENT, AUTO_INCREMENT=2;

--
-- AUTO_INCREMENT for table `business_contacts`
--
ALTER TABLE `business_contacts`
  MODIFY `id` bigint(20) UNSIGNED NOT NULL AUTO_INCREMENT, AUTO_INCREMENT=3;

--
-- AUTO_INCREMENT for table `business_invitations`
--
ALTER TABLE `business_invitations`
  MODIFY `id` bigint(20) UNSIGNED NOT NULL AUTO_INCREMENT, AUTO_INCREMENT=6;

--
-- AUTO_INCREMENT for table `business_order_comments`
--
ALTER TABLE `business_order_comments`
  MODIFY `id` bigint(20) UNSIGNED NOT NULL AUTO_INCREMENT;

--
-- AUTO_INCREMENT for table `business_profiles`
--
ALTER TABLE `business_profiles`
  MODIFY `id` bigint(20) UNSIGNED NOT NULL AUTO_INCREMENT, AUTO_INCREMENT=2;

--
-- AUTO_INCREMENT for table `business_refunds`
--
ALTER TABLE `business_refunds`
  MODIFY `id` bigint(20) UNSIGNED NOT NULL AUTO_INCREMENT;

--
-- AUTO_INCREMENT for table `business_team_members`
--
ALTER TABLE `business_team_members`
  MODIFY `id` bigint(20) UNSIGNED NOT NULL AUTO_INCREMENT, AUTO_INCREMENT=4;

--
-- AUTO_INCREMENT for table `campaigns`
--
ALTER TABLE `campaigns`
  MODIFY `id` bigint(20) UNSIGNED NOT NULL AUTO_INCREMENT, AUTO_INCREMENT=3;

--
-- AUTO_INCREMENT for table `campaign_analytics`
--
ALTER TABLE `campaign_analytics`
  MODIFY `id` bigint(20) UNSIGNED NOT NULL AUTO_INCREMENT;

--
-- AUTO_INCREMENT for table `campaign_applications`
--
ALTER TABLE `campaign_applications`
  MODIFY `id` bigint(20) UNSIGNED NOT NULL AUTO_INCREMENT;

--
-- AUTO_INCREMENT for table `campaign_conversions`
--
ALTER TABLE `campaign_conversions`
  MODIFY `id` bigint(20) UNSIGNED NOT NULL AUTO_INCREMENT;

--
-- AUTO_INCREMENT for table `campaign_groups`
--
ALTER TABLE `campaign_groups`
  MODIFY `id` bigint(20) UNSIGNED NOT NULL AUTO_INCREMENT, AUTO_INCREMENT=2;

--
-- AUTO_INCREMENT for table `categories`
--
ALTER TABLE `categories`
  MODIFY `id` int(10) UNSIGNED NOT NULL AUTO_INCREMENT, AUTO_INCREMENT=106;

--
-- AUTO_INCREMENT for table `countries`
--
ALTER TABLE `countries`
  MODIFY `id` int(11) NOT NULL AUTO_INCREMENT, AUTO_INCREMENT=243;

--
-- AUTO_INCREMENT for table `coupons`
--
ALTER TABLE `coupons`
  MODIFY `id` bigint(20) UNSIGNED NOT NULL AUTO_INCREMENT;

--
-- AUTO_INCREMENT for table `creator_faqs`
--
ALTER TABLE `creator_faqs`
  MODIFY `id` bigint(20) UNSIGNED NOT NULL AUTO_INCREMENT;

--
-- AUTO_INCREMENT for table `creator_pricing_rules`
--
ALTER TABLE `creator_pricing_rules`
  MODIFY `id` bigint(20) UNSIGNED NOT NULL AUTO_INCREMENT;

--
-- AUTO_INCREMENT for table `creator_social_handles`
--
ALTER TABLE `creator_social_handles`
  MODIFY `id` bigint(20) UNSIGNED NOT NULL AUTO_INCREMENT;

--
-- AUTO_INCREMENT for table `custom_offers`
--
ALTER TABLE `custom_offers`
  MODIFY `id` bigint(20) UNSIGNED NOT NULL AUTO_INCREMENT;

--
-- AUTO_INCREMENT for table `custom_quotes`
--
ALTER TABLE `custom_quotes`
  MODIFY `id` bigint(20) UNSIGNED NOT NULL AUTO_INCREMENT;

--
-- AUTO_INCREMENT for table `deposits`
--
ALTER TABLE `deposits`
  MODIFY `id` int(10) UNSIGNED NOT NULL AUTO_INCREMENT, AUTO_INCREMENT=17;

--
-- AUTO_INCREMENT for table `failed_jobs`
--
ALTER TABLE `failed_jobs`
  MODIFY `id` bigint(20) UNSIGNED NOT NULL AUTO_INCREMENT, AUTO_INCREMENT=17;

--
-- AUTO_INCREMENT for table `favorites`
--
ALTER TABLE `favorites`
  MODIFY `id` int(10) UNSIGNED NOT NULL AUTO_INCREMENT, AUTO_INCREMENT=22;

--
-- AUTO_INCREMENT for table `invoices`
--
ALTER TABLE `invoices`
  MODIFY `id` bigint(20) UNSIGNED NOT NULL AUTO_INCREMENT, AUTO_INCREMENT=3;

--
-- AUTO_INCREMENT for table `invoice_items`
--
ALTER TABLE `invoice_items`
  MODIFY `id` bigint(20) UNSIGNED NOT NULL AUTO_INCREMENT, AUTO_INCREMENT=3;

--
-- AUTO_INCREMENT for table `jobs`
--
ALTER TABLE `jobs`
  MODIFY `id` bigint(20) UNSIGNED NOT NULL AUTO_INCREMENT, AUTO_INCREMENT=283;

--
-- AUTO_INCREMENT for table `languages`
--
ALTER TABLE `languages`
  MODIFY `id` int(10) UNSIGNED NOT NULL AUTO_INCREMENT, AUTO_INCREMENT=9;

--
-- AUTO_INCREMENT for table `messages`
--
ALTER TABLE `messages`
  MODIFY `id` int(10) UNSIGNED NOT NULL AUTO_INCREMENT, AUTO_INCREMENT=91;

--
-- AUTO_INCREMENT for table `notifications`
--
ALTER TABLE `notifications`
  MODIFY `id` int(10) UNSIGNED NOT NULL AUTO_INCREMENT, AUTO_INCREMENT=291;

--
-- AUTO_INCREMENT for table `onboarding_checklists`
--
ALTER TABLE `onboarding_checklists`
  MODIFY `id` bigint(20) UNSIGNED NOT NULL AUTO_INCREMENT;

--
-- AUTO_INCREMENT for table `orders`
--
ALTER TABLE `orders`
  MODIFY `id` int(10) UNSIGNED NOT NULL AUTO_INCREMENT, AUTO_INCREMENT=975;

--
-- AUTO_INCREMENT for table `order_approvals`
--
ALTER TABLE `order_approvals`
  MODIFY `id` bigint(20) UNSIGNED NOT NULL AUTO_INCREMENT;

--
-- AUTO_INCREMENT for table `order_milestones`
--
ALTER TABLE `order_milestones`
  MODIFY `id` bigint(20) UNSIGNED NOT NULL AUTO_INCREMENT;

--
-- AUTO_INCREMENT for table `order_tips`
--
ALTER TABLE `order_tips`
  MODIFY `id` bigint(20) UNSIGNED NOT NULL AUTO_INCREMENT;

--
-- AUTO_INCREMENT for table `pages`
--
ALTER TABLE `pages`
  MODIFY `id` int(10) UNSIGNED NOT NULL AUTO_INCREMENT, AUTO_INCREMENT=13;

--
-- AUTO_INCREMENT for table `password_resets`
--
ALTER TABLE `password_resets`
  MODIFY `id` int(10) UNSIGNED NOT NULL AUTO_INCREMENT, AUTO_INCREMENT=15;

--
-- AUTO_INCREMENT for table `payment_gateways`
--
ALTER TABLE `payment_gateways`
  MODIFY `id` int(10) UNSIGNED NOT NULL AUTO_INCREMENT, AUTO_INCREMENT=15;

--
-- AUTO_INCREMENT for table `personal_access_tokens`
--
ALTER TABLE `personal_access_tokens`
  MODIFY `id` bigint(20) UNSIGNED NOT NULL AUTO_INCREMENT, AUTO_INCREMENT=183;

--
-- AUTO_INCREMENT for table `profile_views`
--
ALTER TABLE `profile_views`
  MODIFY `id` bigint(20) UNSIGNED NOT NULL AUTO_INCREMENT, AUTO_INCREMENT=1755;

--
-- AUTO_INCREMENT for table `promotional_videos`
--
ALTER TABLE `promotional_videos`
  MODIFY `id` bigint(20) UNSIGNED NOT NULL AUTO_INCREMENT, AUTO_INCREMENT=3;

--
-- AUTO_INCREMENT for table `referrals`
--
ALTER TABLE `referrals`
  MODIFY `id` bigint(20) UNSIGNED NOT NULL AUTO_INCREMENT, AUTO_INCREMENT=2;

--
-- AUTO_INCREMENT for table `referral_transactions`
--
ALTER TABLE `referral_transactions`
  MODIFY `id` bigint(20) UNSIGNED NOT NULL AUTO_INCREMENT, AUTO_INCREMENT=5;

--
-- AUTO_INCREMENT for table `refunds`
--
ALTER TABLE `refunds`
  MODIFY `id` bigint(20) UNSIGNED NOT NULL AUTO_INCREMENT, AUTO_INCREMENT=23;

--
-- AUTO_INCREMENT for table `replies`
--
ALTER TABLE `replies`
  MODIFY `id` bigint(20) UNSIGNED NOT NULL AUTO_INCREMENT;

--
-- AUTO_INCREMENT for table `reports`
--
ALTER TABLE `reports`
  MODIFY `id` int(10) UNSIGNED NOT NULL AUTO_INCREMENT;

--
-- AUTO_INCREMENT for table `reserved`
--
ALTER TABLE `reserved`
  MODIFY `id` int(10) UNSIGNED NOT NULL AUTO_INCREMENT, AUTO_INCREMENT=62;

--
-- AUTO_INCREMENT for table `restrictions`
--
ALTER TABLE `restrictions`
  MODIFY `id` bigint(20) UNSIGNED NOT NULL AUTO_INCREMENT;

--
-- AUTO_INCREMENT for table `reviews`
--
ALTER TABLE `reviews`
  MODIFY `id` bigint(20) UNSIGNED NOT NULL AUTO_INCREMENT, AUTO_INCREMENT=26;

--
-- AUTO_INCREMENT for table `roles_and_permissions`
--
ALTER TABLE `roles_and_permissions`
  MODIFY `id` bigint(20) UNSIGNED NOT NULL AUTO_INCREMENT, AUTO_INCREMENT=3;

--
-- AUTO_INCREMENT for table `states`
--
ALTER TABLE `states`
  MODIFY `id` bigint(20) UNSIGNED NOT NULL AUTO_INCREMENT, AUTO_INCREMENT=2;

--
-- AUTO_INCREMENT for table `stories`
--
ALTER TABLE `stories`
  MODIFY `id` bigint(20) UNSIGNED NOT NULL AUTO_INCREMENT, AUTO_INCREMENT=85;

--
-- AUTO_INCREMENT for table `story_views`
--
ALTER TABLE `story_views`
  MODIFY `id` bigint(20) UNSIGNED NOT NULL AUTO_INCREMENT, AUTO_INCREMENT=43;

--
-- AUTO_INCREMENT for table `stripe_state_tokens`
--
ALTER TABLE `stripe_state_tokens`
  MODIFY `id` bigint(20) UNSIGNED NOT NULL AUTO_INCREMENT, AUTO_INCREMENT=11;

--
-- AUTO_INCREMENT for table `support_tickets`
--
ALTER TABLE `support_tickets`
  MODIFY `id` bigint(20) UNSIGNED NOT NULL AUTO_INCREMENT;

--
-- AUTO_INCREMENT for table `support_ticket_replies`
--
ALTER TABLE `support_ticket_replies`
  MODIFY `id` bigint(20) UNSIGNED NOT NULL AUTO_INCREMENT;

--
-- AUTO_INCREMENT for table `tax_rates`
--
ALTER TABLE `tax_rates`
  MODIFY `id` int(10) UNSIGNED NOT NULL AUTO_INCREMENT;

--
-- AUTO_INCREMENT for table `transactions`
--
ALTER TABLE `transactions`
  MODIFY `id` int(10) UNSIGNED NOT NULL AUTO_INCREMENT, AUTO_INCREMENT=191;

--
-- AUTO_INCREMENT for table `two_factor_codes`
--
ALTER TABLE `two_factor_codes`
  MODIFY `id` bigint(20) UNSIGNED NOT NULL AUTO_INCREMENT, AUTO_INCREMENT=15;

--
-- AUTO_INCREMENT for table `users`
--
ALTER TABLE `users`
  MODIFY `id` int(10) UNSIGNED NOT NULL AUTO_INCREMENT, AUTO_INCREMENT=649;

--
-- AUTO_INCREMENT for table `user_audience_demographics`
--
ALTER TABLE `user_audience_demographics`
  MODIFY `id` bigint(20) UNSIGNED NOT NULL AUTO_INCREMENT, AUTO_INCREMENT=2;

--
-- AUTO_INCREMENT for table `user_business_licenses`
--
ALTER TABLE `user_business_licenses`
  MODIFY `id` bigint(20) UNSIGNED NOT NULL AUTO_INCREMENT, AUTO_INCREMENT=125;

--
-- AUTO_INCREMENT for table `user_devices`
--
ALTER TABLE `user_devices`
  MODIFY `id` bigint(20) UNSIGNED NOT NULL AUTO_INCREMENT, AUTO_INCREMENT=6;

--
-- AUTO_INCREMENT for table `user_video_request_categories`
--
ALTER TABLE `user_video_request_categories`
  MODIFY `id` bigint(20) UNSIGNED NOT NULL AUTO_INCREMENT, AUTO_INCREMENT=19;

--
-- AUTO_INCREMENT for table `verification_audit_logs`
--
ALTER TABLE `verification_audit_logs`
  MODIFY `id` bigint(20) UNSIGNED NOT NULL AUTO_INCREMENT, AUTO_INCREMENT=15;

--
-- AUTO_INCREMENT for table `verification_requests`
--
ALTER TABLE `verification_requests`
  MODIFY `id` int(10) UNSIGNED NOT NULL AUTO_INCREMENT, AUTO_INCREMENT=25;

--
-- AUTO_INCREMENT for table `video_calls`
--
ALTER TABLE `video_calls`
  MODIFY `id` bigint(20) UNSIGNED NOT NULL AUTO_INCREMENT, AUTO_INCREMENT=9942;

--
-- AUTO_INCREMENT for table `video_occasions`
--
ALTER TABLE `video_occasions`
  MODIFY `id` bigint(20) UNSIGNED NOT NULL AUTO_INCREMENT, AUTO_INCREMENT=5;

--
-- AUTO_INCREMENT for table `video_request_categories`
--
ALTER TABLE `video_request_categories`
  MODIFY `id` bigint(20) UNSIGNED NOT NULL AUTO_INCREMENT, AUTO_INCREMENT=3;

--
-- AUTO_INCREMENT for table `withdrawals`
--
ALTER TABLE `withdrawals`
  MODIFY `id` int(10) UNSIGNED NOT NULL AUTO_INCREMENT, AUTO_INCREMENT=10;

--
-- Constraints for dumped tables
--

--
-- Constraints for table `creator_pricing_rules`
--
ALTER TABLE `creator_pricing_rules`
  ADD CONSTRAINT `creator_pricing_rules_user_id_foreign` FOREIGN KEY (`user_id`) REFERENCES `users` (`id`) ON DELETE CASCADE;

--
-- Constraints for table `custom_offers`
--
ALTER TABLE `custom_offers`
  ADD CONSTRAINT `custom_offers_quote_id_foreign` FOREIGN KEY (`quote_id`) REFERENCES `custom_quotes` (`id`) ON DELETE SET NULL,
  ADD CONSTRAINT `custom_offers_receiver_id_foreign` FOREIGN KEY (`receiver_id`) REFERENCES `users` (`id`) ON DELETE CASCADE,
  ADD CONSTRAINT `custom_offers_sender_id_foreign` FOREIGN KEY (`sender_id`) REFERENCES `users` (`id`) ON DELETE CASCADE;

--
-- Constraints for table `custom_quotes`
--
ALTER TABLE `custom_quotes`
  ADD CONSTRAINT `custom_quotes_buyer_id_foreign` FOREIGN KEY (`buyer_id`) REFERENCES `users` (`id`) ON DELETE CASCADE,
  ADD CONSTRAINT `custom_quotes_seller_id_foreign` FOREIGN KEY (`seller_id`) REFERENCES `users` (`id`) ON DELETE CASCADE;

--
-- Constraints for table `messages`
--
ALTER TABLE `messages`
  ADD CONSTRAINT `messages_custom_offer_id_foreign` FOREIGN KEY (`custom_offer_id`) REFERENCES `custom_offers` (`id`) ON DELETE SET NULL;

--
-- Constraints for table `orders`
--
ALTER TABLE `orders`
  ADD CONSTRAINT `orders_business_profile_id_foreign` FOREIGN KEY (`business_profile_id`) REFERENCES `business_profiles` (`id`) ON DELETE SET NULL,
  ADD CONSTRAINT `orders_custom_offer_id_foreign` FOREIGN KEY (`custom_offer_id`) REFERENCES `custom_offers` (`id`) ON DELETE SET NULL,
  ADD CONSTRAINT `orders_video_request_category_id_foreign` FOREIGN KEY (`video_request_category_id`) REFERENCES `video_request_categories` (`id`) ON DELETE SET NULL;

--
-- Constraints for table `profile_views`
--
ALTER TABLE `profile_views`
  ADD CONSTRAINT `profile_views_celebrity_id_foreign` FOREIGN KEY (`celebrity_id`) REFERENCES `users` (`id`) ON DELETE CASCADE;

--
-- Constraints for table `stories`
--
ALTER TABLE `stories`
  ADD CONSTRAINT `stories_user_id_foreign` FOREIGN KEY (`user_id`) REFERENCES `users` (`id`) ON DELETE CASCADE;

--
-- Constraints for table `story_views`
--
ALTER TABLE `story_views`
  ADD CONSTRAINT `story_views_story_id_foreign` FOREIGN KEY (`story_id`) REFERENCES `stories` (`id`) ON DELETE CASCADE,
  ADD CONSTRAINT `story_views_user_id_foreign` FOREIGN KEY (`user_id`) REFERENCES `users` (`id`) ON DELETE CASCADE;

--
-- Constraints for table `tips`
--
ALTER TABLE `tips`
  ADD CONSTRAINT `tips_orders_id_foreign` FOREIGN KEY (`orders_id`) REFERENCES `orders` (`id`) ON DELETE CASCADE,
  ADD CONSTRAINT `tips_seller_id_foreign` FOREIGN KEY (`seller_id`) REFERENCES `users` (`id`) ON DELETE CASCADE,
  ADD CONSTRAINT `tips_transactions_id_foreign` FOREIGN KEY (`transactions_id`) REFERENCES `transactions` (`id`) ON DELETE SET NULL,
  ADD CONSTRAINT `tips_user_id_foreign` FOREIGN KEY (`user_id`) REFERENCES `users` (`id`) ON DELETE CASCADE;

--
-- Constraints for table `user_business_licenses`
--
ALTER TABLE `user_business_licenses`
  ADD CONSTRAINT `user_business_licenses_user_id_foreign` FOREIGN KEY (`user_id`) REFERENCES `users` (`id`) ON DELETE CASCADE;

--
-- Constraints for table `user_video_request_categories`
--
ALTER TABLE `user_video_request_categories`
  ADD CONSTRAINT `user_video_request_categories_user_id_foreign` FOREIGN KEY (`user_id`) REFERENCES `users` (`id`) ON DELETE CASCADE,
  ADD CONSTRAINT `user_video_request_categories_video_request_category_id_foreign` FOREIGN KEY (`video_request_category_id`) REFERENCES `video_request_categories` (`id`) ON DELETE CASCADE;
COMMIT;

