INSERT INTO `jobs` (`id`, `queue`, `payload`, `attempts`, `reserved_at`, `available_at`, `created_at`) VALUES
(437, 'notifications', '{\"uuid\":\"a164bcdb-5442-49d2-afa8-cea97397f56b\",\"displayName\":\"Modules\\\\NotificationTemplate\\\\Notifications\\\\CommonNotification\",\"job\":\"Illuminate\\\\Queue\\\\CallQueuedHandler@call\",\"maxTries\":null,\"maxExceptions\":null,\"failOnTimeout\":false,\"backoff\":null,\"timeout\":null,\"retryUntil\":null,\"data\":{\"commandName\":\"Illuminate\\\\Notifications\\\\SendQueuedNotifications\",\"command\":\"O:48:\\\"Illuminate\\\\Notifications\\\\SendQueuedNotifications\\\":4:{s:11:\\\"notifiables\\\";O:45:\\\"Illuminate\\\\Contracts\\\\Database\\\\ModelIdentifier\\\":5:{s:5:\\\"class\\\";s:15:\\\"App\\\\Models\\\\User\\\";s:2:\\\"id\\\";a:1:{i:0;i:1;}s:9:\\\"relations\\\";a:0:{}s:10:\\\"connection\\\";s:5:\\\"mysql\\\";s:15:\\\"collectionClass\\\";N;}s:12:\\\"notification\\\";O:61:\\\"Modules\\\\NotificationTemplate\\\\Notifications\\\\CommonNotification\\\":10:{s:4:\\\"type\\\";s:16:\\\"new_subscription\\\";s:4:\\\"data\\\";a:40:{s:17:\\\"notification_type\\\";s:16:\\\"new_subscription\\\";s:23:\\\"logged_in_user_fullname\\\";s:11:\\\"user 1 demo\\\";s:19:\\\"logged_in_user_role\\\";s:1:\\\"-\\\";s:12:\\\"company_name\\\";s:39:\\\"MXFlix: Your Ultimate Entertainment Hub\\\";s:20:\\\"company_contact_info\\\";s:30:\\\"+15162023950\\nbiz@miracuves.com\\\";s:4:\\\"type\\\";s:34:\\\"New Subscription - Review Required\\\";s:7:\\\"user_id\\\";i:1;s:9:\\\"user_name\\\";s:10:\\\"Admin Demo\\\";s:10:\\\"movie_name\\\";s:0:\\\"\\\";s:11:\\\"tvshow_name\\\";s:0:\\\"\\\";s:11:\\\"season_name\\\";s:0:\\\"\\\";s:12:\\\"episode_name\\\";s:0:\\\"\\\";s:8:\\\"end_date\\\";s:10:\\\"2027-03-03\\\";s:12:\\\"content_type\\\";s:0:\\\"\\\";s:10:\\\"start_date\\\";s:10:\\\"2026-03-03\\\";s:8:\\\"app_name\\\";s:6:\\\"MXFlix\\\";s:2:\\\"id\\\";i:35;s:7:\\\"plan_id\\\";i:6;s:17:\\\"subscription_plan\\\";s:13:\\\"Ultimate Plan\\\";s:10:\\\"identifier\\\";s:13:\\\"ultimate_plan\\\";s:6:\\\"status\\\";s:6:\\\"active\\\";s:6:\\\"amount\\\";d:375;s:16:\\\"amount_formatted\\\";s:7:\\\"$375.00\\\";s:10:\\\"tax_amount\\\";d:176.25;s:20:\\\"tax_amount_formatted\\\";s:7:\\\"$176.25\\\";s:12:\\\"total_amount\\\";d:551.25;s:22:\\\"total_amount_formatted\\\";s:7:\\\"$551.25\\\";s:15:\\\"coupon_discount\\\";d:125;s:25:\\\"coupon_discount_formatted\\\";s:7:\\\"$125.00\\\";s:8:\\\"duration\\\";i:1;s:18:\\\"duration_formatted\\\";s:6:\\\"1 Year\\\";s:9:\\\"plan_type\\\";a:6:{i:0;O:8:\\\"stdClass\\\":8:{s:2:\\\"id\\\";i:31;s:17:\\\"planlimitation_id\\\";i:1;s:16:\\\"limitation_title\\\";s:10:\\\"Video Cast\\\";s:16:\\\"limitation_value\\\";i:1;s:5:\\\"limit\\\";N;s:4:\\\"slug\\\";s:10:\\\"video-cast\\\";s:6:\\\"status\\\";i:1;s:7:\\\"message\\\";s:33:\\\"Cast videos to your TV with ease.\\\";}i:1;O:8:\\\"stdClass\\\":8:{s:2:\\\"id\\\";i:32;s:17:\\\"planlimitation_id\\\";i:2;s:16:\\\"limitation_title\\\";s:3:\\\"Ads\\\";s:16:\\\"limitation_value\\\";i:0;s:5:\\\"limit\\\";N;s:4:\\\"slug\\\";s:3:\\\"ads\\\";s:6:\\\"status\\\";i:1;s:7:\\\"message\\\";s:33:\\\"Ad-free streaming with this plan.\\\";}i:2;O:8:\\\"stdClass\\\":8:{s:2:\\\"id\\\";i:33;s:17:\\\"planlimitation_id\\\";i:3;s:16:\\\"limitation_title\\\";s:12:\\\"Device Limit\\\";s:16:\\\"limitation_value\\\";i:1;s:5:\\\"limit\\\";O:8:\\\"stdClass\\\":1:{s:5:\\\"value\\\";s:1:\\\"5\\\";}s:4:\\\"slug\\\";s:12:\\\"device-limit\\\";s:6:\\\"status\\\";i:1;s:7:\\\"message\\\";s:41:\\\"Stream on up to 5 devices simultaneously.\\\";}i:3;O:8:\\\"stdClass\\\":8:{s:2:\\\"id\\\";i:34;s:17:\\\"planlimitation_id\\\";i:4;s:16:\\\"limitation_title\\\";s:15:\\\"Download Status\\\";s:16:\\\"limitation_value\\\";i:1;s:5:\\\"limit\\\";O:8:\\\"stdClass\\\":7:{s:4:\\\"480p\\\";i:1;s:4:\\\"720p\\\";i:1;s:5:\\\"1080p\\\";i:1;s:5:\\\"1440p\\\";i:1;s:2:\\\"2K\\\";i:1;s:2:\\\"4K\\\";i:0;s:2:\\\"8K\\\";i:0;}s:4:\\\"slug\\\";s:15:\\\"download-status\\\";s:6:\\\"status\\\";i:1;s:7:\\\"message\\\";s:41:\\\"Enjoy unlimited downloads with this plan.\\\";}i:4;O:8:\\\"stdClass\\\":8:{s:2:\\\"id\\\";i:35;s:17:\\\"planlimitation_id\\\";i:5;s:16:\\\"limitation_title\\\";s:21:\\\"Supported Device Type\\\";s:16:\\\"limitation_value\\\";i:1;s:5:\\\"limit\\\";O:8:\\\"stdClass\\\":4:{s:6:\\\"tablet\\\";s:1:\\\"0\\\";s:6:\\\"laptop\\\";s:1:\\\"1\\\";s:6:\\\"mobile\\\";s:1:\\\"1\\\";s:2:\\\"tv\\\";s:1:\\\"1\\\";}s:4:\\\"slug\\\";s:21:\\\"supported-device-type\\\";s:6:\\\"status\\\";i:1;s:7:\\\"message\\\";N;}i:5;O:8:\\\"stdClass\\\":8:{s:2:\\\"id\\\";i:36;s:17:\\\"planlimitation_id\\\";i:6;s:16:\\\"limitation_title\\\";s:13:\\\"Profile Limit\\\";s:16:\\\"limitation_value\\\";i:1;s:5:\\\"limit\\\";O:8:\\\"stdClass\\\":1:{s:5:\\\"value\\\";s:1:\\\"3\\\";}s:4:\\\"slug\\\";s:13:\\\"profile-limit\\\";s:6:\\\"status\\\";i:1;s:7:\\\"message\\\";N;}}s:10:\\\"user_email\\\";s:14:\\\"user1@demo.com\\\";s:11:\\\"user_mobile\\\";s:13:\\\"+919876543210\\\";s:4:\\\"days\\\";i:0;s:14:\\\"days_remaining\\\";i:0;s:18:\\\"notification_group\\\";s:12:\\\"subscription\\\";s:8:\\\"site_url\\\";s:30:\\\"https:\\/\\/mxflix.mimeld.com\\\";s:9:\\\"user_type\\\";s:5:\\\"admin\\\";s:7:\\\"message\\\";s:52:\\\"New user Admin Demo subscribed - Plan: Ultimate Plan\\\";}s:7:\\\"subject\\\";s:34:\\\"New Subscription - Review Required\\\";s:13:\\\"email_subject\\\";s:22:\\\"New User is subscribe!\\\";s:12:\\\"notification\\\";O:45:\\\"Illuminate\\\\Contracts\\\\Database\\\\ModelIdentifier\\\":5:{s:5:\\\"class\\\";s:56:\\\"Modules\\\\NotificationTemplate\\\\Models\\\\NotificationTemplate\\\";s:2:\\\"id\\\";i:25;s:9:\\\"relations\\\";a:1:{i:0;s:30:\\\"defaultNotificationTemplateMap\\\";}s:10:\\\"connection\\\";s:5:\\\"mysql\\\";s:15:\\\"collectionClass\\\";N;}s:20:\\\"notification_message\\\";s:52:\\\"New user Admin Demo subscribed - Plan: Ultimate Plan\\\";s:7:\\\"appData\\\";a:3:{s:7:\\\"IS_MAIL\\\";s:1:\\\"1\\\";s:17:\\\"PUSH_NOTIFICATION\\\";s:1:\\\"1\\\";s:17:\\\"IS_CUSTOM_WEBHOOK\\\";s:1:\\\"0\\\";}s:13:\\\"template_data\\\";s:303:\\\"<p>Dear Admin Demo,<\\/p><p>A new user has subscribed to the platform.<\\/p><p>Subscription Details:<\\/p><ul><li>New User: Admin Demo<\\/li><li>Subscription Date: 2026-03-03<\\/li><li>Plan Type: Ultimate Plan<\\/li><li>Status: Active<\\/li><\\/ul><p>Please review the subscription details and welcome the new user.<\\/p>\\\";s:2:\\\"id\\\";s:36:\\\"3b16fbd8-52d6-432f-9be8-76a67993e4e7\\\";s:5:\\\"queue\\\";s:13:\\\"notifications\\\";}s:8:\\\"channels\\\";a:1:{i:0;s:8:\\\"database\\\";}s:5:\\\"queue\\\";s:13:\\\"notifications\\\";}\"},\"createdAt\":1772529073,\"delay\":null}', 0, NULL, 1772529073, 1772529073),
(438, 'notifications', '{\"uuid\":\"a08add80-bd1d-404f-854b-5aacb2791622\",\"displayName\":\"Modules\\\\NotificationTemplate\\\\Notifications\\\\CommonNotification\",\"job\":\"Illuminate\\\\Queue\\\\CallQueuedHandler@call\",\"maxTries\":null,\"maxExceptions\":null,\"failOnTimeout\":false,\"backoff\":null,\"timeout\":null,\"retryUntil\":null,\"data\":{\"commandName\":\"Illuminate\\\\Notifications\\\\SendQueuedNotifications\",\"command\":\"O:48:\\\"Illuminate\\\\Notifications\\\\SendQueuedNotifications\\\":4:{s:11:\\\"notifiables\\\";O:45:\\\"Illuminate\\\\Contracts\\\\Database\\\\ModelIdentifier\\\":5:{s:5:\\\"class\\\";s:15:\\\"App\\\\Models\\\\User\\\";s:2:\\\"id\\\";a:1:{i:0;i:1;}s:9:\\\"relations\\\";a:0:{}s:10:\\\"connection\\\";s:5:\\\"mysql\\\";s:15:\\\"collectionClass\\\";N;}s:12:\\\"notification\\\";O:61:\\\"Modules\\\\NotificationTemplate\\\\Notifications\\\\CommonNotification\\\":10:{s:4:\\\"type\\\";s:16:\\\"new_subscription\\\";s:4:\\\"data\\\";a:40:{s:17:\\\"notification_type\\\";s:16:\\\"new_subscription\\\";s:23:\\\"logged_in_user_fullname\\\";s:11:\\\"user 1 demo\\\";s:19:\\\"logged_in_user_role\\\";s:1:\\\"-\\\";s:12:\\\"company_name\\\";s:39:\\\"MXFlix: Your Ultimate Entertainment Hub\\\";s:20:\\\"company_contact_info\\\";s:30:\\\"+15162023950\\nbiz@miracuves.com\\\";s:4:\\\"type\\\";s:34:\\\"New Subscription - Review Required\\\";s:7:\\\"user_id\\\";i:1;s:9:\\\"user_name\\\";s:10:\\\"Admin Demo\\\";s:10:\\\"movie_name\\\";s:0:\\\"\\\";s:11:\\\"tvshow_name\\\";s:0:\\\"\\\";s:11:\\\"season_name\\\";s:0:\\\"\\\";s:12:\\\"episode_name\\\";s:0:\\\"\\\";s:8:\\\"end_date\\\";s:10:\\\"2027-03-03\\\";s:12:\\\"content_type\\\";s:0:\\\"\\\";s:10:\\\"start_date\\\";s:10:\\\"2026-03-03\\\";s:8:\\\"app_name\\\";s:6:\\\"MXFlix\\\";s:2:\\\"id\\\";i:35;s:7:\\\"plan_id\\\";i:6;s:17:\\\"subscription_plan\\\";s:13:\\\"Ultimate Plan\\\";s:10:\\\"identifier\\\";s:13:\\\"ultimate_plan\\\";s:6:\\\"status\\\";s:6:\\\"active\\\";s:6:\\\"amount\\\";d:375;s:16:\\\"amount_formatted\\\";s:7:\\\"$375.00\\\";s:10:\\\"tax_amount\\\";d:176.25;s:20:\\\"tax_amount_formatted\\\";s:7:\\\"$176.25\\\";s:12:\\\"total_amount\\\";d:551.25;s:22:\\\"total_amount_formatted\\\";s:7:\\\"$551.25\\\";s:15:\\\"coupon_discount\\\";d:125;s:25:\\\"coupon_discount_formatted\\\";s:7:\\\"$125.00\\\";s:8:\\\"duration\\\";i:1;s:18:\\\"duration_formatted\\\";s:6:\\\"1 Year\\\";s:9:\\\"plan_type\\\";a:6:{i:0;O:8:\\\"stdClass\\\":8:{s:2:\\\"id\\\";i:31;s:17:\\\"planlimitation_id\\\";i:1;s:16:\\\"limitation_title\\\";s:10:\\\"Video Cast\\\";s:16:\\\"limitation_value\\\";i:1;s:5:\\\"limit\\\";N;s:4:\\\"slug\\\";s:10:\\\"video-cast\\\";s:6:\\\"status\\\";i:1;s:7:\\\"message\\\";s:33:\\\"Cast videos to your TV with ease.\\\";}i:1;O:8:\\\"stdClass\\\":8:{s:2:\\\"id\\\";i:32;s:17:\\\"planlimitation_id\\\";i:2;s:16:\\\"limitation_title\\\";s:3:\\\"Ads\\\";s:16:\\\"limitation_value\\\";i:0;s:5:\\\"limit\\\";N;s:4:\\\"slug\\\";s:3:\\\"ads\\\";s:6:\\\"status\\\";i:1;s:7:\\\"message\\\";s:33:\\\"Ad-free streaming with this plan.\\\";}i:2;O:8:\\\"stdClass\\\":8:{s:2:\\\"id\\\";i:33;s:17:\\\"planlimitation_id\\\";i:3;s:16:\\\"limitation_title\\\";s:12:\\\"Device Limit\\\";s:16:\\\"limitation_value\\\";i:1;s:5:\\\"limit\\\";O:8:\\\"stdClass\\\":1:{s:5:\\\"value\\\";s:1:\\\"5\\\";}s:4:\\\"slug\\\";s:12:\\\"device-limit\\\";s:6:\\\"status\\\";i:1;s:7:\\\"message\\\";s:41:\\\"Stream on up to 5 devices simultaneously.\\\";}i:3;O:8:\\\"stdClass\\\":8:{s:2:\\\"id\\\";i:34;s:17:\\\"planlimitation_id\\\";i:4;s:16:\\\"limitation_title\\\";s:15:\\\"Download Status\\\";s:16:\\\"limitation_value\\\";i:1;s:5:\\\"limit\\\";O:8:\\\"stdClass\\\":7:{s:4:\\\"480p\\\";i:1;s:4:\\\"720p\\\";i:1;s:5:\\\"1080p\\\";i:1;s:5:\\\"1440p\\\";i:1;s:2:\\\"2K\\\";i:1;s:2:\\\"4K\\\";i:0;s:2:\\\"8K\\\";i:0;}s:4:\\\"slug\\\";s:15:\\\"download-status\\\";s:6:\\\"status\\\";i:1;s:7:\\\"message\\\";s:41:\\\"Enjoy unlimited downloads with this plan.\\\";}i:4;O:8:\\\"stdClass\\\":8:{s:2:\\\"id\\\";i:35;s:17:\\\"planlimitation_id\\\";i:5;s:16:\\\"limitation_title\\\";s:21:\\\"Supported Device Type\\\";s:16:\\\"limitation_value\\\";i:1;s:5:\\\"limit\\\";O:8:\\\"stdClass\\\":4:{s:6:\\\"tablet\\\";s:1:\\\"0\\\";s:6:\\\"laptop\\\";s:1:\\\"1\\\";s:6:\\\"mobile\\\";s:1:\\\"1\\\";s:2:\\\"tv\\\";s:1:\\\"1\\\";}s:4:\\\"slug\\\";s:21:\\\"supported-device-type\\\";s:6:\\\"status\\\";i:1;s:7:\\\"message\\\";N;}i:5;O:8:\\\"stdClass\\\":8:{s:2:\\\"id\\\";i:36;s:17:\\\"planlimitation_id\\\";i:6;s:16:\\\"limitation_title\\\";s:13:\\\"Profile Limit\\\";s:16:\\\"limitation_value\\\";i:1;s:5:\\\"limit\\\";O:8:\\\"stdClass\\\":1:{s:5:\\\"value\\\";s:1:\\\"3\\\";}s:4:\\\"slug\\\";s:13:\\\"profile-limit\\\";s:6:\\\"status\\\";i:1;s:7:\\\"message\\\";N;}}s:10:\\\"user_email\\\";s:14:\\\"user1@demo.com\\\";s:11:\\\"user_mobile\\\";s:13:\\\"+919876543210\\\";s:4:\\\"days\\\";i:0;s:14:\\\"days_remaining\\\";i:0;s:18:\\\"notification_group\\\";s:12:\\\"subscription\\\";s:8:\\\"site_url\\\";s:30:\\\"https:\\/\\/mxflix.mimeld.com\\\";s:9:\\\"user_type\\\";s:5:\\\"admin\\\";s:7:\\\"message\\\";s:52:\\\"New user Admin Demo subscribed - Plan: Ultimate Plan\\\";}s:7:\\\"subject\\\";s:34:\\\"New Subscription - Review Required\\\";s:13:\\\"email_subject\\\";s:22:\\\"New User is subscribe!\\\";s:12:\\\"notification\\\";O:45:\\\"Illuminate\\\\Contracts\\\\Database\\\\ModelIdentifier\\\":5:{s:5:\\\"class\\\";s:56:\\\"Modules\\\\NotificationTemplate\\\\Models\\\\NotificationTemplate\\\";s:2:\\\"id\\\";i:25;s:9:\\\"relations\\\";a:1:{i:0;s:30:\\\"defaultNotificationTemplateMap\\\";}s:10:\\\"connection\\\";s:5:\\\"mysql\\\";s:15:\\\"collectionClass\\\";N;}s:20:\\\"notification_message\\\";s:52:\\\"New user Admin Demo subscribed - Plan: Ultimate Plan\\\";s:7:\\\"appData\\\";a:3:{s:7:\\\"IS_MAIL\\\";s:1:\\\"1\\\";s:17:\\\"PUSH_NOTIFICATION\\\";s:1:\\\"1\\\";s:17:\\\"IS_CUSTOM_WEBHOOK\\\";s:1:\\\"0\\\";}s:13:\\\"template_data\\\";s:303:\\\"<p>Dear Admin Demo,<\\/p><p>A new user has subscribed to the platform.<\\/p><p>Subscription Details:<\\/p><ul><li>New User: Admin Demo<\\/li><li>Subscription Date: 2026-03-03<\\/li><li>Plan Type: Ultimate Plan<\\/li><li>Status: Active<\\/li><\\/ul><p>Please review the subscription details and welcome the new user.<\\/p>\\\";s:2:\\\"id\\\";s:36:\\\"3b16fbd8-52d6-432f-9be8-76a67993e4e7\\\";s:5:\\\"queue\\\";s:13:\\\"notifications\\\";}s:8:\\\"channels\\\";a:1:{i:0;s:52:\\\"Modules\\\\NotificationTemplate\\\\Broadcasting\\\\FcmChannel\\\";}s:5:\\\"queue\\\";s:13:\\\"notifications\\\";}\"},\"createdAt\":1772529073,\"delay\":null}', 0, NULL, 1772529073, 1772529073),
(439, 'notifications', '{\"uuid\":\"476efde9-2b89-46fd-98fb-bea8f3acb96f\",\"displayName\":\"Modules\\\\NotificationTemplate\\\\Notifications\\\\CommonNotification\",\"job\":\"Illuminate\\\\Queue\\\\CallQueuedHandler@call\",\"maxTries\":null,\"maxExceptions\":null,\"failOnTimeout\":false,\"backoff\":null,\"timeout\":null,\"retryUntil\":null,\"data\":{\"commandName\":\"Illuminate\\\\Notifications\\\\SendQueuedNotifications\",\"command\":\"O:48:\\\"Illuminate\\\\Notifications\\\\SendQueuedNotifications\\\":4:{s:11:\\\"notifiables\\\";O:45:\\\"Illuminate\\\\Contracts\\\\Database\\\\ModelIdentifier\\\":5:{s:5:\\\"class\\\";s:15:\\\"App\\\\Models\\\\User\\\";s:2:\\\"id\\\";a:1:{i:0;i:2;}s:9:\\\"relations\\\";a:0:{}s:10:\\\"connection\\\";s:5:\\\"mysql\\\";s:15:\\\"collectionClass\\\";N;}s:12:\\\"notification\\\";O:61:\\\"Modules\\\\NotificationTemplate\\\\Notifications\\\\CommonNotification\\\":10:{s:4:\\\"type\\\";s:16:\\\"new_subscription\\\";s:4:\\\"data\\\";a:40:{s:17:\\\"notification_type\\\";s:16:\\\"new_subscription\\\";s:23:\\\"logged_in_user_fullname\\\";s:11:\\\"user 1 demo\\\";s:19:\\\"logged_in_user_role\\\";s:1:\\\"-\\\";s:12:\\\"company_name\\\";s:39:\\\"MXFlix: Your Ultimate Entertainment Hub\\\";s:20:\\\"company_contact_info\\\";s:30:\\\"+15162023950\\nbiz@miracuves.com\\\";s:4:\\\"type\\\";s:34:\\\"New Subscription - Review Required\\\";s:7:\\\"user_id\\\";i:2;s:9:\\\"user_name\\\";s:11:\\\"Ivan Norris\\\";s:10:\\\"movie_name\\\";s:0:\\\"\\\";s:11:\\\"tvshow_name\\\";s:0:\\\"\\\";s:11:\\\"season_name\\\";s:0:\\\"\\\";s:12:\\\"episode_name\\\";s:0:\\\"\\\";s:8:\\\"end_date\\\";s:10:\\\"2027-03-03\\\";s:12:\\\"content_type\\\";s:0:\\\"\\\";s:10:\\\"start_date\\\";s:16:\\\"2026-03-03 05:30\\\";s:8:\\\"app_name\\\";s:6:\\\"MXFlix\\\";s:2:\\\"id\\\";i:35;s:7:\\\"plan_id\\\";i:6;s:17:\\\"subscription_plan\\\";s:13:\\\"Ultimate Plan\\\";s:10:\\\"identifier\\\";s:13:\\\"ultimate_plan\\\";s:6:\\\"status\\\";s:6:\\\"active\\\";s:6:\\\"amount\\\";d:375;s:16:\\\"amount_formatted\\\";s:7:\\\"$375.00\\\";s:10:\\\"tax_amount\\\";d:176.25;s:20:\\\"tax_amount_formatted\\\";s:7:\\\"$176.25\\\";s:12:\\\"total_amount\\\";d:551.25;s:22:\\\"total_amount_formatted\\\";s:7:\\\"$551.25\\\";s:15:\\\"coupon_discount\\\";d:125;s:25:\\\"coupon_discount_formatted\\\";s:7:\\\"$125.00\\\";s:8:\\\"duration\\\";i:1;s:18:\\\"duration_formatted\\\";s:6:\\\"1 Year\\\";s:9:\\\"plan_type\\\";a:6:{i:0;O:8:\\\"stdClass\\\":8:{s:2:\\\"id\\\";i:31;s:17:\\\"planlimitation_id\\\";i:1;s:16:\\\"limitation_title\\\";s:10:\\\"Video Cast\\\";s:16:\\\"limitation_value\\\";i:1;s:5:\\\"limit\\\";N;s:4:\\\"slug\\\";s:10:\\\"video-cast\\\";s:6:\\\"status\\\";i:1;s:7:\\\"message\\\";s:33:\\\"Cast videos to your TV with ease.\\\";}i:1;O:8:\\\"stdClass\\\":8:{s:2:\\\"id\\\";i:32;s:17:\\\"planlimitation_id\\\";i:2;s:16:\\\"limitation_title\\\";s:3:\\\"Ads\\\";s:16:\\\"limitation_value\\\";i:0;s:5:\\\"limit\\\";N;s:4:\\\"slug\\\";s:3:\\\"ads\\\";s:6:\\\"status\\\";i:1;s:7:\\\"message\\\";s:33:\\\"Ad-free streaming with this plan.\\\";}i:2;O:8:\\\"stdClass\\\":8:{s:2:\\\"id\\\";i:33;s:17:\\\"planlimitation_id\\\";i:3;s:16:\\\"limitation_title\\\";s:12:\\\"Device Limit\\\";s:16:\\\"limitation_value\\\";i:1;s:5:\\\"limit\\\";O:8:\\\"stdClass\\\":1:{s:5:\\\"value\\\";s:1:\\\"5\\\";}s:4:\\\"slug\\\";s:12:\\\"device-limit\\\";s:6:\\\"status\\\";i:1;s:7:\\\"message\\\";s:41:\\\"Stream on up to 5 devices simultaneously.\\\";}i:3;O:8:\\\"stdClass\\\":8:{s:2:\\\"id\\\";i:34;s:17:\\\"planlimitation_id\\\";i:4;s:16:\\\"limitation_title\\\";s:15:\\\"Download Status\\\";s:16:\\\"limitation_value\\\";i:1;s:5:\\\"limit\\\";O:8:\\\"stdClass\\\":7:{s:4:\\\"480p\\\";i:1;s:4:\\\"720p\\\";i:1;s:5:\\\"1080p\\\";i:1;s:5:\\\"1440p\\\";i:1;s:2:\\\"2K\\\";i:1;s:2:\\\"4K\\\";i:0;s:2:\\\"8K\\\";i:0;}s:4:\\\"slug\\\";s:15:\\\"download-status\\\";s:6:\\\"status\\\";i:1;s:7:\\\"message\\\";s:41:\\\"Enjoy unlimited downloads with this plan.\\\";}i:4;O:8:\\\"stdClass\\\":8:{s:2:\\\"id\\\";i:35;s:17:\\\"planlimitation_id\\\";i:5;s:16:\\\"limitation_title\\\";s:21:\\\"Supported Device Type\\\";s:16:\\\"limitation_value\\\";i:1;s:5:\\\"limit\\\";O:8:\\\"stdClass\\\":4:{s:6:\\\"tablet\\\";s:1:\\\"0\\\";s:6:\\\"laptop\\\";s:1:\\\"1\\\";s:6:\\\"mobile\\\";s:1:\\\"1\\\";s:2:\\\"tv\\\";s:1:\\\"1\\\";}s:4:\\\"slug\\\";s:21:\\\"supported-device-type\\\";s:6:\\\"status\\\";i:1;s:7:\\\"message\\\";N;}i:5;O:8:\\\"stdClass\\\":8:{s:2:\\\"id\\\";i:36;s:17:\\\"planlimitation_id\\\";i:6;s:16:\\\"limitation_title\\\";s:13:\\\"Profile Limit\\\";s:16:\\\"limitation_value\\\";i:1;s:5:\\\"limit\\\";O:8:\\\"stdClass\\\":1:{s:5:\\\"value\\\";s:1:\\\"3\\\";}s:4:\\\"slug\\\";s:13:\\\"profile-limit\\\";s:6:\\\"status\\\";i:1;s:7:\\\"message\\\";N;}}s:10:\\\"user_email\\\";s:14:\\\"user1@demo.com\\\";s:11:\\\"user_mobile\\\";s:13:\\\"+919876543210\\\";s:4:\\\"days\\\";i:0;s:14:\\\"days_remaining\\\";i:0;s:18:\\\"notification_group\\\";s:12:\\\"subscription\\\";s:8:\\\"site_url\\\";s:30:\\\"https:\\/\\/mxflix.mimeld.com\\\";s:9:\\\"user_type\\\";s:10:\\\"demo_admin\\\";s:7:\\\"message\\\";s:53:\\\"New user Ivan Norris subscribed - Plan: Ultimate Plan\\\";}s:7:\\\"subject\\\";s:34:\\\"New Subscription - Review Required\\\";s:13:\\\"email_subject\\\";s:22:\\\"New User is subscribe!\\\";s:12:\\\"notification\\\";O:45:\\\"Illuminate\\\\Contracts\\\\Database\\\\ModelIdentifier\\\":5:{s:5:\\\"class\\\";s:56:\\\"Modules\\\\NotificationTemplate\\\\Models\\\\NotificationTemplate\\\";s:2:\\\"id\\\";i:25;s:9:\\\"relations\\\";a:1:{i:0;s:30:\\\"defaultNotificationTemplateMap\\\";}s:10:\\\"connection\\\";s:5:\\\"mysql\\\";s:15:\\\"collectionClass\\\";N;}s:20:\\\"notification_message\\\";s:53:\\\"New user Ivan Norris subscribed - Plan: Ultimate Plan\\\";s:7:\\\"appData\\\";a:3:{s:7:\\\"IS_MAIL\\\";s:1:\\\"1\\\";s:17:\\\"PUSH_NOTIFICATION\\\";s:1:\\\"1\\\";s:17:\\\"IS_CUSTOM_WEBHOOK\\\";s:1:\\\"0\\\";}s:13:\\\"template_data\\\";s:311:\\\"<p>Dear Ivan Norris,<\\/p><p>A new user has subscribed to the platform.<\\/p><p>Subscription Details:<\\/p><ul><li>New User: Ivan Norris<\\/li><li>Subscription Date: 2026-03-03 05:30<\\/li><li>Plan Type: Ultimate Plan<\\/li><li>Status: Active<\\/li><\\/ul><p>Please review the subscription details and welcome the new user.<\\/p>\\\";s:2:\\\"id\\\";s:36:\\\"56fa8d44-afc0-4db1-98b6-f5dc16ffe15a\\\";s:5:\\\"queue\\\";s:13:\\\"notifications\\\";}s:8:\\\"channels\\\";a:1:{i:0;s:4:\\\"mail\\\";}s:5:\\\"queue\\\";s:13:\\\"notifications\\\";}\"},\"createdAt\":1772529073,\"delay\":null}', 0, NULL, 1772529073, 1772529073),
(440, 'notifications', '{\"uuid\":\"e9fdfe0b-f1f5-43a7-84aa-039fce111b3b\",\"displayName\":\"Modules\\\\NotificationTemplate\\\\Notifications\\\\CommonNotification\",\"job\":\"Illuminate\\\\Queue\\\\CallQueuedHandler@call\",\"maxTries\":null,\"maxExceptions\":null,\"failOnTimeout\":false,\"backoff\":null,\"timeout\":null,\"retryUntil\":null,\"data\":{\"commandName\":\"Illuminate\\\\Notifications\\\\SendQueuedNotifications\",\"command\":\"O:48:\\\"Illuminate\\\\Notifications\\\\SendQueuedNotifications\\\":4:{s:11:\\\"notifiables\\\";O:45:\\\"Illuminate\\\\Contracts\\\\Database\\\\ModelIdentifier\\\":5:{s:5:\\\"class\\\";s:15:\\\"App\\\\Models\\\\User\\\";s:2:\\\"id\\\";a:1:{i:0;i:2;}s:9:\\\"relations\\\";a:0:{}s:10:\\\"connection\\\";s:5:\\\"mysql\\\";s:15:\\\"collectionClass\\\";N;}s:12:\\\"notification\\\";O:61:\\\"Modules\\\\NotificationTemplate\\\\Notifications\\\\CommonNotification\\\":10:{s:4:\\\"type\\\";s:16:\\\"new_subscription\\\";s:4:\\\"data\\\";a:40:{s:17:\\\"notification_type\\\";s:16:\\\"new_subscription\\\";s:23:\\\"logged_in_user_fullname\\\";s:11:\\\"user 1 demo\\\";s:19:\\\"logged_in_user_role\\\";s:1:\\\"-\\\";s:12:\\\"company_name\\\";s:39:\\\"MXFlix: Your Ultimate Entertainment Hub\\\";s:20:\\\"company_contact_info\\\";s:30:\\\"+15162023950\\nbiz@miracuves.com\\\";s:4:\\\"type\\\";s:34:\\\"New Subscription - Review Required\\\";s:7:\\\"user_id\\\";i:2;s:9:\\\"user_name\\\";s:11:\\\"Ivan Norris\\\";s:10:\\\"movie_name\\\";s:0:\\\"\\\";s:11:\\\"tvshow_name\\\";s:0:\\\"\\\";s:11:\\\"season_name\\\";s:0:\\\"\\\";s:12:\\\"episode_name\\\";s:0:\\\"\\\";s:8:\\\"end_date\\\";s:10:\\\"2027-03-03\\\";s:12:\\\"content_type\\\";s:0:\\\"\\\";s:10:\\\"start_date\\\";s:16:\\\"2026-03-03 05:30\\\";s:8:\\\"app_name\\\";s:6:\\\"MXFlix\\\";s:2:\\\"id\\\";i:35;s:7:\\\"plan_id\\\";i:6;s:17:\\\"subscription_plan\\\";s:13:\\\"Ultimate Plan\\\";s:10:\\\"identifier\\\";s:13:\\\"ultimate_plan\\\";s:6:\\\"status\\\";s:6:\\\"active\\\";s:6:\\\"amount\\\";d:375;s:16:\\\"amount_formatted\\\";s:7:\\\"$375.00\\\";s:10:\\\"tax_amount\\\";d:176.25;s:20:\\\"tax_amount_formatted\\\";s:7:\\\"$176.25\\\";s:12:\\\"total_amount\\\";d:551.25;s:22:\\\"total_amount_formatted\\\";s:7:\\\"$551.25\\\";s:15:\\\"coupon_discount\\\";d:125;s:25:\\\"coupon_discount_formatted\\\";s:7:\\\"$125.00\\\";s:8:\\\"duration\\\";i:1;s:18:\\\"duration_formatted\\\";s:6:\\\"1 Year\\\";s:9:\\\"plan_type\\\";a:6:{i:0;O:8:\\\"stdClass\\\":8:{s:2:\\\"id\\\";i:31;s:17:\\\"planlimitation_id\\\";i:1;s:16:\\\"limitation_title\\\";s:10:\\\"Video Cast\\\";s:16:\\\"limitation_value\\\";i:1;s:5:\\\"limit\\\";N;s:4:\\\"slug\\\";s:10:\\\"video-cast\\\";s:6:\\\"status\\\";i:1;s:7:\\\"message\\\";s:33:\\\"Cast videos to your TV with ease.\\\";}i:1;O:8:\\\"stdClass\\\":8:{s:2:\\\"id\\\";i:32;s:17:\\\"planlimitation_id\\\";i:2;s:16:\\\"limitation_title\\\";s:3:\\\"Ads\\\";s:16:\\\"limitation_value\\\";i:0;s:5:\\\"limit\\\";N;s:4:\\\"slug\\\";s:3:\\\"ads\\\";s:6:\\\"status\\\";i:1;s:7:\\\"message\\\";s:33:\\\"Ad-free streaming with this plan.\\\";}i:2;O:8:\\\"stdClass\\\":8:{s:2:\\\"id\\\";i:33;s:17:\\\"planlimitation_id\\\";i:3;s:16:\\\"limitation_title\\\";s:12:\\\"Device Limit\\\";s:16:\\\"limitation_value\\\";i:1;s:5:\\\"limit\\\";O:8:\\\"stdClass\\\":1:{s:5:\\\"value\\\";s:1:\\\"5\\\";}s:4:\\\"slug\\\";s:12:\\\"device-limit\\\";s:6:\\\"status\\\";i:1;s:7:\\\"message\\\";s:41:\\\"Stream on up to 5 devices simultaneously.\\\";}i:3;O:8:\\\"stdClass\\\":8:{s:2:\\\"id\\\";i:34;s:17:\\\"planlimitation_id\\\";i:4;s:16:\\\"limitation_title\\\";s:15:\\\"Download Status\\\";s:16:\\\"limitation_value\\\";i:1;s:5:\\\"limit\\\";O:8:\\\"stdClass\\\":7:{s:4:\\\"480p\\\";i:1;s:4:\\\"720p\\\";i:1;s:5:\\\"1080p\\\";i:1;s:5:\\\"1440p\\\";i:1;s:2:\\\"2K\\\";i:1;s:2:\\\"4K\\\";i:0;s:2:\\\"8K\\\";i:0;}s:4:\\\"slug\\\";s:15:\\\"download-status\\\";s:6:\\\"status\\\";i:1;s:7:\\\"message\\\";s:41:\\\"Enjoy unlimited downloads with this plan.\\\";}i:4;O:8:\\\"stdClass\\\":8:{s:2:\\\"id\\\";i:35;s:17:\\\"planlimitation_id\\\";i:5;s:16:\\\"limitation_title\\\";s:21:\\\"Supported Device Type\\\";s:16:\\\"limitation_value\\\";i:1;s:5:\\\"limit\\\";O:8:\\\"stdClass\\\":4:{s:6:\\\"tablet\\\";s:1:\\\"0\\\";s:6:\\\"laptop\\\";s:1:\\\"1\\\";s:6:\\\"mobile\\\";s:1:\\\"1\\\";s:2:\\\"tv\\\";s:1:\\\"1\\\";}s:4:\\\"slug\\\";s:21:\\\"supported-device-type\\\";s:6:\\\"status\\\";i:1;s:7:\\\"message\\\";N;}i:5;O:8:\\\"stdClass\\\":8:{s:2:\\\"id\\\";i:36;s:17:\\\"planlimitation_id\\\";i:6;s:16:\\\"limitation_title\\\";s:13:\\\"Profile Limit\\\";s:16:\\\"limitation_value\\\";i:1;s:5:\\\"limit\\\";O:8:\\\"stdClass\\\":1:{s:5:\\\"value\\\";s:1:\\\"3\\\";}s:4:\\\"slug\\\";s:13:\\\"profile-limit\\\";s:6:\\\"status\\\";i:1;s:7:\\\"message\\\";N;}}s:10:\\\"user_email\\\";s:14:\\\"user1@demo.com\\\";s:11:\\\"user_mobile\\\";s:13:\\\"+919876543210\\\";s:4:\\\"days\\\";i:0;s:14:\\\"days_remaining\\\";i:0;s:18:\\\"notification_group\\\";s:12:\\\"subscription\\\";s:8:\\\"site_url\\\";s:30:\\\"https:\\/\\/mxflix.mimeld.com\\\";s:9:\\\"user_type\\\";s:10:\\\"demo_admin\\\";s:7:\\\"message\\\";s:53:\\\"New user Ivan Norris subscribed - Plan: Ultimate Plan\\\";}s:7:\\\"subject\\\";s:34:\\\"New Subscription - Review Required\\\";s:13:\\\"email_subject\\\";s:22:\\\"New User is subscribe!\\\";s:12:\\\"notification\\\";O:45:\\\"Illuminate\\\\Contracts\\\\Database\\\\ModelIdentifier\\\":5:{s:5:\\\"class\\\";s:56:\\\"Modules\\\\NotificationTemplate\\\\Models\\\\NotificationTemplate\\\";s:2:\\\"id\\\";i:25;s:9:\\\"relations\\\";a:1:{i:0;s:30:\\\"defaultNotificationTemplateMap\\\";}s:10:\\\"connection\\\";s:5:\\\"mysql\\\";s:15:\\\"collectionClass\\\";N;}s:20:\\\"notification_message\\\";s:53:\\\"New user Ivan Norris subscribed - Plan: Ultimate Plan\\\";s:7:\\\"appData\\\";a:3:{s:7:\\\"IS_MAIL\\\";s:1:\\\"1\\\";s:17:\\\"PUSH_NOTIFICATION\\\";s:1:\\\"1\\\";s:17:\\\"IS_CUSTOM_WEBHOOK\\\";s:1:\\\"0\\\";}s:13:\\\"template_data\\\";s:311:\\\"<p>Dear Ivan Norris,<\\/p><p>A new user has subscribed to the platform.<\\/p><p>Subscription Details:<\\/p><ul><li>New User: Ivan Norris<\\/li><li>Subscription Date: 2026-03-03 05:30<\\/li><li>Plan Type: Ultimate Plan<\\/li><li>Status: Active<\\/li><\\/ul><p>Please review the subscription details and welcome the new user.<\\/p>\\\";s:2:\\\"id\\\";s:36:\\\"56fa8d44-afc0-4db1-98b6-f5dc16ffe15a\\\";s:5:\\\"queue\\\";s:13:\\\"notifications\\\";}s:8:\\\"channels\\\";a:1:{i:0;s:8:\\\"database\\\";}s:5:\\\"queue\\\";s:13:\\\"notifications\\\";}\"},\"createdAt\":1772529073,\"delay\":null}', 0, NULL, 1772529073, 1772529073),
(441, 'notifications', '{\"uuid\":\"d93d3363-351f-4d65-a414-ae1534b92506\",\"displayName\":\"Modules\\\\NotificationTemplate\\\\Notifications\\\\CommonNotification\",\"job\":\"Illuminate\\\\Queue\\\\CallQueuedHandler@call\",\"maxTries\":null,\"maxExceptions\":null,\"failOnTimeout\":false,\"backoff\":null,\"timeout\":null,\"retryUntil\":null,\"data\":{\"commandName\":\"Illuminate\\\\Notifications\\\\SendQueuedNotifications\",\"command\":\"O:48:\\\"Illuminate\\\\Notifications\\\\SendQueuedNotifications\\\":4:{s:11:\\\"notifiables\\\";O:45:\\\"Illuminate\\\\Contracts\\\\Database\\\\ModelIdentifier\\\":5:{s:5:\\\"class\\\";s:15:\\\"App\\\\Models\\\\User\\\";s:2:\\\"id\\\";a:1:{i:0;i:2;}s:9:\\\"relations\\\";a:0:{}s:10:\\\"connection\\\";s:5:\\\"mysql\\\";s:15:\\\"collectionClass\\\";N;}s:12:\\\"notification\\\";O:61:\\\"Modules\\\\NotificationTemplate\\\\Notifications\\\\CommonNotification\\\":10:{s:4:\\\"type\\\";s:16:\\\"new_subscription\\\";s:4:\\\"data\\\";a:40:{s:17:\\\"notification_type\\\";s:16:\\\"new_subscription\\\";s:23:\\\"logged_in_user_fullname\\\";s:11:\\\"user 1 demo\\\";s:19:\\\"logged_in_user_role\\\";s:1:\\\"-\\\";s:12:\\\"company_name\\\";s:39:\\\"MXFlix: Your Ultimate Entertainment Hub\\\";s:20:\\\"company_contact_info\\\";s:30:\\\"+15162023950\\nbiz@miracuves.com\\\";s:4:\\\"type\\\";s:34:\\\"New Subscription - Review Required\\\";s:7:\\\"user_id\\\";i:2;s:9:\\\"user_name\\\";s:11:\\\"Ivan Norris\\\";s:10:\\\"movie_name\\\";s:0:\\\"\\\";s:11:\\\"tvshow_name\\\";s:0:\\\"\\\";s:11:\\\"season_name\\\";s:0:\\\"\\\";s:12:\\\"episode_name\\\";s:0:\\\"\\\";s:8:\\\"end_date\\\";s:10:\\\"2027-03-03\\\";s:12:\\\"content_type\\\";s:0:\\\"\\\";s:10:\\\"start_date\\\";s:16:\\\"2026-03-03 05:30\\\";s:8:\\\"app_name\\\";s:6:\\\"MXFlix\\\";s:2:\\\"id\\\";i:35;s:7:\\\"plan_id\\\";i:6;s:17:\\\"subscription_plan\\\";s:13:\\\"Ultimate Plan\\\";s:10:\\\"identifier\\\";s:13:\\\"ultimate_plan\\\";s:6:\\\"status\\\";s:6:\\\"active\\\";s:6:\\\"amount\\\";d:375;s:16:\\\"amount_formatted\\\";s:7:\\\"$375.00\\\";s:10:\\\"tax_amount\\\";d:176.25;s:20:\\\"tax_amount_formatted\\\";s:7:\\\"$176.25\\\";s:12:\\\"total_amount\\\";d:551.25;s:22:\\\"total_amount_formatted\\\";s:7:\\\"$551.25\\\";s:15:\\\"coupon_discount\\\";d:125;s:25:\\\"coupon_discount_formatted\\\";s:7:\\\"$125.00\\\";s:8:\\\"duration\\\";i:1;s:18:\\\"duration_formatted\\\";s:6:\\\"1 Year\\\";s:9:\\\"plan_type\\\";a:6:{i:0;O:8:\\\"stdClass\\\":8:{s:2:\\\"id\\\";i:31;s:17:\\\"planlimitation_id\\\";i:1;s:16:\\\"limitation_title\\\";s:10:\\\"Video Cast\\\";s:16:\\\"limitation_value\\\";i:1;s:5:\\\"limit\\\";N;s:4:\\\"slug\\\";s:10:\\\"video-cast\\\";s:6:\\\"status\\\";i:1;s:7:\\\"message\\\";s:33:\\\"Cast videos to your TV with ease.\\\";}i:1;O:8:\\\"stdClass\\\":8:{s:2:\\\"id\\\";i:32;s:17:\\\"planlimitation_id\\\";i:2;s:16:\\\"limitation_title\\\";s:3:\\\"Ads\\\";s:16:\\\"limitation_value\\\";i:0;s:5:\\\"limit\\\";N;s:4:\\\"slug\\\";s:3:\\\"ads\\\";s:6:\\\"status\\\";i:1;s:7:\\\"message\\\";s:33:\\\"Ad-free streaming with this plan.\\\";}i:2;O:8:\\\"stdClass\\\":8:{s:2:\\\"id\\\";i:33;s:17:\\\"planlimitation_id\\\";i:3;s:16:\\\"limitation_title\\\";s:12:\\\"Device Limit\\\";s:16:\\\"limitation_value\\\";i:1;s:5:\\\"limit\\\";O:8:\\\"stdClass\\\":1:{s:5:\\\"value\\\";s:1:\\\"5\\\";}s:4:\\\"slug\\\";s:12:\\\"device-limit\\\";s:6:\\\"status\\\";i:1;s:7:\\\"message\\\";s:41:\\\"Stream on up to 5 devices simultaneously.\\\";}i:3;O:8:\\\"stdClass\\\":8:{s:2:\\\"id\\\";i:34;s:17:\\\"planlimitation_id\\\";i:4;s:16:\\\"limitation_title\\\";s:15:\\\"Download Status\\\";s:16:\\\"limitation_value\\\";i:1;s:5:\\\"limit\\\";O:8:\\\"stdClass\\\":7:{s:4:\\\"480p\\\";i:1;s:4:\\\"720p\\\";i:1;s:5:\\\"1080p\\\";i:1;s:5:\\\"1440p\\\";i:1;s:2:\\\"2K\\\";i:1;s:2:\\\"4K\\\";i:0;s:2:\\\"8K\\\";i:0;}s:4:\\\"slug\\\";s:15:\\\"download-status\\\";s:6:\\\"status\\\";i:1;s:7:\\\"message\\\";s:41:\\\"Enjoy unlimited downloads with this plan.\\\";}i:4;O:8:\\\"stdClass\\\":8:{s:2:\\\"id\\\";i:35;s:17:\\\"planlimitation_id\\\";i:5;s:16:\\\"limitation_title\\\";s:21:\\\"Supported Device Type\\\";s:16:\\\"limitation_value\\\";i:1;s:5:\\\"limit\\\";O:8:\\\"stdClass\\\":4:{s:6:\\\"tablet\\\";s:1:\\\"0\\\";s:6:\\\"laptop\\\";s:1:\\\"1\\\";s:6:\\\"mobile\\\";s:1:\\\"1\\\";s:2:\\\"tv\\\";s:1:\\\"1\\\";}s:4:\\\"slug\\\";s:21:\\\"supported-device-type\\\";s:6:\\\"status\\\";i:1;s:7:\\\"message\\\";N;}i:5;O:8:\\\"stdClass\\\":8:{s:2:\\\"id\\\";i:36;s:17:\\\"planlimitation_id\\\";i:6;s:16:\\\"limitation_title\\\";s:13:\\\"Profile Limit\\\";s:16:\\\"limitation_value\\\";i:1;s:5:\\\"limit\\\";O:8:\\\"stdClass\\\":1:{s:5:\\\"value\\\";s:1:\\\"3\\\";}s:4:\\\"slug\\\";s:13:\\\"profile-limit\\\";s:6:\\\"status\\\";i:1;s:7:\\\"message\\\";N;}}s:10:\\\"user_email\\\";s:14:\\\"user1@demo.com\\\";s:11:\\\"user_mobile\\\";s:13:\\\"+919876543210\\\";s:4:\\\"days\\\";i:0;s:14:\\\"days_remaining\\\";i:0;s:18:\\\"notification_group\\\";s:12:\\\"subscription\\\";s:8:\\\"site_url\\\";s:30:\\\"https:\\/\\/mxflix.mimeld.com\\\";s:9:\\\"user_type\\\";s:10:\\\"demo_admin\\\";s:7:\\\"message\\\";s:53:\\\"New user Ivan Norris subscribed - Plan: Ultimate Plan\\\";}s:7:\\\"subject\\\";s:34:\\\"New Subscription - Review Required\\\";s:13:\\\"email_subject\\\";s:22:\\\"New User is subscribe!\\\";s:12:\\\"notification\\\";O:45:\\\"Illuminate\\\\Contracts\\\\Database\\\\ModelIdentifier\\\":5:{s:5:\\\"class\\\";s:56:\\\"Modules\\\\NotificationTemplate\\\\Models\\\\NotificationTemplate\\\";s:2:\\\"id\\\";i:25;s:9:\\\"relations\\\";a:1:{i:0;s:30:\\\"defaultNotificationTemplateMap\\\";}s:10:\\\"connection\\\";s:5:\\\"mysql\\\";s:15:\\\"collectionClass\\\";N;}s:20:\\\"notification_message\\\";s:53:\\\"New user Ivan Norris subscribed - Plan: Ultimate Plan\\\";s:7:\\\"appData\\\";a:3:{s:7:\\\"IS_MAIL\\\";s:1:\\\"1\\\";s:17:\\\"PUSH_NOTIFICATION\\\";s:1:\\\"1\\\";s:17:\\\"IS_CUSTOM_WEBHOOK\\\";s:1:\\\"0\\\";}s:13:\\\"template_data\\\";s:311:\\\"<p>Dear Ivan Norris,<\\/p><p>A new user has subscribed to the platform.<\\/p><p>Subscription Details:<\\/p><ul><li>New User: Ivan Norris<\\/li><li>Subscription Date: 2026-03-03 05:30<\\/li><li>Plan Type: Ultimate Plan<\\/li><li>Status: Active<\\/li><\\/ul><p>Please review the subscription details and welcome the new user.<\\/p>\\\";s:2:\\\"id\\\";s:36:\\\"56fa8d44-afc0-4db1-98b6-f5dc16ffe15a\\\";s:5:\\\"queue\\\";s:13:\\\"notifications\\\";}s:8:\\\"channels\\\";a:1:{i:0;s:52:\\\"Modules\\\\NotificationTemplate\\\\Broadcasting\\\\FcmChannel\\\";}s:5:\\\"queue\\\";s:13:\\\"notifications\\\";}\"},\"createdAt\":1772529073,\"delay\":null}', 0, NULL, 1772529073, 1772529073),
(442, 'notifications', '{\"uuid\":\"6eadf69d-67e7-4efd-afbd-2ff5f8cae414\",\"displayName\":\"Modules\\\\NotificationTemplate\\\\Notifications\\\\CommonNotification\",\"job\":\"Illuminate\\\\Queue\\\\CallQueuedHandler@call\",\"maxTries\":null,\"maxExceptions\":null,\"failOnTimeout\":false,\"backoff\":null,\"timeout\":null,\"retryUntil\":null,\"data\":{\"commandName\":\"Illuminate\\\\Notifications\\\\SendQueuedNotifications\",\"command\":\"O:48:\\\"Illuminate\\\\Notifications\\\\SendQueuedNotifications\\\":4:{s:11:\\\"notifiables\\\";O:45:\\\"Illuminate\\\\Contracts\\\\Database\\\\ModelIdentifier\\\":5:{s:5:\\\"class\\\";s:15:\\\"App\\\\Models\\\\User\\\";s:2:\\\"id\\\";a:1:{i:0;i:22;}s:9:\\\"relations\\\";a:0:{}s:10:\\\"connection\\\";s:5:\\\"mysql\\\";s:15:\\\"collectionClass\\\";N;}s:12:\\\"notification\\\";O:61:\\\"Modules\\\\NotificationTemplate\\\\Notifications\\\\CommonNotification\\\":10:{s:4:\\\"type\\\";s:16:\\\"new_subscription\\\";s:4:\\\"data\\\";a:40:{s:17:\\\"notification_type\\\";s:16:\\\"new_subscription\\\";s:23:\\\"logged_in_user_fullname\\\";s:11:\\\"user 1 demo\\\";s:19:\\\"logged_in_user_role\\\";s:1:\\\"-\\\";s:12:\\\"company_name\\\";s:39:\\\"MXFlix: Your Ultimate Entertainment Hub\\\";s:20:\\\"company_contact_info\\\";s:30:\\\"+15162023950\\nbiz@miracuves.com\\\";s:4:\\\"type\\\";s:30:\\\"Welcome - Subscription Active!\\\";s:7:\\\"user_id\\\";i:22;s:9:\\\"user_name\\\";s:11:\\\"user 1 demo\\\";s:10:\\\"movie_name\\\";s:0:\\\"\\\";s:11:\\\"tvshow_name\\\";s:0:\\\"\\\";s:11:\\\"season_name\\\";s:0:\\\"\\\";s:12:\\\"episode_name\\\";s:0:\\\"\\\";s:8:\\\"end_date\\\";s:10:\\\"2027-03-03\\\";s:12:\\\"content_type\\\";s:0:\\\"\\\";s:10:\\\"start_date\\\";s:16:\\\"2026-03-03 11:00\\\";s:8:\\\"app_name\\\";s:6:\\\"MXFlix\\\";s:2:\\\"id\\\";i:35;s:7:\\\"plan_id\\\";i:6;s:17:\\\"subscription_plan\\\";s:13:\\\"Ultimate Plan\\\";s:10:\\\"identifier\\\";s:13:\\\"ultimate_plan\\\";s:6:\\\"status\\\";s:6:\\\"active\\\";s:6:\\\"amount\\\";d:375;s:16:\\\"amount_formatted\\\";s:7:\\\"$375.00\\\";s:10:\\\"tax_amount\\\";d:176.25;s:20:\\\"tax_amount_formatted\\\";s:7:\\\"$176.25\\\";s:12:\\\"total_amount\\\";d:551.25;s:22:\\\"total_amount_formatted\\\";s:7:\\\"$551.25\\\";s:15:\\\"coupon_discount\\\";d:125;s:25:\\\"coupon_discount_formatted\\\";s:7:\\\"$125.00\\\";s:8:\\\"duration\\\";i:1;s:18:\\\"duration_formatted\\\";s:6:\\\"1 Year\\\";s:9:\\\"plan_type\\\";a:6:{i:0;O:8:\\\"stdClass\\\":8:{s:2:\\\"id\\\";i:31;s:17:\\\"planlimitation_id\\\";i:1;s:16:\\\"limitation_title\\\";s:10:\\\"Video Cast\\\";s:16:\\\"limitation_value\\\";i:1;s:5:\\\"limit\\\";N;s:4:\\\"slug\\\";s:10:\\\"video-cast\\\";s:6:\\\"status\\\";i:1;s:7:\\\"message\\\";s:33:\\\"Cast videos to your TV with ease.\\\";}i:1;O:8:\\\"stdClass\\\":8:{s:2:\\\"id\\\";i:32;s:17:\\\"planlimitation_id\\\";i:2;s:16:\\\"limitation_title\\\";s:3:\\\"Ads\\\";s:16:\\\"limitation_value\\\";i:0;s:5:\\\"limit\\\";N;s:4:\\\"slug\\\";s:3:\\\"ads\\\";s:6:\\\"status\\\";i:1;s:7:\\\"message\\\";s:33:\\\"Ad-free streaming with this plan.\\\";}i:2;O:8:\\\"stdClass\\\":8:{s:2:\\\"id\\\";i:33;s:17:\\\"planlimitation_id\\\";i:3;s:16:\\\"limitation_title\\\";s:12:\\\"Device Limit\\\";s:16:\\\"limitation_value\\\";i:1;s:5:\\\"limit\\\";O:8:\\\"stdClass\\\":1:{s:5:\\\"value\\\";s:1:\\\"5\\\";}s:4:\\\"slug\\\";s:12:\\\"device-limit\\\";s:6:\\\"status\\\";i:1;s:7:\\\"message\\\";s:41:\\\"Stream on up to 5 devices simultaneously.\\\";}i:3;O:8:\\\"stdClass\\\":8:{s:2:\\\"id\\\";i:34;s:17:\\\"planlimitation_id\\\";i:4;s:16:\\\"limitation_title\\\";s:15:\\\"Download Status\\\";s:16:\\\"limitation_value\\\";i:1;s:5:\\\"limit\\\";O:8:\\\"stdClass\\\":7:{s:4:\\\"480p\\\";i:1;s:4:\\\"720p\\\";i:1;s:5:\\\"1080p\\\";i:1;s:5:\\\"1440p\\\";i:1;s:2:\\\"2K\\\";i:1;s:2:\\\"4K\\\";i:0;s:2:\\\"8K\\\";i:0;}s:4:\\\"slug\\\";s:15:\\\"download-status\\\";s:6:\\\"status\\\";i:1;s:7:\\\"message\\\";s:41:\\\"Enjoy unlimited downloads with this plan.\\\";}i:4;O:8:\\\"stdClass\\\":8:{s:2:\\\"id\\\";i:35;s:17:\\\"planlimitation_id\\\";i:5;s:16:\\\"limitation_title\\\";s:21:\\\"Supported Device Type\\\";s:16:\\\"limitation_value\\\";i:1;s:5:\\\"limit\\\";O:8:\\\"stdClass\\\":4:{s:6:\\\"tablet\\\";s:1:\\\"0\\\";s:6:\\\"laptop\\\";s:1:\\\"1\\\";s:6:\\\"mobile\\\";s:1:\\\"1\\\";s:2:\\\"tv\\\";s:1:\\\"1\\\";}s:4:\\\"slug\\\";s:21:\\\"supported-device-type\\\";s:6:\\\"status\\\";i:1;s:7:\\\"message\\\";N;}i:5;O:8:\\\"stdClass\\\":8:{s:2:\\\"id\\\";i:36;s:17:\\\"planlimitation_id\\\";i:6;s:16:\\\"limitation_title\\\";s:13:\\\"Profile Limit\\\";s:16:\\\"limitation_value\\\";i:1;s:5:\\\"limit\\\";O:8:\\\"stdClass\\\":1:{s:5:\\\"value\\\";s:1:\\\"3\\\";}s:4:\\\"slug\\\";s:13:\\\"profile-limit\\\";s:6:\\\"status\\\";i:1;s:7:\\\"message\\\";N;}}s:10:\\\"user_email\\\";s:14:\\\"user1@demo.com\\\";s:11:\\\"user_mobile\\\";s:13:\\\"+919876543210\\\";s:4:\\\"days\\\";i:0;s:14:\\\"days_remaining\\\";i:0;s:18:\\\"notification_group\\\";s:12:\\\"subscription\\\";s:8:\\\"site_url\\\";s:30:\\\"https:\\/\\/mxflix.mimeld.com\\\";s:9:\\\"user_type\\\";s:4:\\\"user\\\";s:7:\\\"message\\\";s:91:\\\"Welcome user 1 demo! Your subscription is now active - Start exploring our content library.\\\";}s:7:\\\"subject\\\";s:30:\\\"Welcome - Subscription Active!\\\";s:13:\\\"email_subject\\\";s:22:\\\"New User is subscribe!\\\";s:12:\\\"notification\\\";O:45:\\\"Illuminate\\\\Contracts\\\\Database\\\\ModelIdentifier\\\":5:{s:5:\\\"class\\\";s:56:\\\"Modules\\\\NotificationTemplate\\\\Models\\\\NotificationTemplate\\\";s:2:\\\"id\\\";i:25;s:9:\\\"relations\\\";a:1:{i:0;s:30:\\\"defaultNotificationTemplateMap\\\";}s:10:\\\"connection\\\";s:5:\\\"mysql\\\";s:15:\\\"collectionClass\\\";N;}s:20:\\\"notification_message\\\";s:91:\\\"Welcome user 1 demo! Your subscription is now active - Start exploring our content library.\\\";s:7:\\\"appData\\\";a:3:{s:7:\\\"IS_MAIL\\\";s:1:\\\"1\\\";s:17:\\\"PUSH_NOTIFICATION\\\";s:1:\\\"1\\\";s:17:\\\"IS_CUSTOM_WEBHOOK\\\";s:1:\\\"0\\\";}s:13:\\\"template_data\\\";s:358:\\\"<h2>Welcome to  MXFlix🎉<\\/h2><p>Your subscription has been activated successfully.<\\/p><br><h2>Subscription Details<\\/h2><p>User: user 1 demo<\\/p><p>Email: user1@demo.com<\\/p><p>Contact No: +919876543210<\\/p><p>Plan: Ultimate Plan<\\/p><p>End Date: 2027-03-03<\\/p><p>Amount: $375.00<\\/p><p>Tax Amount: $176.25<\\/p><p>Total Amount: $551.25<\\/p><p>Duration: 1 Year <\\/p>\\\";s:2:\\\"id\\\";s:36:\\\"a96449fe-2cab-4d3e-8134-bab222a23085\\\";s:5:\\\"queue\\\";s:13:\\\"notifications\\\";}s:8:\\\"channels\\\";a:1:{i:0;s:4:\\\"mail\\\";}s:5:\\\"queue\\\";s:13:\\\"notifications\\\";}\"},\"createdAt\":1772529073,\"delay\":null}', 0, NULL, 1772529073, 1772529073),
(443, 'notifications', '{\"uuid\":\"4e743dfa-5f2c-481e-9e70-29c90fe3c4e2\",\"displayName\":\"Modules\\\\NotificationTemplate\\\\Notifications\\\\CommonNotification\",\"job\":\"Illuminate\\\\Queue\\\\CallQueuedHandler@call\",\"maxTries\":null,\"maxExceptions\":null,\"failOnTimeout\":false,\"backoff\":null,\"timeout\":null,\"retryUntil\":null,\"data\":{\"commandName\":\"Illuminate\\\\Notifications\\\\SendQueuedNotifications\",\"command\":\"O:48:\\\"Illuminate\\\\Notifications\\\\SendQueuedNotifications\\\":4:{s:11:\\\"notifiables\\\";O:45:\\\"Illuminate\\\\Contracts\\\\Database\\\\ModelIdentifier\\\":5:{s:5:\\\"class\\\";s:15:\\\"App\\\\Models\\\\User\\\";s:2:\\\"id\\\";a:1:{i:0;i:22;}s:9:\\\"relations\\\";a:0:{}s:10:\\\"connection\\\";s:5:\\\"mysql\\\";s:15:\\\"collectionClass\\\";N;}s:12:\\\"notification\\\";O:61:\\\"Modules\\\\NotificationTemplate\\\\Notifications\\\\CommonNotification\\\":10:{s:4:\\\"type\\\";s:16:\\\"new_subscription\\\";s:4:\\\"data\\\";a:40:{s:17:\\\"notification_type\\\";s:16:\\\"new_subscription\\\";s:23:\\\"logged_in_user_fullname\\\";s:11:\\\"user 1 demo\\\";s:19:\\\"logged_in_user_role\\\";s:1:\\\"-\\\";s:12:\\\"company_name\\\";s:39:\\\"MXFlix: Your Ultimate Entertainment Hub\\\";s:20:\\\"company_contact_info\\\";s:30:\\\"+15162023950\\nbiz@miracuves.com\\\";s:4:\\\"type\\\";s:30:\\\"Welcome - Subscription Active!\\\";s:7:\\\"user_id\\\";i:22;s:9:\\\"user_name\\\";s:11:\\\"user 1 demo\\\";s:10:\\\"movie_name\\\";s:0:\\\"\\\";s:11:\\\"tvshow_name\\\";s:0:\\\"\\\";s:11:\\\"season_name\\\";s:0:\\\"\\\";s:12:\\\"episode_name\\\";s:0:\\\"\\\";s:8:\\\"end_date\\\";s:10:\\\"2027-03-03\\\";s:12:\\\"content_type\\\";s:0:\\\"\\\";s:10:\\\"start_date\\\";s:16:\\\"2026-03-03 11:00\\\";s:8:\\\"app_name\\\";s:6:\\\"MXFlix\\\";s:2:\\\"id\\\";i:35;s:7:\\\"plan_id\\\";i:6;s:17:\\\"subscription_plan\\\";s:13:\\\"Ultimate Plan\\\";s:10:\\\"identifier\\\";s:13:\\\"ultimate_plan\\\";s:6:\\\"status\\\";s:6:\\\"active\\\";s:6:\\\"amount\\\";d:375;s:16:\\\"amount_formatted\\\";s:7:\\\"$375.00\\\";s:10:\\\"tax_amount\\\";d:176.25;s:20:\\\"tax_amount_formatted\\\";s:7:\\\"$176.25\\\";s:12:\\\"total_amount\\\";d:551.25;s:22:\\\"total_amount_formatted\\\";s:7:\\\"$551.25\\\";s:15:\\\"coupon_discount\\\";d:125;s:25:\\\"coupon_discount_formatted\\\";s:7:\\\"$125.00\\\";s:8:\\\"duration\\\";i:1;s:18:\\\"duration_formatted\\\";s:6:\\\"1 Year\\\";s:9:\\\"plan_type\\\";a:6:{i:0;O:8:\\\"stdClass\\\":8:{s:2:\\\"id\\\";i:31;s:17:\\\"planlimitation_id\\\";i:1;s:16:\\\"limitation_title\\\";s:10:\\\"Video Cast\\\";s:16:\\\"limitation_value\\\";i:1;s:5:\\\"limit\\\";N;s:4:\\\"slug\\\";s:10:\\\"video-cast\\\";s:6:\\\"status\\\";i:1;s:7:\\\"message\\\";s:33:\\\"Cast videos to your TV with ease.\\\";}i:1;O:8:\\\"stdClass\\\":8:{s:2:\\\"id\\\";i:32;s:17:\\\"planlimitation_id\\\";i:2;s:16:\\\"limitation_title\\\";s:3:\\\"Ads\\\";s:16:\\\"limitation_value\\\";i:0;s:5:\\\"limit\\\";N;s:4:\\\"slug\\\";s:3:\\\"ads\\\";s:6:\\\"status\\\";i:1;s:7:\\\"message\\\";s:33:\\\"Ad-free streaming with this plan.\\\";}i:2;O:8:\\\"stdClass\\\":8:{s:2:\\\"id\\\";i:33;s:17:\\\"planlimitation_id\\\";i:3;s:16:\\\"limitation_title\\\";s:12:\\\"Device Limit\\\";s:16:\\\"limitation_value\\\";i:1;s:5:\\\"limit\\\";O:8:\\\"stdClass\\\":1:{s:5:\\\"value\\\";s:1:\\\"5\\\";}s:4:\\\"slug\\\";s:12:\\\"device-limit\\\";s:6:\\\"status\\\";i:1;s:7:\\\"message\\\";s:41:\\\"Stream on up to 5 devices simultaneously.\\\";}i:3;O:8:\\\"stdClass\\\":8:{s:2:\\\"id\\\";i:34;s:17:\\\"planlimitation_id\\\";i:4;s:16:\\\"limitation_title\\\";s:15:\\\"Download Status\\\";s:16:\\\"limitation_value\\\";i:1;s:5:\\\"limit\\\";O:8:\\\"stdClass\\\":7:{s:4:\\\"480p\\\";i:1;s:4:\\\"720p\\\";i:1;s:5:\\\"1080p\\\";i:1;s:5:\\\"1440p\\\";i:1;s:2:\\\"2K\\\";i:1;s:2:\\\"4K\\\";i:0;s:2:\\\"8K\\\";i:0;}s:4:\\\"slug\\\";s:15:\\\"download-status\\\";s:6:\\\"status\\\";i:1;s:7:\\\"message\\\";s:41:\\\"Enjoy unlimited downloads with this plan.\\\";}i:4;O:8:\\\"stdClass\\\":8:{s:2:\\\"id\\\";i:35;s:17:\\\"planlimitation_id\\\";i:5;s:16:\\\"limitation_title\\\";s:21:\\\"Supported Device Type\\\";s:16:\\\"limitation_value\\\";i:1;s:5:\\\"limit\\\";O:8:\\\"stdClass\\\":4:{s:6:\\\"tablet\\\";s:1:\\\"0\\\";s:6:\\\"laptop\\\";s:1:\\\"1\\\";s:6:\\\"mobile\\\";s:1:\\\"1\\\";s:2:\\\"tv\\\";s:1:\\\"1\\\";}s:4:\\\"slug\\\";s:21:\\\"supported-device-type\\\";s:6:\\\"status\\\";i:1;s:7:\\\"message\\\";N;}i:5;O:8:\\\"stdClass\\\":8:{s:2:\\\"id\\\";i:36;s:17:\\\"planlimitation_id\\\";i:6;s:16:\\\"limitation_title\\\";s:13:\\\"Profile Limit\\\";s:16:\\\"limitation_value\\\";i:1;s:5:\\\"limit\\\";O:8:\\\"stdClass\\\":1:{s:5:\\\"value\\\";s:1:\\\"3\\\";}s:4:\\\"slug\\\";s:13:\\\"profile-limit\\\";s:6:\\\"status\\\";i:1;s:7:\\\"message\\\";N;}}s:10:\\\"user_email\\\";s:14:\\\"user1@demo.com\\\";s:11:\\\"user_mobile\\\";s:13:\\\"+919876543210\\\";s:4:\\\"days\\\";i:0;s:14:\\\"days_remaining\\\";i:0;s:18:\\\"notification_group\\\";s:12:\\\"subscription\\\";s:8:\\\"site_url\\\";s:30:\\\"https:\\/\\/mxflix.mimeld.com\\\";s:9:\\\"user_type\\\";s:4:\\\"user\\\";s:7:\\\"message\\\";s:91:\\\"Welcome user 1 demo! Your subscription is now active - Start exploring our content library.\\\";}s:7:\\\"subject\\\";s:30:\\\"Welcome - Subscription Active!\\\";s:13:\\\"email_subject\\\";s:22:\\\"New User is subscribe!\\\";s:12:\\\"notification\\\";O:45:\\\"Illuminate\\\\Contracts\\\\Database\\\\ModelIdentifier\\\":5:{s:5:\\\"class\\\";s:56:\\\"Modules\\\\NotificationTemplate\\\\Models\\\\NotificationTemplate\\\";s:2:\\\"id\\\";i:25;s:9:\\\"relations\\\";a:1:{i:0;s:30:\\\"defaultNotificationTemplateMap\\\";}s:10:\\\"connection\\\";s:5:\\\"mysql\\\";s:15:\\\"collectionClass\\\";N;}s:20:\\\"notification_message\\\";s:91:\\\"Welcome user 1 demo! Your subscription is now active - Start exploring our content library.\\\";s:7:\\\"appData\\\";a:3:{s:7:\\\"IS_MAIL\\\";s:1:\\\"1\\\";s:17:\\\"PUSH_NOTIFICATION\\\";s:1:\\\"1\\\";s:17:\\\"IS_CUSTOM_WEBHOOK\\\";s:1:\\\"0\\\";}s:13:\\\"template_data\\\";s:358:\\\"<h2>Welcome to  MXFlix🎉<\\/h2><p>Your subscription has been activated successfully.<\\/p><br><h2>Subscription Details<\\/h2><p>User: user 1 demo<\\/p><p>Email: user1@demo.com<\\/p><p>Contact No: +919876543210<\\/p><p>Plan: Ultimate Plan<\\/p><p>End Date: 2027-03-03<\\/p><p>Amount: $375.00<\\/p><p>Tax Amount: $176.25<\\/p><p>Total Amount: $551.25<\\/p><p>Duration: 1 Year <\\/p>\\\";s:2:\\\"id\\\";s:36:\\\"a96449fe-2cab-4d3e-8134-bab222a23085\\\";s:5:\\\"queue\\\";s:13:\\\"notifications\\\";}s:8:\\\"channels\\\";a:1:{i:0;s:8:\\\"database\\\";}s:5:\\\"queue\\\";s:13:\\\"notifications\\\";}\"},\"createdAt\":1772529073,\"delay\":null}', 0, NULL, 1772529073, 1772529073);



INSERT INTO `jobs` (`id`, `queue`, `payload`, `attempts`, `reserved_at`, `available_at`, `created_at`) VALUES
(470, 'default', '{\"uuid\":\"c30683fd-c45d-4dd7-8c68-0f033e2d9b95\",\"displayName\":\"App\\\\Jobs\\\\BulkNotification\",\"job\":\"Illuminate\\\\Queue\\\\CallQueuedHandler@call\",\"maxTries\":null,\"maxExceptions\":null,\"failOnTimeout\":false,\"backoff\":null,\"timeout\":null,\"retryUntil\":null,\"data\":{\"commandName\":\"App\\\\Jobs\\\\BulkNotification\",\"command\":\"O:25:\\\"App\\\\Jobs\\\\BulkNotification\\\":1:{s:7:\\\"\\u0000*\\u0000data\\\";a:6:{s:17:\\\"notification_type\\\";s:16:\\\"new_subscription\\\";s:23:\\\"logged_in_user_fullname\\\";s:11:\\\"user 1 demo\\\";s:19:\\\"logged_in_user_role\\\";s:1:\\\"-\\\";s:12:\\\"company_name\\\";s:39:\\\"MXFlix: Your Ultimate Entertainment Hub\\\";s:20:\\\"company_contact_info\\\";s:30:\\\"+15162023950\\nbiz@miracuves.com\\\";s:12:\\\"subscription\\\";O:55:\\\"Modules\\\\Subscriptions\\\\Transformers\\\\SubscriptionResource\\\":3:{s:8:\\\"resource\\\";O:41:\\\"Modules\\\\Subscriptions\\\\Models\\\\Subscription\\\":35:{s:13:\\\"\\u0000*\\u0000connection\\\";s:5:\\\"mysql\\\";s:8:\\\"\\u0000*\\u0000table\\\";s:13:\\\"subscriptions\\\";s:13:\\\"\\u0000*\\u0000primaryKey\\\";s:2:\\\"id\\\";s:10:\\\"\\u0000*\\u0000keyType\\\";s:3:\\\"int\\\";s:12:\\\"incrementing\\\";b:1;s:7:\\\"\\u0000*\\u0000with\\\";a:0:{}s:12:\\\"\\u0000*\\u0000withCount\\\";a:0:{}s:19:\\\"preventsLazyLoading\\\";b:0;s:10:\\\"\\u0000*\\u0000perPage\\\";i:15;s:6:\\\"exists\\\";b:1;s:18:\\\"wasRecentlyCreated\\\";b:1;s:28:\\\"\\u0000*\\u0000escapeWhenCastingToString\\\";b:0;s:13:\\\"\\u0000*\\u0000attributes\\\";a:23:{s:7:\\\"plan_id\\\";i:1;s:7:\\\"user_id\\\";i:22;s:9:\\\"device_id\\\";s:15:\\\"TP1A.220905.001\\\";s:10:\\\"start_date\\\";s:19:\\\"2026-03-05 09:11:37\\\";s:8:\\\"end_date\\\";s:19:\\\"2026-04-05 09:11:37\\\";s:6:\\\"status\\\";s:6:\\\"active\\\";s:6:\\\"amount\\\";d:5;s:19:\\\"discount_percentage\\\";N;s:15:\\\"coupon_discount\\\";d:1.25;s:10:\\\"tax_amount\\\";d:1.76250000000000017763568394002504646778106689453125;s:12:\\\"total_amount\\\";d:5.51250000000000017763568394002504646778106689453125;s:4:\\\"name\\\";s:5:\\\"Basic\\\";s:10:\\\"identifier\\\";s:5:\\\"basic\\\";s:4:\\\"type\\\";s:5:\\\"month\\\";s:8:\\\"duration\\\";i:1;s:5:\\\"level\\\";i:1;s:9:\\\"plan_type\\\";a:6:{i:0;O:8:\\\"stdClass\\\":8:{s:2:\\\"id\\\";i:1;s:17:\\\"planlimitation_id\\\";i:1;s:16:\\\"limitation_title\\\";s:10:\\\"Video Cast\\\";s:16:\\\"limitation_value\\\";i:1;s:5:\\\"limit\\\";N;s:4:\\\"slug\\\";s:10:\\\"video-cast\\\";s:6:\\\"status\\\";i:1;s:7:\\\"message\\\";s:33:\\\"Cast videos to your TV with ease.\\\";}i:1;O:8:\\\"stdClass\\\":8:{s:2:\\\"id\\\";i:2;s:17:\\\"planlimitation_id\\\";i:2;s:16:\\\"limitation_title\\\";s:3:\\\"Ads\\\";s:16:\\\"limitation_value\\\";i:1;s:5:\\\"limit\\\";N;s:4:\\\"slug\\\";s:3:\\\"ads\\\";s:6:\\\"status\\\";i:1;s:7:\\\"message\\\";s:23:\\\"This plan includes ads.\\\";}i:2;O:8:\\\"stdClass\\\":8:{s:2:\\\"id\\\";i:3;s:17:\\\"planlimitation_id\\\";i:3;s:16:\\\"limitation_title\\\";s:12:\\\"Device Limit\\\";s:16:\\\"limitation_value\\\";i:1;s:5:\\\"limit\\\";O:8:\\\"stdClass\\\":1:{s:5:\\\"value\\\";s:1:\\\"1\\\";}s:4:\\\"slug\\\";s:12:\\\"device-limit\\\";s:6:\\\"status\\\";i:1;s:7:\\\"message\\\";s:41:\\\"Stream on up to 1 devices simultaneously.\\\";}i:3;O:8:\\\"stdClass\\\":8:{s:2:\\\"id\\\";i:4;s:17:\\\"planlimitation_id\\\";i:4;s:16:\\\"limitation_title\\\";s:15:\\\"Download Status\\\";s:16:\\\"limitation_value\\\";i:1;s:5:\\\"limit\\\";O:8:\\\"stdClass\\\":7:{s:4:\\\"480p\\\";i:1;s:4:\\\"720p\\\";i:1;s:5:\\\"1080p\\\";i:1;s:5:\\\"1440p\\\";i:0;s:2:\\\"2K\\\";i:0;s:2:\\\"4K\\\";i:0;s:2:\\\"8K\\\";i:0;}s:4:\\\"slug\\\";s:15:\\\"download-status\\\";s:6:\\\"status\\\";i:1;s:7:\\\"message\\\";s:41:\\\"Enjoy unlimited downloads with this plan.\\\";}i:4;O:8:\\\"stdClass\\\":8:{s:2:\\\"id\\\";i:17;s:17:\\\"planlimitation_id\\\";i:5;s:16:\\\"limitation_title\\\";s:21:\\\"Supported Device Type\\\";s:16:\\\"limitation_value\\\";i:1;s:5:\\\"limit\\\";O:8:\\\"stdClass\\\":4:{s:6:\\\"tablet\\\";s:1:\\\"0\\\";s:6:\\\"laptop\\\";s:1:\\\"0\\\";s:6:\\\"mobile\\\";s:1:\\\"1\\\";s:2:\\\"tv\\\";s:1:\\\"0\\\";}s:4:\\\"slug\\\";s:21:\\\"supported-device-type\\\";s:6:\\\"status\\\";i:1;s:7:\\\"message\\\";N;}i:5;O:8:\\\"stdClass\\\":8:{s:2:\\\"id\\\";i:18;s:17:\\\"planlimitation_id\\\";i:6;s:16:\\\"limitation_title\\\";s:13:\\\"Profile Limit\\\";s:16:\\\"limitation_value\\\";i:1;s:5:\\\"limit\\\";O:8:\\\"stdClass\\\":1:{s:5:\\\"value\\\";s:1:\\\"2\\\";}s:4:\\\"slug\\\";s:13:\\\"profile-limit\\\";s:6:\\\"status\\\";i:1;s:7:\\\"message\\\";N;}}s:10:\\\"updated_by\\\";i:22;s:10:\\\"created_by\\\";i:22;s:10:\\\"updated_at\\\";s:19:\\\"2026-03-05 09:11:37\\\";s:10:\\\"created_at\\\";s:19:\\\"2026-03-05 09:11:37\\\";s:2:\\\"id\\\";i:46;s:10:\\\"payment_id\\\";i:43;}s:11:\\\"\\u0000*\\u0000original\\\";a:23:{s:7:\\\"plan_id\\\";i:1;s:7:\\\"user_id\\\";i:22;s:9:\\\"device_id\\\";s:15:\\\"TP1A.220905.001\\\";s:10:\\\"start_date\\\";s:19:\\\"2026-03-05 09:11:37\\\";s:8:\\\"end_date\\\";s:19:\\\"2026-04-05 09:11:37\\\";s:6:\\\"status\\\";s:6:\\\"active\\\";s:6:\\\"amount\\\";d:5;s:19:\\\"discount_percentage\\\";N;s:15:\\\"coupon_discount\\\";d:1.25;s:10:\\\"tax_amount\\\";d:1.76250000000000017763568394002504646778106689453125;s:12:\\\"total_amount\\\";d:5.51250000000000017763568394002504646778106689453125;s:4:\\\"name\\\";s:5:\\\"Basic\\\";s:10:\\\"identifier\\\";s:5:\\\"basic\\\";s:4:\\\"type\\\";s:5:\\\"month\\\";s:8:\\\"duration\\\";i:1;s:5:\\\"level\\\";i:1;s:9:\\\"plan_type\\\";s:1138:\\\"[{\\\"id\\\":1,\\\"planlimitation_id\\\":1,\\\"limitation_title\\\":\\\"Video Cast\\\",\\\"limitation_value\\\":1,\\\"limit\\\":null,\\\"slug\\\":\\\"video-cast\\\",\\\"status\\\":1,\\\"message\\\":\\\"Cast videos to your TV with ease.\\\"},{\\\"id\\\":2,\\\"planlimitation_id\\\":2,\\\"limitation_title\\\":\\\"Ads\\\",\\\"limitation_value\\\":1,\\\"limit\\\":null,\\\"slug\\\":\\\"ads\\\",\\\"status\\\":1,\\\"message\\\":\\\"This plan includes ads.\\\"},{\\\"id\\\":3,\\\"planlimitation_id\\\":3,\\\"limitation_title\\\":\\\"Device Limit\\\",\\\"limitation_value\\\":1,\\\"limit\\\":{\\\"value\\\":\\\"1\\\"},\\\"slug\\\":\\\"device-limit\\\",\\\"status\\\":1,\\\"message\\\":\\\"Stream on up to 1 devices simultaneously.\\\"},{\\\"id\\\":4,\\\"planlimitation_id\\\":4,\\\"limitation_title\\\":\\\"Download Status\\\",\\\"limitation_value\\\":1,\\\"limit\\\":{\\\"480p\\\":1,\\\"720p\\\":1,\\\"1080p\\\":1,\\\"1440p\\\":0,\\\"2K\\\":0,\\\"4K\\\":0,\\\"8K\\\":0},\\\"slug\\\":\\\"download-status\\\",\\\"status\\\":1,\\\"message\\\":\\\"Enjoy unlimited downloads with this plan.\\\"},{\\\"id\\\":17,\\\"planlimitation_id\\\":5,\\\"limitation_title\\\":\\\"Supported Device Type\\\",\\\"limitation_value\\\":1,\\\"limit\\\":{\\\"tablet\\\":\\\"0\\\",\\\"laptop\\\":\\\"0\\\",\\\"mobile\\\":\\\"1\\\",\\\"tv\\\":\\\"0\\\"},\\\"slug\\\":\\\"supported-device-type\\\",\\\"status\\\":1,\\\"message\\\":null},{\\\"id\\\":18,\\\"planlimitation_id\\\":6,\\\"limitation_title\\\":\\\"Profile Limit\\\",\\\"limitation_value\\\":1,\\\"limit\\\":{\\\"value\\\":\\\"2\\\"},\\\"slug\\\":\\\"profile-limit\\\",\\\"status\\\":1,\\\"message\\\":null}]\\\";s:10:\\\"updated_by\\\";i:22;s:10:\\\"created_by\\\";i:22;s:10:\\\"updated_at\\\";s:19:\\\"2026-03-05 09:11:37\\\";s:10:\\\"created_at\\\";s:19:\\\"2026-03-05 09:11:37\\\";s:2:\\\"id\\\";i:46;s:10:\\\"payment_id\\\";i:43;}s:10:\\\"\\u0000*\\u0000changes\\\";a:2:{s:6:\\\"status\\\";s:6:\\\"active\\\";s:10:\\\"payment_id\\\";i:43;}s:11:\\\"\\u0000*\\u0000previous\\\";a:1:{s:6:\\\"status\\\";s:7:\\\"pending\\\";}s:8:\\\"\\u0000*\\u0000casts\\\";a:1:{s:10:\\\"deleted_at\\\";s:8:\\\"datetime\\\";}s:17:\\\"\\u0000*\\u0000classCastCache\\\";a:0:{}s:21:\\\"\\u0000*\\u0000attributeCastCache\\\";a:0:{}s:13:\\\"\\u0000*\\u0000dateFormat\\\";N;s:10:\\\"\\u0000*\\u0000appends\\\";a:0:{}s:19:\\\"\\u0000*\\u0000dispatchesEvents\\\";a:0:{}s:14:\\\"\\u0000*\\u0000observables\\\";a:0:{}s:12:\\\"\\u0000*\\u0000relations\\\";a:0:{}s:10:\\\"\\u0000*\\u0000touches\\\";a:0:{}s:27:\\\"\\u0000*\\u0000relationAutoloadCallback\\\";N;s:26:\\\"\\u0000*\\u0000relationAutoloadContext\\\";N;s:10:\\\"timestamps\\\";b:1;s:13:\\\"usesUniqueIds\\\";b:0;s:9:\\\"\\u0000*\\u0000hidden\\\";a:0:{}s:10:\\\"\\u0000*\\u0000visible\\\";a:0:{}s:11:\\\"\\u0000*\\u0000fillable\\\";a:19:{i:0;s:7:\\\"plan_id\\\";i:1;s:7:\\\"user_id\\\";i:2;s:9:\\\"device_id\\\";i:3;s:10:\\\"start_date\\\";i:4;s:8:\\\"end_date\\\";i:5;s:6:\\\"status\\\";i:6;s:9:\\\"is_manual\\\";i:7;s:6:\\\"amount\\\";i:8;s:19:\\\"discount_percentage\\\";i:9;s:10:\\\"tax_amount\\\";i:10;s:12:\\\"total_amount\\\";i:11;s:4:\\\"name\\\";i:12;s:10:\\\"identifier\\\";i:13;s:4:\\\"type\\\";i:14;s:8:\\\"duration\\\";i:15;s:5:\\\"level\\\";i:16;s:9:\\\"plan_type\\\";i:17;s:10:\\\"payment_id\\\";i:18;s:15:\\\"coupon_discount\\\";}s:10:\\\"\\u0000*\\u0000guarded\\\";a:4:{i:0;s:2:\\\"id\\\";i:1;s:10:\\\"updated_at\\\";i:2;s:6:\\\"_token\\\";i:3;s:7:\\\"_method\\\";}s:8:\\\"\\u0000*\\u0000dates\\\";a:2:{i:0;s:10:\\\"deleted_at\\\";i:1;s:12:\\\"published_at\\\";}s:16:\\\"\\u0000*\\u0000forceDeleting\\\";b:0;}s:4:\\\"with\\\";a:0:{}s:10:\\\"additional\\\";a:0:{}}}}\"},\"createdAt\":1772701897,\"delay\":null}', 0, NULL, 1772701897, 1772701897),
(471, 'default', '{\"uuid\":\"438e968b-5605-4924-a496-c9759b360bc1\",\"displayName\":\"App\\\\Jobs\\\\BulkNotification\",\"job\":\"Illuminate\\\\Queue\\\\CallQueuedHandler@call\",\"maxTries\":null,\"maxExceptions\":null,\"failOnTimeout\":false,\"backoff\":null,\"timeout\":null,\"retryUntil\":null,\"data\":{\"commandName\":\"App\\\\Jobs\\\\BulkNotification\",\"command\":\"O:25:\\\"App\\\\Jobs\\\\BulkNotification\\\":1:{s:7:\\\"\\u0000*\\u0000data\\\";a:6:{s:17:\\\"notification_type\\\";s:16:\\\"new_subscription\\\";s:23:\\\"logged_in_user_fullname\\\";s:11:\\\"user 1 demo\\\";s:19:\\\"logged_in_user_role\\\";s:1:\\\"-\\\";s:12:\\\"company_name\\\";s:39:\\\"MXFlix: Your Ultimate Entertainment Hub\\\";s:20:\\\"company_contact_info\\\";s:30:\\\"+15162023950\\nbiz@miracuves.com\\\";s:12:\\\"subscription\\\";O:55:\\\"Modules\\\\Subscriptions\\\\Transformers\\\\SubscriptionResource\\\":3:{s:8:\\\"resource\\\";O:41:\\\"Modules\\\\Subscriptions\\\\Models\\\\Subscription\\\":35:{s:13:\\\"\\u0000*\\u0000connection\\\";s:5:\\\"mysql\\\";s:8:\\\"\\u0000*\\u0000table\\\";s:13:\\\"subscriptions\\\";s:13:\\\"\\u0000*\\u0000primaryKey\\\";s:2:\\\"id\\\";s:10:\\\"\\u0000*\\u0000keyType\\\";s:3:\\\"int\\\";s:12:\\\"incrementing\\\";b:1;s:7:\\\"\\u0000*\\u0000with\\\";a:0:{}s:12:\\\"\\u0000*\\u0000withCount\\\";a:0:{}s:19:\\\"preventsLazyLoading\\\";b:0;s:10:\\\"\\u0000*\\u0000perPage\\\";i:15;s:6:\\\"exists\\\";b:1;s:18:\\\"wasRecentlyCreated\\\";b:1;s:28:\\\"\\u0000*\\u0000escapeWhenCastingToString\\\";b:0;s:13:\\\"\\u0000*\\u0000attributes\\\";a:23:{s:7:\\\"plan_id\\\";i:6;s:7:\\\"user_id\\\";i:22;s:9:\\\"device_id\\\";s:25:\\\"AP3A.240905.015.A2_INMOD1\\\";s:10:\\\"start_date\\\";s:19:\\\"2026-03-05 09:14:24\\\";s:8:\\\"end_date\\\";s:19:\\\"2027-03-05 09:14:24\\\";s:6:\\\"status\\\";s:6:\\\"active\\\";s:6:\\\"amount\\\";d:500;s:19:\\\"discount_percentage\\\";N;s:15:\\\"coupon_discount\\\";d:250;s:10:\\\"tax_amount\\\";d:117.5;s:12:\\\"total_amount\\\";d:367.5;s:4:\\\"name\\\";s:13:\\\"Ultimate Plan\\\";s:10:\\\"identifier\\\";s:13:\\\"ultimate_plan\\\";s:4:\\\"type\\\";s:4:\\\"year\\\";s:8:\\\"duration\\\";i:1;s:5:\\\"level\\\";i:6;s:9:\\\"plan_type\\\";a:6:{i:0;O:8:\\\"stdClass\\\":8:{s:2:\\\"id\\\";i:31;s:17:\\\"planlimitation_id\\\";i:1;s:16:\\\"limitation_title\\\";s:10:\\\"Video Cast\\\";s:16:\\\"limitation_value\\\";i:1;s:5:\\\"limit\\\";N;s:4:\\\"slug\\\";s:10:\\\"video-cast\\\";s:6:\\\"status\\\";i:1;s:7:\\\"message\\\";s:33:\\\"Cast videos to your TV with ease.\\\";}i:1;O:8:\\\"stdClass\\\":8:{s:2:\\\"id\\\";i:32;s:17:\\\"planlimitation_id\\\";i:2;s:16:\\\"limitation_title\\\";s:3:\\\"Ads\\\";s:16:\\\"limitation_value\\\";i:0;s:5:\\\"limit\\\";N;s:4:\\\"slug\\\";s:3:\\\"ads\\\";s:6:\\\"status\\\";i:1;s:7:\\\"message\\\";s:33:\\\"Ad-free streaming with this plan.\\\";}i:2;O:8:\\\"stdClass\\\":8:{s:2:\\\"id\\\";i:33;s:17:\\\"planlimitation_id\\\";i:3;s:16:\\\"limitation_title\\\";s:12:\\\"Device Limit\\\";s:16:\\\"limitation_value\\\";i:1;s:5:\\\"limit\\\";O:8:\\\"stdClass\\\":1:{s:5:\\\"value\\\";s:1:\\\"5\\\";}s:4:\\\"slug\\\";s:12:\\\"device-limit\\\";s:6:\\\"status\\\";i:1;s:7:\\\"message\\\";s:41:\\\"Stream on up to 5 devices simultaneously.\\\";}i:3;O:8:\\\"stdClass\\\":8:{s:2:\\\"id\\\";i:34;s:17:\\\"planlimitation_id\\\";i:4;s:16:\\\"limitation_title\\\";s:15:\\\"Download Status\\\";s:16:\\\"limitation_value\\\";i:1;s:5:\\\"limit\\\";O:8:\\\"stdClass\\\":7:{s:4:\\\"480p\\\";i:1;s:4:\\\"720p\\\";i:1;s:5:\\\"1080p\\\";i:1;s:5:\\\"1440p\\\";i:1;s:2:\\\"2K\\\";i:1;s:2:\\\"4K\\\";i:0;s:2:\\\"8K\\\";i:0;}s:4:\\\"slug\\\";s:15:\\\"download-status\\\";s:6:\\\"status\\\";i:1;s:7:\\\"message\\\";s:41:\\\"Enjoy unlimited downloads with this plan.\\\";}i:4;O:8:\\\"stdClass\\\":8:{s:2:\\\"id\\\";i:35;s:17:\\\"planlimitation_id\\\";i:5;s:16:\\\"limitation_title\\\";s:21:\\\"Supported Device Type\\\";s:16:\\\"limitation_value\\\";i:1;s:5:\\\"limit\\\";O:8:\\\"stdClass\\\":4:{s:6:\\\"tablet\\\";s:1:\\\"0\\\";s:6:\\\"laptop\\\";s:1:\\\"1\\\";s:6:\\\"mobile\\\";s:1:\\\"1\\\";s:2:\\\"tv\\\";s:1:\\\"1\\\";}s:4:\\\"slug\\\";s:21:\\\"supported-device-type\\\";s:6:\\\"status\\\";i:1;s:7:\\\"message\\\";N;}i:5;O:8:\\\"stdClass\\\":8:{s:2:\\\"id\\\";i:36;s:17:\\\"planlimitation_id\\\";i:6;s:16:\\\"limitation_title\\\";s:13:\\\"Profile Limit\\\";s:16:\\\"limitation_value\\\";i:1;s:5:\\\"limit\\\";O:8:\\\"stdClass\\\":1:{s:5:\\\"value\\\";s:1:\\\"3\\\";}s:4:\\\"slug\\\";s:13:\\\"profile-limit\\\";s:6:\\\"status\\\";i:1;s:7:\\\"message\\\";N;}}s:10:\\\"updated_by\\\";i:22;s:10:\\\"created_by\\\";i:22;s:10:\\\"updated_at\\\";s:19:\\\"2026-03-05 09:14:24\\\";s:10:\\\"created_at\\\";s:19:\\\"2026-03-05 09:14:24\\\";s:2:\\\"id\\\";i:47;s:10:\\\"payment_id\\\";i:44;}s:11:\\\"\\u0000*\\u0000original\\\";a:23:{s:7:\\\"plan_id\\\";i:6;s:7:\\\"user_id\\\";i:22;s:9:\\\"device_id\\\";s:25:\\\"AP3A.240905.015.A2_INMOD1\\\";s:10:\\\"start_date\\\";s:19:\\\"2026-03-05 09:14:24\\\";s:8:\\\"end_date\\\";s:19:\\\"2027-03-05 09:14:24\\\";s:6:\\\"status\\\";s:6:\\\"active\\\";s:6:\\\"amount\\\";d:500;s:19:\\\"discount_percentage\\\";N;s:15:\\\"coupon_discount\\\";d:250;s:10:\\\"tax_amount\\\";d:117.5;s:12:\\\"total_amount\\\";d:367.5;s:4:\\\"name\\\";s:13:\\\"Ultimate Plan\\\";s:10:\\\"identifier\\\";s:13:\\\"ultimate_plan\\\";s:4:\\\"type\\\";s:4:\\\"year\\\";s:8:\\\"duration\\\";i:1;s:5:\\\"level\\\";i:6;s:9:\\\"plan_type\\\";s:1152:\\\"[{\\\"id\\\":31,\\\"planlimitation_id\\\":1,\\\"limitation_title\\\":\\\"Video Cast\\\",\\\"limitation_value\\\":1,\\\"limit\\\":null,\\\"slug\\\":\\\"video-cast\\\",\\\"status\\\":1,\\\"message\\\":\\\"Cast videos to your TV with ease.\\\"},{\\\"id\\\":32,\\\"planlimitation_id\\\":2,\\\"limitation_title\\\":\\\"Ads\\\",\\\"limitation_value\\\":0,\\\"limit\\\":null,\\\"slug\\\":\\\"ads\\\",\\\"status\\\":1,\\\"message\\\":\\\"Ad-free streaming with this plan.\\\"},{\\\"id\\\":33,\\\"planlimitation_id\\\":3,\\\"limitation_title\\\":\\\"Device Limit\\\",\\\"limitation_value\\\":1,\\\"limit\\\":{\\\"value\\\":\\\"5\\\"},\\\"slug\\\":\\\"device-limit\\\",\\\"status\\\":1,\\\"message\\\":\\\"Stream on up to 5 devices simultaneously.\\\"},{\\\"id\\\":34,\\\"planlimitation_id\\\":4,\\\"limitation_title\\\":\\\"Download Status\\\",\\\"limitation_value\\\":1,\\\"limit\\\":{\\\"480p\\\":1,\\\"720p\\\":1,\\\"1080p\\\":1,\\\"1440p\\\":1,\\\"2K\\\":1,\\\"4K\\\":0,\\\"8K\\\":0},\\\"slug\\\":\\\"download-status\\\",\\\"status\\\":1,\\\"message\\\":\\\"Enjoy unlimited downloads with this plan.\\\"},{\\\"id\\\":35,\\\"planlimitation_id\\\":5,\\\"limitation_title\\\":\\\"Supported Device Type\\\",\\\"limitation_value\\\":1,\\\"limit\\\":{\\\"tablet\\\":\\\"0\\\",\\\"laptop\\\":\\\"1\\\",\\\"mobile\\\":\\\"1\\\",\\\"tv\\\":\\\"1\\\"},\\\"slug\\\":\\\"supported-device-type\\\",\\\"status\\\":1,\\\"message\\\":null},{\\\"id\\\":36,\\\"planlimitation_id\\\":6,\\\"limitation_title\\\":\\\"Profile Limit\\\",\\\"limitation_value\\\":1,\\\"limit\\\":{\\\"value\\\":\\\"3\\\"},\\\"slug\\\":\\\"profile-limit\\\",\\\"status\\\":1,\\\"message\\\":null}]\\\";s:10:\\\"updated_by\\\";i:22;s:10:\\\"created_by\\\";i:22;s:10:\\\"updated_at\\\";s:19:\\\"2026-03-05 09:14:24\\\";s:10:\\\"created_at\\\";s:19:\\\"2026-03-05 09:14:24\\\";s:2:\\\"id\\\";i:47;s:10:\\\"payment_id\\\";i:44;}s:10:\\\"\\u0000*\\u0000changes\\\";a:2:{s:6:\\\"status\\\";s:6:\\\"active\\\";s:10:\\\"payment_id\\\";i:44;}s:11:\\\"\\u0000*\\u0000previous\\\";a:1:{s:6:\\\"status\\\";s:7:\\\"pending\\\";}s:8:\\\"\\u0000*\\u0000casts\\\";a:1:{s:10:\\\"deleted_at\\\";s:8:\\\"datetime\\\";}s:17:\\\"\\u0000*\\u0000classCastCache\\\";a:0:{}s:21:\\\"\\u0000*\\u0000attributeCastCache\\\";a:0:{}s:13:\\\"\\u0000*\\u0000dateFormat\\\";N;s:10:\\\"\\u0000*\\u0000appends\\\";a:0:{}s:19:\\\"\\u0000*\\u0000dispatchesEvents\\\";a:0:{}s:14:\\\"\\u0000*\\u0000observables\\\";a:0:{}s:12:\\\"\\u0000*\\u0000relations\\\";a:0:{}s:10:\\\"\\u0000*\\u0000touches\\\";a:0:{}s:27:\\\"\\u0000*\\u0000relationAutoloadCallback\\\";N;s:26:\\\"\\u0000*\\u0000relationAutoloadContext\\\";N;s:10:\\\"timestamps\\\";b:1;s:13:\\\"usesUniqueIds\\\";b:0;s:9:\\\"\\u0000*\\u0000hidden\\\";a:0:{}s:10:\\\"\\u0000*\\u0000visible\\\";a:0:{}s:11:\\\"\\u0000*\\u0000fillable\\\";a:19:{i:0;s:7:\\\"plan_id\\\";i:1;s:7:\\\"user_id\\\";i:2;s:9:\\\"device_id\\\";i:3;s:10:\\\"start_date\\\";i:4;s:8:\\\"end_date\\\";i:5;s:6:\\\"status\\\";i:6;s:9:\\\"is_manual\\\";i:7;s:6:\\\"amount\\\";i:8;s:19:\\\"discount_percentage\\\";i:9;s:10:\\\"tax_amount\\\";i:10;s:12:\\\"total_amount\\\";i:11;s:4:\\\"name\\\";i:12;s:10:\\\"identifier\\\";i:13;s:4:\\\"type\\\";i:14;s:8:\\\"duration\\\";i:15;s:5:\\\"level\\\";i:16;s:9:\\\"plan_type\\\";i:17;s:10:\\\"payment_id\\\";i:18;s:15:\\\"coupon_discount\\\";}s:10:\\\"\\u0000*\\u0000guarded\\\";a:4:{i:0;s:2:\\\"id\\\";i:1;s:10:\\\"updated_at\\\";i:2;s:6:\\\"_token\\\";i:3;s:7:\\\"_method\\\";}s:8:\\\"\\u0000*\\u0000dates\\\";a:2:{i:0;s:10:\\\"deleted_at\\\";i:1;s:12:\\\"published_at\\\";}s:16:\\\"\\u0000*\\u0000forceDeleting\\\";b:0;}s:4:\\\"with\\\";a:0:{}s:10:\\\"additional\\\";a:0:{}}}}\"},\"createdAt\":1772702064,\"delay\":null}', 0, NULL, 1772702064, 1772702064);

-- --------------------------------------------------------

--
-- Table structure for table `job_batches`
--

CREATE TABLE `job_batches` (
  `id` varchar(191) NOT NULL,
  `name` varchar(191) NOT NULL,
  `total_jobs` int(11) NOT NULL,
  `pending_jobs` int(11) NOT NULL,
  `failed_jobs` int(11) NOT NULL,
  `failed_job_ids` longtext NOT NULL,
  `options` mediumtext DEFAULT NULL,
  `cancelled_at` int(11) DEFAULT NULL,
  `created_at` int(11) NOT NULL,
  `finished_at` int(11) DEFAULT NULL
) ENGINE=InnoDB DEFAULT CHARSET=utf8mb4 COLLATE=utf8mb4_unicode_ci;

--
-- Dumping data for table `job_batches`
--

INSERT INTO `job_batches` (`id`, `name`, `total_jobs`, `pending_jobs`, `failed_jobs`, `failed_job_ids`, `options`, `cancelled_at`, `created_at`, `finished_at`) VALUES
('a109559d-e989-4a83-9f34-7c570653c3fb', '', 1, 0, 0, '[]', 'a:0:{}', NULL, 1770614632, 1770635576),
('a10955b5-0c2a-4820-a312-a95ed71effe4', '', 1, 0, 0, '[]', 'a:0:{}', NULL, 1770614647, 1770635577),
('a109b250-da1e-4aea-8df8-8b6c1f731158', '', 1, 0, 0, '[]', 'a:0:{}', NULL, 1770630184, 1770635577),
('a109b2a2-d421-4815-beda-6a8051384c67', '', 1, 0, 0, '[]', 'a:0:{}', NULL, 1770630237, 1770635577),
('a109b4a8-ce87-4cf3-9ff5-806884d901bb', '', 1, 0, 0, '[]', 'a:0:{}', NULL, 1770630577, 1770635577),
('a109b86d-2770-4fcf-ada9-85026500c0d8', '', 1, 0, 0, '[]', 'a:0:{}', NULL, 1770631209, 1770635577),
('a109ce52-3655-4c8c-b4da-8dbb66804db4', '', 1, 0, 0, '[]', 'a:0:{}', NULL, 1770634882, 1770635577),
('a109d12d-64ca-4556-9b77-87b897a53a91', '', 1, 0, 0, '[]', 'a:0:{}', NULL, 1770635361, 1770635578),
('a109d12e-b1bd-45da-bb68-50daf30e0c9d', '', 1, 0, 0, '[]', 'a:0:{}', NULL, 1770635362, 1770635578),
('a109d152-1ce6-4990-bec8-1eecf975c789', '', 1, 0, 0, '[]', 'a:0:{}', NULL, 1770635385, 1770635579),
('a109d152-1f11-4e59-be3a-90d520f9fdbe', '', 1, 0, 0, '[]', 'a:0:{}', NULL, 1770635385, 1770635579),
('a109d456-2f49-4567-bbfa-d3a6e4f2a2a1', '', 1, 0, 0, '[]', 'a:0:{}', NULL, 1770635891, 1770636008),
('a109d456-2f4a-4edc-b407-22e91fd31b0c', '', 1, 0, 0, '[]', 'a:0:{}', NULL, 1770635891, 1770636008),
('a109d484-a7b1-425c-ba94-b61fb4d883a0', '', 1, 0, 0, '[]', 'a:0:{}', NULL, 1770635922, 1770636008),
('a109d484-acfd-4c8d-9094-c46a70ebddcb', '', 1, 0, 0, '[]', 'a:0:{}', NULL, 1770635922, 1770636008),
('a109d53a-f359-445b-9b55-4841af6b310d', '', 1, 0, 0, '[]', 'a:0:{}', NULL, 1770636041, 1770636043),
('a109d53a-f359-44ba-ba92-9a7a901fbb00', '', 1, 0, 0, '[]', 'a:0:{}', NULL, 1770636041, 1770636043),
('a109d689-18c4-4081-9699-d0596cc45823', '', 1, 0, 0, '[]', 'a:0:{}', NULL, 1770636261, 1770636262),
('a109d6a9-cf51-4362-8643-1cfd8544e4f3', '', 1, 0, 0, '[]', 'a:0:{}', NULL, 1770636282, 1770636283),
('a109d6a9-cf51-4d92-9407-f0e8c1508c7f', '', 1, 0, 0, '[]', 'a:0:{}', NULL, 1770636282, 1770636283),
('a109d7e3-b0c3-468b-a2b0-28a8fa57d91e', '', 1, 1, 1, '[\"9c6d236e-f48b-43f2-b0b5-7df86a7ef3fe\"]', 'a:0:{}', 1770636488, 1770636488, 1770636488),
('a109d7e3-b0c3-49ae-8f96-fae67573004a', '', 1, 0, 0, '[]', 'a:0:{}', NULL, 1770636488, 1770636488),
('a109d7fe-bcaf-4d80-9bfa-1139220f861d', '', 1, 0, 0, '[]', 'a:0:{}', NULL, 1770636505, 1770636508),
('a109d7fe-bf1f-4970-a907-0a9788a0d428', '', 1, 0, 0, '[]', 'a:0:{}', NULL, 1770636505, 1770636508),
('a109e2dc-6978-45e5-8d65-24befda355f5', '', 1, 1, 1, '[\"8b36d44e-9b4f-4915-805d-caf117f5d687\"]', 'a:0:{}', 1770638329, 1770638328, 1770638329),
('a109e2dc-6978-4a20-b04f-e6b94e2461b8', '', 1, 0, 0, '[]', 'a:0:{}', NULL, 1770638328, 1770638329),
('a109e546-3a57-4daf-9ac5-0fe1106a9659', '', 1, 0, 0, '[]', 'a:0:{}', NULL, 1770638733, 1770638736),
('a109e546-3a57-4e22-9a6b-b2f18d3185ef', '', 1, 0, 0, '[]', 'a:0:{}', NULL, 1770638733, 1770638736),
('a109e610-0a25-41ea-81e7-ebe21fdd1eb3', '', 1, 0, 0, '[]', 'a:0:{}', NULL, 1770638865, 1770638869),
('a109e610-0a25-4374-8933-2d2a1cc5081e', '', 1, 0, 0, '[]', 'a:0:{}', NULL, 1770638865, 1770638869),
('a10d4424-65f7-49b6-be5f-a57ad80bac98', '', 1, 0, 0, '[]', 'a:0:{}', NULL, 1770783498, 1770783588),
('a10fa2d5-13ff-4e45-b0dd-7c8f9bbb6f26', '', 1, 0, 0, '[]', 'a:0:{}', NULL, 1770885284, 1770885425),
('a10fa4a7-992d-46df-bbb5-5be41af24216', '', 1, 0, 0, '[]', 'a:0:{}', NULL, 1770885590, 1770885594),
('a10fa9a0-23d7-43e6-a6ba-73826b3a9891', '', 1, 0, 0, '[]', 'a:0:{}', NULL, 1770886424, 1770886428),
('a10faaf5-9f99-4710-bed7-03fdf882ab6b', '', 1, 0, 0, '[]', 'a:0:{}', NULL, 1770886648, 1770886648),
('a10fab4e-f26b-48c6-bb12-e6fd96256e4d', '', 1, 0, 0, '[]', 'a:0:{}', NULL, 1770886706, 1770886706),
('a10fab96-7e43-42be-8379-f18564a313ad', '', 1, 0, 0, '[]', 'a:0:{}', NULL, 1770886753, 1770886756),
('a10fabd8-1028-4210-91a8-083e2b664961', '', 1, 0, 0, '[]', 'a:0:{}', NULL, 1770886796, 1770886798),
('a10faf08-8566-4769-81ca-4ea61f1a9502', '', 1, 0, 0, '[]', 'a:0:{}', NULL, 1770887331, 1770887334),
('a10fb015-2642-466a-9ffb-0c84aeb5fa65', '', 1, 0, 0, '[]', 'a:0:{}', NULL, 1770887507, 1770887509),
('a10fbf83-a4d2-4b74-a0b2-df5dcfb2f0c9', '', 1, 0, 0, '[]', 'a:0:{}', NULL, 1770890096, 1770890097),
('a10fc00a-7d54-40a6-a079-0b0e273975ac', '', 1, 0, 0, '[]', 'a:0:{}', NULL, 1770890184, 1770890187),
('a10fc04a-94b4-460d-a3de-fc8335da3ab7', '', 1, 0, 0, '[]', 'a:0:{}', NULL, 1770890226, 1770890229),
('a10fcce1-2499-448f-a89d-42bee17c1db3', '', 1, 0, 0, '[]', 'a:0:{}', NULL, 1770892338, 1770892341),
('a10fcdfb-eb09-47d3-ba52-13b11883c8a1', '', 1, 1, 1, '[\"ad9fb488-62c5-4115-827c-3f4435f8401a\"]', 'a:0:{}', 1770892525, 1770892524, 1770892525),
('a1196f04-c82b-4ba7-8b59-17d638f82161', '', 1, 0, 0, '[]', 'a:0:{}', NULL, 1771306088, 1771307457),
('a1197ce3-6b48-4387-a205-142d1d153dfb', '', 1, 0, 0, '[]', 'a:0:{}', NULL, 1771308415, 1771308417),
('a1197e03-7fc4-476f-9501-1236cbd2219f', '', 1, 0, 0, '[]', 'a:0:{}', NULL, 1771308604, 1771308605),
('a119805f-b85b-4803-a2d8-ccd4f6c5e1fd', '', 1, 0, 0, '[]', 'a:0:{}', NULL, 1771309000, 1771309000),
('a1198098-b60b-46c8-a2b8-51e4142c3129', '', 1, 0, 0, '[]', 'a:0:{}', NULL, 1771309037, 1771309039),
('a119813b-776e-4781-b928-c0aea473558a', '', 1, 0, 0, '[]', 'a:0:{}', NULL, 1771309144, 1771309144),
('a1198561-ade9-4fe3-84c9-a274c5aa46ff', '', 1, 0, 0, '[]', 'a:0:{}', NULL, 1771309840, 1771309844),
('a119894f-1664-43ba-8925-eb12ee2806c7', '', 1, 0, 0, '[]', 'a:0:{}', NULL, 1771310499, 1771310501);

-- --------------------------------------------------------

--
-- Table structure for table `languages`
--

CREATE TABLE `languages` (
  `id` bigint(20) UNSIGNED NOT NULL,
  `key` varchar(191) NOT NULL,
  `value` varchar(191) NOT NULL,
  `language` varchar(191) NOT NULL,
  `file` varchar(191) NOT NULL,
  `created_by` int(10) UNSIGNED DEFAULT NULL,
  `updated_by` int(10) UNSIGNED DEFAULT NULL,
  `deleted_by` int(10) UNSIGNED DEFAULT NULL,
  `created_at` timestamp NULL DEFAULT NULL,
  `updated_at` timestamp NULL DEFAULT NULL,
  `deleted_at` timestamp NULL DEFAULT NULL
) ENGINE=InnoDB DEFAULT CHARSET=utf8mb4 COLLATE=utf8mb4_unicode_ci;

-- --------------------------------------------------------

--
-- Table structure for table `likes`
--

CREATE TABLE `likes` (
  `id` bigint(20) UNSIGNED NOT NULL,
  `entertainment_id` int(11) DEFAULT NULL,
  `user_id` int(11) DEFAULT NULL,
  `is_like` tinyint(4) NOT NULL DEFAULT 0,
  `profile_id` int(11) DEFAULT NULL,
  `type` varchar(191) DEFAULT NULL,
  `created_by` int(10) UNSIGNED DEFAULT NULL,
  `updated_by` int(10) UNSIGNED DEFAULT NULL,
  `deleted_by` int(10) UNSIGNED DEFAULT NULL,
  `created_at` timestamp NULL DEFAULT NULL,
  `updated_at` timestamp NULL DEFAULT NULL,
  `deleted_at` timestamp NULL DEFAULT NULL
) ENGINE=InnoDB DEFAULT CHARSET=utf8mb4 COLLATE=utf8mb4_unicode_ci;

--
-- Dumping data for table `likes`
--

INSERT INTO `likes` (`id`, `entertainment_id`, `user_id`, `is_like`, `profile_id`, `type`, `created_by`, `updated_by`, `deleted_by`, `created_at`, `updated_at`, `deleted_at`) VALUES
(1, 1, 6, 1, 6, 'tvshow', 6, 6, NULL, '2024-09-25 09:53:07', '2024-09-25 09:53:07', NULL),
(2, 5, 6, 1, 6, 'tvshow', 6, 6, NULL, '2024-09-25 09:54:20', '2024-09-25 09:54:20', NULL),
(3, 10, 4, 1, 4, 'tvshow', 3, 3, NULL, '2024-09-25 09:54:27', '2024-09-25 09:54:27', NULL),
(4, 14, 4, 1, 4, 'tvshow', 3, 3, NULL, '2024-09-25 09:54:45', '2024-09-25 09:54:45', NULL),
(5, 94, 4, 1, 4, 'movie', 4, 4, NULL, '2024-09-25 09:56:42', '2024-09-25 09:56:42', NULL),
(6, 45, 10, 1, 10, 'movie', 3, 3, NULL, '2024-09-25 09:57:07', '2024-09-25 09:57:07', NULL),
(7, 90, 12, 1, 12, 'movie', 4, 4, NULL, '2024-09-25 09:57:19', '2024-09-25 09:57:19', NULL),
(8, 95, 12, 1, 12, 'movie', 6, 6, NULL, '2024-09-25 09:57:31', '2024-09-25 09:57:31', NULL),
(9, 95, 7, 1, 7, 'movie', 7, 7, NULL, '2024-09-25 09:59:34', '2024-09-25 09:59:34', NULL),
(10, 102, 7, 1, 7, 'movie', 7, 7, NULL, '2024-09-25 10:00:12', '2024-09-25 10:00:12', NULL),
(11, 101, 7, 1, 7, 'movie', 7, 7, NULL, '2024-09-25 10:00:24', '2024-09-25 10:00:24', NULL),
(12, 99, 7, 1, 7, 'video', 7, 7, NULL, '2024-09-25 10:00:29', '2024-09-25 10:00:29', NULL),
(13, 14, 7, 1, 7, 'video', 7, 7, NULL, '2024-09-25 10:00:46', '2024-09-25 10:00:46', NULL),
(14, 10, 8, 1, 8, 'video', 7, 7, NULL, '2024-09-25 10:00:53', '2024-09-25 10:00:53', NULL),
(15, 5, 9, 1, 9, 'video', 7, 7, NULL, '2024-09-25 10:01:02', '2024-09-25 10:01:02', NULL),
(16, 1, 14, 1, 14, 'tvshow', 7, 7, NULL, '2024-09-25 10:01:10', '2024-09-25 10:01:10', NULL),
(17, 1, 5, 1, 5, 'tvshow', 5, 5, NULL, '2024-09-25 10:02:25', '2024-09-25 10:02:25', NULL),
(18, 5, 5, 1, 5, 'tvshow', 5, 5, NULL, '2024-09-25 10:02:38', '2024-09-25 10:02:38', NULL),
(19, 89, 5, 1, 5, 'movie', 5, 5, NULL, '2024-09-25 10:02:43', '2024-09-25 10:02:43', NULL),
(20, 101, 5, 1, 5, 'move', 5, 5, NULL, '2024-09-25 10:02:49', '2024-09-25 10:02:49', NULL),
(21, 87, 5, 1, 5, 'movie', 5, 5, NULL, '2024-09-25 10:02:53', '2024-09-25 10:02:53', NULL),
(22, 102, 5, 1, 5, 'movie', 5, 5, NULL, '2024-09-25 10:02:57', '2024-09-25 10:02:57', NULL),
(23, 97, 5, 1, 5, 'movie', 5, 5, NULL, '2024-09-25 10:03:06', '2024-09-25 10:03:06', NULL),
(24, 98, 5, 1, 5, 'movie', 5, 5, NULL, '2024-09-25 10:03:13', '2024-09-25 10:03:13', NULL),
(25, 103, 5, 1, 5, 'movie', 5, 5, NULL, '2024-09-25 10:03:26', '2024-09-25 10:03:26', NULL),
(26, 100, 3, 1, 3, 'movie', 5, 5, NULL, '2024-09-25 10:03:26', '2024-09-25 10:03:26', NULL),
(27, 25, 3, 1, 3, 'movie', 5, 5, NULL, '2024-09-25 10:03:26', '2024-09-25 10:03:26', NULL),
(28, 16, 3, 1, 3, 'movie', 5, 5, NULL, '2024-09-25 10:03:26', '2024-09-25 10:03:26', NULL),
(29, 90, 1, 0, 1, 'movie', 1, 1, NULL, '2026-02-11 23:45:34', '2026-02-12 00:18:16', NULL),
(30, 7, 1, 0, 1, 'tvshow', 1, 1, NULL, '2026-02-12 22:37:02', '2026-02-12 23:03:50', NULL),
(31, 24, 1, 0, 1, 'movie', 1, 1, NULL, '2026-02-13 03:00:35', '2026-02-13 03:27:51', NULL),
(32, 94, 1, 3, 1, 'movie', 1, 1, NULL, '2026-02-13 03:04:11', '2026-02-13 03:05:03', NULL),
(33, 104, 18, 1, NULL, 'movie', 18, 18, NULL, '2026-02-16 06:17:16', '2026-02-16 06:17:16', NULL),
(34, 113, 1, 2, NULL, 'movie', 1, 1, NULL, '2026-02-19 06:04:35', '2026-02-19 06:04:42', NULL),
(35, 99, 21, 1, NULL, 'movie', 21, 21, NULL, '2026-02-19 11:12:20', '2026-02-19 11:12:20', NULL),
(36, 113, 21, 0, NULL, 'movie', 21, 21, NULL, '2026-02-20 05:10:18', '2026-02-20 06:37:59', NULL),
(37, 29, 21, 1, NULL, 'movie', 21, 21, NULL, '2026-02-20 06:21:51', '2026-02-20 06:21:51', NULL),
(38, 39, 21, 3, NULL, 'movie', 21, 21, NULL, '2026-02-20 06:27:23', '2026-02-20 06:30:30', NULL),
(39, 115, 21, 1, NULL, 'movie', 21, 21, NULL, '2026-02-20 07:30:27', '2026-02-20 07:30:27', NULL),
(40, 102, 21, 0, 35, 'movie', 21, 21, NULL, '2026-02-20 07:00:26', '2026-02-20 07:00:28', NULL),
(41, 26, 21, 2, 35, 'movie', 21, 21, NULL, '2026-02-20 07:03:13', '2026-02-20 07:03:14', NULL),
(42, 165, 1, 2, NULL, 'tvshow', 1, 1, NULL, '2026-02-23 07:30:53', '2026-02-23 07:30:57', NULL),
(43, 124, 22, 0, 37, 'movie', 22, 22, NULL, '2026-02-25 08:54:43', '2026-03-02 05:54:50', NULL),
(44, 40, 22, 1, 37, 'video', 22, 22, NULL, '2026-02-27 12:07:34', '2026-02-27 12:07:34', NULL),
(45, 173, 22, 3, 37, 'movie', 22, 22, NULL, '2026-02-27 12:23:28', '2026-02-27 12:23:32', NULL),
(46, 164, 22, 0, 37, 'tvshow', 22, 22, NULL, '2026-03-02 03:57:02', '2026-03-02 03:57:09', NULL),
(47, 126, 22, 2, 38, 'movie', 22, 22, NULL, '2026-03-02 05:52:00', '2026-03-05 04:00:05', NULL),
(48, 126, 21, 3, 36, 'movie', 21, 21, NULL, '2026-03-02 05:53:36', '2026-03-02 05:54:43', NULL);

-- --------------------------------------------------------

--
-- Table structure for table `livetvs`
--

CREATE TABLE `livetvs` (
  `id` bigint(20) UNSIGNED NOT NULL,
  `name` varchar(191) NOT NULL,
  `created_by` int(10) UNSIGNED DEFAULT NULL,
  `updated_by` int(10) UNSIGNED DEFAULT NULL,
  `deleted_by` int(10) UNSIGNED DEFAULT NULL,
  `created_at` timestamp NULL DEFAULT NULL,
  `updated_at` timestamp NULL DEFAULT NULL,
  `deleted_at` timestamp NULL DEFAULT NULL
) ENGINE=InnoDB DEFAULT CHARSET=utf8mb4 COLLATE=utf8mb4_unicode_ci;

-- --------------------------------------------------------

--
-- Table structure for table `live_tv_category`
--

CREATE TABLE `live_tv_category` (
  `id` bigint(20) UNSIGNED NOT NULL,
  `name` varchar(191) NOT NULL,
  `file_url` text DEFAULT NULL,
  `description` longtext DEFAULT NULL,
  `status` tinyint(1) NOT NULL DEFAULT 0,
  `created_by` int(10) UNSIGNED DEFAULT NULL,
  `updated_by` int(10) UNSIGNED DEFAULT NULL,
  `deleted_by` int(10) UNSIGNED DEFAULT NULL,
  `created_at` timestamp NULL DEFAULT NULL,
  `updated_at` timestamp NULL DEFAULT NULL,
  `deleted_at` timestamp NULL DEFAULT NULL,
  `slug` text DEFAULT NULL
) ENGINE=InnoDB DEFAULT CHARSET=utf8mb4 COLLATE=utf8mb4_unicode_ci;

--
-- Dumping data for table `live_tv_category`
--

INSERT INTO `live_tv_category` (`id`, `name`, `file_url`, `description`, `status`, `created_by`, `updated_by`, `deleted_by`, `created_at`, `updated_at`, `deleted_at`, `slug`) VALUES
(1, 'News & Current Affairs', 'news_current_affairs.png', 'Stay informed with the latest updates from around the world. This category brings you live news broadcasts, in-depth analysis, and breaking news coverage. From politics to finance, and global events to local happenings, never miss a moment of what\'s happening. 📰🌍🕒', 1, NULL, NULL, NULL, '2026-02-08 23:24:57', '2026-02-08 23:24:57', NULL, 'news-current-affairs'),
(2, 'Sports & Action', 'sports_action.png', 'Catch all the live sports action from your favorite games and tournaments. Whether it\'s football, basketball, tennis, or any other sport, this category covers live matches, expert commentary, and thrilling highlights. Cheer for your teams and witness unforgettable moments. 🏆⚽🏀', 1, NULL, NULL, NULL, '2026-02-08 23:24:57', '2026-02-08 23:24:57', NULL, 'sports-action'),
(3, 'Entertainment & Variety', 'entertainment_variety.png', 'Enjoy a diverse range of live entertainment shows, from reality TV and talent competitions to talk shows and award ceremonies. This category offers something for everyone, featuring your favorite stars and hosts bringing you laughter, drama, and excitement. 🎤🎬🎉', 1, NULL, NULL, NULL, '2026-02-08 23:24:57', '2026-02-08 23:24:57', NULL, 'entertainment-variety'),
(4, 'Music & Concerts', 'music_concerts.png', 'Experience live music like never before with concerts, festivals, and exclusive performances from top artists. This category brings the stage to your screen, allowing you to enjoy your favorite genres and discover new talents from the comfort of your home. 🎸🎤🎶', 1, NULL, NULL, NULL, '2026-02-08 23:24:57', '2026-02-08 23:24:57', NULL, 'music-concerts'),
(5, 'Educational & Documentary', 'educational_documentary.png', 'Expand your knowledge with live educational programs and documentaries covering a wide range of topics. From science and history to nature and technology, this category provides informative content that enlightens and inspires. Ideal for curious minds of all ages. 📚🔬🌿', 1, NULL, NULL, NULL, '2026-02-08 23:24:57', '2026-02-08 23:24:57', NULL, 'educational-documentary');

-- --------------------------------------------------------

--
-- Table structure for table `live_tv_channel`
--

CREATE TABLE `live_tv_channel` (
  `id` bigint(20) UNSIGNED NOT NULL,
  `name` varchar(191) DEFAULT NULL,
  `poster_url` text DEFAULT NULL,
  `category_id` bigint(20) UNSIGNED DEFAULT NULL,
  `thumb_url` text DEFAULT NULL,
  `access` varchar(191) DEFAULT NULL,
  `plan_id` bigint(20) UNSIGNED DEFAULT NULL,
  `description` longtext DEFAULT NULL,
  `status` tinyint(1) NOT NULL DEFAULT 0,
  `approval_status` varchar(20) NOT NULL DEFAULT 'approved',
  `created_by` int(10) UNSIGNED DEFAULT NULL,
  `updated_by` int(10) UNSIGNED DEFAULT NULL,
  `deleted_by` int(10) UNSIGNED DEFAULT NULL,
  `created_at` timestamp NULL DEFAULT NULL,
  `updated_at` timestamp NULL DEFAULT NULL,
  `deleted_at` timestamp NULL DEFAULT NULL,
  `poster_tv_url` text DEFAULT NULL,
  `slug` text DEFAULT NULL
) ENGINE=InnoDB DEFAULT CHARSET=utf8mb4 COLLATE=utf8mb4_unicode_ci;

--
-- Dumping data for table `live_tv_channel`
--

INSERT INTO `live_tv_channel` (`id`, `name`, `poster_url`, `category_id`, `thumb_url`, `access`, `plan_id`, `description`, `status`, `approval_status`, `created_by`, `updated_by`, `deleted_by`, `created_at`, `updated_at`, `deleted_at`, `poster_tv_url`, `slug`) VALUES
(1, 'Aaj Kal LIVE TV', 'download_(4)_699bdd2d8a543.png', 1, 'download_(4)_699bdd2d8a543.png', 'free', NULL, '<p>Stay informed with live news broadcasts and in-depth analysis on Aaj Kal LIVE TV. Never miss a moment of the latest updates from around the world.</p>', 1, 'approved', NULL, 1, NULL, '2026-02-08 23:24:57', '2026-02-23 04:53:19', NULL, 'download_(4)_699bdd2d8a543.png', 'aaj-kal-live-tv'),
(2, 'ABP Sports', 'abp_699bd92d24516.png', 2, 'abp_699bd92d24516.png', 'paid', 1, '<p>Catch all the live sports action on ABP Sports, covering your favorite games and tournaments with expert commentary and thrilling highlights.</p>', 1, 'approved', NULL, 1, NULL, '2026-02-08 23:24:57', '2026-02-23 04:36:19', NULL, 'abp_699bd92d24516.png', 'abp-sports'),
(3, 'DN TV', 'dn_tv_699bd97b465c8.png', 3, 'dn_tv_699bd97b465c8.png', 'paid', 2, '<p>Enjoy a variety of entertainment shows on DN TV, featuring reality TV, talent competitions, talk shows, and award ceremonies.</p>', 1, 'approved', NULL, 1, NULL, '2026-02-08 23:24:58', '2026-02-23 04:37:30', NULL, 'dn_tv_699bd97b465c8.png', 'dn-tv'),
(4, '9xm', '9xm_699bda771b148.png', 4, '9xm_699bda771b148.png', 'paid', 3, '<p>Music &amp; Concerts channel featuring live performances and more.</p>', 1, 'approved', NULL, 1, NULL, '2026-02-08 23:24:58', '2026-02-23 04:41:41', NULL, '9xm_699bda771b148.png', '9xm'),
(5, 'BBP', 'download_(2)_699bdac7d62f9.png', 5, 'download_(2)_699bdac7d62f9.png', 'paid', 4, '<p>Educational &amp; Documentary channel with a wide range of informative content.</p>', 1, 'approved', NULL, 1, NULL, '2026-02-08 23:24:58', '2026-02-23 04:43:04', NULL, 'download_(2)_699bdac7d62f9.png', 'bbp'),
(6, 'M TV', 'mtv_699bdb1aab42c.png', 4, 'mtv_699bdb1aab42c.png', 'free', NULL, '<p>Free Music &amp; Concerts channel with live performances and more.</p>', 1, 'approved', NULL, 1, NULL, '2026-02-08 23:24:58', '2026-02-23 04:44:27', NULL, 'mtv_699bdb1aab42c.png', 'm-tv'),
(7, 'ZNews 24/7', 'zee_news_699bdb667dcc7.png', 1, 'zee_news_699bdb667dcc7.png', 'free', NULL, '<p>Round-the-clock coverage of global news and current events to keep you informed all day. 🌍🕓</p>', 1, 'approved', NULL, 1, NULL, '2026-02-08 23:24:58', '2026-02-23 04:45:40', NULL, 'zee_news_699bdb667dcc7.png', 'znews-247'),
(8, 'Sports Max', 'sports_max_699bdba07d4d5.png', 2, 'sports_max_699bdba07d4d5.png', 'paid', 1, '<p>The ultimate channel for live sports events, from football to cricket, with non-stop action. 🏆📢</p>', 1, 'approved', NULL, 1, NULL, '2026-02-08 23:24:58', '2026-02-23 04:46:37', NULL, 'sports_max_699bdba07d4d5.png', 'sports-max'),
(9, 'Vibe TV', 'vibe_tv_699bdbe2d41f3.png', 3, 'vibe_tv_699bdbe2d41f3.png', 'paid', 2, '<p>The hottest variety of live entertainment, from reality shows to talk shows and much more. 🎭🔥</p>', 1, 'approved', NULL, 1, NULL, '2026-02-08 23:24:58', '2026-02-23 04:47:45', NULL, 'vibe_tv_699bdbe2d41f3.png', 'vibe-tv'),
(10, 'Beat Box', 'beat_box_699bdc229dc29.png', 4, 'beat_box_699bdc229dc29.png', 'free', NULL, '<p>Feel the beat with live music performances, DJ sets, and non-stop tunes. 🎧🎵</p>', 1, 'approved', NULL, 1, NULL, '2026-02-08 23:24:58', '2026-02-23 04:48:47', NULL, 'beat_box_699bdc229dc29.png', 'beat-box'),
(11, 'Brain TV', 'brain_tv_699bdc5c1d5bc.png', 5, 'brain_tv_699bdc5c1d5bc.png', 'paid', 4, '<p>Dive into a world of learning with live educational shows and insightful documentaries. 🧠📺</p>', 1, 'approved', NULL, 1, NULL, '2026-02-08 23:24:58', '2026-02-23 04:49:45', NULL, 'brain_tv_699bdc5c1d5bc.png', 'brain-tv'),
(12, 'Khabar NOW', 'kabar_699bdcafa07cb.png', 1, 'kabar_699bdcafa07cb.png', 'paid', 2, '<p>Instant access to real-time news and headlines that matter most, bringing the world to your screen. 📰📢</p>', 1, 'approved', NULL, 1, NULL, '2026-02-08 23:24:58', '2026-02-23 04:51:11', NULL, 'kabar_699bdcafa07cb.png', 'khabar-now'),
(13, 'Goal TV', 'download_(3)_699bdceb327b8.png', 2, 'download_(3)_699bdceb327b8.png', 'free', NULL, '<p>Your destination for all things football, with live coverage of matches, interviews, and goals. ⚽🎥</p>', 1, 'approved', NULL, 1, NULL, '2026-02-08 23:24:58', '2026-02-23 04:52:09', NULL, 'download_(3)_699bdceb327b8.png', 'goal-tv'),
(14, 'Star Bliss', 'start_cliss_699bd44fe1f04.png', 3, 'start_cliss_699bd44fe1f04.png', 'free', NULL, '<p>Bringing you a star-studded lineup of live entertainment, talk shows, and celebrity interviews. ⭐🎬</p>', 1, 'approved', NULL, 1, NULL, '2026-02-08 23:24:58', '2026-02-23 04:15:29', NULL, 'start_cliss_699bd44fe1f04.png', 'star-bliss'),
(15, 'Groove LIVE', 'groove_699bd4a017d89.png', 4, 'groove_699bd4a017d89.png', 'free', NULL, '<p>Get into the groove with live music shows, concerts, and your favorite artists. 🎼🎸</p>', 1, 'approved', NULL, 1, NULL, '2026-02-08 23:24:59', '2026-02-23 04:16:45', NULL, 'groove_699bd4a017d89.png', 'groove-live'),
(16, 'Docu Vision', 'docu_vision_699bd50a9e797.png', 5, 'docu_vision_699bd50a9e797.png', 'paid', 4, '<p>Explore fascinating live documentaries on a range of topics, from history to science. 📚🎬</p>', 1, 'approved', NULL, 1, NULL, '2026-02-08 23:24:59', '2026-02-23 04:18:34', NULL, 'docu_vision_699bd50a9e797.png', 'docu-vision'),
(17, 'Vision TV', 'vision_tv_699bd5733901c.jpg', 1, 'vision_tv_699bd5733901c.jpg', 'free', NULL, '<p>Sharp and focused news, providing clear insights into the events shaping the world today. 🔍📺</p>', 1, 'approved', NULL, 1, NULL, '2026-02-08 23:24:59', '2026-02-23 04:20:17', NULL, 'vision_tv_699bd5733901c.jpg', 'vision-tv'),
(18, 'Win Sports', 'win_sports_699bd5b4afabb.png', 2, 'win_sports_699bd5b4afabb.png', 'paid', 1, '<p>Bringing the winning moments from the biggest sporting events, straight to your screen, live. 🎖️📺</p>', 1, 'approved', NULL, 1, NULL, '2026-02-08 23:24:59', '2026-02-23 04:21:21', NULL, 'win_sports_699bd5b4afabb.png', 'win-sports'),
(19, 'Buzz LIVE', 'buzz_live_699bd5f06cc9e.png', 3, 'buzz_live_699bd5f06cc9e.png', 'free', NULL, '<p>All the buzzworthy content in one place, from live interviews to fun, energetic shows. 🎤⚡</p>', 1, 'approved', NULL, 1, NULL, '2026-02-08 23:24:59', '2026-02-23 04:22:22', NULL, 'buzz_live_699bd5f06cc9e.png', 'buzz-live'),
(20, 'Tune IN', 'tune_in_699bd6286e775.png', 4, 'tune_in_699bd6286e775.png', 'paid', 3, '<p>Stay tuned to the latest live music performances and the freshest beats from top artists. 🎙️📻</p>', 1, 'approved', NULL, 1, NULL, '2026-02-08 23:24:59', '2026-02-23 04:23:17', NULL, 'tune_in_699bd6286e775.png', 'tune-in'),
(21, 'DiscoverX', 'discovefr_699bd671e037f.png', 5, 'discovefr_699bd671e037f.png', 'paid', 4, '<p>Uncover the unknown with live explorations and educational content from around the globe. 🌍🔎</p>', 1, 'approved', NULL, 1, NULL, '2026-02-08 23:24:59', '2026-02-23 04:24:31', NULL, 'discovefr_699bd671e037f.png', 'discoverx'),
(22, 'HeadlineX', 'hedalinesx_699bd6ee14f1f.png', 1, 'hedalinesx_699bd6ee14f1f.png', 'free', NULL, '<p>Your go-to for breaking headlines and live updates, keeping you in the know. 🗞️🎯</p>', 1, 'approved', NULL, 1, NULL, '2026-02-08 23:24:59', '2026-02-23 04:26:35', NULL, 'hedalinesx_699bd6ee14f1f.png', 'headlinex'),
(23, 'Xtreme Sports', 'extreme_699bd73d5d724.jpg', 2, 'extreme_699bd73d5d724.jpg', 'paid', 2, '<p>Tune in for adrenaline-pumping sports events, from extreme sports to intense competition. 🏄&zwj;♂️🔥</p>', 1, 'approved', NULL, 1, NULL, '2026-02-08 23:24:59', '2026-02-23 04:27:56', NULL, 'extreme_699bd73d5d724.jpg', 'xtreme-sports'),
(24, 'Fun Box', 'fun_box_699bd7854eac2.png', 3, 'fun_box_699bd7854eac2.png', 'free', NULL, '<p>A playful mix of live comedy, gameshows, and entertainment to keep you laughing. 🤣📺</p>', 1, 'approved', NULL, 1, NULL, '2026-02-08 23:24:59', '2026-02-23 04:29:17', NULL, 'fun_box_699bd7854eac2.png', 'fun-box'),
(25, 'Sound Wave', 'sound_wave_699bd7dd4528b.png', 4, 'sound_wave_699bd7dd4528b.png', 'paid', 2, '<p>Feel the pulse of live music as you experience concerts and performances from the world&rsquo;s best artists. 🎤🌊</p>', 1, 'approved', NULL, 1, NULL, '2026-02-08 23:24:59', '2026-02-23 04:30:36', NULL, 'sound_wave_699bd7dd4528b.png', 'sound-wave'),
(26, 'Learn LIVE', 'learn_live_699bd81a8a5f5.png', 5, 'learn_live_699bd81a8a5f5.png', 'paid', 4, '<p>Interactive educational programming, live lectures, and documentaries to spark your curiosity. 🎓📡</p>', 1, 'approved', NULL, 1, NULL, '2026-02-08 23:24:59', '2026-02-23 04:31:37', NULL, 'learn_live_699bd81a8a5f5.png', 'learn-live'),
(27, 'Live Line', 'live_stream_699bd88f62eb8.png', 1, 'live_stream_699bd88f62eb8.png', 'free', NULL, '<p>Breaking news, live updates, and in-depth analysis at the speed of live broadcast. 📡⚡</p>', 1, 'approved', NULL, 1, NULL, '2026-02-08 23:24:59', '2026-02-23 04:33:32', NULL, 'live_stream_699bd88f62eb8.png', 'live-line'),
(28, 'Pro Play', 'pro_player_699bd8dfb2ff5.png', 2, 'pro_player_699bd8dfb2ff5.png', 'paid', 3, '<p>Watch your favorite athletes and teams go head-to-head in thrilling live action. 🏅🎬</p>', 1, 'approved', NULL, 1, NULL, '2026-02-08 23:24:59', '2026-02-23 04:34:51', NULL, 'pro_player_699bd8dfb2ff5.png', 'pro-play'),
(29, 'Show MAX', 'show_max_699bd0879637a.png', 3, 'show_max_699bd0879637a.png', 'paid', 2, '<p>Maximize your entertainment with live shows, contests, and endless variety! 🎭💫</p>', 1, 'approved', NULL, 1, NULL, '2026-02-08 23:25:00', '2026-02-23 04:03:57', NULL, 'show_max_699bd0879637a.png', 'show-max'),
(30, 'RhythmX', 'rhythmx_699bd2299c27e.png', 4, 'rhythmx_699bd2299c27e.png', 'free', NULL, '<p>Tune in for live performances, chart-topping hits, and music from around the world. 🎶🎧</p>', 1, 'approved', NULL, 1, NULL, '2026-02-08 23:25:00', '2026-02-23 04:06:15', NULL, 'rhythmx_699bd2299c27e.png', 'rhythmx'),
(31, 'Insight TV', 'usught_699bd2b7b3f8d.jpg', 5, 'usught_699bd2b7b3f8d.jpg', 'free', NULL, '<p>Dive deep into thought-provoking live content that educates and inspires, from documentaries to expert talks. 📘🔍</p>', 1, 'approved', NULL, 1, NULL, '2026-02-08 23:25:00', '2026-02-23 04:08:36', NULL, 'usught_699bd2b7b3f8d.jpg', 'insight-tv'),
(32, 'Live News Channel', 'cnn_699bd3151fd1e.jpg', 1, 'cnn_699bd3151fd1e.jpg', 'free', NULL, '<p>Watch live news coverage with real-time updates on breaking events, politics, business, and global affairs. Stay informed with reliable reporting as stories unfold.</p>', 1, 'approved', NULL, 1, NULL, '2026-02-08 23:25:00', '2026-02-23 04:10:07', NULL, 'cnn_699bd3151fd1e.jpg', 'live-news-channel'),
(33, 'Live WWE', 'wwe_699bd39d3066f.png', 2, 'wwe_699bd39d3066f.png', 'free', NULL, '<p>Watch live WWE events featuring intense matches, exclusive moments, and nonstop wrestling action.Experience the thrill of WWE as it happens, all in one place.</p>', 1, 'approved', NULL, 1, NULL, '2026-02-08 23:25:00', '2026-02-23 04:12:25', NULL, 'wwe_699bd39d3066f.png', 'live-wwe'),
(34, 'Hindi News Channel', 'aaj_tak_699bd3d77214a.png', 1, 'aaj_tak_699bd3d77214a.png', 'free', NULL, '<p>Watch live news coverage with real-time updates on breaking events, politics, business, and global affairs. Stay informed with reliable reporting as stories unfold.</p>', 1, 'approved', NULL, 1, NULL, '2026-02-08 23:25:00', '2026-02-23 04:13:23', NULL, 'aaj_tak_699bd3d77214a.png', 'hindi-news-channel'),
(35, 'Soccer', 'download_(1)_699bd410b7be2.png', 2, 'download_(1)_699bd410b7be2.png', 'free', NULL, '<p>Track live scores with real-time updates across ongoing matches and tournaments.Stay updated with accurate scores as the action unfolds.</p>', 1, 'approved', NULL, 1, NULL, '2026-02-08 23:25:00', '2026-02-23 04:14:20', NULL, 'download_(1)_699bd410b7be2.png', 'soccer'),
(37, 'Rejected', '1764058867130_i_6996a6b2edec0.jpeg', 1, '1764058867130_i_6996a6b2edec0.jpeg', 'free', NULL, '<p>ttestet</p>', 0, 'rejected', 18, 18, NULL, '2026-02-19 06:16:56', '2026-02-25 08:35:50', NULL, '1764058867130_i_6996a6b2edec0.jpeg', 'rejected');

-- --------------------------------------------------------

--
-- Table structure for table `live_tv_stream_content_mapping`
--

CREATE TABLE `live_tv_stream_content_mapping` (
  `id` bigint(20) UNSIGNED NOT NULL,
  `tv_channel_id` bigint(20) UNSIGNED NOT NULL,
  `type` varchar(191) DEFAULT NULL,
  `stream_type` varchar(191) DEFAULT NULL,
  `embedded` longtext DEFAULT NULL,
  `server_url` text DEFAULT NULL,
  `server_url1` text DEFAULT NULL,
  `created_by` int(10) UNSIGNED DEFAULT NULL,
  `updated_by` int(10) UNSIGNED DEFAULT NULL,
  `deleted_by` int(10) UNSIGNED DEFAULT NULL,
  `created_at` timestamp NULL DEFAULT NULL,
  `updated_at` timestamp NULL DEFAULT NULL,
  `deleted_at` timestamp NULL DEFAULT NULL
) ENGINE=InnoDB DEFAULT CHARSET=utf8mb4 COLLATE=utf8mb4_unicode_ci;

--
-- Dumping data for table `live_tv_stream_content_mapping`
--

INSERT INTO `live_tv_stream_content_mapping` (`id`, `tv_channel_id`, `type`, `stream_type`, `embedded`, `server_url`, `server_url1`, `created_by`, `updated_by`, `deleted_by`, `created_at`, `updated_at`, `deleted_at`) VALUES
(1, 1, 't_url', 'URL', NULL, 'https://feeds.intoday.in/aajtak/api/aajtakhd/master.m3u8', NULL, NULL, 1, NULL, '2026-02-08 23:24:57', '2026-02-23 04:53:19', NULL),
(2, 2, 't_url', 'URL', NULL, 'https://feeds.intoday.in/aajtak/api/aajtakhd/master.m3u8', NULL, NULL, 1, NULL, '2026-02-08 23:24:58', '2026-02-23 04:36:19', NULL),
(3, 3, 't_url', 'URL', NULL, 'https://abplivetv.akamaized.net/hls/live/2043010/hindi/master.m3u8', NULL, NULL, 1, NULL, '2026-02-08 23:24:58', '2026-02-23 04:37:30', NULL),
(4, 4, 't_url', 'URL', NULL, 'https://feeds.intoday.in/aajtak/api/aajtakhd/master.m3u8', NULL, NULL, 1, NULL, '2026-02-08 23:24:58', '2026-02-23 04:41:41', NULL),
(5, 5, 't_url', 'URL', NULL, 'https://feeds.intoday.in/aajtak/api/aajtakhd/master.m3u8', NULL, NULL, 1, NULL, '2026-02-08 23:24:58', '2026-02-23 04:43:04', NULL),
(6, 6, 't_url', 'URL', NULL, 'https://feeds.intoday.in/aajtak/api/aajtakhd/master.m3u8', NULL, NULL, 1, NULL, '2026-02-08 23:24:58', '2026-02-23 04:44:27', NULL),
(7, 7, 't_url', 'URL', NULL, 'https://feeds.intoday.in/aajtak/api/aajtakhd/master.m3u8', NULL, NULL, 1, NULL, '2026-02-08 23:24:58', '2026-02-23 04:45:40', NULL),
(8, 8, 't_url', 'URL', NULL, 'https://feeds.intoday.in/aajtak/api/aajtakhd/master.m3u8', NULL, NULL, 1, NULL, '2026-02-08 23:24:58', '2026-02-23 04:46:37', NULL),
(9, 9, 't_url', 'URL', NULL, 'https://feeds.intoday.in/aajtak/api/aajtakhd/master.m3u8', NULL, NULL, 1, NULL, '2026-02-08 23:24:58', '2026-02-23 04:47:45', NULL),
(10, 10, 't_url', 'URL', NULL, 'https://feeds.intoday.in/aajtak/api/aajtakhd/master.m3u8', NULL, NULL, 1, NULL, '2026-02-08 23:24:58', '2026-02-23 04:48:47', NULL),
(11, 11, 't_url', 'URL', NULL, 'https://feeds.intoday.in/aajtak/api/aajtakhd/master.m3u8', NULL, NULL, 1, NULL, '2026-02-08 23:24:58', '2026-02-23 04:49:45', NULL),
(12, 12, 't_url', 'URL', NULL, 'https://feeds.intoday.in/aajtak/api/aajtakhd/master.m3u8', NULL, NULL, 1, NULL, '2026-02-08 23:24:58', '2026-02-23 04:51:11', NULL),
(13, 13, 't_url', 'URL', NULL, 'https://feeds.intoday.in/aajtak/api/aajtakhd/master.m3u8', NULL, NULL, 1, NULL, '2026-02-08 23:24:58', '2026-02-23 04:52:09', NULL),
(14, 14, 't_url', 'URL', NULL, 'https://feeds.intoday.in/aajtak/api/aajtakhd/master.m3u8', NULL, NULL, 1, NULL, '2026-02-08 23:24:59', '2026-02-23 04:15:29', NULL),
(15, 15, 't_url', 'URL', NULL, 'https://feeds.intoday.in/aajtak/api/aajtakhd/master.m3u8', NULL, NULL, 1, NULL, '2026-02-08 23:24:59', '2026-02-23 04:16:45', NULL),
(16, 16, 't_url', 'URL', NULL, 'https://feeds.intoday.in/aajtak/api/aajtakhd/master.m3u8', NULL, NULL, 1, NULL, '2026-02-08 23:24:59', '2026-02-23 04:18:34', NULL),
(17, 17, 't_url', 'URL', NULL, 'https://feeds.intoday.in/aajtak/api/aajtakhd/master.m3u8', NULL, NULL, 1, NULL, '2026-02-08 23:24:59', '2026-02-23 04:20:17', NULL),
(18, 18, 't_url', 'URL', NULL, 'https://feeds.intoday.in/aajtak/api/aajtakhd/master.m3u8', NULL, NULL, 1, NULL, '2026-02-08 23:24:59', '2026-02-23 04:21:21', NULL),
(19, 19, 't_url', 'URL', NULL, 'https://feeds.intoday.in/aajtak/api/aajtakhd/master.m3u8', NULL, NULL, 1, NULL, '2026-02-08 23:24:59', '2026-02-23 04:22:22', NULL),
(20, 20, 't_url', 'URL', NULL, 'https://feeds.intoday.in/aajtak/api/aajtakhd/master.m3u8', NULL, NULL, 1, NULL, '2026-02-08 23:24:59', '2026-02-23 04:23:17', NULL),
(21, 21, 't_url', 'URL', NULL, 'https://feeds.intoday.in/aajtak/api/aajtakhd/master.m3u8', NULL, NULL, 1, NULL, '2026-02-08 23:24:59', '2026-02-23 04:24:31', NULL),
(22, 22, 't_url', 'URL', NULL, 'https://feeds.intoday.in/aajtak/api/aajtakhd/master.m3u8', NULL, NULL, 1, NULL, '2026-02-08 23:24:59', '2026-02-23 04:26:35', NULL),
(23, 23, 't_url', 'URL', NULL, 'https://feeds.intoday.in/aajtak/api/aajtakhd/master.m3u8', NULL, NULL, 1, NULL, '2026-02-08 23:24:59', '2026-02-23 04:27:56', NULL),
(24, 24, 't_url', 'URL', NULL, 'https://feeds.intoday.in/aajtak/api/aajtakhd/master.m3u8', NULL, NULL, 1, NULL, '2026-02-08 23:24:59', '2026-02-23 04:29:17', NULL),
(25, 25, 't_url', 'URL', NULL, 'https://feeds.intoday.in/aajtak/api/aajtakhd/master.m3u8', NULL, NULL, 1, NULL, '2026-02-08 23:24:59', '2026-02-23 04:30:36', NULL),
(26, 26, 't_url', 'URL', NULL, 'https://feeds.intoday.in/aajtak/api/aajtakhd/master.m3u8', NULL, NULL, 1, NULL, '2026-02-08 23:24:59', '2026-02-23 04:31:37', NULL),
(27, 27, 't_url', 'URL', NULL, 'https://feeds.intoday.in/aajtak/api/aajtakhd/master.m3u8', NULL, NULL, 1, NULL, '2026-02-08 23:24:59', '2026-02-23 04:33:32', NULL),
(28, 28, 't_url', 'URL', NULL, 'https://feeds.intoday.in/aajtak/api/aajtakhd/master.m3u8', NULL, NULL, 1, NULL, '2026-02-08 23:25:00', '2026-02-23 04:34:51', NULL),
(29, 29, 't_url', 'URL', NULL, 'https://feeds.intoday.in/aajtak/api/aajtakhd/master.m3u8', NULL, NULL, 1, NULL, '2026-02-08 23:25:00', '2026-02-23 04:03:57', NULL),
(30, 30, 't_url', 'URL', NULL, 'https://feeds.intoday.in/aajtak/api/aajtakhd/master.m3u8', NULL, NULL, 1, NULL, '2026-02-08 23:25:00', '2026-02-23 04:06:15', NULL),
(31, 31, 't_url', 'URL', NULL, 'https://feeds.intoday.in/aajtak/api/aajtakhd/master.m3u8', NULL, NULL, 1, NULL, '2026-02-08 23:25:00', '2026-02-23 04:08:36', NULL),
(32, 32, 't_url', 'URL', NULL, 'https://feeds.intoday.in/aajtak/api/aajtakhd/master.m3u8', NULL, NULL, 1, NULL, '2026-02-08 23:25:00', '2026-02-23 04:10:07', NULL),
(33, 33, 't_url', 'URL', NULL, 'https://feeds.intoday.in/aajtak/api/aajtakhd/master.m3u8', NULL, NULL, 1, NULL, '2026-02-08 23:25:00', '2026-02-23 04:12:25', NULL),
(34, 34, 't_url', 'URL', NULL, 'https://feeds.intoday.in/aajtak/api/aajtakhd/master.m3u8', NULL, NULL, 1, NULL, '2026-02-08 23:25:00', '2026-02-23 04:13:23', NULL),
(35, 35, 't_url', 'URL', NULL, 'https://feeds.intoday.in/aajtak/api/aajtakhd/master.m3u8', NULL, NULL, 1, NULL, '2026-02-08 23:25:00', '2026-02-23 04:14:20', NULL),
(36, 36, 't_url', 'YouTube', NULL, 'https://youtu.be/eCNarasPGPs', NULL, 18, 18, NULL, '2026-02-19 06:12:46', '2026-02-19 06:12:46', NULL),
(37, 36, 't_url', 'YouTube', NULL, 'https://youtu.be/eCNarasPGPs', NULL, 18, 18, NULL, '2026-02-19 06:12:46', '2026-02-19 06:12:46', NULL),
(38, 37, 't_url', 'YouTube', NULL, 'https://youtu.be/eCNarasPGPs', NULL, 18, 18, NULL, '2026-02-19 06:16:56', '2026-02-19 06:16:56', NULL),
(39, 37, 't_url', 'YouTube', NULL, 'https://youtu.be/eCNarasPGPs', NULL, 18, 18, NULL, '2026-02-19 06:16:56', '2026-02-19 06:16:56', NULL);

-- --------------------------------------------------------

--
-- Table structure for table `media`
--

CREATE TABLE `media` (
  `id` bigint(20) UNSIGNED NOT NULL,
  `producer_id` bigint(20) UNSIGNED DEFAULT NULL,
  `model_type` varchar(191) CHARACTER SET utf8mb4 COLLATE utf8mb4_unicode_ci NOT NULL,
  `model_id` bigint(20) UNSIGNED NOT NULL,
  `uuid` char(36) CHARACTER SET utf8mb4 COLLATE utf8mb4_unicode_ci DEFAULT NULL,
  `collection_name` varchar(191) CHARACTER SET utf8mb4 COLLATE utf8mb4_unicode_ci NOT NULL,
  `name` varchar(191) CHARACTER SET utf8mb4 COLLATE utf8mb4_unicode_ci NOT NULL,
  `file_name` varchar(191) CHARACTER SET utf8mb4 COLLATE utf8mb4_unicode_ci NOT NULL,
  `mime_type` varchar(191) CHARACTER SET utf8mb4 COLLATE utf8mb4_unicode_ci DEFAULT NULL,
  `disk` varchar(191) CHARACTER SET utf8mb4 COLLATE utf8mb4_unicode_ci NOT NULL,
  `conversions_disk` varchar(191) CHARACTER SET utf8mb4 COLLATE utf8mb4_unicode_ci DEFAULT NULL,
  `size` bigint(20) UNSIGNED NOT NULL,
  `manipulations` longtext CHARACTER SET utf8mb4 COLLATE utf8mb4_bin NOT NULL,
  `custom_properties` longtext CHARACTER SET utf8mb4 COLLATE utf8mb4_bin NOT NULL,
  `generated_conversions` longtext CHARACTER SET utf8mb4 COLLATE utf8mb4_bin NOT NULL,
  `responsive_images` longtext CHARACTER SET utf8mb4 COLLATE utf8mb4_bin NOT NULL,
  `order_column` int(10) UNSIGNED DEFAULT NULL,
  `created_at` timestamp NULL DEFAULT NULL,
  `updated_at` timestamp NULL DEFAULT NULL
) ENGINE=InnoDB DEFAULT CHARSET=utf8mb3 COLLATE=utf8mb3_general_ci;

-- --------------------------------------------------------

--
-- Table structure for table `migrations`
--

CREATE TABLE `migrations` (
  `id` int(10) UNSIGNED NOT NULL,
  `migration` varchar(191) NOT NULL,
  `batch` int(11) NOT NULL
) ENGINE=InnoDB DEFAULT CHARSET=utf8mb4 COLLATE=utf8mb4_unicode_ci;

--
-- Dumping data for table `migrations`
--

INSERT INTO `migrations` (`id`, `migration`, `batch`) VALUES
(1, '2019_12_14_000001_create_personal_access_tokens_table', 1),
(2, '2023_01_01_000010_create_users_table', 1),
(3, '2023_01_01_000012_create_user_providers_table', 1),
(4, '2023_01_01_000020_create_password_resets_table', 1),
(5, '2023_01_01_000021_create_permission_tables', 1),
(6, '2023_01_01_000040_create_settings_table', 1),
(7, '2023_01_01_000041_create_notifications_table', 1),
(8, '2023_01_01_000200_create_media_table', 1),
(9, '2023_01_01_000400_create_activity_log_table', 1),
(10, '2023_01_01_000400_create_failed_jobs_table', 1),
(11, '2023_01_27_141241_create_service_providers_table', 1),
(12, '2023_01_27_190720_create_addresses_table', 1),
(13, '2023_04_11_120721_create_notificationtemplates_table', 1),
(14, '2023_04_11_140938_NotificationTemplateContentMapping', 1),
(15, '2023_04_27_113639_create_planlimitation_table', 1),
(16, '2023_05_02_111101_create_plan_table', 1),
(17, '2023_05_02_111622_create_planlimitation_mapping_table', 1),
(18, '2023_05_06_160755_create_subscriptions_table', 1),
(19, '2023_05_06_160843_create_subscriptions_transactions_table', 1),
(20, '2023_06_17_075047_create_webhook_calls_table', 1),
(21, '2023_06_17_121725_create_jobs_table', 1),
(22, '2023_06_21_170019_create_user_profiles_table', 1),
(23, '2023_06_24_050019_create_modules_table', 1),
(24, '2023_07_22_080045_create_languages_table', 1),
(25, '2023_08_07_132655_alter_module_table', 1),
(26, '2024_05_20_095807_create_countries_table', 1),
(27, '2024_05_20_095808_create_cities_table', 1),
(28, '2024_05_20_095809_create_states_table', 1),
(29, '2024_06_02_114414_create_genres_table', 1),
(30, '2024_06_03_074305_create_cast_crew_table', 1),
(31, '2024_06_06_073505_create_constants_table', 1),
(32, '2024_06_06_120151_create_taxes_table', 1),
(33, '2024_06_06_121650_create_devices_table', 1),
(34, '2024_06_06_121909_create_worlds_table', 1),
(35, '2024_06_07_085105_create_entertainments_table', 1),
(36, '2024_06_07_092336_create_currencies_table', 1),
(37, '2024_06_07_095208_create_livetvs_table', 1),
(38, '2024_06_07_095529_create_live_tv_category_table', 1),
(39, '2024_06_08_043704_create_watchlists_table', 1),
(40, '2024_06_08_054515_create_entertainment_gener_mapping_table', 1),
(41, '2024_06_08_054936_create_entertainment_talent_mapping_table', 1),
(42, '2024_06_08_055333_create_entertainment_stream_content_mapping_table', 1),
(43, '2024_06_08_065711_create_reviews_table', 1),
(44, '2024_06_08_091320_create_settings_table', 1),
(45, '2024_06_11_050857_create_seasons_table', 1),
(46, '2024_06_11_084656_create_episodes_table', 1),
(47, '2024_06_11_090807_create_episode_stream_content_mapping_table', 1),
(48, '2024_06_13_073417_create_continue_watch_table', 1),
(49, '2024_06_13_092807_create_likes_table', 1),
(50, '2024_06_13_120109_create_videos_table', 1),
(51, '2024_06_13_121428_create_video_stream_content_mapping_table', 1),
(52, '2024_06_14_044624_create_entertainment_downloads_table', 1),
(53, '2024_06_14_061737_create_live_tv_channel_table', 1),
(54, '2024_06_14_062751_create_live_tv_stream_content_mapping_table', 1),
(55, '2024_06_14_115456_create_filemanagers_table', 1),
(56, '2024_06_15_083524_create_entertainment_download_mapping_table', 1),
(57, '2024_06_18_041529_create_banners_table', 1),
(58, '2024_06_20_094819_create_job_batches_table', 1),
(59, '2024_06_21_070413_create_dashboard_settings_table', 1),
(60, '2024_06_25_051445_create_user_reminder_table', 1),
(61, '2024_06_26_054413_create_entertainment_views_table', 1),
(62, '2024_07_01_075814_create_episode_download_mapping_table', 1),
(63, '2024_07_03_122744_create_pages_table', 1),
(64, '2024_07_09_094304_create_video_download_mappings_table', 1),
(65, '2024_09_13_122239_create_faqs_table', 1),
(66, '2024_09_18_111806_create_user_multi_profiles_table', 1),
(67, '2024_09_19_072214_create_user_search_histories_table', 1),
(68, '2024_09_19_084000_create_user_watch_histories_table', 1),
(69, '2024_09_24_095445_create_entertainment_country_mapping_table', 1),
(70, '2024_09_24_111520_create_sessions_table', 1),
(71, '2024_11_06_121652_create_installers_table', 1),
(72, '2024_12_17_053218_create_alter_continue_watch_table', 1),
(73, '2025_01_22_113233_create_alter_review_table', 1),
(74, '2025_03_26_173650_alter_user_multi_profiles_table', 1),
(75, '2025_03_27_121756_alter_poster_tv_image_table', 1),
(76, '2025_03_29_065106_alter_users_table_add_pin_otp_column', 1),
(77, '2025_03_30_152325_index_for_profile_detail', 1),
(78, '2025_03_31_112851_create_alter_episode_poster_tv_image_table', 1),
(79, '2025_03_31_121344_create_alter_season_poster_tv_image_table', 1),
(80, '2025_04_01_045818_add_banner_for_to_banners_table', 1),
(81, '2025_04_01_162912_index_for_entertainments_table', 1),
(82, '2025_04_02_072249_create_video_poster_tv_image_table', 1),
(83, '2025_04_02_101553_create_tvchannel_poster_tv_image_table', 1),
(84, '2025_04_02_104434_create_banner_poster_tv_image_table', 1),
(85, '2025_04_04_161627_add_index_selected_table', 1),
(86, '2025_04_14_093857_Coupon', 1),
(87, '2025_04_15_071822_coupon_subscription_plan', 1),
(88, '2025_04_17_052158_UserCouponRedeem', 1),
(89, '2025_04_19_095303_add_parental_flag_users', 1),
(90, '2025_05_02_074312_add_pricing_fields_to_entertainments_table', 1),
(91, '2025_05_02_095730_add_pricing_fields_to_videos_table', 1),
(92, '2025_05_02_111741_add_pricing_fields_to_seasons_table', 1),
(93, '2025_05_02_115012_add_pricing_fields_to_episodes_table', 1),
(94, '2025_05_05_040137_alter_entertainment_subtitle_table', 1),
(95, '2025_05_06_094938_create_pay_per_views_table', 1),
(96, '2025_05_07_040757_create_payperviewstransactions_table', 1),
(97, '2025_05_09_091111_create_tv_login_sessions_table', 1),
(98, '2025_05_10_034958_alter_subscriptions_table', 1),
(99, '2025_05_10_091146_add_coupon_discount_to_subscriptions_table', 1),
(100, '2025_05_13_114620_add_column_to_entertainment_table', 1),
(101, '2025_05_16_103735_add_column_to_video_table', 1),
(102, '2025_05_16_104824_add_column_to_video_table_subtitle_file', 1),
(103, '2025_05_16_112032_add_column_to_episode_table_', 1),
(104, '2025_05_19_094309_create_subtitle_tabel', 1),
(105, '2025_05_22_055600_create_ads_table', 1),
(106, '2025_05_22_055800_create_vast_ads_setting', 1),
(107, '2025_05_22_083413_create_custom_ads_setting', 1),
(108, '2025_05_23_000000_add_dates_to_vast_ads_setting', 1),
(109, '2025_06_19_100923_add_start_end_date_to_custom_ads_setting_table', 1),
(110, '2025_07_08_100927_create_seo_table', 1),
(111, '2025_07_11_110337_add_columns_to_entertainments_table', 1),
(112, '2025_07_14_100351_add_seo_fields_to_seasons_table', 1),
(113, '2025_07_14_124514_add_seo_fields_to_epispdes_table', 1),
(114, '2025_07_15_103922_add_seo_fields_to_videos_table', 1),
(115, '2025_08_19_084841_alter_role_permission_table', 1),
(116, '2025_08_21_054322_alter_seo_cloumns_remove', 1),
(117, '2025_09_01_000000_add_mail_and_user_type_to_notification_template_content_mapping', 1),
(118, '2025_09_02_000000_refresh_notification_templates', 1),
(119, '2025_09_16_054414_add_skip_intro_fields_to_entertainments_table', 1),
(120, '2025_09_22_052737_create_clips_table', 1),
(121, '2025_09_29_064919_create_web_qr_sessions_table', 1),
(122, '2025_10_10_044320_add_language_image_url_to_constants_table', 1),
(123, '2025_10_14_055640_add_description_to_banners_table', 1),
(124, '2025_10_29_104110_add_country_code_to_users_table', 1),
(125, '2025_10_31_092651_create_onboardings_table', 1),
(126, '2025_11_03_120500_add_onboarding_permissions_to_roles', 1),
(127, '2025_11_05_082128_add_thumbnail_url_to_videos_table', 1),
(128, '2025_11_12_103358_add_status_to_cast_crew_table', 1),
(129, '2025_12_12_084715_add_episode_ids', 1),
(130, '2025_12_17_061159_add_session_id_and_last_activity_to_devices_table', 1),
(132, '2026_02_10_042648_add_vr_fields_to_episodes_table', 2),
(133, '2026_02_10_042649_add_vr_fields_to_entertainments_table', 3),
(134, '2026_02_11_064831_add_video_fields_to_banners_table', 3),
(135, '2026_02_11_123900_replace_video_columns_in_banners_table', 4),
(136, '2026_02_11_100103_add_video_support_to_banners_table', 5),
(137, '2026_02_12_053017_update_likes_table_for_multi_state', 6),
(138, '2026_02_13_100050_create_video_watch_logs_table', 7),
(139, '2026_02_13_101200_add_soft_deletes_to_video_watch_logs_table', 8),
(140, '2026_02_13_065218_add_approval_fields_to_entertainments_table', 9),
(141, '2026_02_13_093404_add_producer_fields_to_cast_crew_table', 10),
(142, '2026_02_13_093404_add_producer_fields_to_videos_table', 11),
(143, '2026_02_16_121500_update_video_watch_logs_table_add_minutes', 12),
(144, '2026_02_16_062506_add_producer_status_to_users_table', 13),
(145, '2026_02_16_094617_add_bank_details_to_users_table', 14),
(146, '2026_02_16_155000_create_payouts_table', 15),
(147, '2026_02_16_155100_add_payout_id_to_video_watch_logs', 16),
(148, '2026_02_17_054041_add_producer_id_and_folders_table', 17),
(149, '2026_02_17_055335_add_audit_columns_to_folders_table', 18),
(152, '2026_02_17_060755_add_approval_fields_to_live_tv_channel_table', 20),
(153, '2026_02_17_112741_create_content_acquisitions_table', 21),
(154, '2026_02_17_112750_create_content_acquisition_logs_table', 21),
(155, '2026_02_16_063136_create_video_watch_logs_table', 22),
(156, '2026_02_18_090825_make_video_watch_logs_polymorphic', 23),
(157, '2026_02_18_120808_add_rate_and_dates_to_content_acquisitions_table', 24),
(158, '2026_02_23_000001_add_filmhub_fields_to_entertainments_table', 25),
(159, '2026_02_23_000002_create_filmhub_import_logs_table', 26);

-- --------------------------------------------------------

--
-- Table structure for table `mobile_settings`
--

CREATE TABLE `mobile_settings` (
  `id` bigint(20) UNSIGNED NOT NULL,
  `name` varchar(191) DEFAULT NULL,
  `slug` varchar(191) DEFAULT NULL,
  `position` int(11) DEFAULT NULL,
  `value` text DEFAULT NULL,
  `created_at` timestamp NULL DEFAULT NULL,
  `updated_at` timestamp NULL DEFAULT NULL,
  `deleted_at` timestamp NULL DEFAULT NULL,
  `type` varchar(191) DEFAULT NULL
) ENGINE=InnoDB DEFAULT CHARSET=utf8mb4 COLLATE=utf8mb4_unicode_ci;

--
-- Dumping data for table `mobile_settings`
--

INSERT INTO `mobile_settings` (`id`, `name`, `slug`, `position`, `value`, `created_at`, `updated_at`, `deleted_at`, `type`) VALUES
(1, 'Banner', 'banner', 1, '1', '2024-07-12 04:58:06', '2024-07-12 04:58:06', NULL, NULL),
(2, 'Continue Watching', 'continue-watching', 2, '1', '2024-07-12 04:58:21', '2024-07-12 04:58:21', NULL, NULL),
(3, 'Top 10', 'top-10', 3, '[\"123\",\"133\",\"136\",\"137\",\"139\",\"141\",\"142\",\"144\"]', '2024-07-12 04:58:33', '2026-02-23 06:36:57', NULL, NULL),
(4, 'Advertisement', 'advertisement', 4, '1', '2024-07-12 04:58:47', '2024-07-12 04:58:47', NULL, NULL),
(5, 'Latest Movies', 'latest-movies', 5, '[\"123\",\"133\",\"139\",\"144\",\"136\",\"141\",\"142\",\"137\"]', '2024-07-12 04:59:02', '2026-02-23 06:34:30', NULL, NULL),
(6, 'Popular language', 'enjoy-in-your-native-tongue', 6, '[\"51\",\"52\",\"53\",\"54\",\"55\",\"56\",\"57\"]', '2024-07-12 04:59:20', '2024-07-12 05:03:08', NULL, NULL),
(7, 'Popular Movies', 'popular-movies', 7, '[\"124\",\"131\",\"133\",\"136\",\"139\",\"142\"]', '2024-07-12 04:59:36', '2026-02-23 05:14:48', NULL, NULL),
(8, 'Top Channels', 'top-channels', 8, '[\"1\",\"2\",\"3\",\"4\",\"5\",\"6\",\"7\",\"8\",\"9\",\"10\"]', '2024-07-12 05:00:54', '2024-07-12 05:00:54', NULL, NULL),
(9, 'Popular Personalities', 'your-favorite-personality', 9, '[\"1\",\"2\",\"3\",\"4\",\"5\",\"6\",\"7\",\"8\",\"9\",\"10\"]', '2024-07-12 05:01:08', '2024-07-12 05:17:13', NULL, NULL),
(10, 'Free Movies', '500-free-movies', 10, '[\"21\",\"23\",\"24\",\"25\",\"30\",\"31\",\"32\",\"34\",\"33\",\"35\"]', '2024-07-12 05:01:38', '2024-07-12 05:17:34', NULL, NULL),
(11, 'Genres', 'genre', 11, '[\"1\",\"2\",\"3\",\"4\",\"5\",\"6\",\"7\",\"8\"]', '2024-07-12 05:01:52', '2024-07-12 05:19:42', NULL, NULL),
(12, 'Rate our app', 'rate-our-app', 12, '1', '2024-07-12 05:02:08', '2026-02-24 09:40:41', NULL, NULL),
(13, 'Popular TV Show', 'popular-tvshows', 13, '[\"150\",\"151\",\"152\",\"149\",\"153\",\"162\",\"156\",\"158\"]', '2024-07-12 04:59:36', '2026-02-23 06:34:09', NULL, NULL),
(14, 'Popular Videos', 'popular-videos', 14, '[\"40\",\"41\",\"42\",\"43\",\"44\",\"39\",\"45\"]', '2024-07-12 04:59:36', '2026-02-23 06:58:11', NULL, NULL);

-- --------------------------------------------------------

--
-- Table structure for table `model_has_permissions`
--

CREATE TABLE `model_has_permissions` (
  `permission_id` bigint(20) UNSIGNED NOT NULL,
  `model_type` varchar(191) NOT NULL,
  `model_id` bigint(20) UNSIGNED NOT NULL
) ENGINE=InnoDB DEFAULT CHARSET=utf8mb4 COLLATE=utf8mb4_unicode_ci;

-- --------------------------------------------------------

--
-- Table structure for table `model_has_roles`
--

CREATE TABLE `model_has_roles` (
  `role_id` bigint(20) UNSIGNED NOT NULL,
  `model_type` varchar(191) NOT NULL,
  `model_id` bigint(20) UNSIGNED NOT NULL
) ENGINE=InnoDB DEFAULT CHARSET=utf8mb4 COLLATE=utf8mb4_unicode_ci;

--
-- Dumping data for table `model_has_roles`
--

INSERT INTO `model_has_roles` (`role_id`, `model_type`, `model_id`) VALUES
(1, 'App\\Models\\User', 1),
(2, 'App\\Models\\User', 2),
(3, 'App\\Models\\User', 3),
(3, 'App\\Models\\User', 4),
(3, 'App\\Models\\User', 5),
(3, 'App\\Models\\User', 6),
(3, 'App\\Models\\User', 7),
(3, 'App\\Models\\User', 8),
(3, 'App\\Models\\User', 9),
(3, 'App\\Models\\User', 10),
(3, 'App\\Models\\User', 11),
(3, 'App\\Models\\User', 12),
(3, 'App\\Models\\User', 13),
(3, 'App\\Models\\User', 14),
(3, 'App\\Models\\User', 21),
(3, 'App\\Models\\User', 22),
(3, 'App\\Models\\User', 23),
(3, 'App\\Models\\User', 24),
(3, 'App\\Models\\User', 25),
(3, 'App\\Models\\User', 26),
(3, 'App\\Models\\User', 27),
(4, 'App\\Models\\User', 16),
(4, 'App\\Models\\User', 17),
(4, 'App\\Models\\User', 18),
(4, 'App\\Models\\User', 19),
(4, 'App\\Models\\User', 20);

-- --------------------------------------------------------

--
-- Table structure for table `modules`
--

CREATE TABLE `modules` (
  `id` bigint(20) UNSIGNED NOT NULL,
  `module_name` varchar(191) DEFAULT NULL,
  `description` text DEFAULT NULL,
  `more_permission` text DEFAULT NULL,
  `status` tinyint(4) NOT NULL DEFAULT 0,
  `deleted_at` timestamp NULL DEFAULT NULL,
  `created_at` timestamp NULL DEFAULT NULL,
  `updated_at` timestamp NULL DEFAULT NULL,
  `is_custom_permission` tinyint(1) NOT NULL DEFAULT 0
) ENGINE=InnoDB DEFAULT CHARSET=utf8mb4 COLLATE=utf8mb4_unicode_ci;

-- --------------------------------------------------------

--
-- Table structure for table `notifications`
--

CREATE TABLE `notifications` (
  `id` char(36) NOT NULL,
  `type` varchar(191) NOT NULL,
  `notifiable_type` varchar(191) NOT NULL,
  `notifiable_id` bigint(20) UNSIGNED NOT NULL,
  `data` longtext NOT NULL,
  `read_at` timestamp NULL DEFAULT NULL,
  `created_at` timestamp NULL DEFAULT NULL,
  `updated_at` timestamp NULL DEFAULT NULL
) ENGINE=InnoDB DEFAULT CHARSET=utf8mb4 COLLATE=utf8mb4_unicode_ci;

-- --------------------------------------------------------

--
-- Table structure for table `notification_templates`
--

CREATE TABLE `notification_templates` (
  `id` bigint(20) UNSIGNED NOT NULL,
  `name` varchar(191) DEFAULT NULL,
  `label` varchar(191) DEFAULT NULL,
  `description` longtext DEFAULT NULL,
  `type` varchar(191) DEFAULT NULL,
  `to` longtext DEFAULT NULL,
  `bcc` longtext DEFAULT NULL,
  `cc` longtext DEFAULT NULL,
  `status` tinyint(4) NOT NULL DEFAULT 0,
  `channels` varchar(191) DEFAULT NULL,
  `created_by` int(10) UNSIGNED DEFAULT NULL,
  `updated_by` int(10) UNSIGNED DEFAULT NULL,
  `deleted_by` int(10) UNSIGNED DEFAULT NULL,
  `created_at` timestamp NULL DEFAULT NULL,
  `updated_at` timestamp NULL DEFAULT NULL,
  `deleted_at` timestamp NULL DEFAULT NULL
) ENGINE=InnoDB DEFAULT CHARSET=utf8mb4 COLLATE=utf8mb4_unicode_ci;



-- --------------------------------------------------------

--
-- Table structure for table `notification_template_content_mapping`
--

CREATE TABLE `notification_template_content_mapping` (
  `id` int(10) UNSIGNED NOT NULL,
  `template_id` bigint(20) UNSIGNED DEFAULT NULL,
  `language` varchar(191) DEFAULT NULL,
  `user_type` varchar(191) DEFAULT NULL,
  `template_detail` longtext DEFAULT NULL,
  `subject` varchar(191) DEFAULT NULL,
  `notification_subject` varchar(191) DEFAULT NULL,
  `notification_template_detail` longtext DEFAULT NULL,
  `notification_message` varchar(191) DEFAULT NULL,
  `notification_link` varchar(191) DEFAULT NULL,
  `status` tinyint(4) NOT NULL DEFAULT 0,
  `created_by` int(10) UNSIGNED DEFAULT NULL,
  `updated_by` int(10) UNSIGNED DEFAULT NULL,
  `deleted_by` int(10) UNSIGNED DEFAULT NULL,
  `created_at` timestamp NULL DEFAULT NULL,
  `updated_at` timestamp NULL DEFAULT NULL,
  `deleted_at` timestamp NULL DEFAULT NULL
) ENGINE=InnoDB DEFAULT CHARSET=utf8mb4 COLLATE=utf8mb4_unicode_ci;



-- --------------------------------------------------------

--
-- Table structure for table `onboardings`
--

CREATE TABLE `onboardings` (
  `id` bigint(20) UNSIGNED NOT NULL,
  `title` text DEFAULT NULL,
  `description` longtext DEFAULT NULL,
  `file_url` text DEFAULT NULL,
  `status` tinyint(4) NOT NULL DEFAULT 1,
  `created_by` int(10) UNSIGNED DEFAULT NULL,
  `updated_by` int(10) UNSIGNED DEFAULT NULL,
  `deleted_by` int(10) UNSIGNED DEFAULT NULL,
  `created_at` timestamp NULL DEFAULT NULL,
  `updated_at` timestamp NULL DEFAULT NULL,
  `deleted_at` timestamp NULL DEFAULT NULL
) ENGINE=InnoDB DEFAULT CHARSET=utf8mb4 COLLATE=utf8mb4_unicode_ci;

--
-- Dumping data for table `onboardings`
--

INSERT INTO `onboardings` (`id`, `title`, `description`, `file_url`, `status`, `created_by`, `updated_by`, `deleted_by`, `created_at`, `updated_at`, `deleted_at`) VALUES
(1, 'Watch on any device: Enjoy our content wherever you go!', 'Stream across all devices without extra charges.', 'walk_image1.png', 1, NULL, NULL, NULL, '2026-02-08 23:25:00', '2026-02-08 23:25:00', NULL),
(2, 'Download and Go: Access Your Content Anywhere, Anytime, on Any Device', 'Download & enjoy content on the go, anywhere, anytime.', 'walk_image2.png', 1, NULL, NULL, NULL, '2026-02-08 23:25:00', '2026-02-08 23:25:00', NULL),
(3, 'Enjoy Freedom Without Commitments or Hassles - Join Us Today!', 'Join us hassle-free and no contracts required.', 'walk_image3.png', 1, NULL, NULL, NULL, '2026-02-08 23:25:00', '2026-02-08 23:25:00', NULL);

-- --------------------------------------------------------

--
-- Table structure for table `pages`
--

CREATE TABLE `pages` (
  `id` bigint(20) UNSIGNED NOT NULL,
  `name` varchar(191) NOT NULL,
  `slug` varchar(191) NOT NULL,
  `sequence` int(11) DEFAULT NULL,
  `description` longtext NOT NULL,
  `status` tinyint(4) NOT NULL DEFAULT 1,
  `created_by` int(10) UNSIGNED DEFAULT NULL,
  `updated_by` int(10) UNSIGNED DEFAULT NULL,
  `deleted_by` int(10) UNSIGNED DEFAULT NULL,
  `created_at` timestamp NULL DEFAULT NULL,
  `updated_at` timestamp NULL DEFAULT NULL,
  `deleted_at` timestamp NULL DEFAULT NULL
) ENGINE=InnoDB DEFAULT CHARSET=utf8mb4 COLLATE=utf8mb4_unicode_ci;

--
-- Dumping data for table `pages`
--

INSERT INTO `pages` (`id`, `name`, `slug`, `sequence`, `description`, `status`, `created_by`, `updated_by`, `deleted_by`, `created_at`, `updated_at`, `deleted_at`) VALUES
(1, 'Privacy Policy', 'privacy-policy', NULL, '<p data-pm-slice=\"0 0 []\">MXFlix (&ldquo;we,&rdquo; &ldquo;our,&rdquo; or &ldquo;us&rdquo;) is committed to protecting your privacy. At MXFlix, we are committed to protecting your privacy and ensuring that your personal information is handled securely.</p>\r\n<p>This Privacy Policy applies to our website, and its associated subdomains (collectively, our &ldquo;Service&rdquo;) alongside our application, MXFlix. By accessing or using our Service, you signify that you have read, understood, and agree to our collection described in this Privacy Policy and our Terms of Service.</p>\r\n<p>This Privacy Policy outlines how we collect, use, and safeguard your data when you use MXFlix.</p>\r\n<p><strong>1. Introduction </strong></p>\r\n<p>At MXFlix, we are dedicated to safeguarding your privacy and ensuring your personal data is handled securely. This Privacy Policy explains how we collect, use, and protect your information when you use our services through the MXFlix platform, including our website and associated applications. By accessing or using our services, you acknowledge that you have read and understood this Privacy Policy and agree to its terms.</p>\r\n<p><strong>2. Information We Collect </strong></p>\r\n<p>We may collect several types of information when you use MXFlix, including:</p>\r\n<p><strong>- Personal Information:</strong> Information you provide, such as your name, email address, payment information (e.g., credit card details), and any other personal information required for account creation and subscription services.</p>\r\n<p><strong>- Usage Data:</strong> Details about how you interact with the platform, such as your IP address, browser type, device details, pages you visit, and your streaming activity. This data helps us optimize your experience and improve our service.</p>\r\n<p><strong>- Cookies and Tracking Technologies:</strong> We use cookies and similar technologies to track user preferences, enhance your experience, and analyze traffic. You can manage your cookie settings through your browser.</p>\r\n<p><strong>3. How We Use Your Information </strong></p>\r\n<p>We collect and use your information to:</p>\r\n<p><strong>- Provide Streaming Services:</strong> To deliver content, manage user accounts, and personalize recommendations based on your viewing habits.</p>\r\n<p><strong>- Process Transactions:</strong> For managing subscriptions, handling payments securely, and maintaining transaction histories.</p>\r\n<p><strong>- Improve User Experience:</strong> Analyze how users interact with the platform to improve navigation, content suggestions, and overall performance.</p>\r\n<p><strong>- Communications:</strong> Send important notifications related to service updates, billing, and personalized marketing content based on your preferences (you can opt out of marketing communications).</p>\r\n<p><strong>- Security:</strong> Use collected information to ensure the security of the platform, prevent fraud, and monitor potential misuse.</p>\r\n<p><strong>4. Data Sharing and Disclosure </strong></p>\r\n<p>WWe value your privacy and do not sell, rent, or disclose your personal information to third parties except in the following circumstances:</p>\r\n<p><strong>- Service Providers:</strong> We may share your data with third-party service providers, such as payment processors or cloud storage providers, solely to help us deliver our services. These providers are bound by strict confidentiality agreements and are only authorized to use your information for the purpose of providing services to us.</p>\r\n<p><strong>- Legal Requirements:</strong> We will only disclose your personal information if required by law, such as to comply with a legal obligation, or in response to valid legal processes like subpoenas, court orders, or other government demands. This will only occur when we have a legal basis to do so.</p>\r\n<p>-<strong> Business Transfers (If Applicable):</strong> In the event that Miracuves undergoes a business transition such as a merger, acquisition, or sale of all or part of our assets, your information may be transferred as part of the transaction. If such a transfer occurs, we will notify you and ensure that the new entity adheres to this Privacy Policy or offers similar protections.</p>\r\n<p><strong>5. Your Rights </strong></p>\r\n<p>You have certain rights regarding your personal information, including:</p>\r\n<p><strong>- MXFlix LaravelAccess and Correction MXFlix Laravel:</strong> You may access, correct, or update your personal data through your account settings.</p>\r\n<p><strong>- MXFlix LaravelDeletion MXFlix Laravel:</strong> You may request the deletion of your account and associated data by contacting our support team.</p>\r\n<p><strong>- MXFlix LaravelData Portability MXFlix Laravel:</strong> You have the right to request your personal data in a structured, machine-readable format to transfer to another service provider.</p>\r\n<p><strong>- MXFlix LaravelOpting Out of Marketing Communications MXFlix Laravel:</strong> You can opt out of receiving promotional emails or other communications at any time by adjusting your account settings or contacting us.</p>\r\n<p><strong>6. Data Security </strong></p>\r\n<p>We take the protection of your personal data very seriously and prioritize its security using a range of industry-standard security measures. These measures are designed to safeguard your information from unauthorized access, disclosure, or misuse. Our security practices include the use of encryption, secure data storage systems, firewalls, and regular security audits to detect vulnerabilities. In addition to these technical measures, we employ strict internal policies to control access to sensitive data, ensuring that only authorized personnel can handle it.</p>\r\n<p>Despite our efforts to implement strong security systems, it\'s important to recognize that no method of transmission over the internet or method of electronic storage is completely secure. As such, while we are committed to doing our utmost to protect your personal information, we cannot guarantee absolute security. If you suspect any breach or unauthorized access to your account, please notify us immediately so we can take appropriate action to secure your data.</p>\r\n<p><strong> 7. Children&rsquo;s Privacy </strong></p>\r\n<p>The MXFlix platform is designed for use by individuals aged 13 and older. We are committed to protecting the privacy of children and do not knowingly collect personal information from individuals under the age of 13. In compliance with the Children&rsquo;s Online Privacy Protection Act (COPPA) and similar regulations, we take precautions to avoid collecting any data from minors.</p>\r\n<p>If you are a parent or guardian and become aware that your child has provided us with personal information without your consent, please contact us immediately. Upon receiving such a request, we will promptly review and remove the child\'s information from our system to ensure it is not used or stored. We take the privacy of minors seriously, and we will act quickly to address any concerns.</p>\r\n<p><strong>8. Changes to This Privacy Policy </strong></p>\r\n<p>Our privacy practices may evolve over time as we introduce new features, services, or update our operational procedures. To ensure transparency, we reserve the right to make changes to this Privacy Policy from time to time. Such updates may reflect changes in legal requirements, our business practices, or the introduction of new technologies.</p>\r\n<p>In the event of any significant modifications to the way we collect, use, or store your data, we will provide you with clear notification either via email or by placing a prominent notice on our platform. We encourage you to review this Privacy Policy periodically to stay informed of any updates or changes. Your continued use of our services after changes have been made constitutes your acceptance of the updated policy.</p>\r\n<p><strong>9. Contact Us </strong></p>\r\n<p>If you have any questions, concerns, or require further clarification regarding this Privacy Policy, our team is here to help. We value open communication with our users and are committed to addressing any concerns related to your personal data and privacy.</p>\r\n<p>You can contact us via the following email:</p>\r\n<p><strong>- Email:</strong>&nbsp;biz@miracuves.com</p>\r\n<p>We aim to respond to all queries in a timely manner and ensure that your privacy concerns are addressed effectively.</p>\r\n<p><strong>10. Data Deletion Request </strong></p>\r\n<p>We are committed to providing you with control over your personal information and ensuring that your data is handled in accordance with your preferences. If at any time you wish to request the deletion of your personal data from our servers, we offer a straightforward process to facilitate this.</p>\r\n<p>To request the deletion of your data, please send an email from your registered email address to our dedicated privacy inbox at biz@miracuves.com. Include the subject line \"Data Deletion Request\" and provide any necessary details regarding your account. Upon receiving your request, our team will thoroughly review the provided information, verify your identity, and proceed with the deletion of your data as required by our privacy policies and applicable legal obligations.</p>\r\n<p>Please note that certain legal requirements or regulatory obligations may require us to retain certain information for a specified period, even after a deletion request has been made. However, we will ensure that any retained data is handled securely and in compliance with relevant privacy laws.</p>\r\n<p>&nbsp;</p>\r\n<p><strong>This privacy policy helps ensure transparency and clarity about how Miracuves handles your data within MXFlix. </strong></p>\r\n<p><strong>Thank you for using MXFlix. Your privacy is important to us, and we are committed to safeguarding your personal information.&nbsp;&nbsp;</strong></p>', 1, NULL, 1, NULL, '2024-09-27 22:19:15', '2026-02-15 23:58:10', NULL),
(2, 'Terms & Conditions', 'terms-conditions', NULL, '<p>Welcome to MXFlix, a premier streaming platform developed by Miracuves. By accessing or using our services, you agree to comply with and be bound by these Terms and Conditions. These terms outline your rights and responsibilities when using our platform, and we encourage you to read them carefully. If you do not agree with these terms, please refrain from using the service.</p>\r\n<p><strong>1. Acceptance of Terms</strong></p>\r\n<p>By using MXFlix, you acknowledge that you have read, understood, and agree to be bound by these Terms and Conditions. This agreement serves as a legally binding contract between you and Miracuves. If you do not agree to any of these terms, please refrain from using our services. We reserve the right to update these terms at any time, and it is your responsibility to review them periodically for changes.</p>\r\n<p><strong>2. Eligibility</strong></p>\r\n<p>To access and use MXFlix, you must be at least 18 years old or the age of majority in your jurisdiction. If you are under 18, you may only use the service under the supervision of a parent or legal guardian who agrees to these Terms and Conditions. By using the service, you represent that you meet these eligibility requirements and that you are legally able to enter into this agreement. We reserve the right to terminate your account if you do not meet these criteria.</p>\r\n<p><strong>3. User Accounts</strong></p>\r\n<p>To access certain features of MXFlix, you may be required to create a user account. When creating an account, you agree to provide accurate, complete, and up-to-date information, including your name, email address, and any other required details. You are responsible for maintaining the confidentiality of your account information, including your password. Any activity performed using your account is your responsibility, and you agree to notify us immediately of any unauthorized use of your account or any other breach of security. We are not liable for any loss or damage arising from your failure to comply with these requirements.</p>\r\n<p><strong>4. Subscription Plans</strong></p>\r\n<p>MXFlix offers a variety of subscription plans, each with different features and benefits tailored to meet the needs of our diverse user base. By subscribing, you agree to pay the applicable fees associated with your chosen plan, which will be billed in advance on a recurring basis. Subscription fees are non-refundable, except as specified in our refund policy. The specific features of each subscription plan are detailed on our platform. We reserve the right to modify, enhance, or discontinue any plan at our discretion, ensuring that we continuously provide value to our users.</p>\r\n<p><strong>5. Payment and Billing</strong></p>\r\n<p>Payments for subscriptions are processed through secure third-party payment gateways, including Stripe, RazorPay, Paystack, PayPal, and FlutterWave. You are responsible for providing accurate and complete payment information. If the payment is not successfully processed due to insufficient funds, expired card information, or any other reason, we reserve the right to suspend or terminate your account. All fees are subject to applicable taxes, and you are responsible for paying any additional charges incurred in your region. By providing payment information, you authorize us to charge the payment method for the subscription fees and any other applicable charges.</p>\r\n<p><strong>6. Content Access and Usage</strong></p>\r\n<p>Upon subscribing, you are granted a limited, non-exclusive, non-transferable license to access and view the content available on MXFlix Laravel for personal, non-commercial use. This license is intended solely for your enjoyment and personal viewing. You may not reproduce, distribute, modify, publicly display, publicly perform, republish, download, or store any content from the service without obtaining prior written consent from us. All content remains the property of Miracuves or its content providers, and unauthorized use of the content may result in legal action.</p>\r\n<p><strong>7. Intellectual Property</strong></p>\r\n<p>All content available on MXFlix, including but not limited to movies, TV shows, graphics, logos, software, and any associated trademarks, is protected by copyright, trademark, and other intellectual property laws. You agree not to infringe, violate, or misuse any intellectual property rights belonging to Miracuves or third-party content providers. Unauthorized use of the content may lead to civil and criminal penalties. If you wish to use any content for commercial purposes, you must obtain prior written permission from the rightful owner.</p>\r\n<p><strong>8. Prohibited Activities</strong></p>\r\n<p>While using MXFlix Laravel, you agree not to engage in any unlawful activities or conduct that violates these Terms and Conditions. This includes, but is not limited to:</p>\r\n<p>- Uploading or distributing malicious software, viruses, or any other harmful code.</p>\r\n<p>- Interfering with the security of the service or the experience of other users.</p>\r\n<p>- Attempting to bypass any content protection mechanisms or access restricted areas of the platform.</p>\r\n<p>- Sharing your login credentials with others or using another user\'s account without permission. Engaging in any of these prohibited activities may result in immediate termination of your account and potential legal action.</p>\r\n<p><strong>9. Third-Party Links</strong></p>\r\n<p>MXFlix may contain links to third-party websites or services that are not owned or controlled by Miracuves. We have no control over, and assume no responsibility for, the content, privacy policies, or practices of any third-party sites. Your interactions with these third-party services are governed by their own terms and policies. We encourage you to read the terms and conditions of any third-party website you visit. Miracuves is not responsible for any damages or losses caused by your use of these third-party services.</p>\r\n<p><strong>10. Termination of Service</strong></p>\r\n<p>We reserve the right to suspend or terminate your access to MXFlix at any time, with or without notice, if you breach these Terms and Conditions or engage in conduct that we deem harmful to the platform or other users. In the event of termination, your right to use the service will immediately cease, and you may lose access to any content associated with your account. We will not be liable to you or any third party for any termination of your access to the service. Upon termination, any provisions of these terms that, by their nature, should survive termination shall remain in effect.</p>\r\n<p><strong>11. Limitation of Liability</strong></p>\r\n<p>In no event shall Miracuves or its affiliates be liable for any indirect, incidental, special, or consequential damages arising from your use or inability to use the MXFlix Laravel service. This includes, but is not limited to, damages for loss of profits, data, or other intangible losses, even if we have been advised of the possibility of such damages. Your sole remedy for dissatisfaction with the service is to stop using it. Our liability for any claims arising out of these Terms and Conditions shall not exceed the total amount paid by you for the service during the twelve (12) months preceding the claim.</p>\r\n<p><strong>12. Disclaimer of Warranties</strong></p>\r\n<p>The MXFlix Laravel service is provided \"as is\" and \"as available.\" Miracuves makes no warranties or representations about the accuracy, reliability, or availability of the service. We disclaim all warranties, whether express or implied, including but not limited to implied warranties of merchantability, fitness for a particular purpose, and non-infringement. We do not guarantee that the service will be uninterrupted, secure, or error-free, and we are not responsible for any interruptions or errors in the service. Your use of the service is at your own risk.</p>\r\n<p><strong>13. Modifications to Terms</strong></p>\r\n<p>We reserve the right to modify these Terms and Conditions at any time. Any changes will be effective immediately upon posting on our platform. Your continued use of the service after the changes means you accept the new terms. We encourage you to review these Terms regularly to stay informed of any updates. If you do not agree with any changes, you should stop using the service. Continued access to MXFlix Laravel after modifications indicates your acceptance of the updated terms.</p>\r\n<p><strong>14. Governing Law</strong></p>\r\n<p>These Terms and Conditions shall be governed by and construed in accordance with the laws of the jurisdiction in which Miracuves operates. Any legal actions arising from these terms must be filed in the appropriate courts of that jurisdiction. If any provision of these terms is found to be unenforceable, the remaining provisions will remain in full force and effect. By using MXFlix, you consent to the exclusive jurisdiction of the courts located in that jurisdiction.</p>\r\n<p><strong>15. Contact Us</strong></p>\r\n<p>If you have any questions, concerns, or comments about these Terms and Conditions, please contact us at:</p>\r\n<p>- Email: biz@miracuves.com</p>\r\n<p><strong>We appreciate your cooperation and understanding of these Terms and Conditions. They are designed to protect both your rights and those of our users, ensuring a secure and enjoyable streaming experience on MXFlix.</strong></p>\r\n<p>&nbsp;</p>', 1, NULL, 1, NULL, '2024-09-27 22:19:15', '2026-02-15 23:59:06', NULL),
(3, 'Help and Support', 'help-and-support', NULL, '<p>Welcome to MXFlix Help &amp; Support! At Miracuves, we strive to offer you the best streaming experience possible. Should you have any questions, concerns, or need assistance with MXFlix, you&rsquo;ve come to the right place. Our dedicated support team is here to help you with technical issues, general queries, and everything in between. We are committed to ensuring a smooth and enjoyable streaming experience.</p>\r\n<p><strong>Frequently Asked Questions (FAQs)</strong></p>\r\n<p>Before contacting us, we highly recommend checking our [FAQ Page] for common issues and their solutions. We continuously update this page to address frequently asked user queries, offering you the quickest route to a solution.</p>\r\n<p><strong>Contact Support</strong></p>\r\n<p>If you need further assistance, feel free to contact our support team at:</p>\r\n<p>📧 <strong>Email: biz@miracuves.com</strong></p>\r\n<p>We aim to respond to all queries within 24 to 48 hours (Monday through Friday). Our priority is resolving your issue as swiftly as possible.</p>\r\n<p><strong>How Can We Assist You?</strong></p>\r\n<p>Our support services include:</p>\r\n<p><strong>1. Account &amp; Subscription Issues&nbsp;&nbsp;</strong></p>\r\n<p>&nbsp; &nbsp;- Experiencing issues with your account setup, subscription, or payments? We&rsquo;re available to assist with any difficulties you encounter during the process of managing your account or subscription plan.</p>\r\n<p><strong>2. App Navigation &amp; Features&nbsp;&nbsp;</strong></p>\r\n<p>&nbsp; &nbsp;- Whether you\'re a new user or need help with specific features, we can guide you. MXFlix Laravel is designed with user-friendly features, and we are here to help you make the most out of them.</p>\r\n<p><strong>3. Technical Support&nbsp;&nbsp;</strong></p>\r\n<p>&nbsp; &nbsp;- Facing technical difficulties with the app? Our technical team is prepared to assist with any malfunctions, connectivity problems, or performance issues to ensure that your streaming experience is uninterrupted.</p>\r\n<p><strong>4. Content Inquiries&nbsp;</strong>&nbsp;</p>\r\n<p>&nbsp; &nbsp;- Do you have questions about our content? We&rsquo;re happy to clarify any concerns regarding the availability, features, or quality of the content in our library.</p>\r\n<p><strong>5. Feedback &amp; Suggestions&nbsp;&nbsp;</strong></p>\r\n<p>&nbsp; &nbsp;- We value your feedback! Your input helps us improve your experience, and we carefully consider all suggestions and reported issues.</p>\r\n<p><strong>Quick Assistance Steps</strong></p>\r\n<p><strong>For a faster response, follow these steps:</strong></p>\r\n<p>1. Check our FAQ page to see if your issue has already been addressed.</p>\r\n<p>2. Email us at biz@miracuves.com with your query.</p>\r\n<p>3. Include the following details for faster resolution:</p>\r\n<p>- Your device model and operating system (OS) version.</p>\r\n<p>- A brief description of the issue.</p>\r\n<p>- Screenshots or steps to replicate the problem (if applicable).</p>\r\n<p><strong>Help Us Help You</strong></p>\r\n<p>To help us serve you better, please provide the following information in your support request:</p>\r\n<p>- Your registered email address associated with MXFlix.</p>\r\n<p>- A detailed description of the issue you\'re experiencing.</p>\r\n<p>- Any relevant steps to replicate the problem, including device and app information.</p>\r\n<p>&nbsp;</p>\r\n<p><strong>We are committed to ensuring your experience is smooth and enjoyable. Our team works diligently to resolve all queries and technical issues, helping you return to your seamless streaming experience as quickly as possible.</strong></p>\r\n<p><strong>Thank you for choosing MXFlix! Your satisfaction is our top priority, and we&rsquo;re always here to assist you with any concerns or questions.</strong></p>', 1, NULL, 1, NULL, '2024-09-27 22:19:15', '2026-02-15 23:59:33', NULL),
(4, 'Refund and Cancellation Policy', 'refund-and-cancellation-policy', NULL, '<p>At Miracuves, we strive to ensure our customers have a seamless experience with MXFlix. Please read our Refund and Cancellation Policy carefully to understand your rights and obligations.</p>\r\n<p><strong>1. Subscription Cancellations</strong></p>\r\n<p>You may cancel your subscription to MXFlix at any time. Upon cancellation:</p>\r\n<p><strong>- Continued Access:</strong> You will retain access to premium content and services until the end of your current billing cycle. There will be no disruption in service during this period.</p>\r\n<p><strong>- No Refund for Partial Periods:</strong> We do not provide refunds for unused portions of the subscription period. Your access will remain until the next billing date.</p>\r\n<p><strong>- How to Cancel:</strong> To cancel your subscription, visit your account settings in the app or contact our support team at biz@miracuves.com. Ensure that you follow the instructions clearly to avoid any confusion regarding cancellation timing.</p>\r\n<p><strong>2. Refund Eligibility</strong></p>\r\n<p><strong>Refunds may be granted under the following circumstances:</strong></p>\r\n<p><strong>- Accidental Billing:</strong> If you were incorrectly charged due to a technical error or duplicate billing, please contact us immediately to resolve the issue.</p>\r\n<p><strong>- Unauthorized Transactions:</strong> In the event your account was used without your permission, please notify us within 7 days of the transaction to be eligible for a refund.</p>\r\n<p><strong>Non-Refundable Cases:</strong></p>\r\n<p>Refunds will not be provided under the following circumstances:</p>\r\n<p><strong>- Change of Mind:</strong> If you decide you no longer want the subscription after purchase, we cannot provide a refund.</p>\r\n<p><strong>- Dissatisfaction with Content:</strong> Refunds will not be given solely based on dissatisfaction with the available content unless the service is defective or significantly misrepresented.</p>\r\n<p><strong>- Lack of Usage:</strong> If you do not use the service after subscribing, you will not be eligible for a refund.</p>\r\n<p><strong>3. Refund Process</strong></p>\r\n<p>If you qualify for a refund, the process will be as follows:</p>\r\n<p><strong>- Contact Support:</strong> Email us at biz@miracuves.com with the following details:</p>\r\n<p>&nbsp; * Your registered email address.</p>\r\n<p>&nbsp; * Subscription details (Plan name, Payment Date).</p>\r\n<p>&nbsp; * Reason for the refund request.</p>\r\n<p><strong>- Verification Process:</strong> We will review your request and confirm your eligibility for a refund. Additional information may be requested to complete this verification.</p>\r\n<p><strong>- Processing Time:</strong> Once approved, refunds will be processed within 7&ndash;10 business days. The refunded amount will be credited to the original payment method used during the transaction.</p>\r\n<p><strong>4. Free Trials</strong></p>\r\n<p>If you sign up for a free trial and choose not to continue with a paid subscription, you must cancel before the trial period ends to avoid being charged. No refunds will be provided if the subscription is not canceled before the trial expiration date. Ensure you monitor your trial period closely to avoid unwanted charges.</p>\r\n<p><strong>5. Changes to This Policy</strong></p>\r\n<p>Miracuves reserves the right to update or modify this Refund and Cancellation Policy at any time. We will notify users of any significant changes via email or in-app notifications. Continued use of MXFlix Laravel after changes are made will signify your acceptance of the revised policy.</p>\r\n<p><strong>6. Contact Us</strong></p>\r\n<p>If you have any questions about this policy or need further assistance, please reach out to us at:</p>\r\n<p><strong>📧 Email: biz@miracuves.com&nbsp;&nbsp;</strong></p>\r\n<p><strong>We are always available to assist with any concerns you may have about refunds or cancellations. Your satisfaction is important to us, and we strive to address any issues promptly.</strong></p>\r\n<p><strong>Thank you for choosing MXFlix and for being a valued customer of Miracuves!</strong></p>\r\n<p>Company:<strong>&nbsp;Miracuves&nbsp;&nbsp;</strong></p>\r\n<p>Product:<strong>&nbsp;MXFlix&nbsp;&nbsp;</strong></p>\r\n<p>Support Contact:<strong>&nbsp;biz@miracuves.com</strong></p>', 1, NULL, 1, NULL, '2024-09-27 22:19:15', '2026-02-16 00:00:11', NULL),
(5, 'Data Deletion Request', 'data-deletation-request', NULL, '<p>At Miracuves, we value the privacy of our users and are committed to ensuring your personal data is handled securely. If you wish to request the deletion of your data associated with MXFlix, please review the following guidelines.</p>\r\n<p><strong>1. Right to Data Deletion</strong></p>\r\n<p>In accordance with global data protection laws, you have the right to request the deletion of your personal data stored within our systems. Once your request is verified, we will remove your data from our servers unless certain legal obligations require us to retain it.</p>\r\n<p><strong>2. Information We Delete</strong></p>\r\n<p>When submitting a data deletion request, the following data will be removed:</p>\r\n<p><strong>* Personal Information:</strong> Name, email address, phone number, and any other personally identifiable information.</p>\r\n<p><strong>* Account Details:</strong> Subscription history, payment details, and usage data.</p>\r\n<p><strong>* Watchlists and Preferences:</strong> Any watchlist, preferences, or custom content recommendations.</p>\r\n<p><strong>**Please note: After the data is deleted, you will no longer have access to your MXFlix Laravel account, and the action is irreversible**</strong></p>\r\n<p><strong>3. How to Submit a Data Deletion Request</strong></p>\r\n<p>To request the deletion of your data:</p>\r\n<p><strong>* Email Request:</strong> Send an email to biz@miracuves.com with the subject line \"Data Deletion Request.\"</p>\r\n<p><strong>* Required Information:</strong> Include the following details in your email:</p>\r\n<p>&nbsp; &nbsp;- Your full name.</p>\r\n<p>&nbsp; &nbsp;- Your registered email address.</p>\r\n<p>&nbsp; &nbsp;- Reason for your data deletion request (optional).</p>\r\n<p><strong>* Verification:</strong> We may contact you to verify your identity before proceeding with the deletion.</p>\r\n<p><strong>4. Processing Time</strong></p>\r\n<p>Upon receiving and verifying your request, we will process the deletion within 30 days. You will be notified once your data has been successfully deleted.</p>\r\n<p><strong>5. Exceptions to Data Deletion</strong></p>\r\n<p>Certain data may not be eligible for deletion if:</p>\r\n<p>- Legal Obligations: We are required to retain your data for legal, regulatory, or contractual reasons.</p>\r\n<p>- Ongoing Transactions: If there are any unresolved issues such as pending transactions, your data may be retained until those issues are resolved.</p>\r\n<p><strong>6. Impact of Data Deletion</strong></p>\r\n<p>Once your data is deleted:</p>\r\n<p>- You will lose access to your MXFlix account.</p>\r\n<p>- Any remaining subscription time will be forfeited, and no refunds will be issued.</p>\r\n<p>- You will need to create a new account if you wish to use our services again in the future.</p>\r\n<p><strong>7. Contact Us</strong></p>\r\n<p>If you have any questions about this policy or need assistance with your data deletion request, please reach out to us at:</p>\r\n<p>📧 Email: biz@miracuves.com&nbsp;&nbsp;</p>\r\n<p>&nbsp;</p>\r\n<p><strong>Our team is here to help you with any concerns related to your personal data and privacy.</strong></p>\r\n<p><strong>Thank you for using MXFlix, and for trusting Miracuves with your privacy.</strong></p>', 1, NULL, 1, NULL, '2024-09-27 22:19:15', '2026-02-16 00:02:52', NULL),
(6, 'About Us', 'about-us', NULL, '<p><strong>About MXFlix by Miracuves</strong></p>\r\n<p>Welcome to MXFlix, a next-generation streaming platform proudly developed by Miracuves. We specialize in creating cutting-edge digital solutions, and MXFlix is our latest breakthrough in the world of online entertainment. Whether you\'re a movie lover, a TV show binge-watcher, or enjoy live events, our platform is designed to deliver high-quality content directly to your device, ensuring a seamless, uninterrupted experience. MXFlix combines advanced technology with a user-friendly interface to cater to audiences worldwide.</p>\r\n<p><strong>Our Mission</strong></p>\r\n<p>Our mission at Miracuves is to reshape how digital content is consumed by creating a streaming platform that prioritizes speed, reliability, and personalization. MXFlix Laravel is built using the latest technologies to provide users with superior streaming quality, customized recommendations, and an easy-to-use content management system. We are committed to making entertainment accessible and enjoyable for all audiences, whether you\'re at home or on the go.</p>\r\n<p><strong>Why Choose MXFlix Laravel?</strong></p>\r\n<p>- Top-Tier Streaming Experience: Dive into high-definition and 4K content with smooth playback, ensuring no buffering even during high-traffic periods.</p>\r\n<p>- Personalized Content Recommendations: Our AI-driven recommendation system curates content based on your viewing history, making it easy to discover your next favorite show or movie.</p>\r\n<p>- Multi-Device Compatibility: Enjoy MXFlix Laravel on your mobile, tablet, smart TV, or desktop, with seamless syncing across all devices.</p>\r\n<p>- Exclusive Content &amp; Features: Gain access to exclusive shows, movies, and live events that are unavailable on other platforms, along with features like offline downloads and customizable viewing settings.</p>\r\n<p>- Scalable &amp; Customizable for Developers: MXFlix Laravel offers a flexible architecture that developers can tailor to specific needs, with options for scalability and integrations with other platforms.</p>\r\n<p>- Comprehensive Content Management: Our platform is designed for content creators and streamers, allowing them to efficiently manage their movies, TV shows, episodes, and live TV in one easy-to-use dashboard.</p>\r\n<p>- Enhanced Security &amp; Privacy: We employ cutting-edge encryption and security protocols to safeguard your data and protect against unauthorized access or breaches.</p>\r\n<p><strong>Our Vision&nbsp;&nbsp;</strong></p>\r\n<p>We envision a world where entertainment is no longer bound by geographical or technological limitations. With MXFlix, we aim to revolutionize digital content consumption, offering users the flexibility to watch anything, anywhere, at any time. Our vision extends beyond just entertainment&mdash;we seek to empower creators by providing a dynamic platform where they can showcase their content to a global audience while maintaining full control over their media. As technology evolves, so does MXFlix Laravel, constantly improving to meet the demands of today&rsquo;s and tomorrow&rsquo;s viewers.</p>\r\n<p><strong>What Sets Us Apart?</strong></p>\r\n<p><strong>- Adaptive Streaming Technology:</strong> Our adaptive bitrate streaming automatically adjusts video quality based on your internet connection, ensuring uninterrupted playback at the highest quality your network supports.</p>\r\n<p><strong>- Collaborative Content Creation:</strong> MXFlix Laravel allows content creators to collaborate, share, and co-produce projects, fostering a community of innovation and creativity.</p>\r\n<p><strong>- Immersive Viewing Experience:</strong> Our platform offers advanced features like multi-language subtitles, customizable captions, and interactive content for an enhanced viewing experience.</p>\r\n<p><strong>- Diverse Genre Library:</strong> Explore a wide range of genres, from action and thrillers to romance, horror, and documentaries. Whatever your preference, there&rsquo;s something for everyone on MXFlix Laravel.</p>\r\n<p><strong>- Real-Time Notifications &amp; Updates:</strong> Stay updated with new releases, exclusive content, and upcoming live events with personalized notifications based on your preferences.</p>\r\n<p><strong>Connect with Us&nbsp;&nbsp;</strong></p>\r\n<p>We value our community and encourage feedback to help us improve. If you have any questions, suggestions, or require assistance, our support team is ready to help:</p>\r\n<p><strong>📧 Support Email: biz@miracuves.com</strong></p>\r\n<p>Join us in our journey to transform the entertainment landscape with MXFlix Laravel&mdash;where technology and creativity come together to offer the ultimate streaming experience.</p>\r\n<p>Company:&nbsp;<strong>Miracuves&nbsp;&nbsp;</strong></p>\r\n<p>Product:&nbsp;<strong>MXFlix&nbsp;&nbsp;</strong></p>\r\n<p>Support Contact:&nbsp;<strong>biz@miracuves.com</strong></p>', 1, NULL, 1, NULL, '2024-09-27 22:19:15', '2026-02-16 00:01:02', NULL);

-- --------------------------------------------------------

--
-- Table structure for table `payouts`
--

CREATE TABLE `payouts` (
  `id` bigint(20) UNSIGNED NOT NULL,
  `user_id` bigint(20) UNSIGNED NOT NULL,
  `amount` double NOT NULL,
  `status` varchar(191) NOT NULL DEFAULT 'pending',
  `bank_details` text DEFAULT NULL,
  `admin_notes` text DEFAULT NULL,
  `created_at` timestamp NULL DEFAULT NULL,
  `updated_at` timestamp NULL DEFAULT NULL
) ENGINE=InnoDB DEFAULT CHARSET=utf8mb4 COLLATE=utf8mb4_unicode_ci;

--
-- Dumping data for table `payouts`
--

INSERT INTO `payouts` (`id`, `user_id`, `amount`, `status`, `bank_details`, `admin_notes`, `created_at`, `updated_at`) VALUES
(1, 18, 2.98, 'paid', '{\"bank_name\":\"JPMorgan Chase Bank, N.A\",\"account_number\":\"878767676567\",\"account_holder_name\":\"Producer Demo\",\"ifsc_code\":\"5313121\",\"paypal_email\":\"producer@demo.com\"}', NULL, '2026-02-16 05:54:05', '2026-02-16 06:06:06'),
(2, 18, 2.38, 'paid', '{\"bank_name\":\"JPMorgan Chase Bank, N.A\",\"account_number\":\"878767676567\",\"account_holder_name\":\"Producer Demo\",\"ifsc_code\":\"5313121\",\"paypal_email\":\"producer@demo.com\"}', 'Paid', '2026-02-16 06:01:26', '2026-02-16 06:02:01'),
(3, 18, 1.19, 'paid', '{\"bank_name\":\"JPMorgan Chase Bank, N.As\",\"account_number\":\"878767676567\",\"account_holder_name\":\"Producer Demo\",\"ifsc_code\":\"5313121\",\"paypal_email\":\"producer@demo.com\"}', 'PAid Via Paypal', '2026-02-19 06:12:18', '2026-02-19 06:12:44');

-- --------------------------------------------------------

--
-- Table structure for table `payperviewstransactions`
--

CREATE TABLE `payperviewstransactions` (
  `id` bigint(20) UNSIGNED NOT NULL,
  `user_id` bigint(20) UNSIGNED NOT NULL,
  `amount` decimal(10,2) NOT NULL,
  `payment_type` varchar(191) NOT NULL,
  `payment_status` varchar(191) DEFAULT NULL,
  `transaction_id` varchar(191) DEFAULT NULL,
  `pay_per_view_id` bigint(20) UNSIGNED NOT NULL,
  `created_at` timestamp NULL DEFAULT NULL,
  `updated_at` timestamp NULL DEFAULT NULL
) ENGINE=InnoDB DEFAULT CHARSET=utf8mb4 COLLATE=utf8mb4_unicode_ci;

--
-- Dumping data for table `payperviewstransactions`
--

INSERT INTO `payperviewstransactions` (`id`, `user_id`, `amount`, `payment_type`, `payment_status`, `transaction_id`, `pay_per_view_id`, `created_at`, `updated_at`) VALUES
(6, 21, 47.50, 'stripe', 'paid', 'pi_3T4IO3HTAHWwyrB60CHnNAu2', 6, '2026-02-24 09:58:43', '2026-02-24 09:58:43');

-- --------------------------------------------------------

--
-- Table structure for table `pay_per_views`
--

CREATE TABLE `pay_per_views` (
  `id` bigint(20) UNSIGNED NOT NULL,
  `user_id` bigint(20) UNSIGNED NOT NULL,
  `movie_id` bigint(20) UNSIGNED NOT NULL,
  `type` varchar(191) NOT NULL,
  `content_price` decimal(10,2) NOT NULL,
  `price` decimal(10,2) NOT NULL,
  `discount_percentage` decimal(5,2) DEFAULT NULL,
  `first_play_date` datetime DEFAULT NULL,
  `view_expiry_date` timestamp NULL DEFAULT NULL,
  `access_duration` int(11) DEFAULT NULL,
  `available_for` varchar(191) DEFAULT NULL,
  `created_at` timestamp NULL DEFAULT NULL,
  `updated_at` timestamp NULL DEFAULT NULL
) ENGINE=InnoDB DEFAULT CHARSET=utf8mb4 COLLATE=utf8mb4_unicode_ci;

--
-- Dumping data for table `pay_per_views`
--

INSERT INTO `pay_per_views` (`id`, `user_id`, `movie_id`, `type`, `content_price`, `price`, `discount_percentage`, `first_play_date`, `view_expiry_date`, `access_duration`, `available_for`, `created_at`, `updated_at`) VALUES
(6, 21, 143, 'movie', 50.00, 47.50, 5.00, NULL, '2026-04-25 09:58:43', 0, '60', '2026-02-24 09:58:43', '2026-02-24 09:58:43');

-- --------------------------------------------------------

--
-- Table structure for table `permissions`
--

CREATE TABLE `permissions` (
  `id` bigint(20) UNSIGNED NOT NULL,
  `name` varchar(125) NOT NULL,
  `guard_name` varchar(125) NOT NULL,
  `is_fixed` tinyint(1) NOT NULL DEFAULT 0,
  `created_at` timestamp NULL DEFAULT NULL,
  `updated_at` timestamp NULL DEFAULT NULL
) ENGINE=InnoDB DEFAULT CHARSET=utf8mb4 COLLATE=utf8mb4_unicode_ci;

--
-- Dumping data for table `permissions`
--

INSERT INTO `permissions` (`id`, `name`, `guard_name`, `is_fixed`, `created_at`, `updated_at`) VALUES
(1, 'edit_settings', 'web', 1, '2026-02-08 23:24:25', '2026-02-08 23:24:25'),
(2, 'view_logs', 'web', 1, '2026-02-08 23:24:25', '2026-02-08 23:24:25'),
(3, 'view_genres', 'web', 1, '2026-02-08 23:24:25', '2026-02-08 23:24:25'),
(4, 'add_genres', 'web', 1, '2026-02-08 23:24:25', '2026-02-08 23:24:25'),
(5, 'edit_genres', 'web', 1, '2026-02-08 23:24:25', '2026-02-08 23:24:25'),
(6, 'delete_genres', 'web', 1, '2026-02-08 23:24:25', '2026-02-08 23:24:25'),
(7, 'restore_genres', 'web', 1, '2026-02-08 23:24:25', '2026-02-08 23:24:25'),
(8, 'force_delete_genres', 'web', 1, '2026-02-08 23:24:25', '2026-02-08 23:24:25'),
(9, 'view_movies', 'web', 1, '2026-02-08 23:24:25', '2026-02-08 23:24:25'),
(10, 'add_movies', 'web', 1, '2026-02-08 23:24:25', '2026-02-08 23:24:25'),
(11, 'edit_movies', 'web', 1, '2026-02-08 23:24:25', '2026-02-08 23:24:25'),
(12, 'delete_movies', 'web', 1, '2026-02-08 23:24:25', '2026-02-08 23:24:25'),
(13, 'restore_movies', 'web', 1, '2026-02-08 23:24:25', '2026-02-08 23:24:25'),
(14, 'force_delete_movies', 'web', 1, '2026-02-08 23:24:25', '2026-02-08 23:24:25'),
(15, 'view_tvshows', 'web', 1, '2026-02-08 23:24:25', '2026-02-08 23:24:25'),
(16, 'add_tvshows', 'web', 1, '2026-02-08 23:24:25', '2026-02-08 23:24:25'),
(17, 'edit_tvshows', 'web', 1, '2026-02-08 23:24:25', '2026-02-08 23:24:25'),
(18, 'delete_tvshows', 'web', 1, '2026-02-08 23:24:25', '2026-02-08 23:24:25'),
(19, 'restore_tvshows', 'web', 1, '2026-02-08 23:24:25', '2026-02-08 23:24:25'),
(20, 'force_delete_tvshows', 'web', 1, '2026-02-08 23:24:25', '2026-02-08 23:24:25'),
(21, 'view_seasons', 'web', 1, '2026-02-08 23:24:25', '2026-02-08 23:24:25'),
(22, 'add_seasons', 'web', 1, '2026-02-08 23:24:25', '2026-02-08 23:24:25'),
(23, 'edit_seasons', 'web', 1, '2026-02-08 23:24:25', '2026-02-08 23:24:25'),
(24, 'delete_seasons', 'web', 1, '2026-02-08 23:24:25', '2026-02-08 23:24:25'),
(25, 'restore_seasons', 'web', 1, '2026-02-08 23:24:25', '2026-02-08 23:24:25'),
(26, 'force_delete_seasons', 'web', 1, '2026-02-08 23:24:25', '2026-02-08 23:24:25'),
(27, 'view_episodes', 'web', 1, '2026-02-08 23:24:25', '2026-02-08 23:24:25'),
(28, 'add_episodes', 'web', 1, '2026-02-08 23:24:25', '2026-02-08 23:24:25'),
(29, 'edit_episodes', 'web', 1, '2026-02-08 23:24:25', '2026-02-08 23:24:25'),
(30, 'delete_episodes', 'web', 1, '2026-02-08 23:24:25', '2026-02-08 23:24:25'),
(31, 'restore_episodes', 'web', 1, '2026-02-08 23:24:25', '2026-02-08 23:24:25'),
(32, 'force_delete_episodes', 'web', 1, '2026-02-08 23:24:25', '2026-02-08 23:24:25'),
(33, 'view_videos', 'web', 1, '2026-02-08 23:24:25', '2026-02-08 23:24:25'),
(34, 'add_videos', 'web', 1, '2026-02-08 23:24:25', '2026-02-08 23:24:25'),
(35, 'edit_videos', 'web', 1, '2026-02-08 23:24:25', '2026-02-08 23:24:25'),
(36, 'delete_videos', 'web', 1, '2026-02-08 23:24:25', '2026-02-08 23:24:25'),
(37, 'restore_videos', 'web', 1, '2026-02-08 23:24:25', '2026-02-08 23:24:25'),
(38, 'force_delete_videos', 'web', 1, '2026-02-08 23:24:25', '2026-02-08 23:24:25'),
(39, 'view_tvcategory', 'web', 1, '2026-02-08 23:24:25', '2026-02-08 23:24:25'),
(40, 'add_tvcategory', 'web', 1, '2026-02-08 23:24:25', '2026-02-08 23:24:25'),
(41, 'edit_tvcategory', 'web', 1, '2026-02-08 23:24:25', '2026-02-08 23:24:25'),
(42, 'delete_tvcategory', 'web', 1, '2026-02-08 23:24:25', '2026-02-08 23:24:25'),
(43, 'restore_tvcategory', 'web', 1, '2026-02-08 23:24:25', '2026-02-08 23:24:25'),
(44, 'force_delete_tvcategory', 'web', 1, '2026-02-08 23:24:25', '2026-02-08 23:24:25'),
(45, 'view_tvchannel', 'web', 1, '2026-02-08 23:24:25', '2026-02-08 23:24:25'),
(46, 'add_tvchannel', 'web', 1, '2026-02-08 23:24:25', '2026-02-08 23:24:25'),
(47, 'edit_tvchannel', 'web', 1, '2026-02-08 23:24:25', '2026-02-08 23:24:25'),
(48, 'delete_tvchannel', 'web', 1, '2026-02-08 23:24:25', '2026-02-08 23:24:25'),
(49, 'restore_tvchannel', 'web', 1, '2026-02-08 23:24:25', '2026-02-08 23:24:25'),
(50, 'force_delete_tvchannel', 'web', 1, '2026-02-08 23:24:25', '2026-02-08 23:24:25'),
(51, 'view_actor', 'web', 1, '2026-02-08 23:24:25', '2026-02-08 23:24:25'),
(52, 'add_actor', 'web', 1, '2026-02-08 23:24:25', '2026-02-08 23:24:25'),
(53, 'edit_actor', 'web', 1, '2026-02-08 23:24:25', '2026-02-08 23:24:25'),
(54, 'delete_actor', 'web', 1, '2026-02-08 23:24:25', '2026-02-08 23:24:25'),
(55, 'restore_actor', 'web', 1, '2026-02-08 23:24:25', '2026-02-08 23:24:25'),
(56, 'force_delete_actor', 'web', 1, '2026-02-08 23:24:25', '2026-02-08 23:24:25'),
(57, 'view_director', 'web', 1, '2026-02-08 23:24:25', '2026-02-08 23:24:25'),
(58, 'add_director', 'web', 1, '2026-02-08 23:24:25', '2026-02-08 23:24:25'),
(59, 'edit_director', 'web', 1, '2026-02-08 23:24:25', '2026-02-08 23:24:25'),
(60, 'delete_director', 'web', 1, '2026-02-08 23:24:25', '2026-02-08 23:24:25'),
(61, 'restore_director', 'web', 1, '2026-02-08 23:24:25', '2026-02-08 23:24:25'),
(62, 'force_delete_director', 'web', 1, '2026-02-08 23:24:25', '2026-02-08 23:24:25'),
(63, 'view_plans', 'web', 1, '2026-02-08 23:24:25', '2026-02-08 23:24:25'),
(64, 'add_plans', 'web', 1, '2026-02-08 23:24:25', '2026-02-08 23:24:25'),
(65, 'edit_plans', 'web', 1, '2026-02-08 23:24:25', '2026-02-08 23:24:25'),
(66, 'delete_plans', 'web', 1, '2026-02-08 23:24:25', '2026-02-08 23:24:25'),
(67, 'restore_plans', 'web', 1, '2026-02-08 23:24:25', '2026-02-08 23:24:25'),
(68, 'force_delete_plans', 'web', 1, '2026-02-08 23:24:25', '2026-02-08 23:24:25'),
(69, 'view_planlimitation', 'web', 1, '2026-02-08 23:24:25', '2026-02-08 23:24:25'),
(70, 'add_planlimitation', 'web', 1, '2026-02-08 23:24:25', '2026-02-08 23:24:25'),
(71, 'edit_planlimitation', 'web', 1, '2026-02-08 23:24:25', '2026-02-08 23:24:25'),
(72, 'delete_planlimitation', 'web', 1, '2026-02-08 23:24:25', '2026-02-08 23:24:25'),
(73, 'restore_planlimitation', 'web', 1, '2026-02-08 23:24:25', '2026-02-08 23:24:25'),
(74, 'force_delete_planlimitation', 'web', 1, '2026-02-08 23:24:25', '2026-02-08 23:24:25'),
(75, 'view_subscriptions', 'web', 1, '2026-02-08 23:24:25', '2026-02-08 23:24:25'),
(76, 'add_subscriptions', 'web', 1, '2026-02-08 23:24:25', '2026-02-08 23:24:25'),
(77, 'edit_subscriptions', 'web', 1, '2026-02-08 23:24:25', '2026-02-08 23:24:25'),
(78, 'delete_subscriptions', 'web', 1, '2026-02-08 23:24:25', '2026-02-08 23:24:25'),
(79, 'restore_subscriptions', 'web', 1, '2026-02-08 23:24:25', '2026-02-08 23:24:25'),
(80, 'force_delete_subscriptions', 'web', 1, '2026-02-08 23:24:25', '2026-02-08 23:24:25'),
(81, 'view_banners', 'web', 1, '2026-02-08 23:24:25', '2026-02-08 23:24:25'),
(82, 'add_banners', 'web', 1, '2026-02-08 23:24:25', '2026-02-08 23:24:25'),
(83, 'edit_banners', 'web', 1, '2026-02-08 23:24:25', '2026-02-08 23:24:25'),
(84, 'delete_banners', 'web', 1, '2026-02-08 23:24:25', '2026-02-08 23:24:25'),
(85, 'restore_banners', 'web', 1, '2026-02-08 23:24:25', '2026-02-08 23:24:25'),
(86, 'force_delete_banners', 'web', 1, '2026-02-08 23:24:25', '2026-02-08 23:24:25'),
(87, 'view_currency', 'web', 1, '2026-02-08 23:24:25', '2026-02-08 23:24:25'),
(88, 'add_currency', 'web', 1, '2026-02-08 23:24:25', '2026-02-08 23:24:25'),
(89, 'edit_currency', 'web', 1, '2026-02-08 23:24:25', '2026-02-08 23:24:25'),
(90, 'delete_currency', 'web', 1, '2026-02-08 23:24:25', '2026-02-08 23:24:25'),
(91, 'restore_currency', 'web', 1, '2026-02-08 23:24:25', '2026-02-08 23:24:25'),
(92, 'force_delete_currency', 'web', 1, '2026-02-08 23:24:25', '2026-02-08 23:24:25'),
(93, 'view_notification', 'web', 1, '2026-02-08 23:24:25', '2026-02-08 23:24:25'),
(94, 'add_notification', 'web', 1, '2026-02-08 23:24:25', '2026-02-08 23:24:25'),
(95, 'edit_notification', 'web', 1, '2026-02-08 23:24:25', '2026-02-08 23:24:25'),
(96, 'delete_notification', 'web', 1, '2026-02-08 23:24:25', '2026-02-08 23:24:25'),
(97, 'restore_notification', 'web', 1, '2026-02-08 23:24:25', '2026-02-08 23:24:25'),
(98, 'force_delete_notification', 'web', 1, '2026-02-08 23:24:25', '2026-02-08 23:24:25'),
(99, 'view_notification_template', 'web', 1, '2026-02-08 23:24:25', '2026-02-08 23:24:25'),
(100, 'add_notification_template', 'web', 1, '2026-02-08 23:24:25', '2026-02-08 23:24:25'),
(101, 'edit_notification_template', 'web', 1, '2026-02-08 23:24:25', '2026-02-08 23:24:25'),
(102, 'delete_notification_template', 'web', 1, '2026-02-08 23:24:25', '2026-02-08 23:24:25'),
(103, 'restore_notification_template', 'web', 1, '2026-02-08 23:24:25', '2026-02-08 23:24:25'),
(104, 'force_delete_notification_template', 'web', 1, '2026-02-08 23:24:25', '2026-02-08 23:24:25'),
(105, 'view_constant', 'web', 1, '2026-02-08 23:24:25', '2026-02-08 23:24:25'),
(106, 'add_constant', 'web', 1, '2026-02-08 23:24:25', '2026-02-08 23:24:25'),
(107, 'edit_constant', 'web', 1, '2026-02-08 23:24:25', '2026-02-08 23:24:25'),
(108, 'delete_constant', 'web', 1, '2026-02-08 23:24:25', '2026-02-08 23:24:25'),
(109, 'restore_constant', 'web', 1, '2026-02-08 23:24:25', '2026-02-08 23:24:25'),
(110, 'force_delete_constant', 'web', 1, '2026-02-08 23:24:25', '2026-02-08 23:24:25'),
(111, 'view_subscription', 'web', 1, '2026-02-08 23:24:25', '2026-02-08 23:24:25'),
(112, 'add_subscription', 'web', 1, '2026-02-08 23:24:25', '2026-02-08 23:24:25'),
(113, 'edit_subscription', 'web', 1, '2026-02-08 23:24:25', '2026-02-08 23:24:25'),
(114, 'delete_subscription', 'web', 1, '2026-02-08 23:24:25', '2026-02-08 23:24:25'),
(115, 'restore_subscription', 'web', 1, '2026-02-08 23:24:25', '2026-02-08 23:24:25'),
(116, 'force_delete_subscription', 'web', 1, '2026-02-08 23:24:25', '2026-02-08 23:24:25'),
(117, 'view_castcrew', 'web', 1, '2026-02-08 23:24:25', '2026-02-08 23:24:25'),
(118, 'add_castcrew', 'web', 1, '2026-02-08 23:24:25', '2026-02-08 23:24:25'),
(119, 'edit_castcrew', 'web', 1, '2026-02-08 23:24:25', '2026-02-08 23:24:25'),
(120, 'delete_castcrew', 'web', 1, '2026-02-08 23:24:25', '2026-02-08 23:24:25'),
(121, 'restore_castcrew', 'web', 1, '2026-02-08 23:24:25', '2026-02-08 23:24:25'),
(122, 'force_delete_castcrew', 'web', 1, '2026-02-08 23:24:25', '2026-02-08 23:24:25'),
(123, 'view_livetv', 'web', 1, '2026-02-08 23:24:25', '2026-02-08 23:24:25'),
(124, 'add_livetv', 'web', 1, '2026-02-08 23:24:25', '2026-02-08 23:24:25'),
(125, 'edit_livetv', 'web', 1, '2026-02-08 23:24:25', '2026-02-08 23:24:25'),
(126, 'delete_livetv', 'web', 1, '2026-02-08 23:24:25', '2026-02-08 23:24:25'),
(127, 'restore_livetv', 'web', 1, '2026-02-08 23:24:25', '2026-02-08 23:24:25'),
(128, 'force_delete_livetv', 'web', 1, '2026-02-08 23:24:25', '2026-02-08 23:24:25'),
(129, 'view_video', 'web', 1, '2026-02-08 23:24:25', '2026-02-08 23:24:25'),
(130, 'add_video', 'web', 1, '2026-02-08 23:24:25', '2026-02-08 23:24:25'),
(131, 'edit_video', 'web', 1, '2026-02-08 23:24:25', '2026-02-08 23:24:25'),
(132, 'delete_video', 'web', 1, '2026-02-08 23:24:25', '2026-02-08 23:24:25'),
(133, 'restore_video', 'web', 1, '2026-02-08 23:24:25', '2026-02-08 23:24:25'),
(134, 'force_delete_video', 'web', 1, '2026-02-08 23:24:25', '2026-02-08 23:24:25'),
(135, 'view_media', 'web', 1, '2026-02-08 23:24:25', '2026-02-08 23:24:25'),
(136, 'add_media', 'web', 1, '2026-02-08 23:24:25', '2026-02-08 23:24:25'),
(137, 'edit_media', 'web', 1, '2026-02-08 23:24:25', '2026-02-08 23:24:25'),
(138, 'delete_media', 'web', 1, '2026-02-08 23:24:25', '2026-02-08 23:24:25'),
(139, 'restore_media', 'web', 1, '2026-02-08 23:24:25', '2026-02-08 23:24:25'),
(140, 'force_delete_media', 'web', 1, '2026-02-08 23:24:25', '2026-02-08 23:24:25'),
(141, 'view_onboarding', 'web', 1, '2026-02-08 23:24:25', '2026-02-08 23:24:25'),
(142, 'add_onboarding', 'web', 1, '2026-02-08 23:24:25', '2026-02-08 23:24:25'),
(143, 'edit_onboarding', 'web', 1, '2026-02-08 23:24:25', '2026-02-08 23:24:25'),
(144, 'delete_onboarding', 'web', 1, '2026-02-08 23:24:25', '2026-02-08 23:24:25'),
(145, 'restore_onboarding', 'web', 1, '2026-02-08 23:24:25', '2026-02-08 23:24:25'),
(146, 'force_delete_onboarding', 'web', 1, '2026-02-08 23:24:25', '2026-02-08 23:24:25'),
(147, 'view_tvshow', 'web', 1, '2026-02-08 23:24:25', '2026-02-08 23:24:25'),
(148, 'add_tvshow', 'web', 1, '2026-02-08 23:24:25', '2026-02-08 23:24:25'),
(149, 'edit_tvshow', 'web', 1, '2026-02-08 23:24:25', '2026-02-08 23:24:25'),
(150, 'delete_tvshow', 'web', 1, '2026-02-08 23:24:25', '2026-02-08 23:24:25'),
(151, 'restore_tvshow', 'web', 1, '2026-02-08 23:24:25', '2026-02-08 23:24:25'),
(152, 'force_delete_tvshow', 'web', 1, '2026-02-08 23:24:25', '2026-02-08 23:24:25'),
(153, 'view_taxes', 'web', 1, '2026-02-08 23:24:25', '2026-02-08 23:24:25'),
(154, 'add_taxes', 'web', 1, '2026-02-08 23:24:25', '2026-02-08 23:24:25'),
(155, 'edit_taxes', 'web', 1, '2026-02-08 23:24:25', '2026-02-08 23:24:25'),
(156, 'delete_taxes', 'web', 1, '2026-02-08 23:24:25', '2026-02-08 23:24:25'),
(157, 'restore_taxes', 'web', 1, '2026-02-08 23:24:25', '2026-02-08 23:24:25'),
(158, 'force_delete_taxes', 'web', 1, '2026-02-08 23:24:25', '2026-02-08 23:24:25'),
(159, 'view_page', 'web', 1, '2026-02-08 23:24:25', '2026-02-08 23:24:25'),
(160, 'add_page', 'web', 1, '2026-02-08 23:24:25', '2026-02-08 23:24:25'),
(161, 'edit_page', 'web', 1, '2026-02-08 23:24:25', '2026-02-08 23:24:25'),
(162, 'delete_page', 'web', 1, '2026-02-08 23:24:25', '2026-02-08 23:24:25'),
(163, 'restore_page', 'web', 1, '2026-02-08 23:24:25', '2026-02-08 23:24:25'),
(164, 'force_delete_page', 'web', 1, '2026-02-08 23:24:25', '2026-02-08 23:24:25'),
(165, 'view_dashboard_setting', 'web', 1, '2026-02-08 23:24:25', '2026-02-08 23:24:25'),
(166, 'add_dashboard_setting', 'web', 1, '2026-02-08 23:24:25', '2026-02-08 23:24:25'),
(167, 'edit_dashboard_setting', 'web', 1, '2026-02-08 23:24:25', '2026-02-08 23:24:25'),
(168, 'delete_dashboard_setting', 'web', 1, '2026-02-08 23:24:25', '2026-02-08 23:24:25'),
(169, 'restore_dashboard_setting', 'web', 1, '2026-02-08 23:24:25', '2026-02-08 23:24:25'),
(170, 'force_delete_dashboard_setting', 'web', 1, '2026-02-08 23:24:25', '2026-02-08 23:24:25'),
(171, 'view_app_config', 'web', 1, '2026-02-08 23:24:25', '2026-02-08 23:24:25'),
(172, 'add_app_config', 'web', 1, '2026-02-08 23:24:25', '2026-02-08 23:24:25'),
(173, 'edit_app_config', 'web', 1, '2026-02-08 23:24:25', '2026-02-08 23:24:25'),
(174, 'delete_app_config', 'web', 1, '2026-02-08 23:24:25', '2026-02-08 23:24:25'),
(175, 'restore_app_config', 'web', 1, '2026-02-08 23:24:25', '2026-02-08 23:24:25'),
(176, 'force_delete_app_config', 'web', 1, '2026-02-08 23:24:25', '2026-02-08 23:24:25'),
(177, 'view_constants', 'web', 1, '2026-02-08 23:24:25', '2026-02-08 23:24:25'),
(178, 'add_constants', 'web', 1, '2026-02-08 23:24:25', '2026-02-08 23:24:25'),
(179, 'edit_constants', 'web', 1, '2026-02-08 23:24:25', '2026-02-08 23:24:25'),
(180, 'delete_constants', 'web', 1, '2026-02-08 23:24:25', '2026-02-08 23:24:25'),
(181, 'restore_constants', 'web', 1, '2026-02-08 23:24:25', '2026-02-08 23:24:25'),
(182, 'force_delete_constants', 'web', 1, '2026-02-08 23:24:25', '2026-02-08 23:24:25'),
(183, 'view_coupon', 'web', 1, '2026-02-08 23:24:25', '2026-02-08 23:24:25'),
(184, 'add_coupon', 'web', 1, '2026-02-08 23:24:25', '2026-02-08 23:24:25'),
(185, 'edit_coupon', 'web', 1, '2026-02-08 23:24:25', '2026-02-08 23:24:25'),
(186, 'delete_coupon', 'web', 1, '2026-02-08 23:24:25', '2026-02-08 23:24:25'),
(187, 'restore_coupon', 'web', 1, '2026-02-08 23:24:25', '2026-02-08 23:24:25'),
(188, 'force_delete_coupon', 'web', 1, '2026-02-08 23:24:25', '2026-02-08 23:24:25'),
(189, 'view_setting', 'web', 1, '2026-02-08 23:24:25', '2026-02-08 23:24:25'),
(190, 'add_setting', 'web', 1, '2026-02-08 23:24:25', '2026-02-08 23:24:25'),
(191, 'edit_setting', 'web', 1, '2026-02-08 23:24:25', '2026-02-08 23:24:25'),
(192, 'delete_setting', 'web', 1, '2026-02-08 23:24:25', '2026-02-08 23:24:25'),
(193, 'restore_setting', 'web', 1, '2026-02-08 23:24:25', '2026-02-08 23:24:25'),
(194, 'force_delete_setting', 'web', 1, '2026-02-08 23:24:25', '2026-02-08 23:24:25'),
(195, 'setting_bussiness', 'web', 1, '2026-02-08 23:24:25', '2026-02-08 23:24:25'),
(196, 'setting_misc', 'web', 1, '2026-02-08 23:24:25', '2026-02-08 23:24:25'),
(197, 'setting_custom_code', 'web', 1, '2026-02-08 23:24:25', '2026-02-08 23:24:25'),
(198, 'setting_customization', 'web', 1, '2026-02-08 23:24:25', '2026-02-08 23:24:25'),
(199, 'setting_mail', 'web', 1, '2026-02-08 23:24:25', '2026-02-08 23:24:25'),
(200, 'setting_notification', 'web', 1, '2026-02-08 23:24:25', '2026-02-08 23:24:25'),
(201, 'setting_intigrations', 'web', 1, '2026-02-08 23:24:25', '2026-02-08 23:24:25'),
(202, 'setting_language', 'web', 1, '2026-02-08 23:24:25', '2026-02-08 23:24:25'),
(203, 'setting_invoice', 'web', 1, '2026-02-08 23:24:25', '2026-02-08 23:24:25'),
(204, 'setting_module', 'web', 1, '2026-02-08 23:24:25', '2026-02-08 23:24:25'),
(205, 'setting_app_setting', 'web', 1, '2026-02-08 23:24:25', '2026-02-08 23:24:25'),
(206, 'view_ads', 'web', 1, '2026-02-08 23:24:25', '2026-02-08 23:24:25'),
(207, 'add_ads', 'web', 1, '2026-02-08 23:24:25', '2026-02-08 23:24:25'),
(208, 'edit_ads', 'web', 1, '2026-02-08 23:24:25', '2026-02-08 23:24:25'),
(209, 'delete_ads', 'web', 1, '2026-02-08 23:24:25', '2026-02-08 23:24:25'),
(210, 'restore_ads', 'web', 1, '2026-02-08 23:24:26', '2026-02-08 23:24:26'),
(211, 'force_delete_ads', 'web', 1, '2026-02-08 23:24:26', '2026-02-08 23:24:26'),
(212, 'view_vastads', 'web', 1, '2026-02-08 23:24:26', '2026-02-08 23:24:26'),
(213, 'add_vastads', 'web', 1, '2026-02-08 23:24:26', '2026-02-08 23:24:26'),
(214, 'edit_vastads', 'web', 1, '2026-02-08 23:24:26', '2026-02-08 23:24:26'),
(215, 'delete_vastads', 'web', 1, '2026-02-08 23:24:26', '2026-02-08 23:24:26'),
(216, 'restore_vastads', 'web', 1, '2026-02-08 23:24:26', '2026-02-08 23:24:26'),
(217, 'force_delete_vastads', 'web', 1, '2026-02-08 23:24:26', '2026-02-08 23:24:26'),
(218, 'view_customads', 'web', 1, '2026-02-08 23:24:26', '2026-02-08 23:24:26'),
(219, 'add_customads', 'web', 1, '2026-02-08 23:24:26', '2026-02-08 23:24:26'),
(220, 'edit_customads', 'web', 1, '2026-02-08 23:24:26', '2026-02-08 23:24:26'),
(221, 'delete_customads', 'web', 1, '2026-02-08 23:24:26', '2026-02-08 23:24:26'),
(222, 'restore_customads', 'web', 1, '2026-02-08 23:24:26', '2026-02-08 23:24:26'),
(223, 'force_delete_customads', 'web', 1, '2026-02-08 23:24:26', '2026-02-08 23:24:26');

-- --------------------------------------------------------

--
-- Table structure for table `plan`
--

CREATE TABLE `plan` (
  `id` bigint(20) UNSIGNED NOT NULL,
  `name` varchar(191) NOT NULL,
  `identifier` varchar(191) NOT NULL,
  `android_identifier` varchar(191) DEFAULT NULL,
  `apple_identifier` varchar(191) DEFAULT NULL,
  `price` double DEFAULT NULL,
  `discount` tinyint(1) NOT NULL DEFAULT 0,
  `discount_percentage` double DEFAULT NULL,
  `total_price` double DEFAULT NULL,
  `level` bigint(20) NOT NULL DEFAULT 0,
  `duration` varchar(191) DEFAULT NULL,
  `duration_value` bigint(20) NOT NULL DEFAULT 1,
  `status` tinyint(1) NOT NULL DEFAULT 1,
  `description` text DEFAULT NULL,
  `created_by` int(10) UNSIGNED DEFAULT NULL,
  `updated_by` int(10) UNSIGNED DEFAULT NULL,
  `deleted_by` int(10) UNSIGNED DEFAULT NULL,
  `deleted_at` timestamp NULL DEFAULT NULL,
  `created_at` timestamp NULL DEFAULT NULL,
  `updated_at` timestamp NULL DEFAULT NULL
) ENGINE=InnoDB DEFAULT CHARSET=utf8mb4 COLLATE=utf8mb4_unicode_ci;

--
-- Dumping data for table `plan`
--

INSERT INTO `plan` (`id`, `name`, `identifier`, `android_identifier`, `apple_identifier`, `price`, `discount`, `discount_percentage`, `total_price`, `level`, `duration`, `duration_value`, `status`, `description`, `created_by`, `updated_by`, `deleted_by`, `deleted_at`, `created_at`, `updated_at`) VALUES
(1, 'Basic', 'basic', NULL, NULL, 5, 0, NULL, 5, 1, 'month', 1, 1, 'The Basic Plan offers access to a limited selection of content on a weekly basis, perfect for casual viewers.', 2, 2, NULL, NULL, '2024-07-10 23:12:21', '2024-07-10 23:12:21'),
(2, 'Premium Plan', 'premium_plan', NULL, NULL, 20, 0, NULL, 20, 2, 'month', 1, 1, '<p>The Premium Plan provides monthly access to a wider range of content, including exclusive shows and features.</p>', 2, 2, NULL, NULL, '2024-07-10 23:13:13', '2024-10-08 03:58:11'),
(3, 'Ultimate Plan', 'ultimate_plan', NULL, NULL, 50, 0, NULL, 50, 3, 'month', 3, 1, 'The Ultimate Plan offers quarterly access with additional perks, such as early access to new releases and special content.', 2, 2, NULL, NULL, '2024-07-10 23:15:14', '2024-07-10 23:15:14'),
(4, 'Basic', 'basic', NULL, NULL, 100, 0, NULL, 100, 4, 'year', 1, 1, 'The Basic Plan offers access to a limited selection of content on a weekly basis, perfect for casual viewers.', 2, 2, NULL, NULL, '2024-07-10 23:12:21', '2024-07-10 23:12:21'),
(5, 'Premium Plan', 'premium_plan', NULL, NULL, 200, 0, NULL, 200, 5, 'year', 1, 1, '<p>The Premium Plan provides monthly access to a wider range of content, including exclusive shows and features.</p>', 2, 2, NULL, NULL, '2024-07-10 23:13:13', '2024-10-08 03:58:11'),
(6, 'Ultimate Plan', 'ultimate_plan', NULL, NULL, 500, 0, NULL, 500, 6, 'year', 1, 1, 'The Ultimate Plan offers quarterly access with additional perks, such as early access to new releases and special content.', 2, 1, NULL, NULL, '2024-07-10 23:15:14', '2026-02-19 11:30:36');

-- --------------------------------------------------------

--
-- Table structure for table `planlimitation`
--

CREATE TABLE `planlimitation` (
  `id` bigint(20) UNSIGNED NOT NULL,
  `title` varchar(191) NOT NULL,
  `slug` varchar(191) DEFAULT NULL,
  `description` longtext DEFAULT NULL,
  `status` tinyint(1) NOT NULL DEFAULT 1,
  `created_by` int(10) UNSIGNED DEFAULT NULL,
  `updated_by` int(10) UNSIGNED DEFAULT NULL,
  `deleted_by` int(10) UNSIGNED DEFAULT NULL,
  `created_at` timestamp NULL DEFAULT NULL,
  `updated_at` timestamp NULL DEFAULT NULL,
  `deleted_at` timestamp NULL DEFAULT NULL
) ENGINE=InnoDB DEFAULT CHARSET=utf8mb4 COLLATE=utf8mb4_unicode_ci;

--
-- Dumping data for table `planlimitation`
--

INSERT INTO `planlimitation` (`id`, `title`, `slug`, `description`, `status`, `created_by`, `updated_by`, `deleted_by`, `created_at`, `updated_at`, `deleted_at`) VALUES
(1, 'Video Cast', 'video-cast', 'Enhance your viewing experience with our Video Cast feature. Seamlessly stream your favorite shows and movies from your device to your TV or other compatible screens. Enjoy high-quality playback and easy controls for a truly immersive entertainment experience.', 1, 2, 2, NULL, '2024-07-10 05:43:04', '2024-07-10 05:43:04', NULL),
(2, 'Ads', 'ads', 'Discover a new way to enjoy content with minimal interruptions through our Ads feature. Our strategically placed advertisements are designed to provide relevant and engaging information without overwhelming your viewing experience.', 1, 2, 2, NULL, '2024-07-10 05:44:45', '2024-07-10 05:44:45', NULL),
(3, 'Device Limit', 'device-limit', 'Manage your device connections effortlessly with our Device Limit feature. Easily monitor and control the number of devices linked to your account, ensuring a secure and personalized streaming experience.', 1, 2, 2, NULL, '2024-07-10 05:46:10', '2024-07-10 05:46:10', NULL),
(4, 'Download Status', 'download-status', 'Keep track of your content downloads with our Download Status feature. View the progress of your current downloads, check completed files, and manage your storage efficiently. This feature provides real-time updates, allowing you to pause, resume, or cancel downloads as needed, ensuring you have access to your favorite content anytime, even offline.', 1, 2, 2, NULL, '2024-07-10 05:47:41', '2024-07-10 05:47:41', NULL),
(5, 'Supported Device Type', 'supported-device-type', 'Our platform supports a wide range of devices including smartphones, tablets, smart TVs, and gaming consoles. Enjoy seamless streaming on any device with optimized performance and high-quality playback.', 1, 2, 2, NULL, '2024-07-10 05:50:00', '2024-07-10 05:50:00', NULL),
(6, 'Profile Limit', 'profile-limit', 'Manage and customize your streaming experience with our Profile Limit feature. Set limits on the number of profiles that can be created under a single account, ensuring each user enjoys a personalized experience while keeping account usage within your preferred parameters.', 1, 2, 2, NULL, '2024-09-19 06:30:00', '2024-09-19 06:30:00', NULL);

-- --------------------------------------------------------

--
-- Table structure for table `planlimitation_mapping`
--

CREATE TABLE `planlimitation_mapping` (
  `id` bigint(20) UNSIGNED NOT NULL,
  `plan_id` int(11) DEFAULT NULL,
  `planlimitation_id` int(11) DEFAULT NULL,
  `limitation_slug` varchar(191) DEFAULT NULL,
  `limitation_value` int(11) DEFAULT NULL,
  `limit` longtext DEFAULT NULL,
  `created_by` int(10) UNSIGNED DEFAULT NULL,
  `updated_by` int(10) UNSIGNED DEFAULT NULL,
  `deleted_by` int(10) UNSIGNED DEFAULT NULL,
  `deleted_at` timestamp NULL DEFAULT NULL,
  `created_at` timestamp NULL DEFAULT NULL,
  `updated_at` timestamp NULL DEFAULT NULL
) ENGINE=InnoDB DEFAULT CHARSET=utf8mb4 COLLATE=utf8mb4_unicode_ci;

--
-- Dumping data for table `planlimitation_mapping`
--

INSERT INTO `planlimitation_mapping` (`id`, `plan_id`, `planlimitation_id`, `limitation_slug`, `limitation_value`, `limit`, `created_by`, `updated_by`, `deleted_by`, `deleted_at`, `created_at`, `updated_at`) VALUES
(1, 1, 1, 'video-cast', 1, NULL, NULL, NULL, NULL, NULL, NULL, NULL),
(2, 1, 2, 'ads', 1, NULL, NULL, NULL, NULL, NULL, NULL, NULL),
(3, 1, 3, 'device-limit', 1, '1', NULL, NULL, NULL, NULL, NULL, NULL),
(4, 1, 4, 'download-status', 1, '{\"480p\":1,\"720p\":1,\"1080p\":1,\"1440p\":0,\"2K\":0,\"4K\":0,\"8K\":0}', NULL, NULL, NULL, NULL, NULL, NULL),
(5, 2, 1, 'video-cast', 1, NULL, NULL, NULL, NULL, NULL, NULL, NULL),
(6, 2, 2, 'ads', 0, NULL, NULL, NULL, NULL, NULL, NULL, NULL),
(7, 2, 3, 'device-limit', 1, '2', NULL, NULL, NULL, NULL, NULL, NULL),
(8, 2, 4, 'download-status', 1, '{\"480p\":1,\"720p\":1,\"1080p\":1,\"1440p\":1,\"2K\":0,\"4K\":0,\"8K\":0}', NULL, NULL, NULL, NULL, NULL, NULL),
(9, 3, 1, 'video-cast', 1, NULL, NULL, NULL, NULL, NULL, NULL, NULL),
(10, 3, 2, 'ads', 0, NULL, NULL, NULL, NULL, NULL, NULL, NULL),
(11, 3, 3, 'device-limit', 1, '5', NULL, NULL, NULL, NULL, NULL, NULL),
(12, 3, 4, 'download-status', 1, '{\"480p\":1,\"720p\":1,\"1080p\":1,\"1440p\":1,\"2K\":1,\"4K\":0,\"8K\":0}', NULL, NULL, NULL, NULL, NULL, NULL),
(13, 4, 1, 'video-cast', 1, NULL, NULL, NULL, NULL, NULL, NULL, NULL),
(14, 4, 2, 'ads', 1, NULL, NULL, NULL, NULL, NULL, NULL, NULL),
(15, 4, 3, 'device-limit', 1, '1', NULL, NULL, NULL, NULL, NULL, NULL),
(16, 4, 4, 'download-status', 1, '{\"480p\":1,\"720p\":1,\"1080p\":1,\"1440p\":0,\"2K\":0,\"4K\":0,\"8K\":0}', NULL, NULL, NULL, NULL, NULL, NULL),
(17, 1, 5, 'supported-device-type', 1, '{\"tablet\":\"0\",\"laptop\":\"0\",\"mobile\":\"1\",\"tv\":\"0\"}', NULL, NULL, NULL, NULL, NULL, NULL),
(18, 1, 6, 'profile-limit', 1, '2', NULL, NULL, NULL, NULL, NULL, NULL),
(19, 2, 5, 'supported-device-type', 1, '{\"tablet\":\"1\",\"laptop\":\"0\",\"mobile\":\"1\",\"tv\":\"0\"}', NULL, NULL, NULL, NULL, NULL, NULL),
(20, 2, 6, 'profile-limit', 1, '3', NULL, NULL, NULL, NULL, NULL, NULL),
(21, 3, 5, 'supported-device-type', 1, '{\"tablet\":\"0\",\"laptop\":\"1\",\"mobile\":\"1\",\"tv\":\"1\"}', NULL, NULL, NULL, NULL, NULL, NULL),
(22, 3, 6, 'profile-limit', 1, '3', NULL, NULL, NULL, NULL, NULL, NULL),
(23, 4, 5, 'supported-device-type', 1, '{\"tablet\":\"0\",\"laptop\":\"0\",\"mobile\":\"1\",\"tv\":\"0\"}', NULL, NULL, NULL, NULL, NULL, NULL),
(24, 4, 6, 'profile-limit', 1, '2', NULL, NULL, NULL, NULL, NULL, NULL),
(25, 5, 1, 'video-cast', 1, NULL, NULL, NULL, NULL, NULL, NULL, NULL),
(26, 5, 2, 'ads', 0, NULL, NULL, NULL, NULL, NULL, NULL, NULL),
(27, 5, 3, 'device-limit', 1, '2', NULL, NULL, NULL, NULL, NULL, NULL),
(28, 5, 4, 'download-status', 1, '{\"480p\":1,\"720p\":1,\"1080p\":1,\"1440p\":1,\"2K\":0,\"4K\":0,\"8K\":0}', NULL, NULL, NULL, NULL, NULL, NULL),
(29, 5, 5, 'supported-device-type', 1, '{\"tablet\":\"1\",\"laptop\":\"0\",\"mobile\":\"1\",\"tv\":\"0\"}', NULL, NULL, NULL, NULL, NULL, NULL),
(30, 5, 6, 'profile-limit', 1, '3', NULL, NULL, NULL, NULL, NULL, NULL),
(31, 6, 1, 'video-cast', 1, NULL, NULL, NULL, NULL, NULL, NULL, NULL),
(32, 6, 2, 'ads', 0, NULL, NULL, NULL, NULL, NULL, NULL, NULL),
(33, 6, 3, 'device-limit', 1, '5', NULL, NULL, NULL, NULL, NULL, NULL),
(34, 6, 4, 'download-status', 1, '{\"480p\":1,\"720p\":1,\"1080p\":1,\"1440p\":1,\"2K\":1,\"4K\":0,\"8K\":0}', NULL, NULL, NULL, NULL, NULL, NULL),
(35, 6, 5, 'supported-device-type', 1, '{\"tablet\":\"0\",\"laptop\":\"1\",\"mobile\":\"1\",\"tv\":\"1\"}', NULL, NULL, NULL, NULL, NULL, NULL),
(36, 6, 6, 'profile-limit', 1, '3', NULL, NULL, NULL, NULL, NULL, NULL);

-- --------------------------------------------------------

--
-- Table structure for table `reviews`
--

CREATE TABLE `reviews` (
  `id` bigint(20) UNSIGNED NOT NULL,
  `entertainment_id` int(11) DEFAULT NULL,
  `user_id` int(11) DEFAULT NULL,
  `rating` int(11) NOT NULL DEFAULT 0,
  `review` longtext DEFAULT NULL,
  `created_by` int(10) UNSIGNED DEFAULT NULL,
  `updated_by` int(10) UNSIGNED DEFAULT NULL,
  `deleted_by` int(10) UNSIGNED DEFAULT NULL,
  `created_at` timestamp NULL DEFAULT NULL,
  `updated_at` timestamp NULL DEFAULT NULL,
  `deleted_at` timestamp NULL DEFAULT NULL
) ENGINE=InnoDB DEFAULT CHARSET=utf8mb4 COLLATE=utf8mb4_unicode_ci;

--
-- Dumping data for table `reviews`
--

INSERT INTO `reviews` (`id`, `entertainment_id`, `user_id`, `rating`, `review`, `created_by`, `updated_by`, `deleted_by`, `created_at`, `updated_at`, `deleted_at`) VALUES
(1, 8, 12, 5, 'A gripping storyline with unexpected twists. Keeps you hooked till the very end. 🤯🔥', NULL, NULL, NULL, '2026-01-16 23:24:51', '2026-01-16 23:24:51', NULL),
(2, 5, 13, 4, 'Amazing atmosphere and spooky vibes. Perfect for horror fans! 👁️🌑', NULL, NULL, NULL, '2025-08-30 23:24:51', '2025-08-30 23:24:51', NULL),
(3, 14, 8, 4, 'Keeps you guessing with every turn. The Monkey King\'s journey is riveting and intense. 🤯👀', NULL, NULL, NULL, '2025-08-17 23:24:51', '2025-08-17 23:24:51', NULL),
(4, 8, 11, 5, 'Non-stop action from start to finish! The fight scenes were incredible. 🎬💥', NULL, NULL, NULL, '2025-07-07 23:24:51', '2025-07-07 23:24:51', NULL),
(5, 2, 10, 4, 'Absolutely loved the showdown scenes! The tension is palpable throughout. 🥳🎬', NULL, NULL, NULL, '2025-07-12 23:24:51', '2025-07-12 23:24:51', NULL),
(6, 13, 9, 4, 'The cinematography and special effects are top-notch. A visual treat for action enthusiasts. 🌟🎥', NULL, NULL, NULL, '2025-05-03 23:24:52', '2025-05-03 23:24:52', NULL),
(7, 6, 14, 5, 'Absolutely gripping from the first episode! The suspense is incredible. 🕵️‍♂️🔍', NULL, NULL, NULL, '2025-03-13 23:24:52', '2025-03-13 23:24:52', NULL),
(8, 17, 7, 4, 'Hilarious from start to finish! Couldn\'t stop laughing! 😂👏', NULL, NULL, NULL, '2025-12-17 23:24:52', '2025-12-17 23:24:52', NULL),
(9, 6, 6, 3, 'Brilliantly executed with superb acting. A must-watch for thriller fans. 🎭🌟', NULL, NULL, NULL, '2025-12-30 23:24:52', '2025-12-30 23:24:52', NULL),
(10, 7, 3, 4, 'Fantastic choreography and intense combat sequences. Top-notch action film! 💪🎥', NULL, NULL, NULL, '2025-07-21 23:24:52', '2025-07-21 23:24:52', NULL),
(11, 4, 5, 4, 'Each episode leaves you wanting more. The storyline is so gripping! 🎉🕶️', NULL, NULL, NULL, '2026-01-14 23:24:52', '2026-01-14 23:24:52', NULL),
(12, 1, 4, 5, 'Perfectly blends psychological horror with supernatural elements, keeping you on the edge of your seat and craving for more after each episode. 🔮😱', NULL, NULL, NULL, '2025-12-20 23:24:52', '2025-12-20 23:24:52', NULL),
(13, 9, 9, 5, 'A thrilling ride that keeps you hooked with its intense plot twists and stunning visuals. 🎬🌟', NULL, NULL, NULL, '2025-09-03 23:24:52', '2025-09-03 23:24:52', NULL),
(14, 10, 13, 5, 'Loved the creativity and imagination in every scene. It\'s a delightful watch! 🌈✨', NULL, NULL, NULL, '2025-06-05 23:24:52', '2025-06-05 23:24:52', NULL),
(15, 1, 3, 4, 'A chilling series that grips you from the first scene to the last, leaving you haunted by its eerie atmosphere and suspenseful plot twists. 👻🌑', NULL, NULL, NULL, '2025-12-18 23:24:52', '2025-12-18 23:24:52', NULL),
(16, 6, 5, 4, 'The suspense is unbearable! Can’t wait for the next episode. 😬🚀', NULL, NULL, NULL, '2025-06-12 23:24:52', '2025-06-12 23:24:52', NULL),
(17, 3, 8, 5, 'My favorite show this season! The Guardian\'s Challenge episode was thrilling! 🛡️🚀', NULL, NULL, NULL, '2025-04-28 23:24:52', '2025-04-28 23:24:52', NULL),
(18, 10, 3, 4, 'A magical adventure with charming characters and beautiful animation! 🌼🌟', NULL, NULL, NULL, '2025-08-04 23:24:52', '2025-08-04 23:24:52', NULL),
(19, 8, 4, 5, 'Amazing cinematography and special effects! Truly a visual treat. 🎥✨', NULL, NULL, NULL, '2025-07-10 23:24:52', '2025-07-10 23:24:52', NULL),
(20, 11, 10, 4, 'Secrets of Zambezia delivers a powerful message with humor and adventure. 🌍😄', NULL, NULL, NULL, '2025-10-28 23:24:52', '2025-10-28 23:24:52', NULL),
(21, 16, 5, 4, 'Couldn\'t stop laughing! The antics of Tim and Tom are pure genius. 🤣🎉', NULL, NULL, NULL, '2025-02-19 23:24:52', '2025-02-19 23:24:52', NULL),
(22, 7, 7, 5, 'A thrilling ride with non-stop adrenaline! Couldn\'t take my eyes off the screen. 🚁🔥', NULL, NULL, NULL, '2026-01-12 23:24:52', '2026-01-12 23:24:52', NULL),
(23, 5, 4, 5, 'The suspense and horror elements are top-notch. Can\'t wait for more! 👻🔪', NULL, NULL, NULL, '2025-11-01 23:24:52', '2025-11-01 23:24:52', NULL),
(24, 15, 8, 5, 'Deep Sea Mysteries keeps you at the edge of your seat. Unveiling secrets of the deep has never been more thrilling! 🚢💀', NULL, NULL, NULL, '2025-03-01 23:24:52', '2025-03-01 23:24:52', NULL),
(25, 9, 7, 5, 'Loved the character development and the emotional depth. It\'s more than just action- it\'s a redemption story! 👍🎥', NULL, NULL, NULL, '2025-12-14 23:24:52', '2025-12-14 23:24:52', NULL),
(26, 5, 8, 5, 'Each episode gets better and scarier. Highly recommend! 🕸️🕷️', NULL, NULL, NULL, '2025-05-02 23:24:52', '2025-05-02 23:24:52', NULL),
(27, 9, 14, 3, 'The Gunfighter\'s Redemption is a true masterpiece of action cinema. It leaves you wanting more with its gripping storyline and epic showdowns. 🏆🌌', NULL, NULL, NULL, '2025-11-05 23:24:52', '2025-11-05 23:24:52', NULL),
(28, 10, 4, 3, 'Daizy\'s Enchanted Journey brings a smile to your face with its enchanting story. 🌸😄', NULL, NULL, NULL, '2025-07-21 23:24:52', '2025-07-21 23:24:52', NULL),
(29, 6, 3, 4, 'Twists and turns at every corner! Keeps you guessing until the end. 🤯🔎', NULL, NULL, NULL, '2026-01-10 23:24:52', '2026-01-10 23:24:52', NULL),
(30, 2, 9, 4, 'An intense start with plenty of action and a gripping storyline. Can\'t wait for more! 🤠🔥', NULL, NULL, NULL, '2025-06-29 23:24:52', '2025-06-29 23:24:52', NULL),
(31, 5, 3, 3, 'A chilling start that kept me hooked from the first episode. So creepy! 😱🖤', NULL, NULL, NULL, '2025-02-14 23:24:52', '2025-02-14 23:24:52', NULL),
(32, 9, 10, 5, 'The Gunfighter\'s quest for redemption is both heart-wrenching and exhilarating. Captivating from the first shot to the last. 💔🔫', NULL, NULL, NULL, '2025-08-31 23:24:52', '2025-08-31 23:24:52', NULL),
(33, 1, 5, 4, 'An immersive journey into darkness where every shadow hides a secret, keeping you guessing and terrified until the very end. 🕯️😨', NULL, NULL, NULL, '2026-01-13 23:24:52', '2026-01-13 23:24:52', NULL),
(34, 22, 14, 5, 'Impressive cinematography and a storyline that keeps you hooked till the end. 🎥👌', NULL, NULL, NULL, '2025-12-10 23:24:52', '2025-12-10 23:24:52', NULL),
(35, 14, 5, 5, 'Gripping storyline with unexpected twists and heart-pounding action scenes! 🐒👑', NULL, NULL, NULL, '2025-05-08 23:24:52', '2025-05-08 23:24:52', NULL),
(36, 13, 3, 4, 'Loved the protagonist\'s charisma and the intense plot twists. Keeps you guessing! 🔥🕵️‍♂️', NULL, NULL, NULL, '2025-10-21 23:24:52', '2025-10-21 23:24:52', NULL),
(37, 6, 4, 5, 'The plot is so intricate and well-crafted. A real edge-of-your-seat thriller. 😲🔥', NULL, NULL, NULL, '2025-04-15 23:24:52', '2025-04-15 23:24:52', NULL),
(38, 2, 11, 4, 'The characters are well-developed and the plot keeps you on the edge of your seat. 👍🕵️‍♂️', NULL, NULL, NULL, '2025-11-24 23:24:52', '2025-11-24 23:24:52', NULL),
(39, 3, 10, 4, 'Raziel\'s journey is inspiring and beautifully animated. Can\'t wait for more! 🎉🦄', NULL, NULL, NULL, '2025-12-05 23:24:52', '2025-12-05 23:24:52', NULL),
(40, 7, 9, 3, 'Heart-pounding action with a hint of suspense. Action movie buffs will enjoy every moment. 🎞️👏', NULL, NULL, NULL, '2025-10-29 23:24:52', '2025-10-29 23:24:52', NULL),
(41, 4, 12, 4, 'The suspense in every episode keeps me hooked! Can\'t get enough of it. 🔍🎬', NULL, NULL, NULL, '2025-05-11 23:24:52', '2025-05-11 23:24:52', NULL),
(42, 10, 5, 5, 'Perfect for family movie night - captivating and full of wonder! 🍿👪', NULL, NULL, NULL, '2025-12-06 23:24:52', '2025-12-06 23:24:52', NULL),
(43, 5, 7, 5, 'The storyline is gripping and the scares are genuine. Loving it! 🎃💀', NULL, NULL, NULL, '2025-11-18 23:24:52', '2025-11-18 23:24:52', NULL),
(44, 12, 8, 4, 'A visually stunning adventure that captivates from start to finish! 🎬🌟', NULL, NULL, NULL, '2025-08-21 23:24:52', '2025-08-21 23:24:52', NULL),
(45, 22, 11, 5, 'Educational yet entertaining, perfect for history buffs and casual viewers alike. 📚📺', NULL, NULL, NULL, '2025-11-28 23:24:52', '2025-11-28 23:24:52', NULL),
(46, 5, 6, 4, 'Edge-of-your-seat horror with a captivating plot. So intense! 🥶🏚️', NULL, NULL, NULL, '2025-02-17 23:24:52', '2025-02-17 23:24:52', NULL),
(47, 8, 3, 5, 'The characters were so well-developed, and the plot was intense. Loved every moment! 👍🌟', NULL, NULL, NULL, '2025-05-26 23:24:52', '2025-05-26 23:24:52', NULL),
(48, 6, 8, 5, 'The characters are compelling, and the mystery deepens with each episode. 👏🕵️‍♀️', NULL, NULL, NULL, '2025-10-02 23:24:52', '2025-10-02 23:24:52', NULL),
(49, 11, 6, 5, 'Loved the soundtrack! It perfectly complements the magical atmosphere of Zambezia. 🎵🎶', NULL, NULL, NULL, '2025-08-08 23:24:52', '2025-08-08 23:24:52', NULL),
(50, 15, 4, 5, 'The ocean depths come alive with mystery and danger. Riveting from start to finish. 🌊🦑', NULL, NULL, NULL, '2025-08-24 23:24:52', '2025-08-24 23:24:52', NULL),
(51, 6, 9, 3, 'Each episode unveils more secrets and keeps you hooked. Fantastic storytelling! 📚🎬', NULL, NULL, NULL, '2026-01-21 23:24:52', '2026-01-21 23:24:52', NULL),
(52, 7, 6, 4, 'Action-packed from start to finish! The stunts were mind-blowing. 🎬💥', NULL, NULL, NULL, '2025-02-09 23:24:52', '2025-02-09 23:24:52', NULL),
(53, 8, 13, 5, 'The pacing was perfect, never a dull moment. Can\'t wait for a sequel! 🚀🎉', NULL, NULL, NULL, '2025-11-06 23:24:52', '2025-11-06 23:24:52', NULL),
(54, 16, 14, 3, 'Tim and Tom\'s chemistry is unbeatable. I wish there were more movies like this! 🌟👬', NULL, NULL, NULL, '2025-07-22 23:24:52', '2025-07-22 23:24:52', NULL),
(55, 9, 6, 5, 'Action-packed and emotionally charged—this movie delivers on all fronts. A must-watch for action enthusiasts! 💥🎞️', NULL, NULL, NULL, '2025-04-13 23:24:52', '2025-04-13 23:24:52', NULL),
(56, 18, 11, 4, 'I couldn\'t get enough of the comedic timing in this film. Pure comedy gold! ⏱️😄', NULL, NULL, NULL, '2025-09-07 23:24:52', '2025-09-07 23:24:52', NULL),
(57, 8, 14, 5, 'A thrilling ride with heart-pounding moments. Definitely recommend it to action fans! 🎢👏', NULL, NULL, NULL, '2026-01-03 23:24:52', '2026-01-03 23:24:52', NULL),
(58, 11, 7, 5, 'The storyline is engaging, and the characters are lovable. A must-watch animation! 🐦💖', NULL, NULL, NULL, '2025-11-26 23:24:52', '2025-11-26 23:24:52', NULL),
(59, 5, 9, 5, 'The acting and special effects are fantastic. Truly terrifying! 🌲🧟‍♀️', NULL, NULL, NULL, '2025-07-07 23:24:52', '2025-07-07 23:24:52', NULL),
(60, 12, 14, 5, 'Clever humor and heartfelt moments make this a timeless classic. Highly recommend! 😄👏', NULL, NULL, NULL, '2026-01-14 23:24:52', '2026-01-14 23:24:52', NULL),
(61, 22, 4, 5, 'The costumes and set designs transport you back in time. A visual feast! 🎨✨', NULL, NULL, NULL, '2025-09-14 23:24:52', '2025-09-14 23:24:52', NULL),
(62, 9, 5, 4, 'Gripping action from start to finish! The Gunfighter\'s journey is packed with adrenaline-pumping scenes. 🤠🔥', NULL, NULL, NULL, '2025-09-18 23:24:52', '2025-09-18 23:24:52', NULL),
(63, 26, 14, 4, 'The scenery and music complement the story beautifully. It\'s a visual and emotional treat. 🎵🎥', NULL, NULL, NULL, '2025-04-23 23:24:52', '2025-04-23 23:24:52', NULL),
(64, 15, 11, 4, 'Intriguing characters and a plot that sinks its hooks deep. Thrills and suspense galore! 👀🎥', NULL, NULL, NULL, '2025-11-30 23:24:52', '2025-11-30 23:24:52', NULL),
(65, 17, 6, 5, 'Clever humor and witty dialogue make this a must-watch comedy! 🎭👍', NULL, NULL, NULL, '2026-01-03 23:24:52', '2026-01-03 23:24:52', NULL),
(66, 13, 14, 4, 'Gripping storyline with unexpected turns. I couldn\'t look away for a second! 🤯🔫', NULL, NULL, NULL, '2025-04-10 23:24:52', '2025-04-10 23:24:52', NULL),
(67, 19, 11, 5, 'Creepy atmosphere and unexpected twists make it a standout horror film. 🌑🕯️', NULL, NULL, NULL, '2025-06-03 23:24:52', '2025-06-03 23:24:52', NULL),
(68, 7, 8, 3, 'Explosive scenes and gripping storyline. Kept me at the edge of my seat throughout. 🌟🔫', NULL, NULL, NULL, '2025-03-11 23:24:52', '2025-03-11 23:24:52', NULL),
(69, 16, 10, 4, 'A delightful comedy that had me giggling throughout. Tim and Tom are my new favorites! 🎈😁', NULL, NULL, NULL, '2025-06-16 23:24:52', '2025-06-16 23:24:52', NULL),
(70, 7, 10, 5, 'Loved the plot twists and the lead actor\'s performance. Definitely worth watching! 👍🎬', NULL, NULL, NULL, '2025-08-31 23:24:52', '2025-08-31 23:24:52', NULL),
(71, 11, 3, 4, 'Captivating animation and a heartwarming storyline that keeps you engaged till the end. 🌟🎬', NULL, NULL, NULL, '2025-11-18 23:24:52', '2025-11-18 23:24:52', NULL),
(72, 16, 13, 5, 'A feel-good movie with endless laughs. Perfect for a movie night with friends! 🍿😆', NULL, NULL, NULL, '2025-08-18 23:24:52', '2025-08-18 23:24:52', NULL),
(73, 11, 11, 5, 'Beautifully crafted characters and stunning visuals. A delight for all ages! 🦅🎨', NULL, NULL, NULL, '2025-10-30 23:24:52', '2025-10-30 23:24:52', NULL),
(74, 23, 8, 5, 'A feel-good film that leaves you motivated and optimistic. 🎥🌻', NULL, NULL, NULL, '2025-02-26 23:24:52', '2025-02-26 23:24:52', NULL),
(75, 12, 12, 5, 'The animation is top-notch, and the plot is both engaging and thought-provoking. 🎥🤔', NULL, NULL, NULL, '2025-05-10 23:24:52', '2025-05-10 23:24:52', NULL),
(76, 13, 7, 3, 'Perfect blend of action and suspense. It kept me at the edge of my seat throughout. 👏🎭', NULL, NULL, NULL, '2025-04-22 23:24:52', '2025-04-22 23:24:52', NULL),
(77, 18, 14, 4, 'Frank and Fearless bring laughter and charm to the screen. Thoroughly entertaining! 😂🎉', NULL, NULL, NULL, '2025-06-06 23:24:52', '2025-06-06 23:24:52', NULL),
(78, 13, 4, 5, 'Action-packed from start to finish! The stunts and fight scenes are mind-blowing. 🎬💥', NULL, NULL, NULL, '2025-08-29 23:24:52', '2025-08-29 23:24:52', NULL),
(79, 17, 5, 3, 'The cast nailed it! Each scene had me in stitches. 🤣🎬', NULL, NULL, NULL, '2025-09-07 23:24:52', '2025-09-07 23:24:52', NULL),
(80, 15, 12, 5, 'Captivating storyline with chilling moments that leave you breathless. A must-watch for thriller enthusiasts! 😱🎬', NULL, NULL, NULL, '2025-09-30 23:24:52', '2025-09-30 23:24:52', NULL),
(81, 13, 13, 4, 'Heart-pounding adrenaline rush! The Daring Player sets a new standard for action movies. 🚀👊', NULL, NULL, NULL, '2025-12-06 23:24:52', '2025-12-06 23:24:52', NULL),
(82, 14, 11, 5, 'Impressive cinematography and a plot that keeps you on the edge of your seat. Bravo! 🌟👏', NULL, NULL, NULL, '2025-03-26 23:24:52', '2025-03-26 23:24:52', NULL),
(83, 19, 4, 5, 'A terrifying rollercoaster of fear and suspense. 🎢😨', NULL, NULL, NULL, '2025-11-05 23:24:52', '2025-11-05 23:24:52', NULL),
(84, 21, 10, 4, 'Engrossing narratives and stunning visuals make history come alive! 🎥✨', NULL, NULL, NULL, '2025-09-20 23:24:52', '2025-09-20 23:24:52', NULL),
(85, 25, 13, 5, 'I couldn\'t stop smiling throughout! A perfect feel-good movie for any day. 😊🎥', NULL, NULL, NULL, '2025-09-26 23:24:52', '2025-09-26 23:24:52', NULL),
(86, 14, 10, 4, 'The suspense builds up perfectly. I couldn\'t take my eyes off the screen! 🎥🔍', NULL, NULL, NULL, '2025-03-21 23:24:52', '2025-03-21 23:24:52', NULL),
(87, 1, 6, 4, 'Masterfully crafted with spine-tingling moments that linger long after you\'ve finished watching. A must-watch for horror aficionados! 🎬👻', NULL, NULL, NULL, '2025-03-18 23:24:52', '2025-03-18 23:24:52', NULL),
(88, 15, 3, 5, 'Gripping plot twists and eerie underwater suspense! Keeps you guessing till the end. 🌊🔍', NULL, NULL, NULL, '2025-04-06 23:24:52', '2025-04-06 23:24:52', NULL),
(89, 26, 5, 4, 'A perfect movie for a cozy evening. It\'s romantic, emotional, and uplifting. 🍿🎬', NULL, NULL, NULL, '2025-05-28 23:24:52', '2025-05-28 23:24:52', NULL),
(90, 21, 13, 5, 'Detailed and enlightening! It\'s like stepping back in time. 🕰️📜', NULL, NULL, NULL, '2025-02-25 23:24:52', '2025-02-25 23:24:52', NULL),
(91, 19, 7, 3, 'Hauntingly good! The suspense builds up perfectly. 🕰️🔦', NULL, NULL, NULL, '2025-06-12 23:24:52', '2025-06-12 23:24:52', NULL),
(92, 16, 9, 4, 'Hilarious from start to finish! Tim and Tom are comedy gold. 😂👌', NULL, NULL, NULL, '2026-01-07 23:24:52', '2026-01-07 23:24:52', NULL),
(93, 24, 13, 5, 'An emotional rollercoaster with a powerful message of perseverance. 🎢💫', NULL, NULL, NULL, '2025-11-28 23:24:52', '2025-11-28 23:24:52', NULL),
(94, 23, 5, 4, 'Rise Above is a testament to the human spirit\'s ability to overcome challenges. 🌠🙌', NULL, NULL, NULL, '2025-06-14 23:24:52', '2025-06-14 23:24:52', NULL),
(95, 26, 12, 5, 'This movie reminds us that love conquers all. It\'s a must-watch for romantics! 🌹💫', NULL, NULL, NULL, '2025-07-24 23:24:52', '2025-07-24 23:24:52', NULL),
(96, 16, 6, 5, 'Quirky and entertaining, this movie brightened my day. Highly recommend! 🌈❤️', NULL, NULL, NULL, '2025-12-25 23:24:52', '2025-12-25 23:24:52', NULL),
(97, 17, 3, 5, 'Perfect pick-me-up comedy for any day of the week. 😄🎥', NULL, NULL, NULL, '2025-06-25 23:24:52', '2025-06-25 23:24:52', NULL),
(98, 15, 7, 5, 'Atmospheric and hauntingly beautiful. Dive into this thriller for an unforgettable ride. 🌊🎞️', NULL, NULL, NULL, '2025-04-30 23:24:52', '2025-04-30 23:24:52', NULL),
(99, 17, 10, 3, 'A feel-good comedy that delivers non-stop laughs. Highly recommend! 🌟🎉', NULL, NULL, NULL, '2025-12-29 23:24:52', '2025-12-29 23:24:52', NULL),
(100, 24, 8, 5, 'Inspirational from start to finish. It reminds us to never give up on our dreams. 🌟🎬', NULL, NULL, NULL, '2025-03-08 23:24:52', '2025-03-08 23:24:52', NULL),
(101, 18, 9, 5, 'The chemistry between the characters is spot-on. Enjoyable and witty! 👏😆', NULL, NULL, NULL, '2026-01-13 23:24:52', '2026-01-13 23:24:52', NULL),
(102, 21, 6, 3, 'Each episode is a treasure trove of knowledge. Highly recommend for all ages! 🎓🌟', NULL, NULL, NULL, '2025-12-25 23:24:52', '2025-12-25 23:24:52', NULL),
(103, 23, 11, 5, 'The performances are outstanding, making the message even more impactful. 👍🎭', NULL, NULL, NULL, '2025-07-27 23:24:52', '2025-07-27 23:24:52', NULL),
(104, 26, 3, 4, 'Such a heartwarming story! It\'s a beautiful journey of love and second chances. 💖😊', NULL, NULL, NULL, '2025-09-09 23:24:52', '2025-09-09 23:24:52', NULL),
(105, 21, 7, 5, 'A must-watch for history buffs! The storytelling is impeccable. 🤓🎬', NULL, NULL, NULL, '2026-01-26 23:24:52', '2026-01-26 23:24:52', NULL),
(106, 24, 6, 5, 'A beautiful story of resilience and triumph against all odds. 🎥🌟', NULL, NULL, NULL, '2025-12-04 23:24:52', '2025-12-04 23:24:52', NULL),
(107, 20, 10, 5, 'Perfect blend of suspense and horror. Hauntingly good! 👀🔪', NULL, NULL, NULL, '2025-06-26 23:24:52', '2025-06-26 23:24:52', NULL),
(108, 26, 8, 5, 'Forever in My Heart touched my soul. It\'s a timeless love story that stays with you. 💞📽️', NULL, NULL, NULL, '2025-03-02 23:24:52', '2025-03-02 23:24:52', NULL),
(109, 12, 13, 4, 'An imaginative world that brings out the child in everyone. Loved every moment! 🌈👶', NULL, NULL, NULL, '2025-02-26 23:24:52', '2025-02-26 23:24:52', NULL),
(110, 19, 6, 4, 'Couldn\'t look away despite being scared out of my wits! 👀😳', NULL, NULL, NULL, '2025-10-07 23:24:52', '2025-10-07 23:24:52', NULL),
(111, 18, 12, 5, 'Clever writing and great performances make this movie a joy to watch. 📝🎥', NULL, NULL, NULL, '2025-09-21 23:24:52', '2025-09-21 23:24:52', NULL),
(112, 12, 3, 4, 'The New Empire sets a new standard for animated movies. Truly magical! 🌠🎉', NULL, NULL, NULL, '2025-07-17 23:24:52', '2025-07-17 23:24:52', NULL),
(113, 19, 9, 5, 'Spine-chilling! Kept me awake all night. 😱👻', NULL, NULL, NULL, '2026-02-06 23:24:52', '2026-02-06 23:24:52', NULL),
(114, 23, 9, 5, 'This movie reminds us that anything is possible with determination and courage. 🌟💪', NULL, NULL, NULL, '2025-09-11 23:24:52', '2025-09-11 23:24:52', NULL),
(115, 20, 5, 5, 'Kept me on the edge of my seat the entire time! Terrifying twists and turns. 😱👻', NULL, NULL, NULL, '2025-12-31 23:24:52', '2025-12-31 23:24:52', NULL),
(116, 25, 7, 5, 'A timeless romance that sweeps you off your feet. Pure cinematic bliss! 🎬💞', NULL, NULL, NULL, '2025-08-09 23:24:52', '2025-08-09 23:24:52', NULL),
(117, 21, 12, 4, 'A fascinating exploration of ancient history, beautifully presented. 🌍🏛️', NULL, 1, 1, '2026-02-02 23:24:52', '2026-02-19 11:40:23', NULL),
(118, 20, 4, 5, 'The atmosphere was eerie, and the scares were genuinely frightening. Bravo! 🌑🎬', NULL, NULL, NULL, '2025-12-11 23:24:52', '2025-12-11 23:24:52', NULL),
(119, 26, 4, 5, 'The chemistry between the leads is undeniable. I couldn\'t stop smiling throughout! 💑🌟', NULL, NULL, NULL, '2025-09-26 23:24:52', '2025-09-26 23:24:52', NULL),
(120, 22, 3, 5, 'Captivating portrayal of ancient civilizations, rich in detail and authenticity. 🏛️📜', NULL, NULL, NULL, '2025-11-30 23:24:52', '2025-11-30 23:24:52', NULL),
(121, 23, 3, 5, 'Rise Above delivers a powerful message of perseverance and resilience. 🌈👏', NULL, NULL, NULL, '2025-05-06 23:24:52', '2025-05-06 23:24:52', NULL),
(122, 22, 8, 5, 'A fascinating journey through history, beautifully depicted with stellar performances. 🎭🌍', NULL, NULL, NULL, '2025-04-04 23:24:52', '2025-04-04 23:24:52', NULL),
(123, 24, 12, 3, 'Touching and motivational. It\'s a journey everyone should experience. 🚀😊', NULL, NULL, NULL, '2026-01-16 23:24:52', '2026-01-16 23:24:52', NULL),
(124, 23, 14, 3, 'A deeply inspiring movie that touches the heart and uplifts the spirit. 🌟😊', NULL, NULL, NULL, '2026-01-26 23:24:52', '2026-01-26 23:24:52', NULL),
(125, 22, 9, 5, 'Engrossing narrative that brings the past to life with every scene. 🕰️🔍', NULL, NULL, NULL, '2025-12-22 23:24:52', '2025-12-22 23:24:52', NULL),
(126, 23, 4, 3, 'The storyline is moving, and the characters\' journeys are truly inspirational. 🎬❤️', NULL, NULL, NULL, '2025-07-04 23:24:52', '2025-07-04 23:24:52', NULL),
(127, 25, 6, 3, 'Heartwarming and beautifully romantic, a love story that stays with you forever. 💖🌟', NULL, NULL, NULL, '2025-03-22 23:24:52', '2025-03-22 23:24:52', NULL),
(128, 24, 3, 4, 'This movie inspired me deeply. A powerful reminder of the strength within us all. 🌟🙌', NULL, NULL, NULL, '2025-12-12 23:24:52', '2025-12-12 23:24:52', NULL),
(129, 20, 12, 4, 'Creepy and atmospheric. It\'s a horror fan\'s dream come true! 🌌🏚️', NULL, NULL, NULL, '2025-06-19 23:24:52', '2025-06-19 23:24:52', NULL),
(130, 21, 3, 5, 'An epic journey through the origins of civilization. Educational and captivating! 📚🌅', NULL, NULL, NULL, '2025-04-10 23:24:52', '2025-04-10 23:24:52', NULL),
(131, 25, 3, 5, 'This movie made me believe in love all over again. Simply breathtaking! 💕😍', NULL, NULL, NULL, '2025-10-05 23:24:52', '2025-10-05 23:24:52', NULL),
(132, 20, 8, 4, 'A bone-chilling experience that left me checking over my shoulder. Highly recommend! 🕯️👁️', NULL, NULL, NULL, '2025-11-10 23:24:52', '2025-11-10 23:24:52', NULL),
(133, 10, 12, 5, 'Daizy\'s journey is heartwarming and filled with lessons for all ages. 🎈😊', NULL, NULL, NULL, '2025-04-10 23:24:52', '2025-04-10 23:24:52', NULL),
(134, 24, 7, 5, 'The characters\' journeys are incredibly moving. You\'ll laugh, cry, and feel inspired. 💖😭', NULL, NULL, NULL, '2025-05-03 23:24:52', '2025-05-03 23:24:52', NULL),
(135, 19, 14, 4, 'Every shadow feels like it\'s watching you. Thrilling till the end! 🌌👁️', NULL, NULL, NULL, '2025-10-24 23:24:52', '2025-10-24 23:24:52', NULL),
(136, 1, 7, 5, 'Evokes a sense of dread and excitement simultaneously, offering a thrilling rollercoaster ride through fear and suspense. 🎢😱', NULL, NULL, NULL, '2025-07-13 23:24:52', '2025-07-13 23:24:52', NULL),
(137, 2, 12, 4, 'Fantastic cinematography and thrilling gunfights! A must-watch for Western fans. 📽️🌟', NULL, NULL, NULL, '2025-04-21 23:24:52', '2025-04-21 23:24:52', NULL),
(138, 22, 5, 5, 'Each moment feels like a glimpse into a forgotten era. Absolutely mesmerizing! 🌌🔮', NULL, NULL, NULL, '2025-04-28 23:24:52', '2025-04-28 23:24:52', NULL),
(139, 2, 13, 5, 'Each episode is better than the last. The story is captivating and full of surprises. 🎉🚀', NULL, NULL, NULL, '2025-06-03 23:24:52', '2025-06-03 23:24:52', NULL),
(140, 5, 12, 4, 'The twists and turns are brilliant. A must-watch for horror lovers! 🌫️📺', NULL, NULL, NULL, '2025-08-09 23:24:52', '2025-08-09 23:24:52', NULL),
(141, 4, 13, 5, 'Edge-of-your-seat excitement and unexpected twists. Absolutely thrilling! 😱🚀', NULL, NULL, NULL, '2025-05-17 23:24:52', '2025-05-17 23:24:52', NULL),
(142, 10, 7, 5, 'The animation is top-notch, and the story keeps you hooked from start to finish. 🎬💖', NULL, NULL, NULL, '2025-09-14 23:24:52', '2025-09-14 23:24:52', NULL),
(143, 20, 3, 5, 'Gripping from start to finish. The tension builds up beautifully. 🎢💀', NULL, NULL, NULL, '2025-11-24 23:24:52', '2025-11-24 23:24:52', NULL),
(144, 25, 12, 5, 'Touching and emotional, it captures the essence of true love\'s journey. 🌹😢', NULL, NULL, NULL, '2025-03-05 23:24:52', '2025-03-05 23:24:52', NULL),
(145, 1, 8, 5, 'Captivating and spine-chilling, with a narrative that grips your imagination and leaves you pondering its mysteries. 🔍🌑', NULL, NULL, NULL, '2025-03-10 23:24:52', '2025-03-10 23:24:52', NULL),
(146, 4, 4, 5, 'Great character development and intense scenes. A top-notch thriller! 👏🔥', NULL, NULL, NULL, '2025-06-14 23:24:52', '2025-06-14 23:24:52', NULL),
(147, 2, 14, 5, 'The perfect blend of drama and action. The Gunslinger is a true hero! 👏🏜️', NULL, NULL, NULL, '2025-09-21 23:24:52', '2025-09-21 23:24:52', NULL),
(148, 11, 9, 4, 'An enchanting journey that sparks imagination and leaves you wanting more. ✨🌟', NULL, NULL, NULL, '2025-11-23 23:24:52', '2025-11-23 23:24:52', NULL),
(149, 3, 9, 5, 'The animation is stunning, and the story is captivating. Love Raziel\'s bravery! 🐉🎨', NULL, NULL, NULL, '2025-03-06 23:24:52', '2025-03-06 23:24:52', NULL),
(150, 26, 10, 3, 'I cried happy tears! This movie reaffirms the power of love and hope. 💖😊', NULL, NULL, NULL, '2025-07-17 23:24:52', '2025-07-17 23:24:52', NULL),
(151, 3, 3, 5, 'A magical adventure that kept my kids and me glued to the screen! 🌲✨', NULL, NULL, NULL, '2026-01-27 23:24:52', '2026-01-27 23:24:52', NULL),
(152, 14, 12, 4, 'A must-watch for thriller enthusiasts. The Monkey King\'s quest will leave you wanting more. 🎭🌌', NULL, NULL, NULL, '2025-04-22 23:24:52', '2025-04-22 23:24:52', NULL),
(153, 18, 3, 5, 'A comedy that hits all the right notes. Fun, light-hearted, and highly enjoyable! 🎶😊', NULL, NULL, NULL, '2025-03-18 23:24:52', '2025-03-18 23:24:52', NULL),
(154, 16, 6, 5, 'The cinematography is fantastic, and the suspense never lets up. Highly recommend! 🎥🌟', NULL, NULL, NULL, '2025-08-28 23:24:52', '2025-08-28 23:24:52', NULL),
(155, 21, 8, 4, 'The scale and depth of this series are truly impressive. History enthusiasts will be hooked! 🌐🔍', NULL, NULL, NULL, '2025-12-11 23:24:52', '2025-12-11 23:24:52', NULL),
(156, 13, 11, 5, 'Perfect mix of fantasy and adventure. The Final Showdown was epic! ⚔️🌟', NULL, NULL, NULL, '2025-08-27 23:24:52', '2025-08-27 23:24:52', NULL),
(157, 19, 13, 4, 'Heart-pounding moments that will linger long after the credits roll. Must-watch for horror enthusiasts! 🎥👹', NULL, NULL, NULL, '2025-10-15 23:24:52', '2025-10-15 23:24:52', NULL),
(158, 14, 6, 4, 'Intriguing characters and stunning visual effects. A thrilling ride from start to finish. 🎬🔥', NULL, NULL, NULL, '2025-11-03 23:24:52', '2025-11-03 23:24:52', NULL),
(159, 12, 5, 5, 'Heartwarming story with lovable characters. Perfect for family movie night! 🍿❤️', NULL, NULL, NULL, '2025-08-27 23:24:52', '2025-08-27 23:24:52', NULL),
(160, 19, 3, 4, 'Gripping horror that leaves you checking the shadows. Not for the faint-hearted! 🚪🌚', NULL, NULL, NULL, '2025-06-23 23:24:52', '2025-06-23 23:24:52', NULL),
(161, 18, 4, 5, 'A comedic adventure that keeps you smiling from start to finish. 😄🌟', NULL, NULL, NULL, '2026-01-19 23:24:52', '2026-01-19 23:24:52', NULL),
(162, 13, 7, 5, 'The Hidden Fortress episode was full of unexpected twists and turns! So exciting! 🏰🔍', NULL, NULL, NULL, '2025-02-22 23:24:52', '2025-02-22 23:24:52', NULL),
(163, 17, 9, 5, 'The plot is brilliantly crafted with a perfect mix of mystery and action. 📺🕵️‍♂️', NULL, NULL, NULL, '2025-08-04 23:24:52', '2025-08-04 23:24:52', NULL),
(164, 24, 4, 4, 'Couldn\'t help but smile throughout. Pure comedy gold! 😊👌', NULL, NULL, NULL, '2025-04-15 23:24:52', '2025-04-15 23:24:52', NULL),
(165, 9, 14, 5, 'A masterful blend of intrigue and drama. Every scene is filled with tension. 😱🏙️', NULL, NULL, NULL, '2025-11-07 23:24:52', '2025-11-07 23:24:52', NULL),
(166, 12, 11, 4, 'Forever and a Day is a masterpiece in romantic storytelling. A must-watch! 🌈❤️', NULL, NULL, NULL, '2025-05-04 23:24:52', '2025-05-04 23:24:52', NULL),
(167, 7, 10, 4, 'Heartfelt and uplifting. It leaves you with a sense of hope and determination. 🌈💪', NULL, NULL, NULL, '2025-02-24 23:24:52', '2025-02-24 23:24:52', NULL),
(168, 12, 5, 5, 'The chemistry between the leads is magical. It\'s a love story you won\'t forget. ✨👫', NULL, NULL, NULL, '2025-11-20 23:24:52', '2025-11-20 23:24:52', NULL),
(169, 18, 8, 4, 'Loved the quirky humor and unexpected twists. A must-watch for comedy lovers. 🎬🤩', NULL, NULL, NULL, '2025-04-03 23:24:52', '2025-04-03 23:24:52', NULL),
(170, 26, 1, 3, 'test', 1, 1, NULL, '2026-02-20 04:38:37', '2026-02-20 04:38:37', NULL),
(171, 29, 21, 5, 'Nice Movie!', 21, 21, NULL, '2026-02-20 06:21:29', '2026-02-20 06:21:29', NULL),
(172, 144, 22, 5, 'Nice movie', 22, 22, NULL, '2026-02-25 09:11:59', '2026-02-25 09:11:59', NULL),
(173, 124, 22, 5, 'Great Movie', 22, 22, NULL, '2026-03-02 05:51:16', '2026-03-02 05:51:16', NULL),
(174, 122, 22, 5, 'Nice', 22, 22, NULL, '2026-03-02 06:00:33', '2026-03-02 06:00:33', NULL),
(175, 126, 22, 5, NULL, 22, 22, NULL, '2026-03-05 04:00:12', '2026-03-05 04:00:12', NULL);

-- --------------------------------------------------------

--
-- Table structure for table `roles`
--

CREATE TABLE `roles` (
  `id` bigint(20) UNSIGNED NOT NULL,
  `name` varchar(125) NOT NULL,
  `title` varchar(191) NOT NULL,
  `guard_name` varchar(125) NOT NULL,
  `is_fixed` tinyint(1) NOT NULL DEFAULT 0,
  `created_at` timestamp NULL DEFAULT NULL,
  `updated_at` timestamp NULL DEFAULT NULL
) ENGINE=InnoDB DEFAULT CHARSET=utf8mb4 COLLATE=utf8mb4_unicode_ci;

--
-- Dumping data for table `roles`
--

INSERT INTO `roles` (`id`, `name`, `title`, `guard_name`, `is_fixed`, `created_at`, `updated_at`) VALUES
(1, 'admin', 'Admin', 'web', 1, '2026-02-08 23:24:25', '2026-02-08 23:24:25'),
(2, 'demo_admin', 'Demo Admin', 'web', 1, '2026-02-08 23:24:25', '2026-02-08 23:24:25'),
(3, 'user', 'user', 'web', 1, '2026-02-08 23:24:25', '2026-02-08 23:24:25'),
(4, 'producer', '', 'web', 0, '2026-02-16 03:15:38', '2026-02-16 03:15:38');

-- --------------------------------------------------------

--
-- Table structure for table `role_has_permissions`
--

CREATE TABLE `role_has_permissions` (
  `permission_id` bigint(20) UNSIGNED NOT NULL,
  `role_id` bigint(20) UNSIGNED NOT NULL
) ENGINE=InnoDB DEFAULT CHARSET=utf8mb4 COLLATE=utf8mb4_unicode_ci;

--
-- Dumping data for table `role_has_permissions`
--

INSERT INTO `role_has_permissions` (`permission_id`, `role_id`) VALUES
(1, 1),
(2, 1),
(3, 1),
(3, 2),
(4, 1),
(4, 2),
(5, 1),
(5, 2),
(6, 1),
(7, 1),
(7, 2),
(8, 1),
(9, 1),
(9, 2),
(10, 1),
(10, 2),
(11, 1),
(11, 2),
(12, 1),
(13, 1),
(13, 2),
(14, 1),
(15, 1),
(15, 2),
(16, 1),
(16, 2),
(17, 1),
(17, 2),
(18, 1),
(19, 1),
(19, 2),
(20, 1),
(21, 1),
(21, 2),
(22, 1),
(22, 2),
(23, 1),
(23, 2),
(24, 1),
(25, 1),
(25, 2),
(26, 1),
(27, 1),
(27, 2),
(28, 1),
(28, 2),
(29, 1),
(29, 2),
(30, 1),
(31, 1),
(31, 2),
(32, 1),
(33, 1),
(33, 2),
(34, 1),
(34, 2),
(35, 1),
(35, 2),
(36, 1),
(37, 1),
(37, 2),
(38, 1),
(39, 1),
(39, 2),
(40, 1),
(40, 2),
(41, 1),
(41, 2),
(42, 1),
(43, 1),
(43, 2),
(44, 1),
(45, 1),
(45, 2),
(46, 1),
(46, 2),
(47, 1),
(47, 2),
(48, 1),
(49, 1),
(49, 2),
(50, 1),
(51, 1),
(51, 2),
(52, 1),
(52, 2),
(53, 1),
(53, 2),
(54, 1),
(55, 1),
(55, 2),
(56, 1),
(57, 1),
(57, 2),
(58, 1),
(58, 2),
(59, 1),
(59, 2),
(60, 1),
(61, 1),
(61, 2),
(62, 1),
(63, 1),
(63, 2),
(64, 1),
(64, 2),
(65, 1),
(65, 2),
(66, 1),
(67, 1),
(67, 2),
(68, 1),
(69, 1),
(69, 2),
(70, 1),
(70, 2),
(71, 1),
(71, 2),
(72, 1),
(73, 1),
(73, 2),
(74, 1),
(75, 1),
(75, 2),
(76, 1),
(76, 2),
(77, 1),
(77, 2),
(78, 1),
(79, 1),
(79, 2),
(80, 1),
(81, 1),
(81, 2),
(82, 1),
(82, 2),
(83, 1),
(83, 2),
(84, 1),
(85, 1),
(85, 2),
(86, 1),
(87, 1),
(87, 2),
(88, 1),
(88, 2),
(89, 1),
(89, 2),
(90, 1),
(91, 1),
(91, 2),
(92, 1),
(93, 1),
(93, 2),
(94, 1),
(94, 2),
(95, 1),
(95, 2),
(96, 1),
(97, 1),
(97, 2),
(98, 1),
(99, 1),
(99, 2),
(100, 1),
(100, 2),
(101, 1),
(101, 2),
(102, 1),
(103, 1),
(103, 2),
(104, 1),
(105, 1),
(105, 2),
(106, 1),
(106, 2),
(107, 1),
(107, 2),
(108, 1),
(109, 1),
(109, 2),
(110, 1),
(111, 1),
(111, 2),
(112, 1),
(112, 2),
(113, 1),
(113, 2),
(114, 1),
(115, 1),
(115, 2),
(116, 1),
(117, 1),
(117, 2),
(118, 1),
(118, 2),
(119, 1),
(119, 2),
(120, 1),
(121, 1),
(121, 2),
(122, 1),
(123, 1),
(123, 2),
(124, 1),
(124, 2),
(125, 1),
(125, 2),
(126, 1),
(127, 1),
(127, 2),
(128, 1),
(129, 1),
(129, 2),
(130, 1),
(130, 2),
(131, 1),
(131, 2),
(132, 1),
(133, 1),
(133, 2),
(134, 1),
(135, 1),
(135, 2),
(136, 1),
(136, 2),
(137, 1),
(137, 2),
(138, 1),
(139, 1),
(139, 2),
(140, 1),
(141, 1),
(141, 2),
(142, 1),
(142, 2),
(143, 1),
(143, 2),
(144, 1),
(145, 1),
(145, 2),
(146, 1),
(147, 1),
(147, 2),
(148, 1),
(148, 2),
(149, 1),
(149, 2),
(150, 1),
(151, 1),
(151, 2),
(152, 1),
(153, 1),
(153, 2),
(154, 1),
(154, 2),
(155, 1),
(155, 2),
(156, 1),
(157, 1),
(157, 2),
(158, 1),
(159, 1),
(159, 2),
(160, 1),
(160, 2),
(161, 1),
(161, 2),
(162, 1),
(163, 1),
(163, 2),
(164, 1),
(165, 1),
(165, 2),
(166, 1),
(166, 2),
(167, 1),
(167, 2),
(168, 1),
(169, 1),
(169, 2),
(170, 1),
(171, 1),
(171, 2),
(172, 1),
(172, 2),
(173, 1),
(173, 2),
(174, 1),
(175, 1),
(175, 2),
(176, 1),
(177, 1),
(177, 2),
(178, 1),
(178, 2),
(179, 1),
(179, 2),
(180, 1),
(181, 1),
(181, 2),
(182, 1),
(183, 1),
(183, 2),
(184, 1),
(184, 2),
(185, 1),
(185, 2),
(186, 1),
(187, 1),
(187, 2),
(188, 1),
(189, 1),
(189, 2),
(190, 1),
(190, 2),
(191, 1),
(191, 2),
(192, 1),
(193, 1),
(193, 2),
(194, 1),
(195, 1),
(195, 2),
(196, 1),
(196, 2),
(197, 1),
(197, 2),
(198, 1),
(198, 2),
(199, 1),
(199, 2),
(200, 1),
(200, 2),
(201, 1),
(201, 2),
(202, 1),
(202, 2),
(203, 1),
(203, 2),
(204, 1),
(204, 2),
(205, 1),
(205, 2),
(206, 1),
(206, 2),
(207, 1),
(207, 2),
(208, 1),
(208, 2),
(209, 1),
(210, 1),
(210, 2),
(211, 1),
(212, 1),
(212, 2),
(213, 1),
(213, 2),
(214, 1),
(214, 2),
(215, 1),
(216, 1),
(216, 2),
(217, 1),
(218, 1),
(218, 2),
(219, 1),
(219, 2),
(220, 1),
(220, 2),
(221, 1),
(222, 1),
(222, 2),
(223, 1);

-- --------------------------------------------------------

--
-- Table structure for table `seasons`
--

CREATE TABLE `seasons` (
  `id` bigint(20) UNSIGNED NOT NULL,
  `tmdb_id` varchar(191) DEFAULT NULL,
  `season_index` varchar(191) DEFAULT NULL,
  `name` varchar(191) DEFAULT NULL,
  `poster_url` text DEFAULT NULL,
  `entertainment_id` bigint(20) UNSIGNED DEFAULT NULL,
  `trailer_url_type` varchar(191) DEFAULT NULL,
  `trailer_url` text DEFAULT NULL,
  `access` varchar(191) DEFAULT NULL,
  `status` tinyint(1) NOT NULL DEFAULT 0,
  `plan_id` bigint(20) UNSIGNED DEFAULT NULL,
  `short_desc` longtext DEFAULT NULL,
  `description` longtext DEFAULT NULL,
  `created_by` int(10) UNSIGNED DEFAULT NULL,
  `updated_by` int(10) UNSIGNED DEFAULT NULL,
  `deleted_by` int(10) UNSIGNED DEFAULT NULL,
  `created_at` timestamp NULL DEFAULT NULL,
  `updated_at` timestamp NULL DEFAULT NULL,
  `deleted_at` timestamp NULL DEFAULT NULL,
  `poster_tv_url` text DEFAULT NULL,
  `price` decimal(8,2) DEFAULT NULL,
  `purchase_type` varchar(191) DEFAULT NULL,
  `access_duration` int(11) DEFAULT NULL,
  `discount` varchar(191) DEFAULT NULL,
  `available_for` int(11) DEFAULT NULL,
  `meta_title` varchar(191) DEFAULT NULL,
  `meta_keywords` varchar(191) DEFAULT NULL,
  `meta_description` text DEFAULT NULL,
  `seo_image` varchar(191) DEFAULT NULL,
  `google_site_verification` varchar(191) DEFAULT NULL,
  `canonical_url` varchar(191) DEFAULT NULL,
  `short_description` text DEFAULT NULL,
  `slug` text DEFAULT NULL
) ENGINE=InnoDB DEFAULT CHARSET=utf8mb4 COLLATE=utf8mb4_unicode_ci;

--
-- Dumping data for table `seasons`
--

INSERT INTO `seasons` (`id`, `tmdb_id`, `season_index`, `name`, `poster_url`, `entertainment_id`, `trailer_url_type`, `trailer_url`, `access`, `status`, `plan_id`, `short_desc`, `description`, `created_by`, `updated_by`, `deleted_by`, `created_at`, `updated_at`, `deleted_at`, `poster_tv_url`, `price`, `purchase_type`, `access_duration`, `discount`, `available_for`, `meta_title`, `meta_keywords`, `meta_description`, `seo_image`, `google_site_verification`, `canonical_url`, `short_description`, `slug`) VALUES
(27, '224372', '1', 'Season 1', 'https://image.tmdb.org/t/p/original/3jXrxH6E7Znw2CU2DGzZCAYlpPV.jpg', 149, 'YouTube', 'https://www.youtube.com/watch?v=IvGDPA9SbFE', 'free', 1, NULL, NULL, '<p>A century before the events of \"Game of Thrones,\" two unlikely heroes wander Westeros. In an adaption of George R. R. Martin\'s novella \"The Hedge Knight,\" a young and naive but courageous knight, Ser Duncan the Tall, and his diminutive squire, Egg, face a series of dangerous exploits. Set in an age</p>', 1, 1, NULL, '2026-02-23 04:44:43', '2026-02-23 04:44:43', NULL, 'https://image.tmdb.org/t/p/original/3jXrxH6E7Znw2CU2DGzZCAYlpPV.jpg', NULL, 'rental', NULL, NULL, NULL, NULL, '', NULL, NULL, NULL, NULL, NULL, 'season-1'),
(28, '1416', '1', 'Season 1', 'https://image.tmdb.org/t/p/original/ulGju8GyXE36wCgmvyFJL3sLiVm.jpg', 150, 'YouTube', 'https://www.youtube.com/watch?v=qbkEtYz9acA', 'free', 1, NULL, NULL, '<p>Surgical interns and their supervisors embark on a medical journey where they become part of heart-wrenching stories and make life-changing decisions in order to become the finest doctors.</p>', 1, 1, NULL, '2026-02-23 04:54:48', '2026-02-23 04:54:48', NULL, 'https://image.tmdb.org/t/p/original/ulGju8GyXE36wCgmvyFJL3sLiVm.jpg', NULL, 'rental', NULL, NULL, NULL, NULL, '', NULL, NULL, NULL, NULL, NULL, 'season-1'),
(29, '1416', '2', 'Season 2', 'https://image.tmdb.org/t/p/original/bO0S3fU8Tcqn0g5DCmDcX1oqA2t.jpg', 150, 'URL', 'https://www.youtube.com/watch?v=qbkEtYz9acA', 'free', 1, NULL, NULL, '<p>Surgical interns and their supervisors embark on a medical journey where they become part of heart-wrenching stories and make life-changing decisions in order to become the finest doctors.</p>', 1, 1, NULL, '2026-02-23 04:55:36', '2026-02-23 04:55:36', NULL, 'https://image.tmdb.org/t/p/original/bO0S3fU8Tcqn0g5DCmDcX1oqA2t.jpg', NULL, 'rental', NULL, NULL, NULL, NULL, '', NULL, NULL, NULL, NULL, NULL, 'season-2'),
(30, '1622', '1', 'Season 1', 'https://image.tmdb.org/t/p/original/fFn80y3PPmCcTbIIjQS5ft0jNFc.jpg', 151, 'URL', 'https://www.youtube.com/watch?v=yy96yJjkvjo', 'free', 1, NULL, NULL, '<p>When a woman mysteriously dies due to a supernatural event, her husband and her sons set out on a mission to find out the truth, while battling various paranormal beings.</p>', 1, 1, NULL, '2026-02-23 05:03:21', '2026-02-23 05:03:21', NULL, 'https://image.tmdb.org/t/p/original/fFn80y3PPmCcTbIIjQS5ft0jNFc.jpg', NULL, 'rental', NULL, NULL, NULL, NULL, '', NULL, NULL, NULL, NULL, NULL, 'season-1'),
(31, '66732', '1', 'Season 1', 'https://image.tmdb.org/t/p/original/fOaUnQwDJV22esXEswhaDMSqn2w.jpg', 152, 'YouTube', 'https://www.youtube.com/watch?v=8znAI7F7MEE', 'free', 1, NULL, NULL, '<p>In the 1980s Indiana, a group of young friends witness supernatural forces and secret government exploits. As they search for answers, the children unravel a series of extraordinary mysteries.</p>', 1, 1, NULL, '2026-02-23 05:08:51', '2026-02-23 05:08:51', NULL, 'https://image.tmdb.org/t/p/original/fOaUnQwDJV22esXEswhaDMSqn2w.jpg', NULL, 'rental', NULL, NULL, NULL, NULL, '', NULL, NULL, NULL, NULL, NULL, 'season-1'),
(32, '1399', '1', 'Season 1', 'https://image.tmdb.org/t/p/original/wgfKiqzuMrFIkU1M68DDDY8kGC1.jpg', 153, 'YouTube', 'https://www.youtube.com/watch?v=BpJYNVhGf1s', 'free', 1, NULL, NULL, '<p>Nine noble families wage war against each other in order to gain control over the mythical land of Westeros. Meanwhile, a force is rising after millenniums and threatens the existence of living men.</p>', 1, 1, NULL, '2026-02-23 05:25:52', '2026-02-23 05:25:52', NULL, 'https://image.tmdb.org/t/p/original/wgfKiqzuMrFIkU1M68DDDY8kGC1.jpg', NULL, 'rental', NULL, NULL, NULL, NULL, '', NULL, NULL, NULL, NULL, NULL, 'season-1'),
(33, '60735', '1', 'Season 1', 'https://image.tmdb.org/t/p/original/A3H6pewHfoy2bXmNhvycOe0xzlC.jpg', 154, 'URL', 'https://www.youtube.com/watch?v=zPZRE0q9Umc', 'free', 1, NULL, NULL, '<p>Barry Allen, a forensic investigator in Central City, gains the power of superhuman speed from a freak accident. He decides to use it to fight crime as the Flash, a costumed superhero.</p>', 1, 1, 1, '2026-02-23 05:30:36', '2026-02-23 05:42:47', NULL, 'https://image.tmdb.org/t/p/original/A3H6pewHfoy2bXmNhvycOe0xzlC.jpg', NULL, 'rental', NULL, NULL, NULL, NULL, '', NULL, NULL, NULL, NULL, NULL, 'season-1'),
(34, '18165', '1', 'Season 1', 'https://image.tmdb.org/t/p/original/4bFr4FDCzjaxyJhkDEfAOOmpo7G.jpg', 155, 'URL', 'https://www.youtube.com/watch?v=rUw7yShLNJY', 'free', 1, NULL, NULL, '<p>On her first day at high school, Elena meets Stefan and immediately feels a connection with him. However, what she does not know is that Stefan and his brother, Damon, are in fact vampires.</p>', 1, 1, NULL, '2026-02-23 05:37:35', '2026-02-23 05:37:35', NULL, 'https://image.tmdb.org/t/p/original/4bFr4FDCzjaxyJhkDEfAOOmpo7G.jpg', NULL, 'rental', NULL, NULL, NULL, NULL, '', NULL, NULL, NULL, NULL, NULL, 'season-1'),
(35, '91239', '1', 'Season 1', 'https://image.tmdb.org/t/p/original/qaewZKBKmXjb4ZfFBb1LCug6BE8.jpg', 156, 'YouTube', 'https://www.youtube.com/watch?v=gpv7ayf_tyE', 'free', 1, NULL, NULL, '<p>During the Regency era in England, eight close-knit siblings of the powerful Bridgerton family attempt to find love.</p>', 1, 1, NULL, '2026-02-23 05:48:07', '2026-02-23 05:48:07', NULL, 'https://image.tmdb.org/t/p/original/qaewZKBKmXjb4ZfFBb1LCug6BE8.jpg', NULL, 'rental', NULL, NULL, NULL, NULL, '', NULL, NULL, NULL, NULL, NULL, 'season-1'),
(36, '4629', '1', 'Season 1', 'https://image.tmdb.org/t/p/original/tiib6A0kZ0NoUeuUbcU0hIu2jlM.jpg', 157, 'URL', 'https://www.youtube.com/watch?v=bS-4JP9w49Q', 'free', 1, NULL, NULL, '<p>On a secret mission, Jack O\'Neill returns to Planet Abydos to search for scientist Daniel Jackson. O\'Neill finds him and learns about a series of hieroglyphics that suggest a map of several Stargates.</p>', 1, 1, NULL, '2026-02-23 05:58:31', '2026-02-23 05:58:31', NULL, 'https://image.tmdb.org/t/p/original/tiib6A0kZ0NoUeuUbcU0hIu2jlM.jpg', NULL, 'rental', NULL, NULL, NULL, NULL, '', NULL, NULL, NULL, NULL, NULL, 'season-1'),
(37, '258462', '1', 'Season 1', 'https://image.tmdb.org/t/p/original/245jwwiNrB9fKQB1ugJ0M40CHj7.jpg', 158, 'URL', 'https://www.youtube.com/watch?v=LPnl8PFKErs', 'free', 1, NULL, NULL, '<p>Five female prisoners forge a unique bond after a deadly accident until corruption and turf wars within a ruthless prison threaten to destroy them.</p>', 1, 1, NULL, '2026-02-23 06:04:33', '2026-02-23 06:04:33', NULL, 'https://image.tmdb.org/t/p/original/245jwwiNrB9fKQB1ugJ0M40CHj7.jpg', NULL, 'rental', NULL, NULL, NULL, NULL, '', NULL, NULL, NULL, NULL, NULL, 'season-1'),
(38, '1421', '1', 'Season 1', 'https://image.tmdb.org/t/p/original/i1KhQoI391KaEA5fKArrzoTvNDk.jpg', 159, 'URL', 'https://www.youtube.com/watch?v=zctCtwkohiU', 'free', 1, NULL, NULL, '<p>jay has just recently married his younger, Colombian wife, Gloria, but he\'s having trouble keeping up with her and her son Manny. Claire is having trouble with her own family, especially with her husband Phil, who thinks he can be hip with his three kids. Also, Mitchell and his partner Cameron adopt a Vietnamese baby, Lily.</p>', 1, 1, NULL, '2026-02-23 06:09:55', '2026-02-23 06:09:55', NULL, 'https://image.tmdb.org/t/p/original/i1KhQoI391KaEA5fKArrzoTvNDk.jpg', NULL, 'rental', NULL, NULL, NULL, NULL, '', NULL, NULL, NULL, NULL, NULL, 'season-1'),
(39, '1405', '1', 'Season 1', 'https://image.tmdb.org/t/p/original/rmhoMEHK3ZP2EAXX2VpxuKpW3Bf.jpg', 160, 'URL', 'https://www.youtube.com/watch?v=84o1Q6fB20k', 'free', 1, NULL, NULL, '<p>Dexter Morgan, a blood spatter pattern analyst for the Miami Metro Police also leads a secret life as a serial killer, hunting down criminals who have slipped through the cracks of justice.</p>', 1, 1, NULL, '2026-02-23 06:14:01', '2026-02-23 06:14:01', NULL, 'https://image.tmdb.org/t/p/original/rmhoMEHK3ZP2EAXX2VpxuKpW3Bf.jpg', NULL, 'rental', NULL, NULL, NULL, NULL, '', NULL, NULL, NULL, NULL, NULL, 'season-1'),
(40, '71712', '1', 'Season 1', 'https://image.tmdb.org/t/p/original/nQCKDOwU1gnhgFqTjsqeoJOdsTM.jpg', 161, 'URL', 'https://www.youtube.com/watch?v=lnY9FWUTY84', 'free', 1, NULL, NULL, '<p>Shaun, a young doctor, joins a renowned hospital in San Jose, California, but his colleagues do not socialise with him. He uses his skills to treat patients and prove his abilities to his co-workers.</p>', 1, 1, NULL, '2026-02-23 06:17:12', '2026-02-23 06:17:12', NULL, 'https://image.tmdb.org/t/p/original/nQCKDOwU1gnhgFqTjsqeoJOdsTM.jpg', NULL, 'rental', NULL, NULL, NULL, NULL, '', NULL, NULL, NULL, NULL, NULL, 'season-1'),
(41, '63174', '1', 'Season 1', 'https://image.tmdb.org/t/p/original/e6FQvm5jycG9xx1ZWowIYBc3Shn.jpg', 162, 'YouTube', 'https://www.youtube.com/watch?v=X4bF_quwNtw', 'free', 1, NULL, NULL, '<p>Bored with being the Lord of Hell, the devil relocates to Los Angeles, where he opens a nightclub and forms a connection with a homicide detective.</p>', 1, 1, NULL, '2026-02-23 06:21:14', '2026-02-23 06:21:14', NULL, 'https://image.tmdb.org/t/p/original/e6FQvm5jycG9xx1ZWowIYBc3Shn.jpg', NULL, 'rental', NULL, NULL, NULL, NULL, '', NULL, NULL, NULL, NULL, NULL, 'season-1'),
(42, '1396', '1', 'Season 1', 'https://image.tmdb.org/t/p/original/1BP4xYv9ZG4ZVHkL7ocOziBbSYH.jpg', 163, 'YouTube', 'https://www.youtube.com/watch?v=HhesaQXLuRY', 'free', 1, NULL, NULL, '<p>Walter White, a New Mexico chemistry teacher, is diagnosed with Stage III cancer and given a prognosis of only two years left to live. He becomes filled with a sense of fearlessness and an unrelenting desire to secure his family\'s financial future at any cost as he enters the dangerous world of drugs and crime.</p>', 1, 1, NULL, '2026-02-23 06:25:34', '2026-02-23 06:25:34', NULL, 'https://image.tmdb.org/t/p/original/1BP4xYv9ZG4ZVHkL7ocOziBbSYH.jpg', NULL, 'rental', NULL, NULL, NULL, NULL, '', NULL, NULL, NULL, NULL, NULL, 'season-1'),
(43, '219246', '1', 'Limited Series', 'https://image.tmdb.org/t/p/original/q29q6AByug53pnylCytwLA7m6AY.jpg', 164, 'YouTube', 'https://www.youtube.com/watch?v=waHgQCzy5OA', 'free', 1, NULL, NULL, '<p>In Jeju, a spirited girl and a steadfast boy\'s island story blossoms into a lifelong tale of setbacks and triumphs &mdash; proving love endures across time.</p>', 1, 1, NULL, '2026-02-23 06:29:14', '2026-02-23 06:29:14', NULL, 'https://image.tmdb.org/t/p/original/q29q6AByug53pnylCytwLA7m6AY.jpg', NULL, 'rental', NULL, NULL, NULL, NULL, '', NULL, NULL, NULL, NULL, NULL, 'limited-series'),
(44, '250307', '1', 'Season 1', 'https://image.tmdb.org/t/p/original/z3Reeo4qvDHEW3yeUMQPS9rFEk5.jpg', 165, 'URL', 'https://www.youtube.com/watch?v=ufR_08V38sQ', 'free', 1, NULL, NULL, '<p>A realistic examination of the challenges facing healthcare workers in America as seen through the lens of the frontline heroes working in a modern-day hospital in Pittsburgh, Pennsylvania.</p>', 1, 1, NULL, '2026-02-23 06:42:48', '2026-02-23 06:42:48', NULL, 'https://image.tmdb.org/t/p/original/z3Reeo4qvDHEW3yeUMQPS9rFEk5.jpg', NULL, 'rental', NULL, NULL, NULL, NULL, '', NULL, NULL, NULL, NULL, NULL, 'season-1');

-- --------------------------------------------------------

--
-- Table structure for table `seo`
--

CREATE TABLE `seo` (
  `id` bigint(20) UNSIGNED NOT NULL,
  `meta_title` varchar(191) DEFAULT NULL,
  `meta_keywords` varchar(191) DEFAULT NULL,
  `meta_description` text DEFAULT NULL,
  `seo_image` varchar(191) DEFAULT NULL,
  `google_site_verification` varchar(191) DEFAULT NULL,
  `canonical_url` varchar(191) DEFAULT NULL,
  `short_description` text DEFAULT NULL,
  `created_at` timestamp NULL DEFAULT NULL,
  `updated_at` timestamp NULL DEFAULT NULL
) ENGINE=InnoDB DEFAULT CHARSET=utf8mb4 COLLATE=utf8mb4_unicode_ci;

-- --------------------------------------------------------

--
-- Table structure for table `service_providers`
--

CREATE TABLE `service_providers` (
  `id` bigint(20) UNSIGNED NOT NULL,
  `slug` varchar(191) NOT NULL,
  `name` varchar(191) NOT NULL,
  `description` longtext DEFAULT NULL,
  `payment_method` varchar(191) DEFAULT NULL,
  `manager_id` bigint(20) UNSIGNED DEFAULT NULL,
  `status` tinyint(1) NOT NULL DEFAULT 1,
  `created_by` int(10) UNSIGNED DEFAULT NULL,
  `updated_by` int(10) UNSIGNED DEFAULT NULL,
  `deleted_by` int(10) UNSIGNED DEFAULT NULL,
  `contact_email` text NOT NULL,
  `contact_number` varchar(191) NOT NULL,
  `created_at` timestamp NULL DEFAULT NULL,
  `updated_at` timestamp NULL DEFAULT NULL,
  `deleted_at` timestamp NULL DEFAULT NULL
) ENGINE=InnoDB DEFAULT CHARSET=utf8mb4 COLLATE=utf8mb4_unicode_ci;

-- --------------------------------------------------------

--
-- Table structure for table `sessions`
--

CREATE TABLE `sessions` (
  `id` varchar(191) NOT NULL,
  `user_id` bigint(20) UNSIGNED DEFAULT NULL,
  `ip_address` varchar(45) DEFAULT NULL,
  `user_agent` text DEFAULT NULL,
  `payload` longtext NOT NULL,
  `last_activity` int(11) NOT NULL
) ENGINE=InnoDB DEFAULT CHARSET=utf8mb4 COLLATE=utf8mb4_unicode_ci;

-- --------------------------------------------------------

--
-- Table structure for table `setting`
--

CREATE TABLE `setting` (
  `id` bigint(20) UNSIGNED NOT NULL,
  `name` varchar(191) NOT NULL,
  `created_by` int(10) UNSIGNED DEFAULT NULL,
  `updated_by` int(10) UNSIGNED DEFAULT NULL,
  `deleted_by` int(10) UNSIGNED DEFAULT NULL,
  `created_at` timestamp NULL DEFAULT NULL,
  `updated_at` timestamp NULL DEFAULT NULL,
  `deleted_at` timestamp NULL DEFAULT NULL
) ENGINE=InnoDB DEFAULT CHARSET=utf8mb4 COLLATE=utf8mb4_unicode_ci;

-- --------------------------------------------------------

--
-- Table structure for table `settings`
--

CREATE TABLE `settings` (
  `id` bigint(20) UNSIGNED NOT NULL,
  `name` varchar(191) DEFAULT NULL,
  `val` text DEFAULT NULL,
  `type` varchar(90) NOT NULL DEFAULT 'string',
  `datatype` varchar(90) DEFAULT NULL,
  `created_by` int(10) UNSIGNED DEFAULT NULL,
  `updated_by` int(10) UNSIGNED DEFAULT NULL,
  `deleted_by` int(10) UNSIGNED DEFAULT NULL,
  `created_at` timestamp NULL DEFAULT NULL,
  `updated_at` timestamp NULL DEFAULT NULL,
  `deleted_at` timestamp NULL DEFAULT NULL
) ENGINE=InnoDB DEFAULT CHARSET=utf8mb4 COLLATE=utf8mb4_unicode_ci;

--
-- Dumping data for table `settings`
--

INSERT INTO `settings` (`id`, `name`, `val`, `type`, `datatype`, `created_by`, `updated_by`, `deleted_by`, `created_at`, `updated_at`, `deleted_at`) VALUES
(1, 'movie', '1', '', 'module_settings', NULL, 1, NULL, '2024-08-07 23:57:31', '2026-03-03 06:13:58', NULL),
(2, 'tvshow', '1', '', 'module_settings', NULL, 1, NULL, '2024-08-07 23:57:31', '2026-03-03 06:13:58', NULL),
(3, 'livetv', '1', '', 'module_settings', NULL, 1, NULL, '2024-08-07 23:57:31', '2026-03-03 06:13:58', NULL),
(4, 'video', '1', '', 'module_settings', NULL, 1, NULL, '2024-08-07 23:57:31', '2026-03-03 06:13:58', NULL),
(5, 'enable_tmdb_api', '1', '', 'module_settings', NULL, 1, NULL, '2024-08-07 23:57:31', '2026-03-03 06:13:58', NULL),
(6, 'app_name', 'MXFlix: Your Ultimate Entertainment Hub', 'bussiness', 'bussiness', NULL, 1, NULL, '2024-08-08 04:42:31', '2026-02-08 23:54:21', NULL),
(7, 'user_app_name', 'MXFlix: Your Ultimate Entertainment Hub', 'bussiness', 'bussiness', NULL, NULL, NULL, '2024-08-08 04:42:31', '2024-08-08 04:42:31', NULL),
(8, 'helpline_number', '+15162023950', 'bussiness', 'bussiness', NULL, 1, NULL, '2024-08-08 04:42:31', '2026-02-08 23:54:21', NULL),
(9, 'inquriy_email', 'biz@miracuves.com', 'bussiness', 'bussiness', NULL, 1, NULL, '2024-08-08 04:42:31', '2026-02-08 23:54:21', NULL),
(10, 'short_description', 'MXFlix: Your Ultimate Destination for Unlimited Movies and Shows!', 'bussiness', 'bussiness', NULL, 1, NULL, '2024-08-08 04:42:31', '2026-02-08 23:54:21', NULL),
(11, 'google_analytics', 'Google Analytics', 'misc', 'text', NULL, 1, NULL, '2024-08-08 05:01:01', '2026-02-10 01:28:43', NULL),
(12, 'default_language', 'en', 'misc', 'misc', NULL, 1, NULL, '2024-08-08 05:01:01', '2026-02-10 01:28:43', NULL),
(13, 'default_time_zone', 'Asia/Kolkata', 'misc', 'misc', NULL, 1, NULL, '2024-08-08 05:01:01', '2026-02-10 01:28:43', NULL),
(14, 'disc_type', 'local', 'misc', 'misc', NULL, NULL, NULL, '2024-08-08 05:01:01', '2024-08-08 05:01:01', NULL),
(15, 'cash_payment_method', '1', 'cashpayment', NULL, NULL, NULL, NULL, '2024-08-08 05:08:37', '2024-08-08 05:08:37', NULL),
(16, 'razor_payment_method', '0', '', 'razorpayPayment', NULL, 1, NULL, '2024-08-08 05:08:37', '2026-02-19 11:02:22', NULL),
(17, 'razorpay_secretkey', '', 'razor_payment_method', NULL, NULL, NULL, NULL, '2024-08-08 05:08:37', '2024-08-08 05:08:37', NULL),
(18, 'razorpay_publickey', '', 'razor_payment_method', NULL, NULL, NULL, NULL, '2024-08-08 05:08:37', '2024-08-08 05:08:37', NULL),
(19, 'str_payment_method', '1', '', 'stripePayment', NULL, 1, NULL, '2024-08-08 05:08:37', '2026-02-19 11:02:22', NULL),
(20, 'stripe_secretkey', 'sk_test_51MjnELHTAHWwyrB6o5FbJewlU1QQeOvwfJoCBfnlf20KzNGa7JVyxIWhYIb84Ohl8kUxvGDuzOkCSo3rFj9Ne85l00FvdXN2ti', '', 'str_payment_method', NULL, 1, NULL, '2024-08-08 05:08:37', '2026-02-19 11:02:22', NULL),
(21, 'stripe_publickey', 'pk_test_51MjnELHTAHWwyrB6HqKFzapBSOjSEAF9dKUz7JAI9vPTQHtsGsFJrhm151hdiVQWyvsvtq1CpkSMEmAUjC0pgbEl00P1BNfXvD', '', 'str_payment_method', NULL, 1, NULL, '2024-08-08 05:08:37', '2026-02-19 11:02:22', NULL),
(22, 'paystack_payment_method', '0', '', 'paystackPayment', NULL, 1, NULL, '2024-08-08 05:08:37', '2026-02-19 11:02:22', NULL),
(23, 'paystack_secretkey', '', 'paystack_payment_method', NULL, NULL, NULL, NULL, '2024-08-08 05:08:37', '2024-08-08 05:08:37', NULL),
(24, 'paystack_publickey', '', 'paystack_payment_method', NULL, NULL, NULL, NULL, '2024-08-08 05:08:37', '2024-08-08 05:08:37', NULL),
(25, 'paypal_payment_method', '0', '', 'paypalPayment', NULL, 1, NULL, '2024-08-08 05:08:37', '2026-02-19 11:02:22', NULL),
(26, 'paypal_secretkey', '', 'paypal_payment_method', NULL, NULL, NULL, NULL, '2024-08-08 05:08:37', '2024-08-08 05:08:37', NULL),
(27, 'paypal_clientid', '', 'paypal_payment_method', NULL, NULL, NULL, NULL, '2024-08-08 05:08:37', '2024-08-08 05:08:37', NULL),
(28, 'flutterwave_payment_method', '0', '', 'flutterwavePayment', NULL, 1, NULL, '2024-08-08 05:08:37', '2026-02-19 11:02:22', NULL),
(29, 'flutterwave_secretkey', '', 'flutterwave_payment_method', NULL, NULL, NULL, NULL, '2024-08-08 05:08:37', '2024-08-08 05:08:37', NULL),
(30, 'flutterwave_publickey', '', 'flutterwave_payment_method', NULL, NULL, NULL, NULL, '2024-08-08 05:08:37', '2024-08-08 05:08:37', NULL),
(31, 'cinet_payment_method', '0', '', 'paymentcinet', NULL, 1, NULL, '2024-08-08 05:08:37', '2026-02-19 11:02:22', NULL),
(32, 'sadad_payment_method', '0', '', 'paymentsadad', NULL, 1, NULL, '2024-08-08 05:08:37', '2026-02-19 11:02:22', NULL),
(33, 'airtel_payment_method', '0', '', 'airtelpayment', NULL, 1, NULL, '2024-08-08 05:08:37', '2026-02-19 11:02:22', NULL),
(34, 'phonepe_payment_method', '0', '', 'phonepepayment', NULL, 1, NULL, '2024-08-08 05:08:37', '2026-02-19 11:02:22', NULL),
(35, 'midtrans_payment_method', '0', '', 'midtranspayment', NULL, 1, NULL, '2024-08-08 05:08:37', '2026-02-19 11:02:22', NULL),
(36, 'local', '1', 'storage_settings', 'storageconfig', NULL, NULL, NULL, '2024-08-08 05:08:37', '2024-08-08 05:08:37', NULL),
(37, 's3', '0', 'storage_settings', 'storageconfig', NULL, NULL, NULL, '2024-08-08 05:08:37', '2024-08-08 05:08:37', NULL),
(38, 'aws_access_key', NULL, 'storage_settings', 'storageconfig', NULL, NULL, NULL, '2024-08-08 05:08:37', '2024-08-08 05:08:37', NULL),
(39, 'aws_secret_key', NULL, 'storage_settings', 'storageconfig', NULL, NULL, NULL, '2024-08-08 05:08:37', '2024-08-08 05:08:37', NULL),
(40, 'aws_region', NULL, 'storage_settings', 'storageconfig', NULL, NULL, NULL, '2024-08-08 05:08:37', '2024-08-08 05:08:37', NULL),
(41, 'aws_bucket', NULL, 'storage_settings', 'storageconfig', NULL, NULL, NULL, '2024-08-08 05:08:37', '2024-08-08 05:08:37', NULL),
(42, 'tmdb_api_key', '55e89e24a03a87fa84d7d96abe40d4dd', '', 'module_settings', NULL, 1, NULL, '2024-08-08 05:08:37', '2026-03-03 06:13:58', NULL),
(43, 'is_social_login', '1', 'appconfig', NULL, NULL, NULL, NULL, '2024-08-08 05:08:37', '2024-08-08 05:08:37', NULL),
(44, 'is_google_login', '1', 'appconfig', NULL, NULL, NULL, NULL, '2024-08-08 05:08:37', '2024-08-08 05:08:37', NULL),
(45, 'is_otp_login', '1', 'appconfig', NULL, NULL, NULL, NULL, '2024-08-08 05:08:37', '2024-08-08 05:08:37', NULL),
(46, 'is_apple_login', '1', 'appconfig', NULL, NULL, NULL, NULL, '2024-08-08 05:08:37', '2024-08-08 05:08:37', NULL),
(47, 'is_firebase_notification', '1', 'appconfig', NULL, NULL, NULL, NULL, '2024-08-08 05:08:37', '2024-08-08 05:08:37', NULL),
(48, 'firebase_key', '', 'appconfig', NULL, NULL, NULL, NULL, '2024-08-08 05:08:37', '2024-08-08 05:08:37', NULL),
(49, 'is_user_push_notification', '1', 'appconfig', NULL, NULL, NULL, NULL, '2024-08-08 05:08:37', '2024-08-08 05:08:37', NULL),
(50, 'is_application_link', '1', 'appconfig', NULL, NULL, NULL, NULL, '2024-08-08 05:08:37', '2024-08-08 05:08:37', NULL),
(51, 'ios_url', 'https://apps.apple.com/us/app/', 'appconfig', NULL, NULL, NULL, NULL, '2024-08-08 05:08:37', '2024-08-08 05:08:37', NULL),
(52, 'android_url', 'https://play.google.com/store/apps/', 'appconfig', NULL, NULL, NULL, NULL, '2024-08-08 05:08:37', '2024-08-08 05:08:37', NULL),
(53, 'force_update', '0', 'appconfig', NULL, NULL, NULL, NULL, '2024-08-08 05:08:37', '2024-08-08 05:08:37', NULL),
(54, 'app_version', NULL, 'appconfig', NULL, NULL, NULL, NULL, '2024-08-08 05:08:37', '2024-08-08 05:08:37', NULL),
(55, 'is_ChatGPT_integration', '1', 'appconfig', NULL, NULL, NULL, NULL, '2024-08-08 05:08:37', '2024-08-08 05:08:37', NULL),
(56, 'ChatGPT_key', '', 'appconfig', NULL, NULL, NULL, NULL, '2024-08-08 05:08:37', '2024-08-08 05:08:37', NULL),
(57, 'google_client_id', '', 'appconfig', NULL, NULL, NULL, NULL, '2024-08-08 05:08:37', '2024-08-08 05:08:37', NULL),
(58, 'google_client_secret', '', 'appconfig', NULL, NULL, NULL, NULL, '2024-08-08 05:08:37', '2024-08-08 05:08:37', NULL),
(59, 'google_redirect_uri', '', 'appconfig', NULL, NULL, NULL, NULL, '2024-08-08 05:08:37', '2024-08-08 05:08:37', NULL),
(60, 'apiKey', '', 'appconfig', NULL, NULL, NULL, NULL, '2024-08-08 05:08:37', '2024-08-08 05:08:37', NULL),
(61, 'authDomain', '', 'appconfig', NULL, NULL, NULL, NULL, '2024-08-08 05:08:37', '2024-08-08 05:08:37', NULL),
(62, 'databaseURL', '', 'appconfig', NULL, NULL, NULL, NULL, '2024-08-08 05:08:37', '2024-08-08 05:08:37', NULL),
(63, 'projectId', '', 'appconfig', NULL, NULL, NULL, NULL, '2024-08-08 05:08:37', '2024-08-08 05:08:37', NULL),
(64, 'storageBucket', '', 'appconfig', NULL, NULL, NULL, NULL, '2024-08-08 05:08:37', '2024-08-08 05:08:37', NULL),
(65, 'messagingSenderId', '', 'appconfig', NULL, NULL, NULL, NULL, '2024-08-08 05:08:37', '2024-08-08 05:08:37', NULL),
(66, 'appId', '', 'appconfig', NULL, NULL, NULL, NULL, '2024-08-08 05:08:37', '2024-08-08 05:08:37', NULL),
(67, 'measurementId', '', 'appconfig', NULL, NULL, NULL, NULL, '2024-08-08 05:08:37', '2024-08-08 05:08:37', NULL),
(68, 'demo_login', '1', '', 'module_settings', NULL, 1, NULL, '2024-08-07 23:57:31', '2026-03-03 06:13:58', NULL),
(69, 'facebook_url', 'https://www.facebook.com/', 'bussiness', 'bussiness', NULL, 1, NULL, '2024-08-08 04:42:31', '2026-02-08 23:54:21', NULL),
(70, 'x_url', 'https://twitter.com/', 'bussiness', 'bussiness', NULL, 1, NULL, '2024-08-08 04:42:31', '2026-02-08 23:54:21', NULL),
(71, 'instagram_url', 'https://www.instagram.com/', 'bussiness', 'bussiness', NULL, 1, NULL, '2024-08-08 04:42:31', '2026-02-08 23:54:21', NULL),
(72, 'youtube_url', 'https://www.youtube.com/', 'bussiness', 'bussiness', NULL, 1, NULL, '2024-08-08 04:42:31', '2026-02-08 23:54:21', NULL),
(73, 'backward_seconds', '10', 'misc', 'misc', NULL, 1, NULL, '2024-08-08 05:01:01', '2026-02-10 01:28:43', NULL),
(74, 'forward_seconds', '10', 'misc', 'misc', NULL, 1, NULL, '2024-08-08 05:01:01', '2026-02-10 01:28:43', NULL),
(75, 'mini_logo', 'https://mxflix.mimeld.com/storage/logos/image/mini_logo.png', 'bussiness', 'string', NULL, 1, NULL, '2024-08-08 05:01:01', '2026-02-19 06:14:13', NULL),
(76, 'dark_logo', 'https://mxflix.mimeld.com/storage/logos/image/dark_logo.png', 'bussiness', 'string', NULL, 1, NULL, '2024-08-08 05:01:01', '2026-02-18 13:33:28', NULL),
(77, 'loader_gif', 'https://mxflix.mimeld.com/storage/logos/image/favicon_69896f7707b78.png', 'bussiness', 'string', NULL, 1, NULL, '2024-08-08 05:01:01', '2026-02-19 04:14:19', NULL),
(78, 'favicon', 'https://mxflix.mimeld.com/storage/logos/image/favicon.png', 'bussiness', 'string', NULL, 1, NULL, '2024-08-08 05:01:01', '2026-02-19 06:14:13', NULL),
(79, 'loader_gif_remove', '0', '', 'string', 1, 1, NULL, '2026-02-08 23:54:21', '2026-02-19 06:14:13', NULL),
(80, 'copyright_text', '© 2026 MXFlix. All Rights Reserved.', '', 'string', 1, 1, NULL, '2026-02-08 23:54:21', '2026-02-19 06:14:13', NULL),
(81, 'data_table_limit', '10', 'misc', 'misc', 1, 1, NULL, '2026-02-10 01:28:43', '2026-02-10 01:28:43', NULL),
(82, 'default_date_format', 'Y-m-d', 'misc', 'misc', 1, 1, NULL, '2026-02-10 01:28:43', '2026-02-10 01:28:43', NULL),
(83, 'default_time_format', 'H:i', 'misc', 'misc', 1, 1, NULL, '2026-02-10 01:28:43', '2026-02-10 01:28:43', NULL),
(84, 'enable_vr', '1', '', 'misc', 1, 1, NULL, '2026-02-10 01:33:16', '2026-02-19 06:14:30', NULL),
(85, 'movie_suggestion_enabled', '1', '', 'module_settings', 1, 1, NULL, '2026-02-10 23:21:42', '2026-03-03 06:13:58', NULL),
(86, 'suggestion_content_type', 'both', '', 'module_settings', 1, 1, NULL, '2026-02-10 23:50:50', '2026-03-03 06:13:58', NULL),
(87, 'customization_json', '{\"saveLocal\":\"sessionStorage\",\"storeKey\":\"streamit-setting\",\"setting\":{\"sidebar_type\":{\"value\":[]},\"sidebar_show\":{\"value\":[]},\"header_navbar_show\":{\"value\":[]},\"_token\":{\"value\":\"bFxyJUayZkYGLzYbWnmM0DOX9jwDrvpbj81ooC0u\"},\"setting_tab\":{\"value\":\"customization\"},\"theme_color\":{\"value\":\"#08b1ba\"},\"card_color\":{\"value\":\"card-default\"},\"sidebar_color\":{\"value\":\"sidebar-white\"},\"sidebar_menu_style\":{\"value\":\"sidebar-default navs-rounded-all\"},\"footer_style\":{\"value\":\"default\"}}}', 'string', NULL, 1, 1, NULL, '2026-02-15 22:35:28', '2026-02-15 22:35:28', NULL),
(88, 'video_minute_rate', '0.70', 'float', 'float', 1, 1, NULL, '2026-02-16 03:00:22', '2026-02-16 04:25:53', NULL),
(89, 'admin_commission_percent', '15', 'float', 'float', 1, 1, NULL, '2026-02-16 04:25:07', '2026-02-16 04:28:12', NULL),
(90, 'producer_min_payout', '100', 'float', 'float', 1, 1, NULL, '2026-02-16 04:25:07', '2026-02-19 06:14:30', NULL),
(91, 'iap_payment_method', '0', 'inapppurchase', NULL, 1, 1, NULL, '2026-02-19 11:02:22', '2026-02-19 11:02:22', NULL),
(92, 'custom_css_block', 'span.apexcharts-legend-text {\r\ncolor : #fff !important;\r\n}\r\n\r\ntext.apexcharts-text.apexcharts-datalabel-label, text.apexcharts-text.apexcharts-datalabel-value  {\r\nfill : #fff !important;\r\n}', 'string', NULL, 1, 1, NULL, '2026-02-20 08:18:44', '2026-02-20 08:18:44', NULL),
(93, 'custom_js_block', NULL, 'string', NULL, 1, 1, NULL, '2026-02-20 08:18:44', '2026-02-20 08:18:44', NULL),
(94, 'email', 'mastermcx@miracuves.com', '', 'mail_config', 1, 1, NULL, '2026-03-04 23:37:28', '2026-03-04 23:37:32', NULL),
(95, 'mail_driver', 'smtp', '', 'mail_config', 1, 1, NULL, '2026-03-04 23:37:28', '2026-03-04 23:37:32', NULL),
(96, 'mail_host', 'smtp.mailtrap.io', '', 'mail_config', 1, 1, NULL, '2026-03-04 23:37:28', '2026-03-04 23:37:32', NULL),
(97, 'mail_port', '587', '', 'mail_config', 1, 1, NULL, '2026-03-04 23:37:28', '2026-03-04 23:37:32', NULL),
(98, 'mail_encryption', 'tls', '', 'mail_config', 1, 1, NULL, '2026-03-04 23:37:28', '2026-03-04 23:37:32', NULL),
(99, 'mail_username', 'mastermcx@miracuves.com', '', 'mail_config', 1, 1, NULL, '2026-03-04 23:37:28', '2026-03-04 23:37:32', NULL),
(100, 'mail_password', 'Mcx_$@321$', '', 'mail_config', 1, 1, NULL, '2026-03-04 23:37:28', '2026-03-04 23:37:32', NULL),
(101, 'mail_from', 'mastermcx@miracuves.com', '', 'mail_config', 1, 1, NULL, '2026-03-04 23:37:28', '2026-03-04 23:37:32', NULL),
(102, 'from_name', 'Mxflix', '', 'mail_config', 1, 1, NULL, '2026-03-04 23:37:28', '2026-03-04 23:37:32', NULL);

-- --------------------------------------------------------

--
-- Table structure for table `states`
--

CREATE TABLE `states` (
  `id` bigint(20) UNSIGNED NOT NULL,
  `name` varchar(255) NOT NULL,
  `country_id` int(11) NOT NULL,
  `status` tinyint(4) NOT NULL DEFAULT 1,
  `created_by` int(10) UNSIGNED DEFAULT NULL,
  `updated_by` int(10) UNSIGNED DEFAULT NULL,
  `deleted_by` int(10) UNSIGNED DEFAULT NULL,
  `created_at` timestamp NULL DEFAULT NULL,
  `updated_at` timestamp NULL DEFAULT NULL,
  `deleted_at` timestamp NULL DEFAULT NULL
) ENGINE=InnoDB DEFAULT CHARSET=utf8mb4 COLLATE=utf8mb4_unicode_ci;

-- --------------------------------------------------------

--
-- Table structure for table `subscriptions`
--

CREATE TABLE `subscriptions` (
  `id` bigint(20) UNSIGNED NOT NULL,
  `plan_id` int(11) DEFAULT NULL,
  `user_id` int(11) DEFAULT NULL,
  `start_date` datetime DEFAULT NULL,
  `end_date` datetime DEFAULT NULL,
  `status` varchar(191) DEFAULT NULL,
  `is_manual` tinyint(1) NOT NULL DEFAULT 0,
  `amount` double DEFAULT NULL,
  `discount_percentage` double DEFAULT NULL,
  `tax_amount` double DEFAULT NULL,
  `coupon_discount` double DEFAULT NULL,
  `total_amount` double DEFAULT NULL,
  `name` varchar(191) DEFAULT NULL,
  `identifier` varchar(191) DEFAULT NULL,
  `type` varchar(191) DEFAULT NULL,
  `duration` int(11) DEFAULT NULL,
  `level` bigint(20) NOT NULL DEFAULT 0,
  `plan_type` longtext DEFAULT NULL,
  `payment_id` int(11) DEFAULT NULL,
  `device_id` varchar(191) DEFAULT NULL,
  `created_by` int(10) UNSIGNED DEFAULT NULL,
  `updated_by` int(10) UNSIGNED DEFAULT NULL,
  `deleted_by` int(10) UNSIGNED DEFAULT NULL,
  `deleted_at` timestamp NULL DEFAULT NULL,
  `created_at` timestamp NULL DEFAULT NULL,
  `updated_at` timestamp NULL DEFAULT NULL
) ENGINE=InnoDB DEFAULT CHARSET=utf8mb4 COLLATE=utf8mb4_unicode_ci;

--
-- Dumping data for table `subscriptions`
--

INSERT INTO `subscriptions` (`id`, `plan_id`, `user_id`, `start_date`, `end_date`, `status`, `is_manual`, `amount`, `discount_percentage`, `tax_amount`, `coupon_discount`, `total_amount`, `name`, `identifier`, `type`, `duration`, `level`, `plan_type`, `payment_id`, `device_id`, `created_by`, `updated_by`, `deleted_by`, `deleted_at`, `created_at`, `updated_at`) VALUES
(1, 2, 14, '2026-01-11 00:00:00', '2026-02-11 00:00:00', 'active', 0, 20, NULL, 0, NULL, 20, 'Premium Plan', 'premium_plan', 'month', 1, 2, '[{\"id\":1,\"planlimitation_id\":1,\"limitation_title\":\"Video Cast\",\"limitation_value\":1,\"limit\":null,\"slug\":\"video-cast\",\"status\":1,\"message\":\"Cast videos to your TV with ease.\"},{\"id\":2,\"planlimitation_id\":2,\"limitation_title\":\"Ads\",\"limitation_value\":1,\"limit\":null,\"slug\":\"ads\",\"status\":1,\"message\":\"This plan includes ads.\"},{\"id\":3,\"planlimitation_id\":3,\"limitation_title\":\"Device Limit\",\"limitation_value\":1,\"limit\":{\"value\":\"1\"},\"slug\":\"device-limit\",\"status\":1,\"message\":\"Stream on up to 1 devices simultaneously.\"},{\"id\":4,\"planlimitation_id\":4,\"limitation_title\":\"Download Status\",\"limitation_value\":1,\"limit\":{\"480p\":1,\"720p\":1,\"1080p\":1,\"1440p\":0,\"2K\":0,\"4K\":0,\"8K\":0},\"slug\":\"download-status\",\"status\":1,\"message\":\"Enjoy unlimited downloads with this plan.\"},{\"id\":17,\"planlimitation_id\":5,\"limitation_title\":\"Supported Device Type\",\"limitation_value\":1,\"limit\":{\"tablet\":\"0\",\"laptop\":\"0\",\"mobile\":\"1\"},\"slug\":\"supported-device-type\",\"status\":1,\"message\":null},{\"id\":18,\"planlimitation_id\":6,\"limitation_title\":\"Profile Limit\",\"limitation_value\":1,\"limit\":{\"value\":\"2\"},\"slug\":\"profile-limit\",\"status\":1,\"message\":null}]', 8, '5', NULL, NULL, NULL, NULL, '2026-01-10 18:30:00', '2026-01-10 18:30:00'),
(2, 2, 5, '2025-11-16 00:00:00', '2025-12-16 00:00:00', 'inactive', 0, 20, NULL, 0, NULL, 20, 'Premium Plan', 'premium_plan', 'month', 1, 2, '[{\"id\":1,\"planlimitation_id\":1,\"limitation_title\":\"Video Cast\",\"limitation_value\":1,\"limit\":null,\"slug\":\"video-cast\",\"status\":1,\"message\":\"Cast videos to your TV with ease.\"},{\"id\":2,\"planlimitation_id\":2,\"limitation_title\":\"Ads\",\"limitation_value\":1,\"limit\":null,\"slug\":\"ads\",\"status\":1,\"message\":\"This plan includes ads.\"},{\"id\":3,\"planlimitation_id\":3,\"limitation_title\":\"Device Limit\",\"limitation_value\":1,\"limit\":{\"value\":\"1\"},\"slug\":\"device-limit\",\"status\":1,\"message\":\"Stream on up to 1 devices simultaneously.\"},{\"id\":4,\"planlimitation_id\":4,\"limitation_title\":\"Download Status\",\"limitation_value\":1,\"limit\":{\"480p\":1,\"720p\":1,\"1080p\":1,\"1440p\":0,\"2K\":0,\"4K\":0,\"8K\":0},\"slug\":\"download-status\",\"status\":1,\"message\":\"Enjoy unlimited downloads with this plan.\"},{\"id\":17,\"planlimitation_id\":5,\"limitation_title\":\"Supported Device Type\",\"limitation_value\":1,\"limit\":{\"tablet\":\"0\",\"laptop\":\"0\",\"mobile\":\"1\"},\"slug\":\"supported-device-type\",\"status\":1,\"message\":null},{\"id\":18,\"planlimitation_id\":6,\"limitation_title\":\"Profile Limit\",\"limitation_value\":1,\"limit\":{\"value\":\"2\"},\"slug\":\"profile-limit\",\"status\":1,\"message\":null}]', 3, '3', NULL, NULL, NULL, NULL, '2025-11-15 18:30:00', '2025-11-15 18:30:00'),
(3, 3, 3, '2026-01-15 00:00:00', '2026-04-15 00:00:00', 'active', 0, 50, NULL, 0, NULL, 50, 'Ultimate Plan', 'ultimate_plan', 'month', 3, 3, '[{\"id\":9,\"planlimitation_id\":1,\"limitation_title\":\"Video Cast\",\"limitation_value\":1,\"limit\":null,\"slug\":\"video-cast\",\"status\":1,\"message\":\"Cast videos to your TV with ease.\"},{\"id\":10,\"planlimitation_id\":2,\"limitation_title\":\"Ads\",\"limitation_value\":0,\"limit\":null,\"slug\":\"ads\",\"status\":1,\"message\":\"Ad-free streaming with this plan.\"},{\"id\":11,\"planlimitation_id\":3,\"limitation_title\":\"Device Limit\",\"limitation_value\":1,\"limit\":{\"value\":\"5\"},\"slug\":\"device-limit\",\"status\":1,\"message\":\"Stream on up to 5 devices simultaneously.\"},{\"id\":12,\"planlimitation_id\":4,\"limitation_title\":\"Download Status\",\"limitation_value\":1,\"limit\":{\"480p\":1,\"720p\":1,\"1080p\":1,\"1440p\":1,\"2K\":1,\"4K\":0,\"8K\":0},\"slug\":\"download-status\",\"status\":1,\"message\":\"Enjoy unlimited downloads with this plan.\"},{\"id\":21,\"planlimitation_id\":5,\"limitation_title\":\"Supported Device Type\",\"limitation_value\":1,\"limit\":{\"tablet\":\"0\",\"laptop\":\"1\",\"mobile\":\"1\"},\"slug\":\"supported-device-type\",\"status\":1,\"message\":null},{\"id\":22,\"planlimitation_id\":6,\"limitation_title\":\"Profile Limit\",\"limitation_value\":1,\"limit\":{\"value\":\"3\"},\"slug\":\"profile-limit\",\"status\":1,\"message\":null}]', 1, 'test11', NULL, NULL, NULL, NULL, '2026-01-14 18:30:00', '2026-01-14 18:30:00'),
(4, 3, 6, '2025-10-10 00:00:00', '2026-01-10 00:00:00', 'inactive', 0, 50, NULL, 0, NULL, 50, 'Ultimate Plan', 'ultimate_plan', 'month', 3, 3, '[{\"id\":9,\"planlimitation_id\":1,\"limitation_title\":\"Video Cast\",\"limitation_value\":1,\"limit\":null,\"slug\":\"video-cast\",\"status\":1,\"message\":\"Cast videos to your TV with ease.\"},{\"id\":10,\"planlimitation_id\":2,\"limitation_title\":\"Ads\",\"limitation_value\":0,\"limit\":null,\"slug\":\"ads\",\"status\":1,\"message\":\"Ad-free streaming with this plan.\"},{\"id\":11,\"planlimitation_id\":3,\"limitation_title\":\"Device Limit\",\"limitation_value\":1,\"limit\":{\"value\":\"5\"},\"slug\":\"device-limit\",\"status\":1,\"message\":\"Stream on up to 5 devices simultaneously.\"},{\"id\":12,\"planlimitation_id\":4,\"limitation_title\":\"Download Status\",\"limitation_value\":1,\"limit\":{\"480p\":1,\"720p\":1,\"1080p\":1,\"1440p\":1,\"2K\":1,\"4K\":0,\"8K\":0},\"slug\":\"download-status\",\"status\":1,\"message\":\"Enjoy unlimited downloads with this plan.\"},{\"id\":21,\"planlimitation_id\":5,\"limitation_title\":\"Supported Device Type\",\"limitation_value\":1,\"limit\":{\"tablet\":\"0\",\"laptop\":\"1\",\"mobile\":\"1\"},\"slug\":\"supported-device-type\",\"status\":1,\"message\":null},{\"id\":22,\"planlimitation_id\":6,\"limitation_title\":\"Profile Limit\",\"limitation_value\":1,\"limit\":{\"value\":\"3\"},\"slug\":\"profile-limit\",\"status\":1,\"message\":null}]', 4, '3', NULL, NULL, NULL, NULL, '2025-10-09 18:30:00', '2025-10-09 18:30:00'),
(5, 1, 4, '2026-01-11 00:00:00', '2026-02-11 00:00:00', 'inactive', 0, 5, NULL, 0, NULL, 5, 'Basic', 'basic', 'month', 1, 1, '[{\"id\":1,\"planlimitation_id\":1,\"limitation_title\":\"Video Cast\",\"limitation_value\":1,\"limit\":null,\"slug\":\"video-cast\",\"status\":1,\"message\":\"Cast videos to your TV with ease.\"},{\"id\":2,\"planlimitation_id\":2,\"limitation_title\":\"Ads\",\"limitation_value\":1,\"limit\":null,\"slug\":\"ads\",\"status\":1,\"message\":\"This plan includes ads.\"},{\"id\":3,\"planlimitation_id\":3,\"limitation_title\":\"Device Limit\",\"limitation_value\":1,\"limit\":{\"value\":\"1\"},\"slug\":\"device-limit\",\"status\":1,\"message\":\"Stream on up to 1 devices simultaneously.\"},{\"id\":4,\"planlimitation_id\":4,\"limitation_title\":\"Download Status\",\"limitation_value\":1,\"limit\":{\"480p\":1,\"720p\":1,\"1080p\":1,\"1440p\":0,\"2K\":0,\"4K\":0,\"8K\":0},\"slug\":\"download-status\",\"status\":1,\"message\":\"Enjoy unlimited downloads with this plan.\"},{\"id\":17,\"planlimitation_id\":5,\"limitation_title\":\"Supported Device Type\",\"limitation_value\":1,\"limit\":{\"tablet\":\"0\",\"laptop\":\"0\",\"mobile\":\"1\"},\"slug\":\"supported-device-type\",\"status\":1,\"message\":null},{\"id\":18,\"planlimitation_id\":6,\"limitation_title\":\"Profile Limit\",\"limitation_value\":1,\"limit\":{\"value\":\"2\"},\"slug\":\"profile-limit\",\"status\":1,\"message\":null}]', 2, 'test11', NULL, NULL, NULL, NULL, '2026-01-10 18:30:00', '2026-02-19 11:29:15'),
(6, 1, 10, '2026-01-11 00:00:00', '2026-02-11 00:00:00', 'active', 0, 5, NULL, 0, NULL, 5, 'Basic', 'basic', 'month', 1, 1, '[{\"id\":1,\"planlimitation_id\":1,\"limitation_title\":\"Video Cast\",\"limitation_value\":1,\"limit\":null,\"slug\":\"video-cast\",\"status\":1,\"message\":\"Cast videos to your TV with ease.\"},{\"id\":2,\"planlimitation_id\":2,\"limitation_title\":\"Ads\",\"limitation_value\":1,\"limit\":null,\"slug\":\"ads\",\"status\":1,\"message\":\"This plan includes ads.\"},{\"id\":3,\"planlimitation_id\":3,\"limitation_title\":\"Device Limit\",\"limitation_value\":1,\"limit\":{\"value\":\"1\"},\"slug\":\"device-limit\",\"status\":1,\"message\":\"Stream on up to 1 devices simultaneously.\"},{\"id\":4,\"planlimitation_id\":4,\"limitation_title\":\"Download Status\",\"limitation_value\":1,\"limit\":{\"480p\":1,\"720p\":1,\"1080p\":1,\"1440p\":0,\"2K\":0,\"4K\":0,\"8K\":0},\"slug\":\"download-status\",\"status\":1,\"message\":\"Enjoy unlimited downloads with this plan.\"},{\"id\":17,\"planlimitation_id\":5,\"limitation_title\":\"Supported Device Type\",\"limitation_value\":1,\"limit\":{\"tablet\":\"0\",\"laptop\":\"0\",\"mobile\":\"1\"},\"slug\":\"supported-device-type\",\"status\":1,\"message\":null},{\"id\":18,\"planlimitation_id\":6,\"limitation_title\":\"Profile Limit\",\"limitation_value\":1,\"limit\":{\"value\":\"2\"},\"slug\":\"profile-limit\",\"status\":1,\"message\":null}]', 7, '4', NULL, NULL, NULL, NULL, '2026-01-10 18:30:00', '2026-01-10 18:30:00'),
(7, 4, 8, '2025-02-14 00:00:00', '2026-02-14 00:00:00', 'active', 0, 80, NULL, 0, NULL, 80, 'Elite Plan', 'elite_plan', 'month', 12, 4, '[{\"id\":13,\"planlimitation_id\":1,\"limitation_title\":\"Video Cast\",\"limitation_value\":1,\"limit\":null,\"slug\":\"video-cast\",\"status\":1,\"message\":\"Cast videos to your TV with ease.\"},{\"id\":14,\"planlimitation_id\":2,\"limitation_title\":\"Ads\",\"limitation_value\":0,\"limit\":null,\"slug\":\"ads\",\"status\":1,\"message\":\"Ad-free streaming with this plan.\"},{\"id\":15,\"planlimitation_id\":3,\"limitation_title\":\"Device Limit\",\"limitation_value\":1,\"limit\":{\"value\":\"8\"},\"slug\":\"device-limit\",\"status\":1,\"message\":\"Stream on up to 8 devices simultaneously.\"},{\"id\":16,\"planlimitation_id\":4,\"limitation_title\":\"Download Status\",\"limitation_value\":1,\"limit\":{\"480p\":1,\"720p\":1,\"1080p\":1,\"1440p\":1,\"2K\":1,\"4K\":1,\"8K\":1},\"slug\":\"download-status\",\"status\":1,\"message\":\"Enjoy unlimited downloads with this plan.\"},{\"id\":23,\"planlimitation_id\":5,\"limitation_title\":\"Supported Device Type\",\"limitation_value\":1,\"limit\":{\"tablet\":\"1\",\"laptop\":\"1\",\"mobile\":\"1\"},\"slug\":\"supported-device-type\",\"status\":1,\"message\":null},{\"id\":24,\"planlimitation_id\":6,\"limitation_title\":\"Profile Limit\",\"limitation_value\":1,\"limit\":{\"value\":\"4\"},\"slug\":\"profile-limit\",\"status\":1,\"message\":null}]', 5, '4', NULL, NULL, NULL, NULL, '2025-02-13 18:30:00', '2025-02-13 18:30:00'),
(8, 4, 9, '2026-01-03 00:00:00', '2027-01-03 00:00:00', 'active', 0, 80, NULL, 0, NULL, 80, 'Elite Plan', 'elite_plan', 'month', 12, 4, '[{\"id\":13,\"planlimitation_id\":1,\"limitation_title\":\"Video Cast\",\"limitation_value\":1,\"limit\":null,\"slug\":\"video-cast\",\"status\":1,\"message\":\"Cast videos to your TV with ease.\"},{\"id\":14,\"planlimitation_id\":2,\"limitation_title\":\"Ads\",\"limitation_value\":0,\"limit\":null,\"slug\":\"ads\",\"status\":1,\"message\":\"Ad-free streaming with this plan.\"},{\"id\":15,\"planlimitation_id\":3,\"limitation_title\":\"Device Limit\",\"limitation_value\":1,\"limit\":{\"value\":\"8\"},\"slug\":\"device-limit\",\"status\":1,\"message\":\"Stream on up to 8 devices simultaneously.\"},{\"id\":16,\"planlimitation_id\":4,\"limitation_title\":\"Download Status\",\"limitation_value\":1,\"limit\":{\"480p\":1,\"720p\":1,\"1080p\":1,\"1440p\":1,\"2K\":1,\"4K\":1,\"8K\":1},\"slug\":\"download-status\",\"status\":1,\"message\":\"Enjoy unlimited downloads with this plan.\"},{\"id\":23,\"planlimitation_id\":5,\"limitation_title\":\"Supported Device Type\",\"limitation_value\":1,\"limit\":{\"tablet\":\"1\",\"laptop\":\"1\",\"mobile\":\"1\"},\"slug\":\"supported-device-type\",\"status\":1,\"message\":null},{\"id\":24,\"planlimitation_id\":6,\"limitation_title\":\"Profile Limit\",\"limitation_value\":1,\"limit\":{\"value\":\"4\"},\"slug\":\"profile-limit\",\"status\":1,\"message\":null}]', 6, '4', NULL, NULL, NULL, NULL, '2026-01-02 18:30:00', '2026-01-02 18:30:00'),
(9, 1, 11, '2026-01-13 00:00:00', '2026-02-12 00:00:00', 'active', 0, 5, NULL, 0, NULL, 5, 'Basic', 'basic', 'month', 1, 1, '[{\"id\":1,\"planlimitation_id\":1,\"limitation_title\":\"Video Cast\",\"limitation_value\":1,\"limit\":null,\"slug\":\"video-cast\",\"status\":1,\"message\":\"Cast videos to your TV with ease.\"},{\"id\":2,\"planlimitation_id\":2,\"limitation_title\":\"Ads\",\"limitation_value\":1,\"limit\":null,\"slug\":\"ads\",\"status\":1,\"message\":\"This plan includes ads.\"},{\"id\":3,\"planlimitation_id\":3,\"limitation_title\":\"Device Limit\",\"limitation_value\":1,\"limit\":{\"value\":\"1\"},\"slug\":\"device-limit\",\"status\":1,\"message\":\"Stream on up to 1 devices simultaneously.\"},{\"id\":4,\"planlimitation_id\":4,\"limitation_title\":\"Download Status\",\"limitation_value\":1,\"limit\":{\"480p\":1,\"720p\":1,\"1080p\":1,\"1440p\":0,\"2K\":0,\"4K\":0,\"8K\":0},\"slug\":\"download-status\",\"status\":1,\"message\":\"Enjoy unlimited downloads with this plan.\"},{\"id\":17,\"planlimitation_id\":5,\"limitation_title\":\"Supported Device Type\",\"limitation_value\":1,\"limit\":{\"tablet\":\"0\",\"laptop\":\"0\",\"mobile\":\"1\"},\"slug\":\"supported-device-type\",\"status\":1,\"message\":null},{\"id\":18,\"planlimitation_id\":6,\"limitation_title\":\"Profile Limit\",\"limitation_value\":1,\"limit\":{\"value\":\"2\"},\"slug\":\"profile-limit\",\"status\":1,\"message\":null}]', 9, '5', NULL, NULL, NULL, NULL, '2026-01-12 18:30:00', '2026-01-12 18:30:00'),
(10, 2, 12, '2026-01-14 00:00:00', '2026-02-13 00:00:00', 'active', 0, 20, NULL, 0, NULL, 20, 'Premium Plan', 'premium_plan', 'month', 1, 2, '[{\"id\":1,\"planlimitation_id\":1,\"limitation_title\":\"Video Cast\",\"limitation_value\":1,\"limit\":null,\"slug\":\"video-cast\",\"status\":1,\"message\":\"Cast videos to your TV with ease.\"},{\"id\":2,\"planlimitation_id\":2,\"limitation_title\":\"Ads\",\"limitation_value\":1,\"limit\":null,\"slug\":\"ads\",\"status\":1,\"message\":\"This plan includes ads.\"},{\"id\":3,\"planlimitation_id\":3,\"limitation_title\":\"Device Limit\",\"limitation_value\":1,\"limit\":{\"value\":\"1\"},\"slug\":\"device-limit\",\"status\":1,\"message\":\"Stream on up to 1 devices simultaneously.\"},{\"id\":4,\"planlimitation_id\":4,\"limitation_title\":\"Download Status\",\"limitation_value\":1,\"limit\":{\"480p\":1,\"720p\":1,\"1080p\":1,\"1440p\":0,\"2K\":0,\"4K\":0,\"8K\":0},\"slug\":\"download-status\",\"status\":1,\"message\":\"Enjoy unlimited downloads with this plan.\"},{\"id\":17,\"planlimitation_id\":5,\"limitation_title\":\"Supported Device Type\",\"limitation_value\":1,\"limit\":{\"tablet\":\"0\",\"laptop\":\"0\",\"mobile\":\"1\"},\"slug\":\"supported-device-type\",\"status\":1,\"message\":null},{\"id\":18,\"planlimitation_id\":6,\"limitation_title\":\"Profile Limit\",\"limitation_value\":1,\"limit\":{\"value\":\"2\"},\"slug\":\"profile-limit\",\"status\":1,\"message\":null}]', 10, '6', NULL, NULL, NULL, NULL, '2026-01-13 18:30:00', '2026-01-13 18:30:00'),
(11, 3, 13, '2025-11-08 00:00:00', '2026-02-12 00:00:00', 'active', 0, 50, NULL, 0, NULL, 50, 'Ultimate Plan', 'ultimate_plan', 'month', 3, 3, '[{\"id\":9,\"planlimitation_id\":1,\"limitation_title\":\"Video Cast\",\"limitation_value\":1,\"limit\":null,\"slug\":\"video-cast\",\"status\":1,\"message\":\"Cast videos to your TV with ease.\"},{\"id\":10,\"planlimitation_id\":2,\"limitation_title\":\"Ads\",\"limitation_value\":0,\"limit\":null,\"slug\":\"ads\",\"status\":1,\"message\":\"Ad-free streaming with this plan.\"},{\"id\":11,\"planlimitation_id\":3,\"limitation_title\":\"Device Limit\",\"limitation_value\":1,\"limit\":{\"value\":\"5\"},\"slug\":\"device-limit\",\"status\":1,\"message\":\"Stream on up to 5 devices simultaneously.\"},{\"id\":12,\"planlimitation_id\":4,\"limitation_title\":\"Download Status\",\"limitation_value\":1,\"limit\":{\"480p\":1,\"720p\":1,\"1080p\":1,\"1440p\":1,\"2K\":1,\"4K\":0,\"8K\":0},\"slug\":\"download-status\",\"status\":1,\"message\":\"Enjoy unlimited downloads with this plan.\"},{\"id\":21,\"planlimitation_id\":5,\"limitation_title\":\"Supported Device Type\",\"limitation_value\":1,\"limit\":{\"tablet\":\"0\",\"laptop\":\"1\",\"mobile\":\"1\"},\"slug\":\"supported-device-type\",\"status\":1,\"message\":null},{\"id\":22,\"planlimitation_id\":6,\"limitation_title\":\"Profile Limit\",\"limitation_value\":1,\"limit\":{\"value\":\"3\"},\"slug\":\"profile-limit\",\"status\":1,\"message\":null}]', 11, '7', NULL, NULL, NULL, NULL, '2025-11-07 18:30:00', '2025-11-07 18:30:00'),
(12, 1, 21, '2026-02-19 11:03:01', '2026-03-19 11:03:01', 'inactive', 0, 5, NULL, 2.35, 0, 7.35, 'Basic', 'basic', 'month', 1, 1, '[{\"id\":1,\"planlimitation_id\":1,\"limitation_title\":\"Video Cast\",\"limitation_value\":1,\"limit\":null,\"slug\":\"video-cast\",\"status\":1,\"message\":\"Cast videos to your TV with ease.\"},{\"id\":2,\"planlimitation_id\":2,\"limitation_title\":\"Ads\",\"limitation_value\":1,\"limit\":null,\"slug\":\"ads\",\"status\":1,\"message\":\"This plan includes ads.\"},{\"id\":3,\"planlimitation_id\":3,\"limitation_title\":\"Device Limit\",\"limitation_value\":1,\"limit\":{\"value\":\"1\"},\"slug\":\"device-limit\",\"status\":1,\"message\":\"Stream on up to 1 devices simultaneously.\"},{\"id\":4,\"planlimitation_id\":4,\"limitation_title\":\"Download Status\",\"limitation_value\":1,\"limit\":{\"480p\":1,\"720p\":1,\"1080p\":1,\"1440p\":0,\"2K\":0,\"4K\":0,\"8K\":0},\"slug\":\"download-status\",\"status\":1,\"message\":\"Enjoy unlimited downloads with this plan.\"},{\"id\":17,\"planlimitation_id\":5,\"limitation_title\":\"Supported Device Type\",\"limitation_value\":1,\"limit\":{\"tablet\":\"0\",\"laptop\":\"0\",\"mobile\":\"1\",\"tv\":\"0\"},\"slug\":\"supported-device-type\",\"status\":1,\"message\":null},{\"id\":18,\"planlimitation_id\":6,\"limitation_title\":\"Profile Limit\",\"limitation_value\":1,\"limit\":{\"value\":\"2\"},\"slug\":\"profile-limit\",\"status\":1,\"message\":null}]', NULL, '152.56.1.9', 21, 21, NULL, NULL, '2026-02-19 11:03:01', '2026-02-24 09:57:05'),
(13, 6, 21, '2026-02-19 11:22:14', '2027-02-19 11:22:14', 'inactive', 0, 500, NULL, 235, 0, 735, 'Ultimate Plan', 'ultimate_plan', 'year', 1, 6, '[{\"id\":31,\"planlimitation_id\":1,\"limitation_title\":\"Video Cast\",\"limitation_value\":1,\"limit\":null,\"slug\":\"video-cast\",\"status\":1,\"message\":\"Cast videos to your TV with ease.\"},{\"id\":32,\"planlimitation_id\":2,\"limitation_title\":\"Ads\",\"limitation_value\":0,\"limit\":null,\"slug\":\"ads\",\"status\":1,\"message\":\"Ad-free streaming with this plan.\"},{\"id\":33,\"planlimitation_id\":3,\"limitation_title\":\"Device Limit\",\"limitation_value\":1,\"limit\":{\"value\":\"5\"},\"slug\":\"device-limit\",\"status\":1,\"message\":\"Stream on up to 5 devices simultaneously.\"},{\"id\":34,\"planlimitation_id\":4,\"limitation_title\":\"Download Status\",\"limitation_value\":1,\"limit\":{\"480p\":1,\"720p\":1,\"1080p\":1,\"1440p\":1,\"2K\":1,\"4K\":0,\"8K\":0},\"slug\":\"download-status\",\"status\":1,\"message\":\"Enjoy unlimited downloads with this plan.\"},{\"id\":35,\"planlimitation_id\":5,\"limitation_title\":\"Supported Device Type\",\"limitation_value\":1,\"limit\":{\"tablet\":\"0\",\"laptop\":\"1\",\"mobile\":\"1\",\"tv\":\"1\"},\"slug\":\"supported-device-type\",\"status\":1,\"message\":null},{\"id\":36,\"planlimitation_id\":6,\"limitation_title\":\"Profile Limit\",\"limitation_value\":1,\"limit\":{\"value\":\"3\"},\"slug\":\"profile-limit\",\"status\":1,\"message\":null}]', NULL, NULL, 21, 21, NULL, NULL, '2026-02-19 11:22:14', '2026-02-24 09:57:05'),
(14, 3, 4, '2026-02-19 00:00:00', '2026-05-19 00:00:00', 'active', 1, 50, 0, 23.5, NULL, 73.5, 'Ultimate Plan', 'ultimate_plan', 'month', 3, 3, '[{\"id\":9,\"planlimitation_id\":1,\"limitation_title\":\"Video Cast\",\"limitation_value\":1,\"limit\":null,\"slug\":\"video-cast\",\"status\":1,\"message\":\"Cast videos to your TV with ease.\"},{\"id\":10,\"planlimitation_id\":2,\"limitation_title\":\"Ads\",\"limitation_value\":0,\"limit\":null,\"slug\":\"ads\",\"status\":1,\"message\":\"Ad-free streaming with this plan.\"},{\"id\":11,\"planlimitation_id\":3,\"limitation_title\":\"Device Limit\",\"limitation_value\":1,\"limit\":{\"value\":\"5\"},\"slug\":\"device-limit\",\"status\":1,\"message\":\"Stream on up to 5 devices simultaneously.\"},{\"id\":12,\"planlimitation_id\":4,\"limitation_title\":\"Download Status\",\"limitation_value\":1,\"limit\":{\"480p\":1,\"720p\":1,\"1080p\":1,\"1440p\":1,\"2K\":1,\"4K\":0,\"8K\":0},\"slug\":\"download-status\",\"status\":1,\"message\":\"Enjoy unlimited downloads with this plan.\"},{\"id\":21,\"planlimitation_id\":5,\"limitation_title\":\"Supported Device Type\",\"limitation_value\":1,\"limit\":{\"tablet\":\"0\",\"laptop\":\"1\",\"mobile\":\"1\",\"tv\":\"1\"},\"slug\":\"supported-device-type\",\"status\":1,\"message\":null},{\"id\":22,\"planlimitation_id\":6,\"limitation_title\":\"Profile Limit\",\"limitation_value\":1,\"limit\":{\"value\":\"3\"},\"slug\":\"profile-limit\",\"status\":1,\"message\":null}]', 11, '0', 1, 1, NULL, NULL, '2026-02-19 11:29:15', '2026-02-19 11:29:15'),
(15, 6, 21, '2026-02-24 08:00:16', '2027-02-24 08:00:16', 'inactive', 0, 500, NULL, 117.5, 250, 367.5, 'Ultimate Plan', 'ultimate_plan', 'year', 1, 6, '[{\"id\":31,\"planlimitation_id\":1,\"limitation_title\":\"Video Cast\",\"limitation_value\":1,\"limit\":null,\"slug\":\"video-cast\",\"status\":1,\"message\":\"Cast videos to your TV with ease.\"},{\"id\":32,\"planlimitation_id\":2,\"limitation_title\":\"Ads\",\"limitation_value\":0,\"limit\":null,\"slug\":\"ads\",\"status\":1,\"message\":\"Ad-free streaming with this plan.\"},{\"id\":33,\"planlimitation_id\":3,\"limitation_title\":\"Device Limit\",\"limitation_value\":1,\"limit\":{\"value\":\"5\"},\"slug\":\"device-limit\",\"status\":1,\"message\":\"Stream on up to 5 devices simultaneously.\"},{\"id\":34,\"planlimitation_id\":4,\"limitation_title\":\"Download Status\",\"limitation_value\":1,\"limit\":{\"480p\":1,\"720p\":1,\"1080p\":1,\"1440p\":1,\"2K\":1,\"4K\":0,\"8K\":0},\"slug\":\"download-status\",\"status\":1,\"message\":\"Enjoy unlimited downloads with this plan.\"},{\"id\":35,\"planlimitation_id\":5,\"limitation_title\":\"Supported Device Type\",\"limitation_value\":1,\"limit\":{\"tablet\":\"0\",\"laptop\":\"1\",\"mobile\":\"1\",\"tv\":\"1\"},\"slug\":\"supported-device-type\",\"status\":1,\"message\":null},{\"id\":36,\"planlimitation_id\":6,\"limitation_title\":\"Profile Limit\",\"limitation_value\":1,\"limit\":{\"value\":\"3\"},\"slug\":\"profile-limit\",\"status\":1,\"message\":null}]', NULL, '152.58.35.85', 21, 21, NULL, NULL, '2026-02-24 08:00:16', '2026-02-24 09:57:05'),
(16, 6, 21, '2026-02-24 09:57:05', '2027-02-24 09:57:05', 'deactivated', 0, 500, NULL, 235, 0, 735, 'Ultimate Plan', 'ultimate_plan', 'year', 1, 6, '[{\"id\":31,\"planlimitation_id\":1,\"limitation_title\":\"Video Cast\",\"limitation_value\":1,\"limit\":null,\"slug\":\"video-cast\",\"status\":1,\"message\":\"Cast videos to your TV with ease.\"},{\"id\":32,\"planlimitation_id\":2,\"limitation_title\":\"Ads\",\"limitation_value\":0,\"limit\":null,\"slug\":\"ads\",\"status\":1,\"message\":\"Ad-free streaming with this plan.\"},{\"id\":33,\"planlimitation_id\":3,\"limitation_title\":\"Device Limit\",\"limitation_value\":1,\"limit\":{\"value\":\"5\"},\"slug\":\"device-limit\",\"status\":1,\"message\":\"Stream on up to 5 devices simultaneously.\"},{\"id\":34,\"planlimitation_id\":4,\"limitation_title\":\"Download Status\",\"limitation_value\":1,\"limit\":{\"480p\":1,\"720p\":1,\"1080p\":1,\"1440p\":1,\"2K\":1,\"4K\":0,\"8K\":0},\"slug\":\"download-status\",\"status\":1,\"message\":\"Enjoy unlimited downloads with this plan.\"},{\"id\":35,\"planlimitation_id\":5,\"limitation_title\":\"Supported Device Type\",\"limitation_value\":1,\"limit\":{\"tablet\":\"0\",\"laptop\":\"1\",\"mobile\":\"1\",\"tv\":\"1\"},\"slug\":\"supported-device-type\",\"status\":1,\"message\":null},{\"id\":36,\"planlimitation_id\":6,\"limitation_title\":\"Profile Limit\",\"limitation_value\":1,\"limit\":{\"value\":\"3\"},\"slug\":\"profile-limit\",\"status\":1,\"message\":null}]', NULL, '122.175.232.220', 21, 21, NULL, NULL, '2026-02-24 09:57:05', '2026-03-04 22:01:25'),
(17, 6, 22, '2026-02-25 11:41:32', '2027-02-25 11:41:32', 'deactivated', 0, 500, NULL, 235, 0, 735, 'Ultimate Plan', 'ultimate_plan', 'year', 1, 6, '[{\"id\":31,\"planlimitation_id\":1,\"limitation_title\":\"Video Cast\",\"limitation_value\":1,\"limit\":null,\"slug\":\"video-cast\",\"status\":1,\"message\":\"Cast videos to your TV with ease.\"},{\"id\":32,\"planlimitation_id\":2,\"limitation_title\":\"Ads\",\"limitation_value\":0,\"limit\":null,\"slug\":\"ads\",\"status\":1,\"message\":\"Ad-free streaming with this plan.\"},{\"id\":33,\"planlimitation_id\":3,\"limitation_title\":\"Device Limit\",\"limitation_value\":1,\"limit\":{\"value\":\"5\"},\"slug\":\"device-limit\",\"status\":1,\"message\":\"Stream on up to 5 devices simultaneously.\"},{\"id\":34,\"planlimitation_id\":4,\"limitation_title\":\"Download Status\",\"limitation_value\":1,\"limit\":{\"480p\":1,\"720p\":1,\"1080p\":1,\"1440p\":1,\"2K\":1,\"4K\":0,\"8K\":0},\"slug\":\"download-status\",\"status\":1,\"message\":\"Enjoy unlimited downloads with this plan.\"},{\"id\":35,\"planlimitation_id\":5,\"limitation_title\":\"Supported Device Type\",\"limitation_value\":1,\"limit\":{\"tablet\":\"0\",\"laptop\":\"1\",\"mobile\":\"1\",\"tv\":\"1\"},\"slug\":\"supported-device-type\",\"status\":1,\"message\":null},{\"id\":36,\"planlimitation_id\":6,\"limitation_title\":\"Profile Limit\",\"limitation_value\":1,\"limit\":{\"value\":\"3\"},\"slug\":\"profile-limit\",\"status\":1,\"message\":null}]', 14, 'SP1A.210812.016', 22, 22, NULL, NULL, '2026-02-25 11:41:32', '2026-03-02 12:20:33'),
(18, 5, 22, '2026-03-02 12:20:33', '2027-03-02 12:20:33', 'deactivated', 0, 200, NULL, 47, 100, 147, 'Premium Plan', 'premium_plan', 'year', 1, 5, '[{\"id\":25,\"planlimitation_id\":1,\"limitation_title\":\"Video Cast\",\"limitation_value\":1,\"limit\":null,\"slug\":\"video-cast\",\"status\":1,\"message\":\"Cast videos to your TV with ease.\"},{\"id\":26,\"planlimitation_id\":2,\"limitation_title\":\"Ads\",\"limitation_value\":0,\"limit\":null,\"slug\":\"ads\",\"status\":1,\"message\":\"Ad-free streaming with this plan.\"},{\"id\":27,\"planlimitation_id\":3,\"limitation_title\":\"Device Limit\",\"limitation_value\":1,\"limit\":{\"value\":\"2\"},\"slug\":\"device-limit\",\"status\":1,\"message\":\"Stream on up to 2 devices simultaneously.\"},{\"id\":28,\"planlimitation_id\":4,\"limitation_title\":\"Download Status\",\"limitation_value\":1,\"limit\":{\"480p\":1,\"720p\":1,\"1080p\":1,\"1440p\":1,\"2K\":0,\"4K\":0,\"8K\":0},\"slug\":\"download-status\",\"status\":1,\"message\":\"Enjoy unlimited downloads with this plan.\"},{\"id\":29,\"planlimitation_id\":5,\"limitation_title\":\"Supported Device Type\",\"limitation_value\":1,\"limit\":{\"tablet\":\"1\",\"laptop\":\"0\",\"mobile\":\"1\",\"tv\":\"0\"},\"slug\":\"supported-device-type\",\"status\":1,\"message\":null},{\"id\":30,\"planlimitation_id\":6,\"limitation_title\":\"Profile Limit\",\"limitation_value\":1,\"limit\":{\"value\":\"3\"},\"slug\":\"profile-limit\",\"status\":1,\"message\":null}]', 15, 'AP3A.240905.015.A2_INMOD1', 22, 22, NULL, NULL, '2026-03-02 12:20:33', '2026-03-03 06:26:52'),
(19, 6, 23, '2026-03-02 12:22:20', '2027-03-02 12:22:20', 'inactive', 0, 500, NULL, 235, 0, 735, 'Ultimate Plan', 'ultimate_plan', 'year', 1, 6, '[{\"id\":31,\"planlimitation_id\":1,\"limitation_title\":\"Video Cast\",\"limitation_value\":1,\"limit\":null,\"slug\":\"video-cast\",\"status\":1,\"message\":\"Cast videos to your TV with ease.\"},{\"id\":32,\"planlimitation_id\":2,\"limitation_title\":\"Ads\",\"limitation_value\":0,\"limit\":null,\"slug\":\"ads\",\"status\":1,\"message\":\"Ad-free streaming with this plan.\"},{\"id\":33,\"planlimitation_id\":3,\"limitation_title\":\"Device Limit\",\"limitation_value\":1,\"limit\":{\"value\":\"5\"},\"slug\":\"device-limit\",\"status\":1,\"message\":\"Stream on up to 5 devices simultaneously.\"},{\"id\":34,\"planlimitation_id\":4,\"limitation_title\":\"Download Status\",\"limitation_value\":1,\"limit\":{\"480p\":1,\"720p\":1,\"1080p\":1,\"1440p\":1,\"2K\":1,\"4K\":0,\"8K\":0},\"slug\":\"download-status\",\"status\":1,\"message\":\"Enjoy unlimited downloads with this plan.\"},{\"id\":35,\"planlimitation_id\":5,\"limitation_title\":\"Supported Device Type\",\"limitation_value\":1,\"limit\":{\"tablet\":\"0\",\"laptop\":\"1\",\"mobile\":\"1\",\"tv\":\"1\"},\"slug\":\"supported-device-type\",\"status\":1,\"message\":null},{\"id\":36,\"planlimitation_id\":6,\"limitation_title\":\"Profile Limit\",\"limitation_value\":1,\"limit\":{\"value\":\"3\"},\"slug\":\"profile-limit\",\"status\":1,\"message\":null}]', 16, 'SP1A.210812.016', 23, 23, NULL, NULL, '2026-03-02 12:22:20', '2026-03-03 08:55:58'),
(20, 6, 23, '2026-03-02 12:24:35', '2027-03-02 12:24:35', 'inactive', 0, 500, NULL, 235, 0, 735, 'Ultimate Plan', 'ultimate_plan', 'year', 1, 6, '[{\"id\":31,\"planlimitation_id\":1,\"limitation_title\":\"Video Cast\",\"limitation_value\":1,\"limit\":null,\"slug\":\"video-cast\",\"status\":1,\"message\":\"Cast videos to your TV with ease.\"},{\"id\":32,\"planlimitation_id\":2,\"limitation_title\":\"Ads\",\"limitation_value\":0,\"limit\":null,\"slug\":\"ads\",\"status\":1,\"message\":\"Ad-free streaming with this plan.\"},{\"id\":33,\"planlimitation_id\":3,\"limitation_title\":\"Device Limit\",\"limitation_value\":1,\"limit\":{\"value\":\"5\"},\"slug\":\"device-limit\",\"status\":1,\"message\":\"Stream on up to 5 devices simultaneously.\"},{\"id\":34,\"planlimitation_id\":4,\"limitation_title\":\"Download Status\",\"limitation_value\":1,\"limit\":{\"480p\":1,\"720p\":1,\"1080p\":1,\"1440p\":1,\"2K\":1,\"4K\":0,\"8K\":0},\"slug\":\"download-status\",\"status\":1,\"message\":\"Enjoy unlimited downloads with this plan.\"},{\"id\":35,\"planlimitation_id\":5,\"limitation_title\":\"Supported Device Type\",\"limitation_value\":1,\"limit\":{\"tablet\":\"0\",\"laptop\":\"1\",\"mobile\":\"1\",\"tv\":\"1\"},\"slug\":\"supported-device-type\",\"status\":1,\"message\":null},{\"id\":36,\"planlimitation_id\":6,\"limitation_title\":\"Profile Limit\",\"limitation_value\":1,\"limit\":{\"value\":\"3\"},\"slug\":\"profile-limit\",\"status\":1,\"message\":null}]', 17, 'SP1A.210812.016', 23, 23, NULL, NULL, '2026-03-02 12:24:35', '2026-03-03 08:55:58'),
(21, 1, 23, '2026-03-02 12:28:30', '2026-04-02 12:28:30', 'inactive', 0, 5, NULL, 2.35, 0, 7.35, 'Basic', 'basic', 'month', 1, 1, '[{\"id\":1,\"planlimitation_id\":1,\"limitation_title\":\"Video Cast\",\"limitation_value\":1,\"limit\":null,\"slug\":\"video-cast\",\"status\":1,\"message\":\"Cast videos to your TV with ease.\"},{\"id\":2,\"planlimitation_id\":2,\"limitation_title\":\"Ads\",\"limitation_value\":1,\"limit\":null,\"slug\":\"ads\",\"status\":1,\"message\":\"This plan includes ads.\"},{\"id\":3,\"planlimitation_id\":3,\"limitation_title\":\"Device Limit\",\"limitation_value\":1,\"limit\":{\"value\":\"1\"},\"slug\":\"device-limit\",\"status\":1,\"message\":\"Stream on up to 1 devices simultaneously.\"},{\"id\":4,\"planlimitation_id\":4,\"limitation_title\":\"Download Status\",\"limitation_value\":1,\"limit\":{\"480p\":1,\"720p\":1,\"1080p\":1,\"1440p\":0,\"2K\":0,\"4K\":0,\"8K\":0},\"slug\":\"download-status\",\"status\":1,\"message\":\"Enjoy unlimited downloads with this plan.\"},{\"id\":17,\"planlimitation_id\":5,\"limitation_title\":\"Supported Device Type\",\"limitation_value\":1,\"limit\":{\"tablet\":\"0\",\"laptop\":\"0\",\"mobile\":\"1\",\"tv\":\"0\"},\"slug\":\"supported-device-type\",\"status\":1,\"message\":null},{\"id\":18,\"planlimitation_id\":6,\"limitation_title\":\"Profile Limit\",\"limitation_value\":1,\"limit\":{\"value\":\"2\"},\"slug\":\"profile-limit\",\"status\":1,\"message\":null}]', NULL, 'SP1A.210812.016', 23, 23, NULL, NULL, '2026-03-02 12:28:30', '2026-03-03 08:55:58'),
(22, 6, 23, '2026-03-03 04:30:37', '2027-03-03 04:30:37', 'inactive', 0, 500, NULL, 176.25, 125, 551.25, 'Ultimate Plan', 'ultimate_plan', 'year', 1, 6, '[{\"id\":31,\"planlimitation_id\":1,\"limitation_title\":\"Video Cast\",\"limitation_value\":1,\"limit\":null,\"slug\":\"video-cast\",\"status\":1,\"message\":\"Cast videos to your TV with ease.\"},{\"id\":32,\"planlimitation_id\":2,\"limitation_title\":\"Ads\",\"limitation_value\":0,\"limit\":null,\"slug\":\"ads\",\"status\":1,\"message\":\"Ad-free streaming with this plan.\"},{\"id\":33,\"planlimitation_id\":3,\"limitation_title\":\"Device Limit\",\"limitation_value\":1,\"limit\":{\"value\":\"5\"},\"slug\":\"device-limit\",\"status\":1,\"message\":\"Stream on up to 5 devices simultaneously.\"},{\"id\":34,\"planlimitation_id\":4,\"limitation_title\":\"Download Status\",\"limitation_value\":1,\"limit\":{\"480p\":1,\"720p\":1,\"1080p\":1,\"1440p\":1,\"2K\":1,\"4K\":0,\"8K\":0},\"slug\":\"download-status\",\"status\":1,\"message\":\"Enjoy unlimited downloads with this plan.\"},{\"id\":35,\"planlimitation_id\":5,\"limitation_title\":\"Supported Device Type\",\"limitation_value\":1,\"limit\":{\"tablet\":\"0\",\"laptop\":\"1\",\"mobile\":\"1\",\"tv\":\"1\"},\"slug\":\"supported-device-type\",\"status\":1,\"message\":null},{\"id\":36,\"planlimitation_id\":6,\"limitation_title\":\"Profile Limit\",\"limitation_value\":1,\"limit\":{\"value\":\"3\"},\"slug\":\"profile-limit\",\"status\":1,\"message\":null}]', 19, 'SP1A.210812.016', 23, 23, NULL, NULL, '2026-03-03 04:30:37', '2026-03-03 08:55:58'),
(23, 2, 23, '2026-03-03 04:48:13', '2026-04-03 04:48:13', 'inactive', 0, 20, NULL, 9.4, 0, 29.4, 'Premium Plan', 'premium_plan', 'month', 1, 2, '[{\"id\":5,\"planlimitation_id\":1,\"limitation_title\":\"Video Cast\",\"limitation_value\":1,\"limit\":null,\"slug\":\"video-cast\",\"status\":1,\"message\":\"Cast videos to your TV with ease.\"},{\"id\":6,\"planlimitation_id\":2,\"limitation_title\":\"Ads\",\"limitation_value\":0,\"limit\":null,\"slug\":\"ads\",\"status\":1,\"message\":\"Ad-free streaming with this plan.\"},{\"id\":7,\"planlimitation_id\":3,\"limitation_title\":\"Device Limit\",\"limitation_value\":1,\"limit\":{\"value\":\"2\"},\"slug\":\"device-limit\",\"status\":1,\"message\":\"Stream on up to 2 devices simultaneously.\"},{\"id\":8,\"planlimitation_id\":4,\"limitation_title\":\"Download Status\",\"limitation_value\":1,\"limit\":{\"480p\":1,\"720p\":1,\"1080p\":1,\"1440p\":1,\"2K\":0,\"4K\":0,\"8K\":0},\"slug\":\"download-status\",\"status\":1,\"message\":\"Enjoy unlimited downloads with this plan.\"},{\"id\":19,\"planlimitation_id\":5,\"limitation_title\":\"Supported Device Type\",\"limitation_value\":1,\"limit\":{\"tablet\":\"1\",\"laptop\":\"0\",\"mobile\":\"1\",\"tv\":\"0\"},\"slug\":\"supported-device-type\",\"status\":1,\"message\":null},{\"id\":20,\"planlimitation_id\":6,\"limitation_title\":\"Profile Limit\",\"limitation_value\":1,\"limit\":{\"value\":\"3\"},\"slug\":\"profile-limit\",\"status\":1,\"message\":null}]', 20, 'SP1A.210812.016', 23, 23, NULL, NULL, '2026-03-03 04:48:13', '2026-03-03 08:55:58'),
(24, 1, 22, '2026-03-03 06:26:52', '2026-04-03 06:26:52', 'deactivated', 0, 5, NULL, 1.7625, 1.25, 5.5125, 'Basic', 'basic', 'month', 1, 1, '[{\"id\":1,\"planlimitation_id\":1,\"limitation_title\":\"Video Cast\",\"limitation_value\":1,\"limit\":null,\"slug\":\"video-cast\",\"status\":1,\"message\":\"Cast videos to your TV with ease.\"},{\"id\":2,\"planlimitation_id\":2,\"limitation_title\":\"Ads\",\"limitation_value\":1,\"limit\":null,\"slug\":\"ads\",\"status\":1,\"message\":\"This plan includes ads.\"},{\"id\":3,\"planlimitation_id\":3,\"limitation_title\":\"Device Limit\",\"limitation_value\":1,\"limit\":{\"value\":\"1\"},\"slug\":\"device-limit\",\"status\":1,\"message\":\"Stream on up to 1 devices simultaneously.\"},{\"id\":4,\"planlimitation_id\":4,\"limitation_title\":\"Download Status\",\"limitation_value\":1,\"limit\":{\"480p\":1,\"720p\":1,\"1080p\":1,\"1440p\":0,\"2K\":0,\"4K\":0,\"8K\":0},\"slug\":\"download-status\",\"status\":1,\"message\":\"Enjoy unlimited downloads with this plan.\"},{\"id\":17,\"planlimitation_id\":5,\"limitation_title\":\"Supported Device Type\",\"limitation_value\":1,\"limit\":{\"tablet\":\"0\",\"laptop\":\"0\",\"mobile\":\"1\",\"tv\":\"0\"},\"slug\":\"supported-device-type\",\"status\":1,\"message\":null},{\"id\":18,\"planlimitation_id\":6,\"limitation_title\":\"Profile Limit\",\"limitation_value\":1,\"limit\":{\"value\":\"2\"},\"slug\":\"profile-limit\",\"status\":1,\"message\":null}]', 21, 'TP1A.220905.001', 22, 22, NULL, NULL, '2026-03-03 06:26:52', '2026-03-03 08:45:05'),
(25, 6, 23, '2026-03-03 06:32:55', '2027-03-03 06:32:55', 'inactive', 0, 500, NULL, 235, 0, 735, 'Ultimate Plan', 'ultimate_plan', 'year', 1, 6, '[{\"id\":31,\"planlimitation_id\":1,\"limitation_title\":\"Video Cast\",\"limitation_value\":1,\"limit\":null,\"slug\":\"video-cast\",\"status\":1,\"message\":\"Cast videos to your TV with ease.\"},{\"id\":32,\"planlimitation_id\":2,\"limitation_title\":\"Ads\",\"limitation_value\":0,\"limit\":null,\"slug\":\"ads\",\"status\":1,\"message\":\"Ad-free streaming with this plan.\"},{\"id\":33,\"planlimitation_id\":3,\"limitation_title\":\"Device Limit\",\"limitation_value\":1,\"limit\":{\"value\":\"5\"},\"slug\":\"device-limit\",\"status\":1,\"message\":\"Stream on up to 5 devices simultaneously.\"},{\"id\":34,\"planlimitation_id\":4,\"limitation_title\":\"Download Status\",\"limitation_value\":1,\"limit\":{\"480p\":1,\"720p\":1,\"1080p\":1,\"1440p\":1,\"2K\":1,\"4K\":0,\"8K\":0},\"slug\":\"download-status\",\"status\":1,\"message\":\"Enjoy unlimited downloads with this plan.\"},{\"id\":35,\"planlimitation_id\":5,\"limitation_title\":\"Supported Device Type\",\"limitation_value\":1,\"limit\":{\"tablet\":\"0\",\"laptop\":\"1\",\"mobile\":\"1\",\"tv\":\"1\"},\"slug\":\"supported-device-type\",\"status\":1,\"message\":null},{\"id\":36,\"planlimitation_id\":6,\"limitation_title\":\"Profile Limit\",\"limitation_value\":1,\"limit\":{\"value\":\"3\"},\"slug\":\"profile-limit\",\"status\":1,\"message\":null}]', 22, 'SP1A.210812.016', 23, 23, NULL, NULL, '2026-03-03 06:32:55', '2026-03-03 08:55:58'),
(26, 5, 23, '2026-03-03 06:41:37', '2027-03-03 06:41:37', 'inactive', 0, 200, NULL, 94, 0, 294, 'Premium Plan', 'premium_plan', 'year', 1, 5, '[{\"id\":25,\"planlimitation_id\":1,\"limitation_title\":\"Video Cast\",\"limitation_value\":1,\"limit\":null,\"slug\":\"video-cast\",\"status\":1,\"message\":\"Cast videos to your TV with ease.\"},{\"id\":26,\"planlimitation_id\":2,\"limitation_title\":\"Ads\",\"limitation_value\":0,\"limit\":null,\"slug\":\"ads\",\"status\":1,\"message\":\"Ad-free streaming with this plan.\"},{\"id\":27,\"planlimitation_id\":3,\"limitation_title\":\"Device Limit\",\"limitation_value\":1,\"limit\":{\"value\":\"2\"},\"slug\":\"device-limit\",\"status\":1,\"message\":\"Stream on up to 2 devices simultaneously.\"},{\"id\":28,\"planlimitation_id\":4,\"limitation_title\":\"Download Status\",\"limitation_value\":1,\"limit\":{\"480p\":1,\"720p\":1,\"1080p\":1,\"1440p\":1,\"2K\":0,\"4K\":0,\"8K\":0},\"slug\":\"download-status\",\"status\":1,\"message\":\"Enjoy unlimited downloads with this plan.\"},{\"id\":29,\"planlimitation_id\":5,\"limitation_title\":\"Supported Device Type\",\"limitation_value\":1,\"limit\":{\"tablet\":\"1\",\"laptop\":\"0\",\"mobile\":\"1\",\"tv\":\"0\"},\"slug\":\"supported-device-type\",\"status\":1,\"message\":null},{\"id\":30,\"planlimitation_id\":6,\"limitation_title\":\"Profile Limit\",\"limitation_value\":1,\"limit\":{\"value\":\"3\"},\"slug\":\"profile-limit\",\"status\":1,\"message\":null}]', 23, 'SP1A.210812.016', 23, 23, NULL, NULL, '2026-03-03 06:41:37', '2026-03-03 08:55:58'),
(27, 6, 23, '2026-03-03 06:42:56', '2027-03-03 06:42:56', 'inactive', 0, 500, NULL, 176.25, 125, 551.25, 'Ultimate Plan', 'ultimate_plan', 'year', 1, 6, '[{\"id\":31,\"planlimitation_id\":1,\"limitation_title\":\"Video Cast\",\"limitation_value\":1,\"limit\":null,\"slug\":\"video-cast\",\"status\":1,\"message\":\"Cast videos to your TV with ease.\"},{\"id\":32,\"planlimitation_id\":2,\"limitation_title\":\"Ads\",\"limitation_value\":0,\"limit\":null,\"slug\":\"ads\",\"status\":1,\"message\":\"Ad-free streaming with this plan.\"},{\"id\":33,\"planlimitation_id\":3,\"limitation_title\":\"Device Limit\",\"limitation_value\":1,\"limit\":{\"value\":\"5\"},\"slug\":\"device-limit\",\"status\":1,\"message\":\"Stream on up to 5 devices simultaneously.\"},{\"id\":34,\"planlimitation_id\":4,\"limitation_title\":\"Download Status\",\"limitation_value\":1,\"limit\":{\"480p\":1,\"720p\":1,\"1080p\":1,\"1440p\":1,\"2K\":1,\"4K\":0,\"8K\":0},\"slug\":\"download-status\",\"status\":1,\"message\":\"Enjoy unlimited downloads with this plan.\"},{\"id\":35,\"planlimitation_id\":5,\"limitation_title\":\"Supported Device Type\",\"limitation_value\":1,\"limit\":{\"tablet\":\"0\",\"laptop\":\"1\",\"mobile\":\"1\",\"tv\":\"1\"},\"slug\":\"supported-device-type\",\"status\":1,\"message\":null},{\"id\":36,\"planlimitation_id\":6,\"limitation_title\":\"Profile Limit\",\"limitation_value\":1,\"limit\":{\"value\":\"3\"},\"slug\":\"profile-limit\",\"status\":1,\"message\":null}]', 24, 'SP1A.210812.016', 23, 23, NULL, NULL, '2026-03-03 06:42:56', '2026-03-03 08:55:58'),
(28, 1, 23, '2026-03-03 06:46:42', '2026-04-03 06:46:42', 'inactive', 0, 5, NULL, 1.7625, 1.25, 5.5125, 'Basic', 'basic', 'month', 1, 1, '[{\"id\":1,\"planlimitation_id\":1,\"limitation_title\":\"Video Cast\",\"limitation_value\":1,\"limit\":null,\"slug\":\"video-cast\",\"status\":1,\"message\":\"Cast videos to your TV with ease.\"},{\"id\":2,\"planlimitation_id\":2,\"limitation_title\":\"Ads\",\"limitation_value\":1,\"limit\":null,\"slug\":\"ads\",\"status\":1,\"message\":\"This plan includes ads.\"},{\"id\":3,\"planlimitation_id\":3,\"limitation_title\":\"Device Limit\",\"limitation_value\":1,\"limit\":{\"value\":\"1\"},\"slug\":\"device-limit\",\"status\":1,\"message\":\"Stream on up to 1 devices simultaneously.\"},{\"id\":4,\"planlimitation_id\":4,\"limitation_title\":\"Download Status\",\"limitation_value\":1,\"limit\":{\"480p\":1,\"720p\":1,\"1080p\":1,\"1440p\":0,\"2K\":0,\"4K\":0,\"8K\":0},\"slug\":\"download-status\",\"status\":1,\"message\":\"Enjoy unlimited downloads with this plan.\"},{\"id\":17,\"planlimitation_id\":5,\"limitation_title\":\"Supported Device Type\",\"limitation_value\":1,\"limit\":{\"tablet\":\"0\",\"laptop\":\"0\",\"mobile\":\"1\",\"tv\":\"0\"},\"slug\":\"supported-device-type\",\"status\":1,\"message\":null},{\"id\":18,\"planlimitation_id\":6,\"limitation_title\":\"Profile Limit\",\"limitation_value\":1,\"limit\":{\"value\":\"2\"},\"slug\":\"profile-limit\",\"status\":1,\"message\":null}]', 25, 'SP1A.210812.016', 23, 23, NULL, NULL, '2026-03-03 06:46:42', '2026-03-03 08:55:58'),
(29, 2, 22, '2026-03-03 08:45:05', '2026-04-03 08:45:05', 'deactivated', 0, 20, NULL, 7.05, 5, 22.05, 'Premium Plan', 'premium_plan', 'month', 1, 2, '[{\"id\":5,\"planlimitation_id\":1,\"limitation_title\":\"Video Cast\",\"limitation_value\":1,\"limit\":null,\"slug\":\"video-cast\",\"status\":1,\"message\":\"Cast videos to your TV with ease.\"},{\"id\":6,\"planlimitation_id\":2,\"limitation_title\":\"Ads\",\"limitation_value\":0,\"limit\":null,\"slug\":\"ads\",\"status\":1,\"message\":\"Ad-free streaming with this plan.\"},{\"id\":7,\"planlimitation_id\":3,\"limitation_title\":\"Device Limit\",\"limitation_value\":1,\"limit\":{\"value\":\"2\"},\"slug\":\"device-limit\",\"status\":1,\"message\":\"Stream on up to 2 devices simultaneously.\"},{\"id\":8,\"planlimitation_id\":4,\"limitation_title\":\"Download Status\",\"limitation_value\":1,\"limit\":{\"480p\":1,\"720p\":1,\"1080p\":1,\"1440p\":1,\"2K\":0,\"4K\":0,\"8K\":0},\"slug\":\"download-status\",\"status\":1,\"message\":\"Enjoy unlimited downloads with this plan.\"},{\"id\":19,\"planlimitation_id\":5,\"limitation_title\":\"Supported Device Type\",\"limitation_value\":1,\"limit\":{\"tablet\":\"1\",\"laptop\":\"0\",\"mobile\":\"1\",\"tv\":\"0\"},\"slug\":\"supported-device-type\",\"status\":1,\"message\":null},{\"id\":20,\"planlimitation_id\":6,\"limitation_title\":\"Profile Limit\",\"limitation_value\":1,\"limit\":{\"value\":\"3\"},\"slug\":\"profile-limit\",\"status\":1,\"message\":null}]', 26, 'TP1A.220905.001', 22, 22, NULL, NULL, '2026-03-03 08:45:05', '2026-03-03 08:49:42'),
(30, 3, 22, '2026-03-03 08:49:42', '2026-06-03 08:49:42', 'deactivated', 0, 50, NULL, 23.5, 0, 73.5, 'Ultimate Plan', 'ultimate_plan', 'month', 3, 3, '[{\"id\":9,\"planlimitation_id\":1,\"limitation_title\":\"Video Cast\",\"limitation_value\":1,\"limit\":null,\"slug\":\"video-cast\",\"status\":1,\"message\":\"Cast videos to your TV with ease.\"},{\"id\":10,\"planlimitation_id\":2,\"limitation_title\":\"Ads\",\"limitation_value\":0,\"limit\":null,\"slug\":\"ads\",\"status\":1,\"message\":\"Ad-free streaming with this plan.\"},{\"id\":11,\"planlimitation_id\":3,\"limitation_title\":\"Device Limit\",\"limitation_value\":1,\"limit\":{\"value\":\"5\"},\"slug\":\"device-limit\",\"status\":1,\"message\":\"Stream on up to 5 devices simultaneously.\"},{\"id\":12,\"planlimitation_id\":4,\"limitation_title\":\"Download Status\",\"limitation_value\":1,\"limit\":{\"480p\":1,\"720p\":1,\"1080p\":1,\"1440p\":1,\"2K\":1,\"4K\":0,\"8K\":0},\"slug\":\"download-status\",\"status\":1,\"message\":\"Enjoy unlimited downloads with this plan.\"},{\"id\":21,\"planlimitation_id\":5,\"limitation_title\":\"Supported Device Type\",\"limitation_value\":1,\"limit\":{\"tablet\":\"0\",\"laptop\":\"1\",\"mobile\":\"1\",\"tv\":\"1\"},\"slug\":\"supported-device-type\",\"status\":1,\"message\":null},{\"id\":22,\"planlimitation_id\":6,\"limitation_title\":\"Profile Limit\",\"limitation_value\":1,\"limit\":{\"value\":\"3\"},\"slug\":\"profile-limit\",\"status\":1,\"message\":null}]', 27, 'TP1A.220905.001', 22, 22, NULL, NULL, '2026-03-03 08:49:42', '2026-03-03 08:50:25'),
(31, 3, 22, '2026-03-03 08:50:25', '2026-06-03 08:50:25', 'deactivated', 0, 50, NULL, 23.5, 0, 73.5, 'Ultimate Plan', 'ultimate_plan', 'month', 3, 3, '[{\"id\":9,\"planlimitation_id\":1,\"limitation_title\":\"Video Cast\",\"limitation_value\":1,\"limit\":null,\"slug\":\"video-cast\",\"status\":1,\"message\":\"Cast videos to your TV with ease.\"},{\"id\":10,\"planlimitation_id\":2,\"limitation_title\":\"Ads\",\"limitation_value\":0,\"limit\":null,\"slug\":\"ads\",\"status\":1,\"message\":\"Ad-free streaming with this plan.\"},{\"id\":11,\"planlimitation_id\":3,\"limitation_title\":\"Device Limit\",\"limitation_value\":1,\"limit\":{\"value\":\"5\"},\"slug\":\"device-limit\",\"status\":1,\"message\":\"Stream on up to 5 devices simultaneously.\"},{\"id\":12,\"planlimitation_id\":4,\"limitation_title\":\"Download Status\",\"limitation_value\":1,\"limit\":{\"480p\":1,\"720p\":1,\"1080p\":1,\"1440p\":1,\"2K\":1,\"4K\":0,\"8K\":0},\"slug\":\"download-status\",\"status\":1,\"message\":\"Enjoy unlimited downloads with this plan.\"},{\"id\":21,\"planlimitation_id\":5,\"limitation_title\":\"Supported Device Type\",\"limitation_value\":1,\"limit\":{\"tablet\":\"0\",\"laptop\":\"1\",\"mobile\":\"1\",\"tv\":\"1\"},\"slug\":\"supported-device-type\",\"status\":1,\"message\":null},{\"id\":22,\"planlimitation_id\":6,\"limitation_title\":\"Profile Limit\",\"limitation_value\":1,\"limit\":{\"value\":\"3\"},\"slug\":\"profile-limit\",\"status\":1,\"message\":null}]', 28, 'TP1A.220905.001', 22, 22, NULL, NULL, '2026-03-03 08:50:25', '2026-03-03 09:08:51'),
(32, 6, 23, '2026-03-03 08:55:58', '2027-03-03 08:55:58', 'active', 0, 500, NULL, 176.25, 125, 551.25, 'Ultimate Plan', 'ultimate_plan', 'year', 1, 6, '[{\"id\":31,\"planlimitation_id\":1,\"limitation_title\":\"Video Cast\",\"limitation_value\":1,\"limit\":null,\"slug\":\"video-cast\",\"status\":1,\"message\":\"Cast videos to your TV with ease.\"},{\"id\":32,\"planlimitation_id\":2,\"limitation_title\":\"Ads\",\"limitation_value\":0,\"limit\":null,\"slug\":\"ads\",\"status\":1,\"message\":\"Ad-free streaming with this plan.\"},{\"id\":33,\"planlimitation_id\":3,\"limitation_title\":\"Device Limit\",\"limitation_value\":1,\"limit\":{\"value\":\"5\"},\"slug\":\"device-limit\",\"status\":1,\"message\":\"Stream on up to 5 devices simultaneously.\"},{\"id\":34,\"planlimitation_id\":4,\"limitation_title\":\"Download Status\",\"limitation_value\":1,\"limit\":{\"480p\":1,\"720p\":1,\"1080p\":1,\"1440p\":1,\"2K\":1,\"4K\":0,\"8K\":0},\"slug\":\"download-status\",\"status\":1,\"message\":\"Enjoy unlimited downloads with this plan.\"},{\"id\":35,\"planlimitation_id\":5,\"limitation_title\":\"Supported Device Type\",\"limitation_value\":1,\"limit\":{\"tablet\":\"0\",\"laptop\":\"1\",\"mobile\":\"1\",\"tv\":\"1\"},\"slug\":\"supported-device-type\",\"status\":1,\"message\":null},{\"id\":36,\"planlimitation_id\":6,\"limitation_title\":\"Profile Limit\",\"limitation_value\":1,\"limit\":{\"value\":\"3\"},\"slug\":\"profile-limit\",\"status\":1,\"message\":null}]', NULL, 'SP1A.210812.016', 23, 23, NULL, NULL, '2026-03-03 08:55:58', '2026-03-03 08:55:58');
INSERT INTO `subscriptions` (`id`, `plan_id`, `user_id`, `start_date`, `end_date`, `status`, `is_manual`, `amount`, `discount_percentage`, `tax_amount`, `coupon_discount`, `total_amount`, `name`, `identifier`, `type`, `duration`, `level`, `plan_type`, `payment_id`, `device_id`, `created_by`, `updated_by`, `deleted_by`, `deleted_at`, `created_at`, `updated_at`) VALUES
(33, 4, 22, '2026-03-03 09:08:51', '2027-03-03 09:08:51', 'deactivated', 0, 100, NULL, 47, 0, 147, 'Basic', 'basic', 'year', 1, 4, '[{\"id\":13,\"planlimitation_id\":1,\"limitation_title\":\"Video Cast\",\"limitation_value\":1,\"limit\":null,\"slug\":\"video-cast\",\"status\":1,\"message\":\"Cast videos to your TV with ease.\"},{\"id\":14,\"planlimitation_id\":2,\"limitation_title\":\"Ads\",\"limitation_value\":1,\"limit\":null,\"slug\":\"ads\",\"status\":1,\"message\":\"This plan includes ads.\"},{\"id\":15,\"planlimitation_id\":3,\"limitation_title\":\"Device Limit\",\"limitation_value\":1,\"limit\":{\"value\":\"1\"},\"slug\":\"device-limit\",\"status\":1,\"message\":\"Stream on up to 1 devices simultaneously.\"},{\"id\":16,\"planlimitation_id\":4,\"limitation_title\":\"Download Status\",\"limitation_value\":1,\"limit\":{\"480p\":1,\"720p\":1,\"1080p\":1,\"1440p\":0,\"2K\":0,\"4K\":0,\"8K\":0},\"slug\":\"download-status\",\"status\":1,\"message\":\"Enjoy unlimited downloads with this plan.\"},{\"id\":23,\"planlimitation_id\":5,\"limitation_title\":\"Supported Device Type\",\"limitation_value\":1,\"limit\":{\"tablet\":\"0\",\"laptop\":\"0\",\"mobile\":\"1\",\"tv\":\"0\"},\"slug\":\"supported-device-type\",\"status\":1,\"message\":null},{\"id\":24,\"planlimitation_id\":6,\"limitation_title\":\"Profile Limit\",\"limitation_value\":1,\"limit\":{\"value\":\"2\"},\"slug\":\"profile-limit\",\"status\":1,\"message\":null}]', 30, 'TP1A.220905.001', 22, 22, NULL, NULL, '2026-03-03 09:08:51', '2026-03-03 09:10:03'),
(34, 5, 22, '2026-03-03 09:10:03', '2027-03-03 09:10:03', 'deactivated', 0, 200, NULL, 70.5, 50, 220.5, 'Premium Plan', 'premium_plan', 'year', 1, 5, '[{\"id\":25,\"planlimitation_id\":1,\"limitation_title\":\"Video Cast\",\"limitation_value\":1,\"limit\":null,\"slug\":\"video-cast\",\"status\":1,\"message\":\"Cast videos to your TV with ease.\"},{\"id\":26,\"planlimitation_id\":2,\"limitation_title\":\"Ads\",\"limitation_value\":0,\"limit\":null,\"slug\":\"ads\",\"status\":1,\"message\":\"Ad-free streaming with this plan.\"},{\"id\":27,\"planlimitation_id\":3,\"limitation_title\":\"Device Limit\",\"limitation_value\":1,\"limit\":{\"value\":\"2\"},\"slug\":\"device-limit\",\"status\":1,\"message\":\"Stream on up to 2 devices simultaneously.\"},{\"id\":28,\"planlimitation_id\":4,\"limitation_title\":\"Download Status\",\"limitation_value\":1,\"limit\":{\"480p\":1,\"720p\":1,\"1080p\":1,\"1440p\":1,\"2K\":0,\"4K\":0,\"8K\":0},\"slug\":\"download-status\",\"status\":1,\"message\":\"Enjoy unlimited downloads with this plan.\"},{\"id\":29,\"planlimitation_id\":5,\"limitation_title\":\"Supported Device Type\",\"limitation_value\":1,\"limit\":{\"tablet\":\"1\",\"laptop\":\"0\",\"mobile\":\"1\",\"tv\":\"0\"},\"slug\":\"supported-device-type\",\"status\":1,\"message\":null},{\"id\":30,\"planlimitation_id\":6,\"limitation_title\":\"Profile Limit\",\"limitation_value\":1,\"limit\":{\"value\":\"3\"},\"slug\":\"profile-limit\",\"status\":1,\"message\":null}]', 31, 'TP1A.220905.001', 22, 22, NULL, NULL, '2026-03-03 09:10:03', '2026-03-03 09:11:12'),
(35, 6, 22, '2026-03-03 09:11:12', '2027-03-03 09:11:12', 'deactivated', 0, 500, NULL, 176.25, 125, 551.25, 'Ultimate Plan', 'ultimate_plan', 'year', 1, 6, '[{\"id\":31,\"planlimitation_id\":1,\"limitation_title\":\"Video Cast\",\"limitation_value\":1,\"limit\":null,\"slug\":\"video-cast\",\"status\":1,\"message\":\"Cast videos to your TV with ease.\"},{\"id\":32,\"planlimitation_id\":2,\"limitation_title\":\"Ads\",\"limitation_value\":0,\"limit\":null,\"slug\":\"ads\",\"status\":1,\"message\":\"Ad-free streaming with this plan.\"},{\"id\":33,\"planlimitation_id\":3,\"limitation_title\":\"Device Limit\",\"limitation_value\":1,\"limit\":{\"value\":\"5\"},\"slug\":\"device-limit\",\"status\":1,\"message\":\"Stream on up to 5 devices simultaneously.\"},{\"id\":34,\"planlimitation_id\":4,\"limitation_title\":\"Download Status\",\"limitation_value\":1,\"limit\":{\"480p\":1,\"720p\":1,\"1080p\":1,\"1440p\":1,\"2K\":1,\"4K\":0,\"8K\":0},\"slug\":\"download-status\",\"status\":1,\"message\":\"Enjoy unlimited downloads with this plan.\"},{\"id\":35,\"planlimitation_id\":5,\"limitation_title\":\"Supported Device Type\",\"limitation_value\":1,\"limit\":{\"tablet\":\"0\",\"laptop\":\"1\",\"mobile\":\"1\",\"tv\":\"1\"},\"slug\":\"supported-device-type\",\"status\":1,\"message\":null},{\"id\":36,\"planlimitation_id\":6,\"limitation_title\":\"Profile Limit\",\"limitation_value\":1,\"limit\":{\"value\":\"3\"},\"slug\":\"profile-limit\",\"status\":1,\"message\":null}]', 32, 'TP1A.220905.001', 22, 22, NULL, NULL, '2026-03-03 09:11:12', '2026-03-04 22:07:56'),
(36, 1, 21, '2026-03-05 03:31:25', '2026-04-05 03:31:25', 'active', 0, 5, NULL, 1.88, 1, 5.88, 'Basic', 'basic', 'month', 1, 1, '[{\"id\":1,\"planlimitation_id\":1,\"limitation_title\":\"Video Cast\",\"limitation_value\":1,\"limit\":null,\"slug\":\"video-cast\",\"status\":1,\"message\":\"Cast videos to your TV with ease.\"},{\"id\":2,\"planlimitation_id\":2,\"limitation_title\":\"Ads\",\"limitation_value\":1,\"limit\":null,\"slug\":\"ads\",\"status\":1,\"message\":\"This plan includes ads.\"},{\"id\":3,\"planlimitation_id\":3,\"limitation_title\":\"Device Limit\",\"limitation_value\":1,\"limit\":{\"value\":\"1\"},\"slug\":\"device-limit\",\"status\":1,\"message\":\"Stream on up to 1 devices simultaneously.\"},{\"id\":4,\"planlimitation_id\":4,\"limitation_title\":\"Download Status\",\"limitation_value\":1,\"limit\":{\"480p\":1,\"720p\":1,\"1080p\":1,\"1440p\":0,\"2K\":0,\"4K\":0,\"8K\":0},\"slug\":\"download-status\",\"status\":1,\"message\":\"Enjoy unlimited downloads with this plan.\"},{\"id\":17,\"planlimitation_id\":5,\"limitation_title\":\"Supported Device Type\",\"limitation_value\":1,\"limit\":{\"tablet\":\"0\",\"laptop\":\"0\",\"mobile\":\"1\",\"tv\":\"0\"},\"slug\":\"supported-device-type\",\"status\":1,\"message\":null},{\"id\":18,\"planlimitation_id\":6,\"limitation_title\":\"Profile Limit\",\"limitation_value\":1,\"limit\":{\"value\":\"2\"},\"slug\":\"profile-limit\",\"status\":1,\"message\":null}]', 33, 'TP1A.220905.001', 21, 21, NULL, NULL, '2026-03-04 22:01:25', '2026-03-04 22:01:25'),
(37, 1, 22, '2026-03-05 03:37:56', '2026-04-05 03:37:56', 'deactivated', 0, 5, NULL, 1.88, 1, 5.88, 'Basic', 'basic', 'month', 1, 1, '[{\"id\":1,\"planlimitation_id\":1,\"limitation_title\":\"Video Cast\",\"limitation_value\":1,\"limit\":null,\"slug\":\"video-cast\",\"status\":1,\"message\":\"Cast videos to your TV with ease.\"},{\"id\":2,\"planlimitation_id\":2,\"limitation_title\":\"Ads\",\"limitation_value\":1,\"limit\":null,\"slug\":\"ads\",\"status\":1,\"message\":\"This plan includes ads.\"},{\"id\":3,\"planlimitation_id\":3,\"limitation_title\":\"Device Limit\",\"limitation_value\":1,\"limit\":{\"value\":\"1\"},\"slug\":\"device-limit\",\"status\":1,\"message\":\"Stream on up to 1 devices simultaneously.\"},{\"id\":4,\"planlimitation_id\":4,\"limitation_title\":\"Download Status\",\"limitation_value\":1,\"limit\":{\"480p\":1,\"720p\":1,\"1080p\":1,\"1440p\":0,\"2K\":0,\"4K\":0,\"8K\":0},\"slug\":\"download-status\",\"status\":1,\"message\":\"Enjoy unlimited downloads with this plan.\"},{\"id\":17,\"planlimitation_id\":5,\"limitation_title\":\"Supported Device Type\",\"limitation_value\":1,\"limit\":{\"tablet\":\"0\",\"laptop\":\"0\",\"mobile\":\"1\",\"tv\":\"0\"},\"slug\":\"supported-device-type\",\"status\":1,\"message\":null},{\"id\":18,\"planlimitation_id\":6,\"limitation_title\":\"Profile Limit\",\"limitation_value\":1,\"limit\":{\"value\":\"2\"},\"slug\":\"profile-limit\",\"status\":1,\"message\":null}]', 34, 'TP1A.220905.001', 22, 22, NULL, NULL, '2026-03-04 22:07:56', '2026-03-04 22:09:06'),
(38, 2, 22, '2026-03-05 03:39:06', '2026-04-05 03:39:06', 'deactivated', 0, 20, NULL, 6.58, 6, 20.58, 'Premium Plan', 'premium_plan', 'month', 1, 2, '[{\"id\":5,\"planlimitation_id\":1,\"limitation_title\":\"Video Cast\",\"limitation_value\":1,\"limit\":null,\"slug\":\"video-cast\",\"status\":1,\"message\":\"Cast videos to your TV with ease.\"},{\"id\":6,\"planlimitation_id\":2,\"limitation_title\":\"Ads\",\"limitation_value\":0,\"limit\":null,\"slug\":\"ads\",\"status\":1,\"message\":\"Ad-free streaming with this plan.\"},{\"id\":7,\"planlimitation_id\":3,\"limitation_title\":\"Device Limit\",\"limitation_value\":1,\"limit\":{\"value\":\"2\"},\"slug\":\"device-limit\",\"status\":1,\"message\":\"Stream on up to 2 devices simultaneously.\"},{\"id\":8,\"planlimitation_id\":4,\"limitation_title\":\"Download Status\",\"limitation_value\":1,\"limit\":{\"480p\":1,\"720p\":1,\"1080p\":1,\"1440p\":1,\"2K\":0,\"4K\":0,\"8K\":0},\"slug\":\"download-status\",\"status\":1,\"message\":\"Enjoy unlimited downloads with this plan.\"},{\"id\":19,\"planlimitation_id\":5,\"limitation_title\":\"Supported Device Type\",\"limitation_value\":1,\"limit\":{\"tablet\":\"1\",\"laptop\":\"0\",\"mobile\":\"1\",\"tv\":\"0\"},\"slug\":\"supported-device-type\",\"status\":1,\"message\":null},{\"id\":20,\"planlimitation_id\":6,\"limitation_title\":\"Profile Limit\",\"limitation_value\":1,\"limit\":{\"value\":\"3\"},\"slug\":\"profile-limit\",\"status\":1,\"message\":null}]', 35, 'TP1A.220905.001', 22, 22, NULL, NULL, '2026-03-04 22:09:06', '2026-03-04 22:13:41'),
(39, 3, 22, '2026-03-05 03:43:41', '2026-06-05 03:43:41', 'deactivated', 0, 50, NULL, 18.8, 10, 58.8, 'Ultimate Plan', 'ultimate_plan', 'month', 3, 3, '[{\"id\":9,\"planlimitation_id\":1,\"limitation_title\":\"Video Cast\",\"limitation_value\":1,\"limit\":null,\"slug\":\"video-cast\",\"status\":1,\"message\":\"Cast videos to your TV with ease.\"},{\"id\":10,\"planlimitation_id\":2,\"limitation_title\":\"Ads\",\"limitation_value\":0,\"limit\":null,\"slug\":\"ads\",\"status\":1,\"message\":\"Ad-free streaming with this plan.\"},{\"id\":11,\"planlimitation_id\":3,\"limitation_title\":\"Device Limit\",\"limitation_value\":1,\"limit\":{\"value\":\"5\"},\"slug\":\"device-limit\",\"status\":1,\"message\":\"Stream on up to 5 devices simultaneously.\"},{\"id\":12,\"planlimitation_id\":4,\"limitation_title\":\"Download Status\",\"limitation_value\":1,\"limit\":{\"480p\":1,\"720p\":1,\"1080p\":1,\"1440p\":1,\"2K\":1,\"4K\":0,\"8K\":0},\"slug\":\"download-status\",\"status\":1,\"message\":\"Enjoy unlimited downloads with this plan.\"},{\"id\":21,\"planlimitation_id\":5,\"limitation_title\":\"Supported Device Type\",\"limitation_value\":1,\"limit\":{\"tablet\":\"0\",\"laptop\":\"1\",\"mobile\":\"1\",\"tv\":\"1\"},\"slug\":\"supported-device-type\",\"status\":1,\"message\":null},{\"id\":22,\"planlimitation_id\":6,\"limitation_title\":\"Profile Limit\",\"limitation_value\":1,\"limit\":{\"value\":\"3\"},\"slug\":\"profile-limit\",\"status\":1,\"message\":null}]', 36, 'TP1A.220905.001', 22, 22, NULL, NULL, '2026-03-04 22:13:41', '2026-03-04 22:15:37'),
(40, 4, 22, '2026-03-05 03:45:37', '2027-03-05 03:45:37', 'deactivated', 0, 100, NULL, 37.6, 20, 117.6, 'Basic', 'basic', 'year', 1, 4, '[{\"id\":13,\"planlimitation_id\":1,\"limitation_title\":\"Video Cast\",\"limitation_value\":1,\"limit\":null,\"slug\":\"video-cast\",\"status\":1,\"message\":\"Cast videos to your TV with ease.\"},{\"id\":14,\"planlimitation_id\":2,\"limitation_title\":\"Ads\",\"limitation_value\":1,\"limit\":null,\"slug\":\"ads\",\"status\":1,\"message\":\"This plan includes ads.\"},{\"id\":15,\"planlimitation_id\":3,\"limitation_title\":\"Device Limit\",\"limitation_value\":1,\"limit\":{\"value\":\"1\"},\"slug\":\"device-limit\",\"status\":1,\"message\":\"Stream on up to 1 devices simultaneously.\"},{\"id\":16,\"planlimitation_id\":4,\"limitation_title\":\"Download Status\",\"limitation_value\":1,\"limit\":{\"480p\":1,\"720p\":1,\"1080p\":1,\"1440p\":0,\"2K\":0,\"4K\":0,\"8K\":0},\"slug\":\"download-status\",\"status\":1,\"message\":\"Enjoy unlimited downloads with this plan.\"},{\"id\":23,\"planlimitation_id\":5,\"limitation_title\":\"Supported Device Type\",\"limitation_value\":1,\"limit\":{\"tablet\":\"0\",\"laptop\":\"0\",\"mobile\":\"1\",\"tv\":\"0\"},\"slug\":\"supported-device-type\",\"status\":1,\"message\":null},{\"id\":24,\"planlimitation_id\":6,\"limitation_title\":\"Profile Limit\",\"limitation_value\":1,\"limit\":{\"value\":\"2\"},\"slug\":\"profile-limit\",\"status\":1,\"message\":null}]', 37, 'TP1A.220905.001', 22, 22, NULL, NULL, '2026-03-04 22:15:37', '2026-03-04 22:16:38'),
(41, 5, 22, '2026-03-05 03:46:38', '2027-03-05 03:46:38', 'deactivated', 0, 200, NULL, 94, 0, 294, 'Premium Plan', 'premium_plan', 'year', 1, 5, '[{\"id\":25,\"planlimitation_id\":1,\"limitation_title\":\"Video Cast\",\"limitation_value\":1,\"limit\":null,\"slug\":\"video-cast\",\"status\":1,\"message\":\"Cast videos to your TV with ease.\"},{\"id\":26,\"planlimitation_id\":2,\"limitation_title\":\"Ads\",\"limitation_value\":0,\"limit\":null,\"slug\":\"ads\",\"status\":1,\"message\":\"Ad-free streaming with this plan.\"},{\"id\":27,\"planlimitation_id\":3,\"limitation_title\":\"Device Limit\",\"limitation_value\":1,\"limit\":{\"value\":\"2\"},\"slug\":\"device-limit\",\"status\":1,\"message\":\"Stream on up to 2 devices simultaneously.\"},{\"id\":28,\"planlimitation_id\":4,\"limitation_title\":\"Download Status\",\"limitation_value\":1,\"limit\":{\"480p\":1,\"720p\":1,\"1080p\":1,\"1440p\":1,\"2K\":0,\"4K\":0,\"8K\":0},\"slug\":\"download-status\",\"status\":1,\"message\":\"Enjoy unlimited downloads with this plan.\"},{\"id\":29,\"planlimitation_id\":5,\"limitation_title\":\"Supported Device Type\",\"limitation_value\":1,\"limit\":{\"tablet\":\"1\",\"laptop\":\"0\",\"mobile\":\"1\",\"tv\":\"0\"},\"slug\":\"supported-device-type\",\"status\":1,\"message\":null},{\"id\":30,\"planlimitation_id\":6,\"limitation_title\":\"Profile Limit\",\"limitation_value\":1,\"limit\":{\"value\":\"3\"},\"slug\":\"profile-limit\",\"status\":1,\"message\":null}]', 38, 'TP1A.220905.001', 22, 22, NULL, NULL, '2026-03-04 22:16:38', '2026-03-04 22:18:03'),
(42, 6, 22, '2026-03-05 03:48:03', '2027-03-05 03:48:03', 'deactivated', 0, 500, NULL, 235, 0, 735, 'Ultimate Plan', 'ultimate_plan', 'year', 1, 6, '[{\"id\":31,\"planlimitation_id\":1,\"limitation_title\":\"Video Cast\",\"limitation_value\":1,\"limit\":null,\"slug\":\"video-cast\",\"status\":1,\"message\":\"Cast videos to your TV with ease.\"},{\"id\":32,\"planlimitation_id\":2,\"limitation_title\":\"Ads\",\"limitation_value\":0,\"limit\":null,\"slug\":\"ads\",\"status\":1,\"message\":\"Ad-free streaming with this plan.\"},{\"id\":33,\"planlimitation_id\":3,\"limitation_title\":\"Device Limit\",\"limitation_value\":1,\"limit\":{\"value\":\"5\"},\"slug\":\"device-limit\",\"status\":1,\"message\":\"Stream on up to 5 devices simultaneously.\"},{\"id\":34,\"planlimitation_id\":4,\"limitation_title\":\"Download Status\",\"limitation_value\":1,\"limit\":{\"480p\":1,\"720p\":1,\"1080p\":1,\"1440p\":1,\"2K\":1,\"4K\":0,\"8K\":0},\"slug\":\"download-status\",\"status\":1,\"message\":\"Enjoy unlimited downloads with this plan.\"},{\"id\":35,\"planlimitation_id\":5,\"limitation_title\":\"Supported Device Type\",\"limitation_value\":1,\"limit\":{\"tablet\":\"0\",\"laptop\":\"1\",\"mobile\":\"1\",\"tv\":\"1\"},\"slug\":\"supported-device-type\",\"status\":1,\"message\":null},{\"id\":36,\"planlimitation_id\":6,\"limitation_title\":\"Profile Limit\",\"limitation_value\":1,\"limit\":{\"value\":\"3\"},\"slug\":\"profile-limit\",\"status\":1,\"message\":null}]', 39, 'TP1A.220905.001', 22, 22, NULL, NULL, '2026-03-04 22:18:03', '2026-03-05 03:17:04'),
(43, 6, 27, '2026-03-05 04:58:42', '2027-03-05 04:58:42', 'deactivated', 0, 500, NULL, 176.25, 125, 551.25, 'Ultimate Plan', 'ultimate_plan', 'year', 1, 6, '[{\"id\":31,\"planlimitation_id\":1,\"limitation_title\":\"Video Cast\",\"limitation_value\":1,\"limit\":null,\"slug\":\"video-cast\",\"status\":1,\"message\":\"Cast videos to your TV with ease.\"},{\"id\":32,\"planlimitation_id\":2,\"limitation_title\":\"Ads\",\"limitation_value\":0,\"limit\":null,\"slug\":\"ads\",\"status\":1,\"message\":\"Ad-free streaming with this plan.\"},{\"id\":33,\"planlimitation_id\":3,\"limitation_title\":\"Device Limit\",\"limitation_value\":1,\"limit\":{\"value\":\"5\"},\"slug\":\"device-limit\",\"status\":1,\"message\":\"Stream on up to 5 devices simultaneously.\"},{\"id\":34,\"planlimitation_id\":4,\"limitation_title\":\"Download Status\",\"limitation_value\":1,\"limit\":{\"480p\":1,\"720p\":1,\"1080p\":1,\"1440p\":1,\"2K\":1,\"4K\":0,\"8K\":0},\"slug\":\"download-status\",\"status\":1,\"message\":\"Enjoy unlimited downloads with this plan.\"},{\"id\":35,\"planlimitation_id\":5,\"limitation_title\":\"Supported Device Type\",\"limitation_value\":1,\"limit\":{\"tablet\":\"0\",\"laptop\":\"1\",\"mobile\":\"1\",\"tv\":\"1\"},\"slug\":\"supported-device-type\",\"status\":1,\"message\":null},{\"id\":36,\"planlimitation_id\":6,\"limitation_title\":\"Profile Limit\",\"limitation_value\":1,\"limit\":{\"value\":\"3\"},\"slug\":\"profile-limit\",\"status\":1,\"message\":null}]', 40, 'SP1A.210812.016', 27, 27, NULL, NULL, '2026-03-04 23:28:42', '2026-03-04 23:45:40'),
(44, 1, 27, '2026-03-05 05:15:40', '2026-04-05 05:15:40', 'active', 0, 5, NULL, 2.35, 0, 7.35, 'Basic', 'basic', 'month', 1, 1, '[{\"id\":1,\"planlimitation_id\":1,\"limitation_title\":\"Video Cast\",\"limitation_value\":1,\"limit\":null,\"slug\":\"video-cast\",\"status\":1,\"message\":\"Cast videos to your TV with ease.\"},{\"id\":2,\"planlimitation_id\":2,\"limitation_title\":\"Ads\",\"limitation_value\":1,\"limit\":null,\"slug\":\"ads\",\"status\":1,\"message\":\"This plan includes ads.\"},{\"id\":3,\"planlimitation_id\":3,\"limitation_title\":\"Device Limit\",\"limitation_value\":1,\"limit\":{\"value\":\"1\"},\"slug\":\"device-limit\",\"status\":1,\"message\":\"Stream on up to 1 devices simultaneously.\"},{\"id\":4,\"planlimitation_id\":4,\"limitation_title\":\"Download Status\",\"limitation_value\":1,\"limit\":{\"480p\":1,\"720p\":1,\"1080p\":1,\"1440p\":0,\"2K\":0,\"4K\":0,\"8K\":0},\"slug\":\"download-status\",\"status\":1,\"message\":\"Enjoy unlimited downloads with this plan.\"},{\"id\":17,\"planlimitation_id\":5,\"limitation_title\":\"Supported Device Type\",\"limitation_value\":1,\"limit\":{\"tablet\":\"0\",\"laptop\":\"0\",\"mobile\":\"1\",\"tv\":\"0\"},\"slug\":\"supported-device-type\",\"status\":1,\"message\":null},{\"id\":18,\"planlimitation_id\":6,\"limitation_title\":\"Profile Limit\",\"limitation_value\":1,\"limit\":{\"value\":\"2\"},\"slug\":\"profile-limit\",\"status\":1,\"message\":null}]', 41, 'SP1A.210812.016', 27, 27, NULL, NULL, '2026-03-04 23:45:40', '2026-03-04 23:45:40'),
(45, 5, 22, '2026-03-05 08:47:04', '2027-03-05 08:47:04', 'deactivated', 0, 200, NULL, 47, 100, 147, 'Premium Plan', 'premium_plan', 'year', 1, 5, '[{\"id\":25,\"planlimitation_id\":1,\"limitation_title\":\"Video Cast\",\"limitation_value\":1,\"limit\":null,\"slug\":\"video-cast\",\"status\":1,\"message\":\"Cast videos to your TV with ease.\"},{\"id\":26,\"planlimitation_id\":2,\"limitation_title\":\"Ads\",\"limitation_value\":0,\"limit\":null,\"slug\":\"ads\",\"status\":1,\"message\":\"Ad-free streaming with this plan.\"},{\"id\":27,\"planlimitation_id\":3,\"limitation_title\":\"Device Limit\",\"limitation_value\":1,\"limit\":{\"value\":\"2\"},\"slug\":\"device-limit\",\"status\":1,\"message\":\"Stream on up to 2 devices simultaneously.\"},{\"id\":28,\"planlimitation_id\":4,\"limitation_title\":\"Download Status\",\"limitation_value\":1,\"limit\":{\"480p\":1,\"720p\":1,\"1080p\":1,\"1440p\":1,\"2K\":0,\"4K\":0,\"8K\":0},\"slug\":\"download-status\",\"status\":1,\"message\":\"Enjoy unlimited downloads with this plan.\"},{\"id\":29,\"planlimitation_id\":5,\"limitation_title\":\"Supported Device Type\",\"limitation_value\":1,\"limit\":{\"tablet\":\"1\",\"laptop\":\"0\",\"mobile\":\"1\",\"tv\":\"0\"},\"slug\":\"supported-device-type\",\"status\":1,\"message\":null},{\"id\":30,\"planlimitation_id\":6,\"limitation_title\":\"Profile Limit\",\"limitation_value\":1,\"limit\":{\"value\":\"3\"},\"slug\":\"profile-limit\",\"status\":1,\"message\":null}]', 42, 'AP3A.240905.015.A2_INMOD1', 22, 22, NULL, NULL, '2026-03-05 03:17:04', '2026-03-05 03:41:37'),
(46, 1, 22, '2026-03-05 09:11:37', '2026-04-05 09:11:37', 'deactivated', 0, 5, NULL, 1.7625, 1.25, 5.5125, 'Basic', 'basic', 'month', 1, 1, '[{\"id\":1,\"planlimitation_id\":1,\"limitation_title\":\"Video Cast\",\"limitation_value\":1,\"limit\":null,\"slug\":\"video-cast\",\"status\":1,\"message\":\"Cast videos to your TV with ease.\"},{\"id\":2,\"planlimitation_id\":2,\"limitation_title\":\"Ads\",\"limitation_value\":1,\"limit\":null,\"slug\":\"ads\",\"status\":1,\"message\":\"This plan includes ads.\"},{\"id\":3,\"planlimitation_id\":3,\"limitation_title\":\"Device Limit\",\"limitation_value\":1,\"limit\":{\"value\":\"1\"},\"slug\":\"device-limit\",\"status\":1,\"message\":\"Stream on up to 1 devices simultaneously.\"},{\"id\":4,\"planlimitation_id\":4,\"limitation_title\":\"Download Status\",\"limitation_value\":1,\"limit\":{\"480p\":1,\"720p\":1,\"1080p\":1,\"1440p\":0,\"2K\":0,\"4K\":0,\"8K\":0},\"slug\":\"download-status\",\"status\":1,\"message\":\"Enjoy unlimited downloads with this plan.\"},{\"id\":17,\"planlimitation_id\":5,\"limitation_title\":\"Supported Device Type\",\"limitation_value\":1,\"limit\":{\"tablet\":\"0\",\"laptop\":\"0\",\"mobile\":\"1\",\"tv\":\"0\"},\"slug\":\"supported-device-type\",\"status\":1,\"message\":null},{\"id\":18,\"planlimitation_id\":6,\"limitation_title\":\"Profile Limit\",\"limitation_value\":1,\"limit\":{\"value\":\"2\"},\"slug\":\"profile-limit\",\"status\":1,\"message\":null}]', 43, 'TP1A.220905.001', 22, 22, NULL, NULL, '2026-03-05 03:41:37', '2026-03-05 03:44:24'),
(47, 6, 22, '2026-03-05 09:14:24', '2027-03-05 09:14:24', 'active', 0, 500, NULL, 117.5, 250, 367.5, 'Ultimate Plan', 'ultimate_plan', 'year', 1, 6, '[{\"id\":31,\"planlimitation_id\":1,\"limitation_title\":\"Video Cast\",\"limitation_value\":1,\"limit\":null,\"slug\":\"video-cast\",\"status\":1,\"message\":\"Cast videos to your TV with ease.\"},{\"id\":32,\"planlimitation_id\":2,\"limitation_title\":\"Ads\",\"limitation_value\":0,\"limit\":null,\"slug\":\"ads\",\"status\":1,\"message\":\"Ad-free streaming with this plan.\"},{\"id\":33,\"planlimitation_id\":3,\"limitation_title\":\"Device Limit\",\"limitation_value\":1,\"limit\":{\"value\":\"5\"},\"slug\":\"device-limit\",\"status\":1,\"message\":\"Stream on up to 5 devices simultaneously.\"},{\"id\":34,\"planlimitation_id\":4,\"limitation_title\":\"Download Status\",\"limitation_value\":1,\"limit\":{\"480p\":1,\"720p\":1,\"1080p\":1,\"1440p\":1,\"2K\":1,\"4K\":0,\"8K\":0},\"slug\":\"download-status\",\"status\":1,\"message\":\"Enjoy unlimited downloads with this plan.\"},{\"id\":35,\"planlimitation_id\":5,\"limitation_title\":\"Supported Device Type\",\"limitation_value\":1,\"limit\":{\"tablet\":\"0\",\"laptop\":\"1\",\"mobile\":\"1\",\"tv\":\"1\"},\"slug\":\"supported-device-type\",\"status\":1,\"message\":null},{\"id\":36,\"planlimitation_id\":6,\"limitation_title\":\"Profile Limit\",\"limitation_value\":1,\"limit\":{\"value\":\"3\"},\"slug\":\"profile-limit\",\"status\":1,\"message\":null}]', 44, 'AP3A.240905.015.A2_INMOD1', 22, 22, NULL, NULL, '2026-03-05 03:44:24', '2026-03-05 03:44:24');

-- --------------------------------------------------------

--
-- Table structure for table `subscriptions_transactions`
--

CREATE TABLE `subscriptions_transactions` (
  `id` bigint(20) UNSIGNED NOT NULL,
  `subscriptions_id` int(11) DEFAULT NULL,
  `user_id` int(11) DEFAULT NULL,
  `amount` double DEFAULT NULL,
  `payment_type` varchar(191) DEFAULT NULL,
  `payment_status` varchar(191) DEFAULT NULL,
  `transaction_id` varchar(191) DEFAULT NULL,
  `tax_data` text DEFAULT NULL,
  `other_transactions_details` text DEFAULT NULL,
  `created_by` int(10) UNSIGNED DEFAULT NULL,
  `updated_by` int(10) UNSIGNED DEFAULT NULL,
  `deleted_by` int(10) UNSIGNED DEFAULT NULL,
  `deleted_at` timestamp NULL DEFAULT NULL,
  `created_at` timestamp NULL DEFAULT NULL,
  `updated_at` timestamp NULL DEFAULT NULL
) ENGINE=InnoDB DEFAULT CHARSET=utf8mb4 COLLATE=utf8mb4_unicode_ci;

--
-- Dumping data for table `subscriptions_transactions`
--

INSERT INTO `subscriptions_transactions` (`id`, `subscriptions_id`, `user_id`, `amount`, `payment_type`, `payment_status`, `transaction_id`, `tax_data`, `other_transactions_details`, `created_by`, `updated_by`, `deleted_by`, `deleted_at`, `created_at`, `updated_at`) VALUES
(1, 1, 3, 50, 'stripe', 'paid', 'pi_1OnGh1FTMa5P8ht0pEWTz', NULL, NULL, 3, 3, NULL, NULL, '2026-01-10 18:30:00', '2026-01-10 18:30:00'),
(2, 2, 4, 5, 'stripe', 'paid', 'pi_1OnGh1FTMa5P8ht0pEWTz', NULL, NULL, 4, 4, NULL, NULL, '2025-11-15 18:30:00', '2025-11-15 18:30:00'),
(3, 3, 5, 20, 'stripe', 'paid', 'pi_1OnGh1FTMa5P8ht0pEWTz', NULL, NULL, 5, 5, NULL, NULL, '2026-01-14 18:30:00', '2026-01-14 18:30:00'),
(4, 4, 6, 50, 'stripe', 'paid', 'pi_1OnGh1FTMa5P8ht0pEWTz', NULL, NULL, 6, 6, NULL, NULL, '2025-10-09 18:30:00', '2025-10-09 18:30:00'),
(5, 5, 8, 80, 'stripe', 'paid', 'pi_1OnGh1FTMa5P8ht0pEWTz', NULL, NULL, 8, 8, NULL, NULL, '2026-01-10 18:30:00', '2026-01-10 18:30:00'),
(6, 6, 9, 80, 'stripe', 'paid', 'pi_1OnGh1FTMa5P8ht0pEWTz', NULL, NULL, 9, 9, NULL, NULL, '2026-01-10 18:30:00', '2026-01-10 18:30:00'),
(7, 7, 10, 5, 'stripe', 'paid', 'pi_1OnGh1FTMa5P8ht0pEWTz', NULL, NULL, 10, 10, NULL, NULL, '2025-02-13 18:30:00', '2025-02-13 18:30:00'),
(8, 8, 14, 20, 'stripe', 'paid', 'pi_1OnGh1FTMa5P8ht0pEWTz', NULL, NULL, 14, 14, NULL, NULL, '2026-01-02 18:30:00', '2026-01-02 18:30:00'),
(9, 12, 21, 7.35, 'stripe', 'paid', 'pi_3T2V0XHTAHWwyrB603ZxyFbP', '[{\"id\":1,\"title\":\"GST\",\"type\":\"Percentage\",\"value\":18,\"status\":1,\"created_by\":2,\"updated_by\":2,\"deleted_by\":null,\"created_at\":\"2024-10-09T07:00:27.000000Z\",\"updated_at\":\"2024-10-09T07:00:27.000000Z\",\"deleted_at\":null,\"feature_image\":\"https:\\/\\/dummyimage.com\\/600x300\\/cfcfcf\\/000000.png\",\"media\":[]},{\"id\":2,\"title\":\"CGST\",\"type\":\"Percentage\",\"value\":9,\"status\":1,\"created_by\":2,\"updated_by\":2,\"deleted_by\":null,\"created_at\":\"2024-10-09T07:00:53.000000Z\",\"updated_at\":\"2024-10-09T07:02:17.000000Z\",\"deleted_at\":null,\"feature_image\":\"https:\\/\\/dummyimage.com\\/600x300\\/cfcfcf\\/000000.png\",\"media\":[]},{\"id\":3,\"title\":\"VAT\",\"type\":\"Percentage\",\"value\":20,\"status\":1,\"created_by\":2,\"updated_by\":2,\"deleted_by\":null,\"created_at\":\"2024-10-09T07:04:57.000000Z\",\"updated_at\":\"2024-10-09T07:04:57.000000Z\",\"deleted_at\":null,\"feature_image\":\"https:\\/\\/dummyimage.com\\/600x300\\/cfcfcf\\/000000.png\",\"media\":[]}]', NULL, 21, 21, NULL, NULL, '2026-02-19 11:03:01', '2026-02-19 11:03:01'),
(10, 13, 21, 735, 'stripe', 'paid', 'pi_3T2VJ7HTAHWwyrB613nkUkjd', '[{\"id\":1,\"title\":\"GST\",\"type\":\"Percentage\",\"value\":18,\"status\":1,\"created_by\":2,\"updated_by\":2,\"deleted_by\":null,\"created_at\":\"2024-10-09T07:00:27.000000Z\",\"updated_at\":\"2024-10-09T07:00:27.000000Z\",\"deleted_at\":null,\"feature_image\":\"https:\\/\\/dummyimage.com\\/600x300\\/cfcfcf\\/000000.png\",\"media\":[]},{\"id\":2,\"title\":\"CGST\",\"type\":\"Percentage\",\"value\":9,\"status\":1,\"created_by\":2,\"updated_by\":2,\"deleted_by\":null,\"created_at\":\"2024-10-09T07:00:53.000000Z\",\"updated_at\":\"2024-10-09T07:02:17.000000Z\",\"deleted_at\":null,\"feature_image\":\"https:\\/\\/dummyimage.com\\/600x300\\/cfcfcf\\/000000.png\",\"media\":[]},{\"id\":3,\"title\":\"VAT\",\"type\":\"Percentage\",\"value\":20,\"status\":1,\"created_by\":2,\"updated_by\":2,\"deleted_by\":null,\"created_at\":\"2024-10-09T07:04:57.000000Z\",\"updated_at\":\"2024-10-09T07:04:57.000000Z\",\"deleted_at\":null,\"feature_image\":\"https:\\/\\/dummyimage.com\\/600x300\\/cfcfcf\\/000000.png\",\"media\":[]}]', NULL, 21, 21, NULL, NULL, '2026-02-19 11:22:14', '2026-02-19 11:22:14'),
(11, 14, 4, 73.5, 'cash', 'paid', NULL, '[{\"id\":1,\"title\":\"GST\",\"type\":\"Percentage\",\"value\":18,\"status\":1,\"created_by\":2,\"updated_by\":2,\"deleted_by\":null,\"created_at\":\"2024-10-09T07:00:27.000000Z\",\"updated_at\":\"2024-10-09T07:00:27.000000Z\",\"deleted_at\":null,\"feature_image\":\"https:\\/\\/dummyimage.com\\/600x300\\/cfcfcf\\/000000.png\",\"media\":[]},{\"id\":2,\"title\":\"CGST\",\"type\":\"Percentage\",\"value\":9,\"status\":1,\"created_by\":2,\"updated_by\":2,\"deleted_by\":null,\"created_at\":\"2024-10-09T07:00:53.000000Z\",\"updated_at\":\"2024-10-09T07:02:17.000000Z\",\"deleted_at\":null,\"feature_image\":\"https:\\/\\/dummyimage.com\\/600x300\\/cfcfcf\\/000000.png\",\"media\":[]},{\"id\":3,\"title\":\"VAT\",\"type\":\"Percentage\",\"value\":20,\"status\":1,\"created_by\":2,\"updated_by\":2,\"deleted_by\":null,\"created_at\":\"2024-10-09T07:04:57.000000Z\",\"updated_at\":\"2024-10-09T07:04:57.000000Z\",\"deleted_at\":null,\"feature_image\":\"https:\\/\\/dummyimage.com\\/600x300\\/cfcfcf\\/000000.png\",\"media\":[]}]', NULL, 1, 1, NULL, NULL, '2026-02-19 11:29:15', '2026-02-19 11:29:15'),
(12, 15, 21, 367.5, 'stripe', 'paid', 'pi_3T4GXQHTAHWwyrB617aQQ4Rb', '[{\"id\":1,\"title\":\"GST\",\"type\":\"Percentage\",\"value\":18,\"status\":1,\"created_by\":2,\"updated_by\":2,\"deleted_by\":null,\"created_at\":\"2024-10-09T07:00:27.000000Z\",\"updated_at\":\"2024-10-09T07:00:27.000000Z\",\"deleted_at\":null,\"feature_image\":\"https:\\/\\/dummyimage.com\\/600x300\\/cfcfcf\\/000000.png\",\"media\":[]},{\"id\":2,\"title\":\"CGST\",\"type\":\"Percentage\",\"value\":9,\"status\":1,\"created_by\":2,\"updated_by\":2,\"deleted_by\":null,\"created_at\":\"2024-10-09T07:00:53.000000Z\",\"updated_at\":\"2024-10-09T07:02:17.000000Z\",\"deleted_at\":null,\"feature_image\":\"https:\\/\\/dummyimage.com\\/600x300\\/cfcfcf\\/000000.png\",\"media\":[]},{\"id\":3,\"title\":\"VAT\",\"type\":\"Percentage\",\"value\":20,\"status\":1,\"created_by\":2,\"updated_by\":2,\"deleted_by\":null,\"created_at\":\"2024-10-09T07:04:57.000000Z\",\"updated_at\":\"2024-10-09T07:04:57.000000Z\",\"deleted_at\":null,\"feature_image\":\"https:\\/\\/dummyimage.com\\/600x300\\/cfcfcf\\/000000.png\",\"media\":[]}]', NULL, 21, 21, NULL, NULL, '2026-02-24 08:00:16', '2026-02-24 08:00:16'),
(13, 16, 21, 735, 'stripe', 'paid', 'pi_3T4IMTHTAHWwyrB60rfBbhG0', '[{\"id\":1,\"title\":\"GST\",\"type\":\"Percentage\",\"value\":18,\"status\":1,\"created_by\":2,\"updated_by\":2,\"deleted_by\":null,\"created_at\":\"2024-10-09T07:00:27.000000Z\",\"updated_at\":\"2024-10-09T07:00:27.000000Z\",\"deleted_at\":null,\"feature_image\":\"https:\\/\\/dummyimage.com\\/600x300\\/cfcfcf\\/000000.png\",\"media\":[]},{\"id\":2,\"title\":\"CGST\",\"type\":\"Percentage\",\"value\":9,\"status\":1,\"created_by\":2,\"updated_by\":2,\"deleted_by\":null,\"created_at\":\"2024-10-09T07:00:53.000000Z\",\"updated_at\":\"2024-10-09T07:02:17.000000Z\",\"deleted_at\":null,\"feature_image\":\"https:\\/\\/dummyimage.com\\/600x300\\/cfcfcf\\/000000.png\",\"media\":[]},{\"id\":3,\"title\":\"VAT\",\"type\":\"Percentage\",\"value\":20,\"status\":1,\"created_by\":2,\"updated_by\":2,\"deleted_by\":null,\"created_at\":\"2024-10-09T07:04:57.000000Z\",\"updated_at\":\"2024-10-09T07:04:57.000000Z\",\"deleted_at\":null,\"feature_image\":\"https:\\/\\/dummyimage.com\\/600x300\\/cfcfcf\\/000000.png\",\"media\":[]}]', NULL, 21, 21, NULL, NULL, '2026-02-24 09:57:05', '2026-02-24 09:57:05'),
(14, 17, 22, 500, 'stripe', 'paid', 'pi_3T4gSqHTAHWwyrB61Sw2Npo4', '[{\"id\":1,\"title\":\"GST\",\"type\":\"Percentage\",\"value\":18,\"status\":1,\"created_by\":2,\"updated_by\":2,\"deleted_by\":null,\"created_at\":\"2024-10-09T07:00:27.000000Z\",\"updated_at\":\"2024-10-09T07:00:27.000000Z\",\"deleted_at\":null,\"feature_image\":\"https:\\/\\/dummyimage.com\\/600x300\\/cfcfcf\\/000000.png\",\"media\":[]},{\"id\":2,\"title\":\"CGST\",\"type\":\"Percentage\",\"value\":9,\"status\":1,\"created_by\":2,\"updated_by\":2,\"deleted_by\":null,\"created_at\":\"2024-10-09T07:00:53.000000Z\",\"updated_at\":\"2024-10-09T07:02:17.000000Z\",\"deleted_at\":null,\"feature_image\":\"https:\\/\\/dummyimage.com\\/600x300\\/cfcfcf\\/000000.png\",\"media\":[]},{\"id\":3,\"title\":\"VAT\",\"type\":\"Percentage\",\"value\":20,\"status\":1,\"created_by\":2,\"updated_by\":2,\"deleted_by\":null,\"created_at\":\"2024-10-09T07:04:57.000000Z\",\"updated_at\":\"2024-10-09T07:04:57.000000Z\",\"deleted_at\":null,\"feature_image\":\"https:\\/\\/dummyimage.com\\/600x300\\/cfcfcf\\/000000.png\",\"media\":[]}]', NULL, 22, 22, NULL, NULL, '2026-02-25 11:41:32', '2026-02-25 11:41:32'),
(15, 18, 22, 200, 'stripe', 'paid', 'pi_3T6VRdHTAHWwyrB6189wJfnY', '[{\"id\":1,\"title\":\"GST\",\"type\":\"Percentage\",\"value\":18,\"status\":1,\"created_by\":2,\"updated_by\":2,\"deleted_by\":null,\"created_at\":\"2024-10-09T07:00:27.000000Z\",\"updated_at\":\"2024-10-09T07:00:27.000000Z\",\"deleted_at\":null,\"feature_image\":\"https:\\/\\/dummyimage.com\\/600x300\\/cfcfcf\\/000000.png\",\"media\":[]},{\"id\":2,\"title\":\"CGST\",\"type\":\"Percentage\",\"value\":9,\"status\":1,\"created_by\":2,\"updated_by\":2,\"deleted_by\":null,\"created_at\":\"2024-10-09T07:00:53.000000Z\",\"updated_at\":\"2024-10-09T07:02:17.000000Z\",\"deleted_at\":null,\"feature_image\":\"https:\\/\\/dummyimage.com\\/600x300\\/cfcfcf\\/000000.png\",\"media\":[]},{\"id\":3,\"title\":\"VAT\",\"type\":\"Percentage\",\"value\":20,\"status\":1,\"created_by\":2,\"updated_by\":2,\"deleted_by\":null,\"created_at\":\"2024-10-09T07:04:57.000000Z\",\"updated_at\":\"2024-10-09T07:04:57.000000Z\",\"deleted_at\":null,\"feature_image\":\"https:\\/\\/dummyimage.com\\/600x300\\/cfcfcf\\/000000.png\",\"media\":[]}]', NULL, 22, 22, NULL, NULL, '2026-03-02 12:20:33', '2026-03-02 12:20:33'),
(16, 19, 23, 500, 'stripe', 'paid', 'pi_3T6VTzHTAHWwyrB6160z8g7P', '[{\"id\":1,\"title\":\"GST\",\"type\":\"Percentage\",\"value\":18,\"status\":1,\"created_by\":2,\"updated_by\":2,\"deleted_by\":null,\"created_at\":\"2024-10-09T07:00:27.000000Z\",\"updated_at\":\"2024-10-09T07:00:27.000000Z\",\"deleted_at\":null,\"feature_image\":\"https:\\/\\/dummyimage.com\\/600x300\\/cfcfcf\\/000000.png\",\"media\":[]},{\"id\":2,\"title\":\"CGST\",\"type\":\"Percentage\",\"value\":9,\"status\":1,\"created_by\":2,\"updated_by\":2,\"deleted_by\":null,\"created_at\":\"2024-10-09T07:00:53.000000Z\",\"updated_at\":\"2024-10-09T07:02:17.000000Z\",\"deleted_at\":null,\"feature_image\":\"https:\\/\\/dummyimage.com\\/600x300\\/cfcfcf\\/000000.png\",\"media\":[]},{\"id\":3,\"title\":\"VAT\",\"type\":\"Percentage\",\"value\":20,\"status\":1,\"created_by\":2,\"updated_by\":2,\"deleted_by\":null,\"created_at\":\"2024-10-09T07:04:57.000000Z\",\"updated_at\":\"2024-10-09T07:04:57.000000Z\",\"deleted_at\":null,\"feature_image\":\"https:\\/\\/dummyimage.com\\/600x300\\/cfcfcf\\/000000.png\",\"media\":[]}]', NULL, 23, 23, NULL, NULL, '2026-03-02 12:22:20', '2026-03-02 12:22:20'),
(17, 20, 23, 500, 'stripe', 'paid', 'pi_3T6VWJHTAHWwyrB6180Os0Tw', '[{\"id\":1,\"title\":\"GST\",\"type\":\"Percentage\",\"value\":18,\"status\":1,\"created_by\":2,\"updated_by\":2,\"deleted_by\":null,\"created_at\":\"2024-10-09T07:00:27.000000Z\",\"updated_at\":\"2024-10-09T07:00:27.000000Z\",\"deleted_at\":null,\"feature_image\":\"https:\\/\\/dummyimage.com\\/600x300\\/cfcfcf\\/000000.png\",\"media\":[]},{\"id\":2,\"title\":\"CGST\",\"type\":\"Percentage\",\"value\":9,\"status\":1,\"created_by\":2,\"updated_by\":2,\"deleted_by\":null,\"created_at\":\"2024-10-09T07:00:53.000000Z\",\"updated_at\":\"2024-10-09T07:02:17.000000Z\",\"deleted_at\":null,\"feature_image\":\"https:\\/\\/dummyimage.com\\/600x300\\/cfcfcf\\/000000.png\",\"media\":[]},{\"id\":3,\"title\":\"VAT\",\"type\":\"Percentage\",\"value\":20,\"status\":1,\"created_by\":2,\"updated_by\":2,\"deleted_by\":null,\"created_at\":\"2024-10-09T07:04:57.000000Z\",\"updated_at\":\"2024-10-09T07:04:57.000000Z\",\"deleted_at\":null,\"feature_image\":\"https:\\/\\/dummyimage.com\\/600x300\\/cfcfcf\\/000000.png\",\"media\":[]}]', NULL, 23, 23, NULL, NULL, '2026-03-02 12:24:35', '2026-03-02 12:24:35'),
(18, 21, 23, 7.35, 'stripe', 'paid', 'pi_3T6VaIHTAHWwyrB60fvdbghR', '[{\"id\":1,\"title\":\"GST\",\"type\":\"Percentage\",\"value\":18,\"status\":1,\"created_by\":2,\"updated_by\":2,\"deleted_by\":null,\"created_at\":\"2024-10-09T07:00:27.000000Z\",\"updated_at\":\"2024-10-09T07:00:27.000000Z\",\"deleted_at\":null,\"feature_image\":\"https:\\/\\/dummyimage.com\\/600x300\\/cfcfcf\\/000000.png\",\"media\":[]},{\"id\":2,\"title\":\"CGST\",\"type\":\"Percentage\",\"value\":9,\"status\":1,\"created_by\":2,\"updated_by\":2,\"deleted_by\":null,\"created_at\":\"2024-10-09T07:00:53.000000Z\",\"updated_at\":\"2024-10-09T07:02:17.000000Z\",\"deleted_at\":null,\"feature_image\":\"https:\\/\\/dummyimage.com\\/600x300\\/cfcfcf\\/000000.png\",\"media\":[]},{\"id\":3,\"title\":\"VAT\",\"type\":\"Percentage\",\"value\":20,\"status\":1,\"created_by\":2,\"updated_by\":2,\"deleted_by\":null,\"created_at\":\"2024-10-09T07:04:57.000000Z\",\"updated_at\":\"2024-10-09T07:04:57.000000Z\",\"deleted_at\":null,\"feature_image\":\"https:\\/\\/dummyimage.com\\/600x300\\/cfcfcf\\/000000.png\",\"media\":[]}]', NULL, 23, 23, NULL, NULL, '2026-03-02 12:28:30', '2026-03-02 12:28:30'),
(19, 22, 23, 500, 'stripe', 'paid', 'pi_3T6kb2HTAHWwyrB60yvoVF8n', '[{\"id\":1,\"title\":\"GST\",\"type\":\"Percentage\",\"value\":18,\"status\":1,\"created_by\":2,\"updated_by\":2,\"deleted_by\":null,\"created_at\":\"2024-10-09T07:00:27.000000Z\",\"updated_at\":\"2024-10-09T07:00:27.000000Z\",\"deleted_at\":null,\"feature_image\":\"https:\\/\\/dummyimage.com\\/600x300\\/cfcfcf\\/000000.png\",\"media\":[]},{\"id\":2,\"title\":\"CGST\",\"type\":\"Percentage\",\"value\":9,\"status\":1,\"created_by\":2,\"updated_by\":2,\"deleted_by\":null,\"created_at\":\"2024-10-09T07:00:53.000000Z\",\"updated_at\":\"2024-10-09T07:02:17.000000Z\",\"deleted_at\":null,\"feature_image\":\"https:\\/\\/dummyimage.com\\/600x300\\/cfcfcf\\/000000.png\",\"media\":[]},{\"id\":3,\"title\":\"VAT\",\"type\":\"Percentage\",\"value\":20,\"status\":1,\"created_by\":2,\"updated_by\":2,\"deleted_by\":null,\"created_at\":\"2024-10-09T07:04:57.000000Z\",\"updated_at\":\"2024-10-09T07:04:57.000000Z\",\"deleted_at\":null,\"feature_image\":\"https:\\/\\/dummyimage.com\\/600x300\\/cfcfcf\\/000000.png\",\"media\":[]}]', NULL, 23, 23, NULL, NULL, '2026-03-03 04:30:37', '2026-03-03 04:30:37'),
(20, 23, 23, 20, 'stripe', 'paid', 'pi_3T6ks8HTAHWwyrB60PXbm5IK', '[{\"id\":1,\"title\":\"GST\",\"type\":\"Percentage\",\"value\":18,\"status\":1,\"created_by\":2,\"updated_by\":2,\"deleted_by\":null,\"created_at\":\"2024-10-09T07:00:27.000000Z\",\"updated_at\":\"2024-10-09T07:00:27.000000Z\",\"deleted_at\":null,\"feature_image\":\"https:\\/\\/dummyimage.com\\/600x300\\/cfcfcf\\/000000.png\",\"media\":[]},{\"id\":2,\"title\":\"CGST\",\"type\":\"Percentage\",\"value\":9,\"status\":1,\"created_by\":2,\"updated_by\":2,\"deleted_by\":null,\"created_at\":\"2024-10-09T07:00:53.000000Z\",\"updated_at\":\"2024-10-09T07:02:17.000000Z\",\"deleted_at\":null,\"feature_image\":\"https:\\/\\/dummyimage.com\\/600x300\\/cfcfcf\\/000000.png\",\"media\":[]},{\"id\":3,\"title\":\"VAT\",\"type\":\"Percentage\",\"value\":20,\"status\":1,\"created_by\":2,\"updated_by\":2,\"deleted_by\":null,\"created_at\":\"2024-10-09T07:04:57.000000Z\",\"updated_at\":\"2024-10-09T07:04:57.000000Z\",\"deleted_at\":null,\"feature_image\":\"https:\\/\\/dummyimage.com\\/600x300\\/cfcfcf\\/000000.png\",\"media\":[]}]', NULL, 23, 23, NULL, NULL, '2026-03-03 04:48:13', '2026-03-03 04:48:13'),
(21, 24, 22, 5, 'stripe', 'paid', 'pi_3T6mPRHTAHWwyrB617W8AxQT', '[{\"id\":1,\"title\":\"GST\",\"type\":\"Percentage\",\"value\":18,\"status\":1,\"created_by\":2,\"updated_by\":2,\"deleted_by\":null,\"created_at\":\"2024-10-09T07:00:27.000000Z\",\"updated_at\":\"2024-10-09T07:00:27.000000Z\",\"deleted_at\":null,\"feature_image\":\"https:\\/\\/dummyimage.com\\/600x300\\/cfcfcf\\/000000.png\",\"media\":[]},{\"id\":2,\"title\":\"CGST\",\"type\":\"Percentage\",\"value\":9,\"status\":1,\"created_by\":2,\"updated_by\":2,\"deleted_by\":null,\"created_at\":\"2024-10-09T07:00:53.000000Z\",\"updated_at\":\"2024-10-09T07:02:17.000000Z\",\"deleted_at\":null,\"feature_image\":\"https:\\/\\/dummyimage.com\\/600x300\\/cfcfcf\\/000000.png\",\"media\":[]},{\"id\":3,\"title\":\"VAT\",\"type\":\"Percentage\",\"value\":20,\"status\":1,\"created_by\":2,\"updated_by\":2,\"deleted_by\":null,\"created_at\":\"2024-10-09T07:04:57.000000Z\",\"updated_at\":\"2024-10-09T07:04:57.000000Z\",\"deleted_at\":null,\"feature_image\":\"https:\\/\\/dummyimage.com\\/600x300\\/cfcfcf\\/000000.png\",\"media\":[]}]', NULL, 22, 22, NULL, NULL, '2026-03-03 06:26:52', '2026-03-03 06:26:52'),
(22, 25, 23, 500, 'stripe', 'paid', 'pi_3T6mVOHTAHWwyrB60PFeYux9', '[{\"id\":1,\"title\":\"GST\",\"type\":\"Percentage\",\"value\":18,\"status\":1,\"created_by\":2,\"updated_by\":2,\"deleted_by\":null,\"created_at\":\"2024-10-09T07:00:27.000000Z\",\"updated_at\":\"2024-10-09T07:00:27.000000Z\",\"deleted_at\":null,\"feature_image\":\"https:\\/\\/dummyimage.com\\/600x300\\/cfcfcf\\/000000.png\",\"media\":[]},{\"id\":2,\"title\":\"CGST\",\"type\":\"Percentage\",\"value\":9,\"status\":1,\"created_by\":2,\"updated_by\":2,\"deleted_by\":null,\"created_at\":\"2024-10-09T07:00:53.000000Z\",\"updated_at\":\"2024-10-09T07:02:17.000000Z\",\"deleted_at\":null,\"feature_image\":\"https:\\/\\/dummyimage.com\\/600x300\\/cfcfcf\\/000000.png\",\"media\":[]},{\"id\":3,\"title\":\"VAT\",\"type\":\"Percentage\",\"value\":20,\"status\":1,\"created_by\":2,\"updated_by\":2,\"deleted_by\":null,\"created_at\":\"2024-10-09T07:04:57.000000Z\",\"updated_at\":\"2024-10-09T07:04:57.000000Z\",\"deleted_at\":null,\"feature_image\":\"https:\\/\\/dummyimage.com\\/600x300\\/cfcfcf\\/000000.png\",\"media\":[]}]', NULL, 23, 23, NULL, NULL, '2026-03-03 06:32:55', '2026-03-03 06:32:55'),
(23, 26, 23, 200, 'stripe', 'paid', 'pi_3T6mdqHTAHWwyrB60vmfSUYM', '[{\"id\":1,\"title\":\"GST\",\"type\":\"Percentage\",\"value\":18,\"status\":1,\"created_by\":2,\"updated_by\":2,\"deleted_by\":null,\"created_at\":\"2024-10-09T07:00:27.000000Z\",\"updated_at\":\"2024-10-09T07:00:27.000000Z\",\"deleted_at\":null,\"feature_image\":\"https:\\/\\/dummyimage.com\\/600x300\\/cfcfcf\\/000000.png\",\"media\":[]},{\"id\":2,\"title\":\"CGST\",\"type\":\"Percentage\",\"value\":9,\"status\":1,\"created_by\":2,\"updated_by\":2,\"deleted_by\":null,\"created_at\":\"2024-10-09T07:00:53.000000Z\",\"updated_at\":\"2024-10-09T07:02:17.000000Z\",\"deleted_at\":null,\"feature_image\":\"https:\\/\\/dummyimage.com\\/600x300\\/cfcfcf\\/000000.png\",\"media\":[]},{\"id\":3,\"title\":\"VAT\",\"type\":\"Percentage\",\"value\":20,\"status\":1,\"created_by\":2,\"updated_by\":2,\"deleted_by\":null,\"created_at\":\"2024-10-09T07:04:57.000000Z\",\"updated_at\":\"2024-10-09T07:04:57.000000Z\",\"deleted_at\":null,\"feature_image\":\"https:\\/\\/dummyimage.com\\/600x300\\/cfcfcf\\/000000.png\",\"media\":[]}]', NULL, 23, 23, NULL, NULL, '2026-03-03 06:41:37', '2026-03-03 06:41:37'),
(24, 27, 23, 500, 'stripe', 'paid', 'pi_3T6mfAHTAHWwyrB61rLKQriD', '[{\"id\":1,\"title\":\"GST\",\"type\":\"Percentage\",\"value\":18,\"status\":1,\"created_by\":2,\"updated_by\":2,\"deleted_by\":null,\"created_at\":\"2024-10-09T07:00:27.000000Z\",\"updated_at\":\"2024-10-09T07:00:27.000000Z\",\"deleted_at\":null,\"feature_image\":\"https:\\/\\/dummyimage.com\\/600x300\\/cfcfcf\\/000000.png\",\"media\":[]},{\"id\":2,\"title\":\"CGST\",\"type\":\"Percentage\",\"value\":9,\"status\":1,\"created_by\":2,\"updated_by\":2,\"deleted_by\":null,\"created_at\":\"2024-10-09T07:00:53.000000Z\",\"updated_at\":\"2024-10-09T07:02:17.000000Z\",\"deleted_at\":null,\"feature_image\":\"https:\\/\\/dummyimage.com\\/600x300\\/cfcfcf\\/000000.png\",\"media\":[]},{\"id\":3,\"title\":\"VAT\",\"type\":\"Percentage\",\"value\":20,\"status\":1,\"created_by\":2,\"updated_by\":2,\"deleted_by\":null,\"created_at\":\"2024-10-09T07:04:57.000000Z\",\"updated_at\":\"2024-10-09T07:04:57.000000Z\",\"deleted_at\":null,\"feature_image\":\"https:\\/\\/dummyimage.com\\/600x300\\/cfcfcf\\/000000.png\",\"media\":[]}]', NULL, 23, 23, NULL, NULL, '2026-03-03 06:42:56', '2026-03-03 06:42:56'),
(25, 28, 23, 5, 'stripe', 'paid', 'pi_3T6minHTAHWwyrB60o4CVZXt', '[{\"id\":1,\"title\":\"GST\",\"type\":\"Percentage\",\"value\":18,\"status\":1,\"created_by\":2,\"updated_by\":2,\"deleted_by\":null,\"created_at\":\"2024-10-09T07:00:27.000000Z\",\"updated_at\":\"2024-10-09T07:00:27.000000Z\",\"deleted_at\":null,\"feature_image\":\"https:\\/\\/dummyimage.com\\/600x300\\/cfcfcf\\/000000.png\",\"media\":[]},{\"id\":2,\"title\":\"CGST\",\"type\":\"Percentage\",\"value\":9,\"status\":1,\"created_by\":2,\"updated_by\":2,\"deleted_by\":null,\"created_at\":\"2024-10-09T07:00:53.000000Z\",\"updated_at\":\"2024-10-09T07:02:17.000000Z\",\"deleted_at\":null,\"feature_image\":\"https:\\/\\/dummyimage.com\\/600x300\\/cfcfcf\\/000000.png\",\"media\":[]},{\"id\":3,\"title\":\"VAT\",\"type\":\"Percentage\",\"value\":20,\"status\":1,\"created_by\":2,\"updated_by\":2,\"deleted_by\":null,\"created_at\":\"2024-10-09T07:04:57.000000Z\",\"updated_at\":\"2024-10-09T07:04:57.000000Z\",\"deleted_at\":null,\"feature_image\":\"https:\\/\\/dummyimage.com\\/600x300\\/cfcfcf\\/000000.png\",\"media\":[]}]', NULL, 23, 23, NULL, NULL, '2026-03-03 06:46:42', '2026-03-03 06:46:42'),
(26, 29, 22, 20, 'stripe', 'paid', 'pi_3T6oZAHTAHWwyrB61qebhcDq', '[{\"id\":1,\"title\":\"GST\",\"type\":\"Percentage\",\"value\":18,\"status\":1,\"created_by\":2,\"updated_by\":2,\"deleted_by\":null,\"created_at\":\"2024-10-09T07:00:27.000000Z\",\"updated_at\":\"2024-10-09T07:00:27.000000Z\",\"deleted_at\":null,\"feature_image\":\"https:\\/\\/dummyimage.com\\/600x300\\/cfcfcf\\/000000.png\",\"media\":[]},{\"id\":2,\"title\":\"CGST\",\"type\":\"Percentage\",\"value\":9,\"status\":1,\"created_by\":2,\"updated_by\":2,\"deleted_by\":null,\"created_at\":\"2024-10-09T07:00:53.000000Z\",\"updated_at\":\"2024-10-09T07:02:17.000000Z\",\"deleted_at\":null,\"feature_image\":\"https:\\/\\/dummyimage.com\\/600x300\\/cfcfcf\\/000000.png\",\"media\":[]},{\"id\":3,\"title\":\"VAT\",\"type\":\"Percentage\",\"value\":20,\"status\":1,\"created_by\":2,\"updated_by\":2,\"deleted_by\":null,\"created_at\":\"2024-10-09T07:04:57.000000Z\",\"updated_at\":\"2024-10-09T07:04:57.000000Z\",\"deleted_at\":null,\"feature_image\":\"https:\\/\\/dummyimage.com\\/600x300\\/cfcfcf\\/000000.png\",\"media\":[]}]', NULL, 22, 22, NULL, NULL, '2026-03-03 08:45:05', '2026-03-03 08:45:05'),
(27, 30, 22, 50, 'stripe', 'paid', 'pi_3T6oduHTAHWwyrB608kuSu4h', '[{\"id\":1,\"title\":\"GST\",\"type\":\"Percentage\",\"value\":18,\"status\":1,\"created_by\":2,\"updated_by\":2,\"deleted_by\":null,\"created_at\":\"2024-10-09T07:00:27.000000Z\",\"updated_at\":\"2024-10-09T07:00:27.000000Z\",\"deleted_at\":null,\"feature_image\":\"https:\\/\\/dummyimage.com\\/600x300\\/cfcfcf\\/000000.png\",\"media\":[]},{\"id\":2,\"title\":\"CGST\",\"type\":\"Percentage\",\"value\":9,\"status\":1,\"created_by\":2,\"updated_by\":2,\"deleted_by\":null,\"created_at\":\"2024-10-09T07:00:53.000000Z\",\"updated_at\":\"2024-10-09T07:02:17.000000Z\",\"deleted_at\":null,\"feature_image\":\"https:\\/\\/dummyimage.com\\/600x300\\/cfcfcf\\/000000.png\",\"media\":[]},{\"id\":3,\"title\":\"VAT\",\"type\":\"Percentage\",\"value\":20,\"status\":1,\"created_by\":2,\"updated_by\":2,\"deleted_by\":null,\"created_at\":\"2024-10-09T07:04:57.000000Z\",\"updated_at\":\"2024-10-09T07:04:57.000000Z\",\"deleted_at\":null,\"feature_image\":\"https:\\/\\/dummyimage.com\\/600x300\\/cfcfcf\\/000000.png\",\"media\":[]}]', NULL, 22, 22, NULL, NULL, '2026-03-03 08:49:42', '2026-03-03 08:49:42'),
(28, 31, 22, 50, 'stripe', 'paid', 'pi_3T6oeZHTAHWwyrB61WuagC8Z', '[{\"id\":1,\"title\":\"GST\",\"type\":\"Percentage\",\"value\":18,\"status\":1,\"created_by\":2,\"updated_by\":2,\"deleted_by\":null,\"created_at\":\"2024-10-09T07:00:27.000000Z\",\"updated_at\":\"2024-10-09T07:00:27.000000Z\",\"deleted_at\":null,\"feature_image\":\"https:\\/\\/dummyimage.com\\/600x300\\/cfcfcf\\/000000.png\",\"media\":[]},{\"id\":2,\"title\":\"CGST\",\"type\":\"Percentage\",\"value\":9,\"status\":1,\"created_by\":2,\"updated_by\":2,\"deleted_by\":null,\"created_at\":\"2024-10-09T07:00:53.000000Z\",\"updated_at\":\"2024-10-09T07:02:17.000000Z\",\"deleted_at\":null,\"feature_image\":\"https:\\/\\/dummyimage.com\\/600x300\\/cfcfcf\\/000000.png\",\"media\":[]},{\"id\":3,\"title\":\"VAT\",\"type\":\"Percentage\",\"value\":20,\"status\":1,\"created_by\":2,\"updated_by\":2,\"deleted_by\":null,\"created_at\":\"2024-10-09T07:04:57.000000Z\",\"updated_at\":\"2024-10-09T07:04:57.000000Z\",\"deleted_at\":null,\"feature_image\":\"https:\\/\\/dummyimage.com\\/600x300\\/cfcfcf\\/000000.png\",\"media\":[]}]', NULL, 22, 22, NULL, NULL, '2026-03-03 08:50:25', '2026-03-03 08:50:25'),
(29, 32, 23, 551.25, 'stripe', 'paid', 'pi_3T6okAHTAHWwyrB6144DwUOg', '[{\"id\":1,\"title\":\"GST\",\"type\":\"Percentage\",\"value\":18,\"status\":1,\"created_by\":2,\"updated_by\":2,\"deleted_by\":null,\"created_at\":\"2024-10-09T07:00:27.000000Z\",\"updated_at\":\"2024-10-09T07:00:27.000000Z\",\"deleted_at\":null,\"feature_image\":\"https:\\/\\/dummyimage.com\\/600x300\\/cfcfcf\\/000000.png\",\"media\":[]},{\"id\":2,\"title\":\"CGST\",\"type\":\"Percentage\",\"value\":9,\"status\":1,\"created_by\":2,\"updated_by\":2,\"deleted_by\":null,\"created_at\":\"2024-10-09T07:00:53.000000Z\",\"updated_at\":\"2024-10-09T07:02:17.000000Z\",\"deleted_at\":null,\"feature_image\":\"https:\\/\\/dummyimage.com\\/600x300\\/cfcfcf\\/000000.png\",\"media\":[]},{\"id\":3,\"title\":\"VAT\",\"type\":\"Percentage\",\"value\":20,\"status\":1,\"created_by\":2,\"updated_by\":2,\"deleted_by\":null,\"created_at\":\"2024-10-09T07:04:57.000000Z\",\"updated_at\":\"2024-10-09T07:04:57.000000Z\",\"deleted_at\":null,\"feature_image\":\"https:\\/\\/dummyimage.com\\/600x300\\/cfcfcf\\/000000.png\",\"media\":[]}]', NULL, 23, 23, NULL, NULL, '2026-03-03 08:55:58', '2026-03-03 08:55:58'),
(30, 33, 22, 100, 'stripe', 'paid', 'pi_3T6owQHTAHWwyrB60cs7bA15', '[{\"id\":1,\"title\":\"GST\",\"type\":\"Percentage\",\"value\":18,\"status\":1,\"created_by\":2,\"updated_by\":2,\"deleted_by\":null,\"created_at\":\"2024-10-09T07:00:27.000000Z\",\"updated_at\":\"2024-10-09T07:00:27.000000Z\",\"deleted_at\":null,\"feature_image\":\"https:\\/\\/dummyimage.com\\/600x300\\/cfcfcf\\/000000.png\",\"media\":[]},{\"id\":2,\"title\":\"CGST\",\"type\":\"Percentage\",\"value\":9,\"status\":1,\"created_by\":2,\"updated_by\":2,\"deleted_by\":null,\"created_at\":\"2024-10-09T07:00:53.000000Z\",\"updated_at\":\"2024-10-09T07:02:17.000000Z\",\"deleted_at\":null,\"feature_image\":\"https:\\/\\/dummyimage.com\\/600x300\\/cfcfcf\\/000000.png\",\"media\":[]},{\"id\":3,\"title\":\"VAT\",\"type\":\"Percentage\",\"value\":20,\"status\":1,\"created_by\":2,\"updated_by\":2,\"deleted_by\":null,\"created_at\":\"2024-10-09T07:04:57.000000Z\",\"updated_at\":\"2024-10-09T07:04:57.000000Z\",\"deleted_at\":null,\"feature_image\":\"https:\\/\\/dummyimage.com\\/600x300\\/cfcfcf\\/000000.png\",\"media\":[]}]', NULL, 22, 22, NULL, NULL, '2026-03-03 09:08:51', '2026-03-03 09:08:51'),
(31, 34, 22, 200, 'stripe', 'paid', 'pi_3T6oxbHTAHWwyrB61o30TuGc', '[{\"id\":1,\"title\":\"GST\",\"type\":\"Percentage\",\"value\":18,\"status\":1,\"created_by\":2,\"updated_by\":2,\"deleted_by\":null,\"created_at\":\"2024-10-09T07:00:27.000000Z\",\"updated_at\":\"2024-10-09T07:00:27.000000Z\",\"deleted_at\":null,\"feature_image\":\"https:\\/\\/dummyimage.com\\/600x300\\/cfcfcf\\/000000.png\",\"media\":[]},{\"id\":2,\"title\":\"CGST\",\"type\":\"Percentage\",\"value\":9,\"status\":1,\"created_by\":2,\"updated_by\":2,\"deleted_by\":null,\"created_at\":\"2024-10-09T07:00:53.000000Z\",\"updated_at\":\"2024-10-09T07:02:17.000000Z\",\"deleted_at\":null,\"feature_image\":\"https:\\/\\/dummyimage.com\\/600x300\\/cfcfcf\\/000000.png\",\"media\":[]},{\"id\":3,\"title\":\"VAT\",\"type\":\"Percentage\",\"value\":20,\"status\":1,\"created_by\":2,\"updated_by\":2,\"deleted_by\":null,\"created_at\":\"2024-10-09T07:04:57.000000Z\",\"updated_at\":\"2024-10-09T07:04:57.000000Z\",\"deleted_at\":null,\"feature_image\":\"https:\\/\\/dummyimage.com\\/600x300\\/cfcfcf\\/000000.png\",\"media\":[]}]', NULL, 22, 22, NULL, NULL, '2026-03-03 09:10:03', '2026-03-03 09:10:03'),
(32, 35, 22, 500, 'stripe', 'paid', 'pi_3T6oyjHTAHWwyrB61oAYQfxO', '[{\"id\":1,\"title\":\"GST\",\"type\":\"Percentage\",\"value\":18,\"status\":1,\"created_by\":2,\"updated_by\":2,\"deleted_by\":null,\"created_at\":\"2024-10-09T07:00:27.000000Z\",\"updated_at\":\"2024-10-09T07:00:27.000000Z\",\"deleted_at\":null,\"feature_image\":\"https:\\/\\/dummyimage.com\\/600x300\\/cfcfcf\\/000000.png\",\"media\":[]},{\"id\":2,\"title\":\"CGST\",\"type\":\"Percentage\",\"value\":9,\"status\":1,\"created_by\":2,\"updated_by\":2,\"deleted_by\":null,\"created_at\":\"2024-10-09T07:00:53.000000Z\",\"updated_at\":\"2024-10-09T07:02:17.000000Z\",\"deleted_at\":null,\"feature_image\":\"https:\\/\\/dummyimage.com\\/600x300\\/cfcfcf\\/000000.png\",\"media\":[]},{\"id\":3,\"title\":\"VAT\",\"type\":\"Percentage\",\"value\":20,\"status\":1,\"created_by\":2,\"updated_by\":2,\"deleted_by\":null,\"created_at\":\"2024-10-09T07:04:57.000000Z\",\"updated_at\":\"2024-10-09T07:04:57.000000Z\",\"deleted_at\":null,\"feature_image\":\"https:\\/\\/dummyimage.com\\/600x300\\/cfcfcf\\/000000.png\",\"media\":[]}]', NULL, 22, 22, NULL, NULL, '2026-03-03 09:11:12', '2026-03-03 09:11:12'),
(33, 36, 21, 5, 'stripe', 'paid', 'pi_3T7ScwHTAHWwyrB61tQCEYLY', '[{\"id\":1,\"title\":\"GST\",\"type\":\"Percentage\",\"value\":18,\"status\":1,\"created_by\":2,\"updated_by\":2,\"deleted_by\":null,\"created_at\":\"2024-10-09T12:30:27.000000Z\",\"updated_at\":\"2024-10-09T12:30:27.000000Z\",\"deleted_at\":null,\"feature_image\":\"https:\\/\\/dummyimage.com\\/600x300\\/cfcfcf\\/000000.png\",\"media\":[]},{\"id\":2,\"title\":\"CGST\",\"type\":\"Percentage\",\"value\":9,\"status\":1,\"created_by\":2,\"updated_by\":2,\"deleted_by\":null,\"created_at\":\"2024-10-09T12:30:53.000000Z\",\"updated_at\":\"2024-10-09T12:32:17.000000Z\",\"deleted_at\":null,\"feature_image\":\"https:\\/\\/dummyimage.com\\/600x300\\/cfcfcf\\/000000.png\",\"media\":[]},{\"id\":3,\"title\":\"VAT\",\"type\":\"Percentage\",\"value\":20,\"status\":1,\"created_by\":2,\"updated_by\":2,\"deleted_by\":null,\"created_at\":\"2024-10-09T12:34:57.000000Z\",\"updated_at\":\"2024-10-09T12:34:57.000000Z\",\"deleted_at\":null,\"feature_image\":\"https:\\/\\/dummyimage.com\\/600x300\\/cfcfcf\\/000000.png\",\"media\":[]}]', NULL, 21, 21, NULL, NULL, '2026-03-04 22:01:25', '2026-03-04 22:01:25'),
(34, 37, 22, 5, 'stripe', 'paid', 'pi_3T7SjJHTAHWwyrB61HlHeYPs', '[{\"id\":1,\"title\":\"GST\",\"type\":\"Percentage\",\"value\":18,\"status\":1,\"created_by\":2,\"updated_by\":2,\"deleted_by\":null,\"created_at\":\"2024-10-09T12:30:27.000000Z\",\"updated_at\":\"2024-10-09T12:30:27.000000Z\",\"deleted_at\":null,\"feature_image\":\"https:\\/\\/dummyimage.com\\/600x300\\/cfcfcf\\/000000.png\",\"media\":[]},{\"id\":2,\"title\":\"CGST\",\"type\":\"Percentage\",\"value\":9,\"status\":1,\"created_by\":2,\"updated_by\":2,\"deleted_by\":null,\"created_at\":\"2024-10-09T12:30:53.000000Z\",\"updated_at\":\"2024-10-09T12:32:17.000000Z\",\"deleted_at\":null,\"feature_image\":\"https:\\/\\/dummyimage.com\\/600x300\\/cfcfcf\\/000000.png\",\"media\":[]},{\"id\":3,\"title\":\"VAT\",\"type\":\"Percentage\",\"value\":20,\"status\":1,\"created_by\":2,\"updated_by\":2,\"deleted_by\":null,\"created_at\":\"2024-10-09T12:34:57.000000Z\",\"updated_at\":\"2024-10-09T12:34:57.000000Z\",\"deleted_at\":null,\"feature_image\":\"https:\\/\\/dummyimage.com\\/600x300\\/cfcfcf\\/000000.png\",\"media\":[]}]', NULL, 22, 22, NULL, NULL, '2026-03-04 22:07:56', '2026-03-04 22:07:56'),
(35, 38, 22, 20, 'stripe', 'paid', 'pi_3T7SkQHTAHWwyrB60lNJ4cDD', '[{\"id\":1,\"title\":\"GST\",\"type\":\"Percentage\",\"value\":18,\"status\":1,\"created_by\":2,\"updated_by\":2,\"deleted_by\":null,\"created_at\":\"2024-10-09T12:30:27.000000Z\",\"updated_at\":\"2024-10-09T12:30:27.000000Z\",\"deleted_at\":null,\"feature_image\":\"https:\\/\\/dummyimage.com\\/600x300\\/cfcfcf\\/000000.png\",\"media\":[]},{\"id\":2,\"title\":\"CGST\",\"type\":\"Percentage\",\"value\":9,\"status\":1,\"created_by\":2,\"updated_by\":2,\"deleted_by\":null,\"created_at\":\"2024-10-09T12:30:53.000000Z\",\"updated_at\":\"2024-10-09T12:32:17.000000Z\",\"deleted_at\":null,\"feature_image\":\"https:\\/\\/dummyimage.com\\/600x300\\/cfcfcf\\/000000.png\",\"media\":[]},{\"id\":3,\"title\":\"VAT\",\"type\":\"Percentage\",\"value\":20,\"status\":1,\"created_by\":2,\"updated_by\":2,\"deleted_by\":null,\"created_at\":\"2024-10-09T12:34:57.000000Z\",\"updated_at\":\"2024-10-09T12:34:57.000000Z\",\"deleted_at\":null,\"feature_image\":\"https:\\/\\/dummyimage.com\\/600x300\\/cfcfcf\\/000000.png\",\"media\":[]}]', NULL, 22, 22, NULL, NULL, '2026-03-04 22:09:06', '2026-03-04 22:09:06'),
(36, 39, 22, 50, 'stripe', 'paid', 'pi_3T7SosHTAHWwyrB61CfHisiH', '[{\"id\":1,\"title\":\"GST\",\"type\":\"Percentage\",\"value\":18,\"status\":1,\"created_by\":2,\"updated_by\":2,\"deleted_by\":null,\"created_at\":\"2024-10-09T12:30:27.000000Z\",\"updated_at\":\"2024-10-09T12:30:27.000000Z\",\"deleted_at\":null,\"feature_image\":\"https:\\/\\/dummyimage.com\\/600x300\\/cfcfcf\\/000000.png\",\"media\":[]},{\"id\":2,\"title\":\"CGST\",\"type\":\"Percentage\",\"value\":9,\"status\":1,\"created_by\":2,\"updated_by\":2,\"deleted_by\":null,\"created_at\":\"2024-10-09T12:30:53.000000Z\",\"updated_at\":\"2024-10-09T12:32:17.000000Z\",\"deleted_at\":null,\"feature_image\":\"https:\\/\\/dummyimage.com\\/600x300\\/cfcfcf\\/000000.png\",\"media\":[]},{\"id\":3,\"title\":\"VAT\",\"type\":\"Percentage\",\"value\":20,\"status\":1,\"created_by\":2,\"updated_by\":2,\"deleted_by\":null,\"created_at\":\"2024-10-09T12:34:57.000000Z\",\"updated_at\":\"2024-10-09T12:34:57.000000Z\",\"deleted_at\":null,\"feature_image\":\"https:\\/\\/dummyimage.com\\/600x300\\/cfcfcf\\/000000.png\",\"media\":[]}]', NULL, 22, 22, NULL, NULL, '2026-03-04 22:13:41', '2026-03-04 22:13:41'),
(37, 40, 22, 100, 'stripe', 'paid', 'pi_3T7SqjHTAHWwyrB61eUUOK1y', '[{\"id\":1,\"title\":\"GST\",\"type\":\"Percentage\",\"value\":18,\"status\":1,\"created_by\":2,\"updated_by\":2,\"deleted_by\":null,\"created_at\":\"2024-10-09T12:30:27.000000Z\",\"updated_at\":\"2024-10-09T12:30:27.000000Z\",\"deleted_at\":null,\"feature_image\":\"https:\\/\\/dummyimage.com\\/600x300\\/cfcfcf\\/000000.png\",\"media\":[]},{\"id\":2,\"title\":\"CGST\",\"type\":\"Percentage\",\"value\":9,\"status\":1,\"created_by\":2,\"updated_by\":2,\"deleted_by\":null,\"created_at\":\"2024-10-09T12:30:53.000000Z\",\"updated_at\":\"2024-10-09T12:32:17.000000Z\",\"deleted_at\":null,\"feature_image\":\"https:\\/\\/dummyimage.com\\/600x300\\/cfcfcf\\/000000.png\",\"media\":[]},{\"id\":3,\"title\":\"VAT\",\"type\":\"Percentage\",\"value\":20,\"status\":1,\"created_by\":2,\"updated_by\":2,\"deleted_by\":null,\"created_at\":\"2024-10-09T12:34:57.000000Z\",\"updated_at\":\"2024-10-09T12:34:57.000000Z\",\"deleted_at\":null,\"feature_image\":\"https:\\/\\/dummyimage.com\\/600x300\\/cfcfcf\\/000000.png\",\"media\":[]}]', NULL, 22, 22, NULL, NULL, '2026-03-04 22:15:37', '2026-03-04 22:15:37'),
(38, 41, 22, 200, 'stripe', 'paid', 'pi_3T7SrlHTAHWwyrB61UaVZ2XA', '[{\"id\":1,\"title\":\"GST\",\"type\":\"Percentage\",\"value\":18,\"status\":1,\"created_by\":2,\"updated_by\":2,\"deleted_by\":null,\"created_at\":\"2024-10-09T12:30:27.000000Z\",\"updated_at\":\"2024-10-09T12:30:27.000000Z\",\"deleted_at\":null,\"feature_image\":\"https:\\/\\/dummyimage.com\\/600x300\\/cfcfcf\\/000000.png\",\"media\":[]},{\"id\":2,\"title\":\"CGST\",\"type\":\"Percentage\",\"value\":9,\"status\":1,\"created_by\":2,\"updated_by\":2,\"deleted_by\":null,\"created_at\":\"2024-10-09T12:30:53.000000Z\",\"updated_at\":\"2024-10-09T12:32:17.000000Z\",\"deleted_at\":null,\"feature_image\":\"https:\\/\\/dummyimage.com\\/600x300\\/cfcfcf\\/000000.png\",\"media\":[]},{\"id\":3,\"title\":\"VAT\",\"type\":\"Percentage\",\"value\":20,\"status\":1,\"created_by\":2,\"updated_by\":2,\"deleted_by\":null,\"created_at\":\"2024-10-09T12:34:57.000000Z\",\"updated_at\":\"2024-10-09T12:34:57.000000Z\",\"deleted_at\":null,\"feature_image\":\"https:\\/\\/dummyimage.com\\/600x300\\/cfcfcf\\/000000.png\",\"media\":[]}]', NULL, 22, 22, NULL, NULL, '2026-03-04 22:16:38', '2026-03-04 22:16:38'),
(39, 42, 22, 500, 'stripe', 'paid', 'pi_3T7St6HTAHWwyrB612epOpcm', '[{\"id\":1,\"title\":\"GST\",\"type\":\"Percentage\",\"value\":18,\"status\":1,\"created_by\":2,\"updated_by\":2,\"deleted_by\":null,\"created_at\":\"2024-10-09T12:30:27.000000Z\",\"updated_at\":\"2024-10-09T12:30:27.000000Z\",\"deleted_at\":null,\"feature_image\":\"https:\\/\\/dummyimage.com\\/600x300\\/cfcfcf\\/000000.png\",\"media\":[]},{\"id\":2,\"title\":\"CGST\",\"type\":\"Percentage\",\"value\":9,\"status\":1,\"created_by\":2,\"updated_by\":2,\"deleted_by\":null,\"created_at\":\"2024-10-09T12:30:53.000000Z\",\"updated_at\":\"2024-10-09T12:32:17.000000Z\",\"deleted_at\":null,\"feature_image\":\"https:\\/\\/dummyimage.com\\/600x300\\/cfcfcf\\/000000.png\",\"media\":[]},{\"id\":3,\"title\":\"VAT\",\"type\":\"Percentage\",\"value\":20,\"status\":1,\"created_by\":2,\"updated_by\":2,\"deleted_by\":null,\"created_at\":\"2024-10-09T12:34:57.000000Z\",\"updated_at\":\"2024-10-09T12:34:57.000000Z\",\"deleted_at\":null,\"feature_image\":\"https:\\/\\/dummyimage.com\\/600x300\\/cfcfcf\\/000000.png\",\"media\":[]}]', NULL, 22, 22, NULL, NULL, '2026-03-04 22:18:03', '2026-03-04 22:18:03'),
(40, 43, 27, 500, 'stripe', 'paid', 'pi_3T7TzJHTAHWwyrB60yQvZwli', '[{\"id\":1,\"title\":\"GST\",\"type\":\"Percentage\",\"value\":18,\"status\":1,\"created_by\":2,\"updated_by\":2,\"deleted_by\":null,\"created_at\":\"2024-10-09T12:30:27.000000Z\",\"updated_at\":\"2024-10-09T12:30:27.000000Z\",\"deleted_at\":null,\"feature_image\":\"https:\\/\\/dummyimage.com\\/600x300\\/cfcfcf\\/000000.png\",\"media\":[]},{\"id\":2,\"title\":\"CGST\",\"type\":\"Percentage\",\"value\":9,\"status\":1,\"created_by\":2,\"updated_by\":2,\"deleted_by\":null,\"created_at\":\"2024-10-09T12:30:53.000000Z\",\"updated_at\":\"2024-10-09T12:32:17.000000Z\",\"deleted_at\":null,\"feature_image\":\"https:\\/\\/dummyimage.com\\/600x300\\/cfcfcf\\/000000.png\",\"media\":[]},{\"id\":3,\"title\":\"VAT\",\"type\":\"Percentage\",\"value\":20,\"status\":1,\"created_by\":2,\"updated_by\":2,\"deleted_by\":null,\"created_at\":\"2024-10-09T12:34:57.000000Z\",\"updated_at\":\"2024-10-09T12:34:57.000000Z\",\"deleted_at\":null,\"feature_image\":\"https:\\/\\/dummyimage.com\\/600x300\\/cfcfcf\\/000000.png\",\"media\":[]}]', NULL, 27, 27, NULL, NULL, '2026-03-04 23:28:42', '2026-03-04 23:28:42'),
(41, 44, 27, 5, 'stripe', 'paid', 'pi_3T7UFgHTAHWwyrB60JOwgx5Z', '[{\"id\":1,\"title\":\"GST\",\"type\":\"Percentage\",\"value\":18,\"status\":1,\"created_by\":2,\"updated_by\":2,\"deleted_by\":null,\"created_at\":\"2024-10-09T12:30:27.000000Z\",\"updated_at\":\"2024-10-09T12:30:27.000000Z\",\"deleted_at\":null,\"feature_image\":\"https:\\/\\/dummyimage.com\\/600x300\\/cfcfcf\\/000000.png\",\"media\":[]},{\"id\":2,\"title\":\"CGST\",\"type\":\"Percentage\",\"value\":9,\"status\":1,\"created_by\":2,\"updated_by\":2,\"deleted_by\":null,\"created_at\":\"2024-10-09T12:30:53.000000Z\",\"updated_at\":\"2024-10-09T12:32:17.000000Z\",\"deleted_at\":null,\"feature_image\":\"https:\\/\\/dummyimage.com\\/600x300\\/cfcfcf\\/000000.png\",\"media\":[]},{\"id\":3,\"title\":\"VAT\",\"type\":\"Percentage\",\"value\":20,\"status\":1,\"created_by\":2,\"updated_by\":2,\"deleted_by\":null,\"created_at\":\"2024-10-09T12:34:57.000000Z\",\"updated_at\":\"2024-10-09T12:34:57.000000Z\",\"deleted_at\":null,\"feature_image\":\"https:\\/\\/dummyimage.com\\/600x300\\/cfcfcf\\/000000.png\",\"media\":[]}]', NULL, 27, 27, NULL, NULL, '2026-03-04 23:45:40', '2026-03-04 23:45:40'),
(42, 45, 22, 200, 'stripe', 'paid', 'pi_3T7XYKHTAHWwyrB60oQyyY72', '[{\"id\":1,\"title\":\"GST\",\"type\":\"Percentage\",\"value\":18,\"status\":1,\"created_by\":2,\"updated_by\":2,\"deleted_by\":null,\"created_at\":\"2024-10-09T12:30:27.000000Z\",\"updated_at\":\"2024-10-09T12:30:27.000000Z\",\"deleted_at\":null,\"feature_image\":\"https:\\/\\/dummyimage.com\\/600x300\\/cfcfcf\\/000000.png\",\"media\":[]},{\"id\":2,\"title\":\"CGST\",\"type\":\"Percentage\",\"value\":9,\"status\":1,\"created_by\":2,\"updated_by\":2,\"deleted_by\":null,\"created_at\":\"2024-10-09T12:30:53.000000Z\",\"updated_at\":\"2024-10-09T12:32:17.000000Z\",\"deleted_at\":null,\"feature_image\":\"https:\\/\\/dummyimage.com\\/600x300\\/cfcfcf\\/000000.png\",\"media\":[]},{\"id\":3,\"title\":\"VAT\",\"type\":\"Percentage\",\"value\":20,\"status\":1,\"created_by\":2,\"updated_by\":2,\"deleted_by\":null,\"created_at\":\"2024-10-09T12:34:57.000000Z\",\"updated_at\":\"2024-10-09T12:34:57.000000Z\",\"deleted_at\":null,\"feature_image\":\"https:\\/\\/dummyimage.com\\/600x300\\/cfcfcf\\/000000.png\",\"media\":[]}]', NULL, 22, 22, NULL, NULL, '2026-03-05 03:17:04', '2026-03-05 03:17:04'),
(43, 46, 22, 5, 'stripe', 'paid', 'pi_3T7XwDHTAHWwyrB61lfAUk8J', '[{\"id\":1,\"title\":\"GST\",\"type\":\"Percentage\",\"value\":18,\"status\":1,\"created_by\":2,\"updated_by\":2,\"deleted_by\":null,\"created_at\":\"2024-10-09T12:30:27.000000Z\",\"updated_at\":\"2024-10-09T12:30:27.000000Z\",\"deleted_at\":null,\"feature_image\":\"https:\\/\\/dummyimage.com\\/600x300\\/cfcfcf\\/000000.png\",\"media\":[]},{\"id\":2,\"title\":\"CGST\",\"type\":\"Percentage\",\"value\":9,\"status\":1,\"created_by\":2,\"updated_by\":2,\"deleted_by\":null,\"created_at\":\"2024-10-09T12:30:53.000000Z\",\"updated_at\":\"2024-10-09T12:32:17.000000Z\",\"deleted_at\":null,\"feature_image\":\"https:\\/\\/dummyimage.com\\/600x300\\/cfcfcf\\/000000.png\",\"media\":[]},{\"id\":3,\"title\":\"VAT\",\"type\":\"Percentage\",\"value\":20,\"status\":1,\"created_by\":2,\"updated_by\":2,\"deleted_by\":null,\"created_at\":\"2024-10-09T12:34:57.000000Z\",\"updated_at\":\"2024-10-09T12:34:57.000000Z\",\"deleted_at\":null,\"feature_image\":\"https:\\/\\/dummyimage.com\\/600x300\\/cfcfcf\\/000000.png\",\"media\":[]}]', NULL, 22, 22, NULL, NULL, '2026-03-05 03:41:37', '2026-03-05 03:41:37'),
(44, 47, 22, 500, 'stripe', 'paid', 'pi_3T7XyhHTAHWwyrB60tHKPOa4', '[{\"id\":1,\"title\":\"GST\",\"type\":\"Percentage\",\"value\":18,\"status\":1,\"created_by\":2,\"updated_by\":2,\"deleted_by\":null,\"created_at\":\"2024-10-09T12:30:27.000000Z\",\"updated_at\":\"2024-10-09T12:30:27.000000Z\",\"deleted_at\":null,\"feature_image\":\"https:\\/\\/dummyimage.com\\/600x300\\/cfcfcf\\/000000.png\",\"media\":[]},{\"id\":2,\"title\":\"CGST\",\"type\":\"Percentage\",\"value\":9,\"status\":1,\"created_by\":2,\"updated_by\":2,\"deleted_by\":null,\"created_at\":\"2024-10-09T12:30:53.000000Z\",\"updated_at\":\"2024-10-09T12:32:17.000000Z\",\"deleted_at\":null,\"feature_image\":\"https:\\/\\/dummyimage.com\\/600x300\\/cfcfcf\\/000000.png\",\"media\":[]},{\"id\":3,\"title\":\"VAT\",\"type\":\"Percentage\",\"value\":20,\"status\":1,\"created_by\":2,\"updated_by\":2,\"deleted_by\":null,\"created_at\":\"2024-10-09T12:34:57.000000Z\",\"updated_at\":\"2024-10-09T12:34:57.000000Z\",\"deleted_at\":null,\"feature_image\":\"https:\\/\\/dummyimage.com\\/600x300\\/cfcfcf\\/000000.png\",\"media\":[]}]', NULL, 22, 22, NULL, NULL, '2026-03-05 03:44:24', '2026-03-05 03:44:24');

-- --------------------------------------------------------

--
-- Table structure for table `subtitles`
--

CREATE TABLE `subtitles` (
  `id` bigint(20) UNSIGNED NOT NULL,
  `entertainment_id` bigint(20) UNSIGNED DEFAULT NULL,
  `type` varchar(191) NOT NULL DEFAULT 'movie',
  `language` varchar(191) NOT NULL,
  `language_code` varchar(191) NOT NULL,
  `subtitle_file` varchar(191) NOT NULL,
  `is_default` tinyint(1) NOT NULL DEFAULT 0,
  `created_at` timestamp NULL DEFAULT NULL,
  `updated_at` timestamp NULL DEFAULT NULL,
  `deleted_at` timestamp NULL DEFAULT NULL
) ENGINE=InnoDB DEFAULT CHARSET=utf8mb4 COLLATE=utf8mb4_unicode_ci;

-- --------------------------------------------------------

--
-- Table structure for table `taxes`
--

CREATE TABLE `taxes` (
  `id` bigint(20) UNSIGNED NOT NULL,
  `title` varchar(100) NOT NULL,
  `type` varchar(100) DEFAULT 'percent' COMMENT 'fixed , percent',
  `value` double DEFAULT NULL,
  `status` tinyint(4) DEFAULT NULL,
  `created_by` int(10) UNSIGNED DEFAULT NULL,
  `updated_by` int(10) UNSIGNED DEFAULT NULL,
  `deleted_by` int(10) UNSIGNED DEFAULT NULL,
  `created_at` timestamp NULL DEFAULT NULL,
  `updated_at` timestamp NULL DEFAULT NULL,
  `deleted_at` timestamp NULL DEFAULT NULL
) ENGINE=InnoDB DEFAULT CHARSET=utf8mb4 COLLATE=utf8mb4_unicode_ci;

--
-- Dumping data for table `taxes`
--

INSERT INTO `taxes` (`id`, `title`, `type`, `value`, `status`, `created_by`, `updated_by`, `deleted_by`, `created_at`, `updated_at`, `deleted_at`) VALUES
(1, 'GST', 'Percentage', 18, 1, 2, 2, NULL, '2024-10-09 07:00:27', '2024-10-09 07:00:27', NULL),
(2, 'CGST', 'Percentage', 9, 1, 2, 2, NULL, '2024-10-09 07:00:53', '2024-10-09 07:02:17', NULL),
(3, 'VAT', 'Percentage', 20, 1, 2, 2, NULL, '2024-10-09 07:04:57', '2024-10-09 07:04:57', NULL);

-- --------------------------------------------------------

--
-- Table structure for table `tv_login_sessions`
--

CREATE TABLE `tv_login_sessions` (
  `id` bigint(20) UNSIGNED NOT NULL,
  `session_id` char(36) NOT NULL,
  `user_id` bigint(20) UNSIGNED DEFAULT NULL,
  `confirmed_at` timestamp NULL DEFAULT NULL,
  `expires_at` timestamp NOT NULL DEFAULT '0000-00-00 00:00:00',
  `created_at` timestamp NULL DEFAULT NULL,
  `updated_at` timestamp NULL DEFAULT NULL
) ENGINE=InnoDB DEFAULT CHARSET=utf8mb4 COLLATE=utf8mb4_unicode_ci;

-- --------------------------------------------------------

--
-- Table structure for table `user_coupon_redeem`
--

CREATE TABLE `user_coupon_redeem` (
  `id` bigint(20) UNSIGNED NOT NULL,
  `coupon_code` varchar(191) NOT NULL,
  `discount` double NOT NULL,
  `user_id` int(11) NOT NULL,
  `coupon_id` int(11) NOT NULL,
  `booking_id` int(11) NOT NULL,
  `created_by` int(10) UNSIGNED DEFAULT NULL,
  `updated_by` int(10) UNSIGNED DEFAULT NULL,
  `created_at` timestamp NULL DEFAULT NULL,
  `updated_at` timestamp NULL DEFAULT NULL
) ENGINE=InnoDB DEFAULT CHARSET=utf8mb4 COLLATE=utf8mb4_unicode_ci;

-- --------------------------------------------------------

--
-- Table structure for table `user_multi_profiles`
--

CREATE TABLE `user_multi_profiles` (
  `id` bigint(20) UNSIGNED NOT NULL,
  `user_id` bigint(20) UNSIGNED NOT NULL,
  `name` varchar(191) NOT NULL,
  `avatar` varchar(191) DEFAULT NULL,
  `is_child_profile` tinyint(1) NOT NULL DEFAULT 0,
  `created_by` int(10) UNSIGNED DEFAULT NULL,
  `updated_by` int(10) UNSIGNED DEFAULT NULL,
  `deleted_by` int(10) UNSIGNED DEFAULT NULL,
  `deleted_at` timestamp NULL DEFAULT NULL,
  `created_at` timestamp NULL DEFAULT NULL,
  `updated_at` timestamp NULL DEFAULT NULL
) ENGINE=InnoDB DEFAULT CHARSET=utf8mb4 COLLATE=utf8mb4_unicode_ci;

--
-- Dumping data for table `user_multi_profiles`
--

INSERT INTO `user_multi_profiles` (`id`, `user_id`, `name`, `avatar`, `is_child_profile`, `created_by`, `updated_by`, `deleted_by`, `deleted_at`, `created_at`, `updated_at`) VALUES
(1, 1, 'Super Admin', 'https://mxflix.mimeld.com/storage/avatars/image/icon2.png', 0, NULL, NULL, NULL, NULL, '2026-02-08 23:24:31', '2026-02-08 23:24:31'),
(2, 1, 'kids', 'https://mxflix.mimeld.com/storage/avatars/image/icon4.png', 1, NULL, NULL, NULL, NULL, '2026-02-08 23:24:31', '2026-02-08 23:24:31'),
(3, 2, 'Ivan Norris', 'https://mxflix.mimeld.com/storage/avatars/image/icon2.png', 0, NULL, NULL, NULL, NULL, '2026-02-08 23:24:31', '2026-02-08 23:24:31'),
(4, 2, 'kids', 'https://mxflix.mimeld.com/storage/avatars/image/icon4.png', 1, NULL, NULL, NULL, NULL, '2026-02-08 23:24:31', '2026-02-08 23:24:31'),
(21, 11, 'Dorothy Erickson', 'https://mxflix.mimeld.com/storage/avatars/image/icon2.png', 0, NULL, NULL, NULL, NULL, '2026-02-08 23:24:32', '2026-02-08 23:24:32'),
(22, 11, 'kids', 'https://mxflix.mimeld.com/storage/avatars/image/icon4.png', 1, NULL, NULL, NULL, NULL, '2026-02-08 23:24:32', '2026-02-08 23:24:32'),
(23, 12, 'Lisa Lucas', 'https://mxflix.mimeld.com/storage/avatars/image/icon2.png', 0, NULL, NULL, NULL, NULL, '2026-02-08 23:24:32', '2026-02-08 23:24:32'),
(24, 12, 'kids', 'https://mxflix.mimeld.com/storage/avatars/image/icon4.png', 1, NULL, NULL, NULL, NULL, '2026-02-08 23:24:32', '2026-02-08 23:24:32'),
(25, 13, 'Tracy Jones', 'https://mxflix.mimeld.com/storage/avatars/image/icon2.png', 0, NULL, NULL, NULL, NULL, '2026-02-08 23:24:32', '2026-02-08 23:24:32'),
(26, 13, 'kids', 'https://mxflix.mimeld.com/storage/avatars/image/icon4.png', 1, NULL, NULL, NULL, NULL, '2026-02-08 23:24:32', '2026-02-08 23:24:32'),
(29, 18, 'New Producer', 'https://mxflix.mimeld.com/storage/avatars/image/icon2.png', 0, NULL, NULL, NULL, NULL, '2026-02-16 03:20:52', '2026-02-16 03:20:52'),
(30, 18, 'Kids', 'https://mxflix.mimeld.com/storage/avatars/image/icon4.png', 1, NULL, NULL, NULL, NULL, '2026-02-16 03:20:52', '2026-02-16 03:20:52'),
(31, 19, 'PRoducer 3', 'https://mxflix.mimeld.com/storage/avatars/image/icon2.png', 0, NULL, NULL, NULL, NULL, '2026-02-17 01:30:28', '2026-02-17 01:30:28'),
(32, 19, 'Kids', 'https://mxflix.mimeld.com/storage/avatars/image/icon4.png', 1, NULL, NULL, NULL, NULL, '2026-02-17 01:30:28', '2026-02-17 01:30:28'),
(33, 20, 'Producer 22', 'https://mxflix.mimeld.com/storage/avatars/image/icon2.png', 0, NULL, NULL, NULL, NULL, '2026-02-19 03:59:48', '2026-02-19 03:59:48'),
(34, 20, 'Kids', 'https://mxflix.mimeld.com/storage/avatars/image/icon4.png', 1, NULL, NULL, NULL, NULL, '2026-02-19 03:59:48', '2026-02-19 03:59:48'),
(35, 21, 'user', 'https://mxflix.mimeld.com/storage/avatars/image/icon2.png', 0, NULL, NULL, NULL, NULL, '2026-02-19 05:09:49', '2026-02-19 05:09:49'),
(36, 21, 'Kids', 'https://mxflix.mimeld.com/storage/avatars/image/icon4.png', 1, NULL, NULL, NULL, NULL, '2026-02-19 05:09:49', '2026-02-19 05:09:49'),
(37, 22, 'user 1', 'https://mxflix.mimeld.com/storage/avatars/image/icon2.png', 0, 1, 22, 22, '2026-03-04 22:15:12', '2026-02-24 09:29:44', '2026-03-04 22:15:12'),
(38, 22, 'Kids', 'https://mxflix.mimeld.com/storage/avatars/image/icon4.png', 1, 1, 1, NULL, NULL, '2026-02-24 09:29:44', '2026-02-24 09:29:44'),
(39, 23, 'User', 'https://mxflix.mimeld.com/storage/avatars/image/icon2.png', 0, NULL, NULL, NULL, NULL, '2026-03-02 12:21:06', '2026-03-02 12:21:06'),
(40, 23, 'Kids', 'https://mxflix.mimeld.com/storage/avatars/image/icon4.png', 1, NULL, NULL, NULL, NULL, '2026-03-02 12:21:06', '2026-03-02 12:21:06'),
(41, 24, 'User', 'https://mxflix.mimeld.com/storage/avatars/image/icon2.png', 0, NULL, NULL, NULL, NULL, '2026-03-03 06:50:12', '2026-03-03 06:50:12'),
(42, 24, 'Kids', 'https://mxflix.mimeld.com/storage/avatars/image/icon4.png', 1, NULL, NULL, NULL, NULL, '2026-03-03 06:50:12', '2026-03-03 06:50:12'),
(43, 25, 'Usrr', 'https://mxflix.mimeld.com/storage/avatars/image/icon2.png', 0, NULL, NULL, NULL, NULL, '2026-03-03 06:53:56', '2026-03-03 06:53:56'),
(44, 25, 'Kids', 'https://mxflix.mimeld.com/storage/avatars/image/icon4.png', 1, NULL, NULL, NULL, NULL, '2026-03-03 06:53:56', '2026-03-03 06:53:56'),
(45, 26, 'Admin', 'https://mxflix.mimeld.com/storage/avatars/image/icon2.png', 0, 1, 1, NULL, NULL, '2026-03-03 06:12:08', '2026-03-03 06:12:08'),
(46, 26, 'Kids', 'https://mxflix.mimeld.com/storage/avatars/image/icon4.png', 1, 1, 1, NULL, NULL, '2026-03-03 06:12:08', '2026-03-03 06:12:08'),
(47, 22, 'User2', 'https://mxflix.mimeld.com/storage/avatars/default_profile_5.svg', 0, 22, 22, NULL, NULL, '2026-03-04 22:14:23', '2026-03-04 22:14:23'),
(48, 27, 'user', 'https://mxflix.mimeld.com/storage/avatars/image/icon2.png', 0, NULL, NULL, NULL, NULL, '2026-03-04 22:15:13', '2026-03-04 22:15:13'),
(49, 27, 'Kids', 'https://mxflix.mimeld.com/storage/avatars/image/icon4.png', 1, NULL, NULL, NULL, NULL, '2026-03-04 22:15:13', '2026-03-04 22:15:13'),
(50, 22, 'User 1', 'https://mxflix.mimeld.com/storage/avatars/default_profile_2.svg', 0, 22, 22, 22, '2026-03-05 03:17:48', '2026-03-05 01:20:45', '2026-03-05 03:17:48');

-- --------------------------------------------------------

--
-- Table structure for table `user_profiles`
--

CREATE TABLE `user_profiles` (
  `id` bigint(20) UNSIGNED NOT NULL,
  `about_self` varchar(191) DEFAULT NULL,
  `expert` varchar(191) DEFAULT NULL,
  `facebook_link` varchar(191) DEFAULT NULL,
  `instagram_link` varchar(191) DEFAULT NULL,
  `twitter_link` varchar(191) DEFAULT NULL,
  `dribbble_link` varchar(191) DEFAULT NULL,
  `user_id` bigint(20) UNSIGNED NOT NULL,
  `created_at` timestamp NULL DEFAULT NULL,
  `updated_at` timestamp NULL DEFAULT NULL,
  `deleted_at` timestamp NULL DEFAULT NULL
) ENGINE=InnoDB DEFAULT CHARSET=utf8mb4 COLLATE=utf8mb4_unicode_ci;

--
-- Dumping data for table `user_profiles`
--

INSERT INTO `user_profiles` (`id`, `about_self`, `expert`, `facebook_link`, `instagram_link`, `twitter_link`, `dribbble_link`, `user_id`, `created_at`, `updated_at`, `deleted_at`) VALUES
(1, 'I am a passionate developer.', 'Web Development', 'https://facebook.com/user1', 'https://instagram.com/user1', 'https://twitter.com/user1', 'https://dribbble.com/user1', 1, '2026-02-08 23:24:32', '2026-02-08 23:24:32', NULL),
(2, 'Love creating content and engaging with my audience.', 'Content Creation', 'https://facebook.com/user2', 'https://instagram.com/user2', 'https://twitter.com/user2', 'https://dribbble.com/user2', 2, '2026-02-08 23:24:32', '2026-02-08 23:24:32', NULL),
(3, 'Tech enthusiast and blogger.', 'Tech Blogging', 'https://facebook.com/user3', 'https://instagram.com/user3', 'https://twitter.com/user3', 'https://dribbble.com/user3', 3, '2026-02-08 23:24:32', '2026-02-08 23:24:32', NULL);

-- --------------------------------------------------------

--
-- Table structure for table `user_providers`
--

CREATE TABLE `user_providers` (
  `id` bigint(20) UNSIGNED NOT NULL,
  `user_id` bigint(20) UNSIGNED NOT NULL,
  `provider` varchar(191) NOT NULL,
  `provider_id` varchar(191) NOT NULL,
  `avatar` varchar(191) DEFAULT NULL,
  `created_at` timestamp NULL DEFAULT NULL,
  `updated_at` timestamp NULL DEFAULT NULL
) ENGINE=InnoDB DEFAULT CHARSET=utf8mb4 COLLATE=utf8mb4_unicode_ci;

-- --------------------------------------------------------

--
-- Table structure for table `user_reminder`
--

CREATE TABLE `user_reminder` (
  `id` bigint(20) UNSIGNED NOT NULL,
  `entertainment_id` int(11) DEFAULT NULL,
  `user_id` int(11) DEFAULT NULL,
  `profile_id` int(11) DEFAULT NULL,
  `release_date` date DEFAULT NULL,
  `is_remind` tinyint(1) NOT NULL DEFAULT 0,
  `created_by` int(10) UNSIGNED DEFAULT NULL,
  `updated_by` int(10) UNSIGNED DEFAULT NULL,
  `deleted_by` int(10) UNSIGNED DEFAULT NULL,
  `created_at` timestamp NULL DEFAULT NULL,
  `updated_at` timestamp NULL DEFAULT NULL,
  `deleted_at` timestamp NULL DEFAULT NULL
) ENGINE=InnoDB DEFAULT CHARSET=utf8mb4 COLLATE=utf8mb4_unicode_ci;

--
-- Dumping data for table `user_reminder`
--

INSERT INTO `user_reminder` (`id`, `entertainment_id`, `user_id`, `profile_id`, `release_date`, `is_remind`, `created_by`, `updated_by`, `deleted_by`, `created_at`, `updated_at`, `deleted_at`) VALUES
(22, 122, 22, 37, '2026-03-04', 1, 22, 22, NULL, '2026-03-03 06:20:28', '2026-03-03 06:20:28', NULL),
(24, 148, 22, 47, '2026-03-06', 1, 22, 22, NULL, '2026-03-05 03:20:56', '2026-03-05 03:20:56', NULL);

-- --------------------------------------------------------

--
-- Table structure for table `user_search_histories`
--

CREATE TABLE `user_search_histories` (
  `id` bigint(20) UNSIGNED NOT NULL,
  `user_id` bigint(20) UNSIGNED DEFAULT NULL,
  `profile_id` bigint(20) UNSIGNED DEFAULT NULL,
  `search_query` varchar(191) DEFAULT NULL,
  `search_id` bigint(20) UNSIGNED DEFAULT NULL,
  `type` varchar(191) DEFAULT NULL,
  `created_at` timestamp NULL DEFAULT NULL,
  `updated_at` timestamp NULL DEFAULT NULL
) ENGINE=InnoDB DEFAULT CHARSET=utf8mb4 COLLATE=utf8mb4_unicode_ci;

--
-- Dumping data for table `user_search_histories`
--

INSERT INTO `user_search_histories` (`id`, `user_id`, `profile_id`, `search_query`, `search_id`, `type`, `created_at`, `updated_at`) VALUES
(1, 3, 3, 'Shadow Pursuit', 4, 'tvshow', '2026-02-08 23:24:32', '2026-02-08 23:24:32'),
(2, 3, 3, 'Wolfbound', 8, 'tvshow', '2026-02-08 23:24:32', '2026-02-08 23:24:32'),
(3, 3, 3, 'Road to Reconnection', 14, 'tvshow', '2026-02-08 23:24:32', '2026-02-08 23:24:32'),
(4, 4, 4, 'The Daring Player', 27, 'movie', '2026-02-08 23:24:32', '2026-02-08 23:24:32'),
(5, 3, 3, 'Legacy of Antiquity: Origins of Civilization', 36, 'movie', '2026-02-08 23:24:32', '2026-02-08 23:24:32'),
(6, 3, 3, 'Guardians of the Abyss: The Beast Awakens', 46, 'tvshow', '2026-02-08 23:24:32', '2026-02-08 23:24:32'),
(7, 4, 4, 'Blade of Chaos', 52, 'movie', '2026-02-08 23:24:32', '2026-02-08 23:24:32'),
(8, 3, 3, 'Echoes of Valor', 6, 'video', '2026-02-08 23:24:32', '2026-02-08 23:24:32'),
(9, 3, 3, 'Warrior\'s Dilemma', 11, 'video', '2026-02-08 23:24:32', '2026-02-08 23:24:32'),
(10, 3, 3, 'School Hacks & Fun DIY Crafts', 15, 'video', '2026-02-08 23:24:32', '2026-02-08 23:24:32'),
(11, 4, 4, 'Motel of Nightmares', 21, 'video', '2026-02-08 23:24:32', '2026-02-08 23:24:32'),
(12, 4, 4, 'Mango Mousse Delight', 24, 'video', '2026-02-08 23:24:32', '2026-02-08 23:24:32'),
(13, 1, NULL, 'The Haunting Veil', 101, 'movie', '2026-02-09 06:40:39', '2026-02-09 06:40:39'),
(14, 1, 1, 'The Haunting Veil', 101, 'movie', '2026-02-09 22:49:40', '2026-02-09 22:49:40'),
(15, 1, 1, 'Lens Lunacy: The Great Camera Caper', NULL, NULL, '2026-02-09 23:09:39', '2026-02-09 23:09:39'),
(16, 1, 1, 'The Cutthroat Mission', 13, 'tvshow', '2026-02-09 23:10:09', '2026-02-09 23:10:09'),
(17, 1, 1, 'Snip & Spy: The Cutthroat Mission', 13, 'tvshow', '2026-02-09 23:10:14', '2026-02-09 23:10:14'),
(18, 1, 1, 'Mending Tides', NULL, NULL, '2026-02-09 23:58:02', '2026-02-09 23:58:02'),
(19, 1, 1, 'Game of Thrones', 14, 'tvshow', '2026-02-09 23:58:21', '2026-02-09 23:58:21'),
(20, 1, 1, 'The Smiling Doll', 1, 'tvshow', '2026-02-13 04:51:25', '2026-02-13 04:51:25'),
(21, 1, 1, 'No', 100, 'movie', '2026-02-16 01:31:25', '2026-02-16 01:31:25'),
(22, 1, 1, 'Nowhere to Hide', 100, 'movie', '2026-02-16 01:31:26', '2026-02-16 01:31:26'),
(23, 3, 5, 'Nowhere to Hide', 100, 'movie', '2026-02-16 01:33:35', '2026-02-16 01:33:35'),
(24, 18, NULL, 'Animal 2', 104, 'movie', '2026-02-16 03:42:45', '2026-02-16 03:42:45'),
(25, 1, 1, 'BBC2', NULL, NULL, '2026-02-17 22:42:40', '2026-02-17 22:42:40'),
(26, 1, 1, 'BBG 2', 105, 'movie', '2026-02-17 22:42:46', '2026-02-17 22:42:46'),
(27, 1, NULL, 'New', 26, 'movie', '2026-02-18 02:54:21', '2026-02-18 02:54:21'),
(28, 1, NULL, 'NEw WW', 112, 'movie', '2026-02-18 02:54:30', '2026-02-18 02:54:30'),
(29, 1, NULL, 'Superman', 113, 'movie', '2026-02-19 06:02:31', '2026-02-19 06:02:31'),
(30, 21, 35, 'Superman', 113, 'movie', '2026-02-19 08:32:14', '2026-02-19 08:32:14'),
(31, 18, NULL, 'superman', 113, 'movie', '2026-02-20 05:57:31', '2026-02-20 05:57:31'),
(32, 18, NULL, 'The Haunting Veil', 101, 'movie', '2026-02-20 06:50:44', '2026-02-20 06:50:44'),
(33, 21, NULL, 'happy', 115, 'movie', '2026-02-20 07:29:52', '2026-02-20 07:29:52'),
(34, 21, 35, 'The Haunting Veil', 101, 'movie', '2026-02-20 08:53:35', '2026-02-20 08:53:35'),
(35, 21, 35, 'su', 124, 'movie', '2026-02-24 06:23:11', '2026-02-24 06:23:11'),
(36, 21, 35, 's', 122, 'movie', '2026-02-24 06:23:41', '2026-02-24 06:23:41'),
(37, 21, 35, 'rajashab', NULL, NULL, '2026-02-24 06:24:37', '2026-02-24 06:24:37'),
(38, 21, 35, 'raja', NULL, NULL, '2026-02-24 06:24:44', '2026-02-24 06:24:44'),
(39, 21, 35, 'rajashahab', NULL, NULL, '2026-02-24 06:26:20', '2026-02-24 06:26:20'),
(40, 21, 35, 'rajasahab', NULL, NULL, '2026-02-24 06:26:25', '2026-02-24 06:26:25'),
(41, 1, NULL, 'RajaSahaab', 173, 'movie', '2026-02-24 06:42:22', '2026-02-24 06:42:22'),
(42, 21, 35, 'RajaSahaab', 173, 'movie', '2026-02-24 06:43:14', '2026-02-24 06:43:14'),
(43, 21, 35, 'baby', 41, 'video', '2026-02-24 07:09:35', '2026-02-24 07:09:35'),
(44, 22, 37, 'RajaSahaab', 173, 'movie', '2026-02-25 04:30:05', '2026-02-25 04:30:05'),
(45, 21, 35, 'shaktimAN', NULL, NULL, '2026-02-25 09:00:29', '2026-02-25 09:00:29'),
(46, 21, 35, 'MERCY HOPPER', NULL, NULL, '2026-02-25 09:13:12', '2026-02-25 09:13:12'),
(47, 21, 35, 'MERCY', 121, 'movie', '2026-02-25 09:13:43', '2026-02-25 09:13:43'),
(48, 21, 35, 'HOPPER', 122, 'movie', '2026-02-25 09:14:14', '2026-02-25 09:14:14'),
(49, 22, 37, 'The Kerala Story 2 Goes Beyond', 126, 'movie', '2026-03-02 06:02:37', '2026-03-02 06:02:37');

-- --------------------------------------------------------

--
-- Table structure for table `user_watch_histories`
--

CREATE TABLE `user_watch_histories` (
  `id` bigint(20) UNSIGNED NOT NULL,
  `entertainment_id` int(11) DEFAULT NULL,
  `user_id` int(11) DEFAULT NULL,
  `profile_id` int(11) DEFAULT NULL,
  `entertainment_type` varchar(191) DEFAULT NULL,
  `created_by` int(10) UNSIGNED DEFAULT NULL,
  `updated_by` int(10) UNSIGNED DEFAULT NULL,
  `deleted_by` int(10) UNSIGNED DEFAULT NULL,
  `deleted_at` timestamp NULL DEFAULT NULL,
  `created_at` timestamp NULL DEFAULT NULL,
  `updated_at` timestamp NULL DEFAULT NULL
) ENGINE=InnoDB DEFAULT CHARSET=utf8mb4 COLLATE=utf8mb4_unicode_ci;

--
-- Dumping data for table `user_watch_histories`
--

INSERT INTO `user_watch_histories` (`id`, `entertainment_id`, `user_id`, `profile_id`, `entertainment_type`, `created_by`, `updated_by`, `deleted_by`, `deleted_at`, `created_at`, `updated_at`) VALUES
(1, 101, 3, 3, 'movie', 3, 3, NULL, NULL, NULL, NULL),
(2, 15, 3, 3, 'tvshow', 3, 3, NULL, NULL, NULL, NULL),
(3, 35, 3, 3, 'movie', 3, 3, NULL, NULL, NULL, NULL),
(4, 12, 4, 4, 'tvshow', 4, 4, NULL, NULL, NULL, NULL),
(5, 15, 4, 4, 'video', 4, 4, NULL, NULL, NULL, NULL),
(6, 10, 4, 4, 'video', 4, 4, NULL, NULL, NULL, NULL),
(7, 5, 3, 3, 'video', 3, 3, NULL, NULL, NULL, NULL),
(8, 65, 3, 3, 'movie', 3, 3, NULL, NULL, NULL, NULL),
(9, 2, 4, 4, 'tvshow', 4, 4, NULL, NULL, NULL, NULL),
(10, 8, 3, 3, 'video', 3, 3, NULL, NULL, NULL, NULL),
(11, 18, 4, 4, 'video', 4, 4, NULL, NULL, NULL, NULL),
(12, 18, 3, 3, 'tvshow', 3, 3, NULL, NULL, NULL, NULL),
(13, 101, 1, 1, 'movie', NULL, NULL, NULL, NULL, '2026-02-09 22:49:53', '2026-02-09 22:49:53'),
(14, 101, 1, 1, 'movie', NULL, NULL, NULL, NULL, '2026-02-09 22:50:26', '2026-02-09 22:50:26'),
(15, 101, 1, 1, 'movie', NULL, NULL, NULL, NULL, '2026-02-09 23:08:45', '2026-02-09 23:08:45'),
(16, 13, 1, 1, 'episode', NULL, NULL, NULL, NULL, '2026-02-09 23:10:39', '2026-02-09 23:10:39'),
(17, 13, 1, 1, 'episode', NULL, NULL, NULL, NULL, '2026-02-09 23:21:06', '2026-02-09 23:21:06'),
(18, 13, 1, 1, 'episode', NULL, NULL, NULL, NULL, '2026-02-09 23:25:36', '2026-02-09 23:25:36'),
(19, 13, 1, 1, 'episode', NULL, NULL, NULL, NULL, '2026-02-09 23:33:34', '2026-02-09 23:33:34'),
(20, 13, 1, 1, 'episode', NULL, NULL, NULL, NULL, '2026-02-09 23:34:53', '2026-02-09 23:34:53'),
(21, 13, 1, 1, 'episode', NULL, NULL, NULL, NULL, '2026-02-09 23:36:08', '2026-02-09 23:36:08'),
(22, 13, 1, 1, 'episode', NULL, NULL, NULL, NULL, '2026-02-09 23:47:32', '2026-02-09 23:47:32'),
(23, 13, 1, 1, 'episode', NULL, NULL, NULL, NULL, '2026-02-09 23:49:26', '2026-02-09 23:49:26'),
(24, 13, 1, 1, 'episode', NULL, NULL, NULL, NULL, '2026-02-09 23:50:48', '2026-02-09 23:50:48'),
(25, 13, 1, 1, 'episode', NULL, NULL, NULL, NULL, '2026-02-09 23:51:57', '2026-02-09 23:51:57'),
(26, 13, 1, 1, 'episode', NULL, NULL, NULL, NULL, '2026-02-09 23:52:08', '2026-02-09 23:52:08'),
(27, 13, 1, 1, 'episode', NULL, NULL, NULL, NULL, '2026-02-09 23:53:11', '2026-02-09 23:53:11'),
(28, 13, 1, 1, 'episode', NULL, NULL, NULL, NULL, '2026-02-09 23:53:43', '2026-02-09 23:53:43'),
(29, 14, 1, 1, 'episode', NULL, NULL, NULL, NULL, '2026-02-10 00:00:35', '2026-02-10 00:00:35'),
(30, 14, 1, 1, 'episode', NULL, NULL, NULL, NULL, '2026-02-10 00:01:12', '2026-02-10 00:01:12'),
(31, 14, 1, 1, 'episode', NULL, NULL, NULL, NULL, '2026-02-10 00:02:00', '2026-02-10 00:02:00'),
(32, 14, 1, 1, 'episode', NULL, NULL, NULL, NULL, '2026-02-10 00:03:37', '2026-02-10 00:03:37'),
(33, 14, 1, 1, 'episode', NULL, NULL, NULL, NULL, '2026-02-10 00:04:48', '2026-02-10 00:04:48'),
(34, 14, 1, 1, 'episode', NULL, NULL, NULL, NULL, '2026-02-10 00:07:13', '2026-02-10 00:07:13'),
(35, 14, 1, 1, 'episode', NULL, NULL, NULL, NULL, '2026-02-10 00:12:24', '2026-02-10 00:12:24'),
(36, 14, 1, 1, 'episode', NULL, NULL, NULL, NULL, '2026-02-10 00:13:48', '2026-02-10 00:13:48'),
(37, 14, 1, 1, 'episode', NULL, NULL, NULL, NULL, '2026-02-10 00:13:50', '2026-02-10 00:13:50'),
(38, 14, 1, 1, 'episode', NULL, NULL, NULL, NULL, '2026-02-10 00:19:55', '2026-02-10 00:19:55'),
(39, 14, 1, 1, 'episode', NULL, NULL, NULL, NULL, '2026-02-10 00:26:46', '2026-02-10 00:26:46'),
(40, 14, 1, 1, 'episode', NULL, NULL, NULL, NULL, '2026-02-10 00:30:53', '2026-02-10 00:30:53'),
(41, 14, 1, 1, 'episode', NULL, NULL, NULL, NULL, '2026-02-10 00:32:08', '2026-02-10 00:32:08'),
(42, 14, 1, 1, 'episode', NULL, NULL, NULL, NULL, '2026-02-10 00:32:46', '2026-02-10 00:32:46'),
(43, 14, 1, 1, 'episode', NULL, NULL, NULL, NULL, '2026-02-10 00:33:23', '2026-02-10 00:33:23'),
(44, 14, 1, 1, 'episode', NULL, NULL, NULL, NULL, '2026-02-10 00:34:41', '2026-02-10 00:34:41'),
(45, 14, 1, 1, 'episode', NULL, NULL, NULL, NULL, '2026-02-10 00:36:06', '2026-02-10 00:36:06'),
(46, 14, 1, 1, 'episode', NULL, NULL, NULL, NULL, '2026-02-10 00:37:07', '2026-02-10 00:37:07'),
(47, 101, 1, 1, 'movie', NULL, NULL, NULL, NULL, '2026-02-10 00:37:35', '2026-02-10 00:37:35'),
(48, 13, 1, 1, 'episode', NULL, NULL, NULL, NULL, '2026-02-10 00:41:12', '2026-02-10 00:41:12'),
(49, 101, 1, 1, 'movie', NULL, NULL, NULL, NULL, '2026-02-10 00:44:56', '2026-02-10 00:44:56'),
(50, 101, 1, 1, 'movie', NULL, NULL, NULL, NULL, '2026-02-10 00:45:54', '2026-02-10 00:45:54'),
(51, 13, 1, 1, 'episode', NULL, NULL, NULL, NULL, '2026-02-10 00:47:12', '2026-02-10 00:47:12'),
(52, 13, 1, 1, 'episode', NULL, NULL, NULL, NULL, '2026-02-10 00:48:04', '2026-02-10 00:48:04'),
(53, 101, 1, 1, 'movie', NULL, NULL, NULL, NULL, '2026-02-10 00:48:21', '2026-02-10 00:48:21'),
(54, 101, 1, 1, 'movie', NULL, NULL, NULL, NULL, '2026-02-10 00:50:34', '2026-02-10 00:50:34'),
(55, 13, 1, 1, 'episode', NULL, NULL, NULL, NULL, '2026-02-10 23:26:52', '2026-02-10 23:26:52'),
(56, 102, 1, 1, 'movie', NULL, NULL, NULL, NULL, '2026-02-11 00:43:20', '2026-02-11 00:43:20'),
(57, 7, 1, 1, 'tvshow', NULL, NULL, NULL, NULL, '2026-02-12 22:50:23', '2026-02-12 22:50:23'),
(58, 24, 1, 1, 'movie', NULL, NULL, NULL, NULL, '2026-02-13 03:16:01', '2026-02-13 03:16:01'),
(59, 24, 1, 1, 'movie', NULL, NULL, NULL, NULL, '2026-02-13 03:20:26', '2026-02-13 03:20:26'),
(60, 24, 1, 1, 'movie', NULL, NULL, NULL, NULL, '2026-02-13 03:25:02', '2026-02-13 03:25:02'),
(61, 24, 1, 1, 'movie', NULL, NULL, NULL, NULL, '2026-02-13 03:40:54', '2026-02-13 03:40:54'),
(62, 99, 1, 1, 'movie', NULL, NULL, NULL, NULL, '2026-02-16 01:18:24', '2026-02-16 01:18:24'),
(63, 99, 1, 1, 'movie', NULL, NULL, NULL, NULL, '2026-02-16 01:21:11', '2026-02-16 01:21:11'),
(64, 99, 1, 1, 'movie', NULL, NULL, NULL, NULL, '2026-02-16 01:30:41', '2026-02-16 01:30:41'),
(65, 100, 3, 5, 'movie', NULL, NULL, NULL, NULL, '2026-02-16 01:40:17', '2026-02-16 01:40:17'),
(66, 100, 3, 5, 'movie', NULL, NULL, NULL, NULL, '2026-02-16 01:40:17', '2026-02-16 01:40:17'),
(67, 113, 21, 35, 'movie', NULL, NULL, NULL, NULL, '2026-02-19 08:33:27', '2026-02-19 08:33:27'),
(68, 113, 21, 35, 'movie', NULL, NULL, NULL, NULL, '2026-02-19 08:33:28', '2026-02-19 08:33:28'),
(69, 113, 21, 35, 'movie', NULL, NULL, NULL, NULL, '2026-02-20 05:13:26', '2026-02-20 05:13:26'),
(70, 113, 21, 35, 'movie', NULL, NULL, NULL, NULL, '2026-02-20 05:13:26', '2026-02-20 05:13:26'),
(71, 113, 21, 35, 'movie', NULL, NULL, NULL, NULL, '2026-02-20 05:13:26', '2026-02-20 05:13:26'),
(72, 113, 21, 35, 'movie', NULL, NULL, NULL, NULL, '2026-02-20 05:13:26', '2026-02-20 05:13:26'),
(73, 113, 21, 35, 'movie', NULL, NULL, NULL, NULL, '2026-02-20 05:13:26', '2026-02-20 05:13:26'),
(74, 113, 21, 35, 'movie', NULL, NULL, NULL, NULL, '2026-02-20 05:13:26', '2026-02-20 05:13:26'),
(75, 113, 21, 35, 'movie', NULL, NULL, NULL, NULL, '2026-02-20 05:13:28', '2026-02-20 05:13:28'),
(76, 113, 21, 35, 'movie', NULL, NULL, NULL, NULL, '2026-02-20 05:13:30', '2026-02-20 05:13:30'),
(77, 113, 21, 35, 'movie', NULL, NULL, NULL, NULL, '2026-02-20 05:47:12', '2026-02-20 05:47:12'),
(78, 113, 21, 35, 'movie', NULL, NULL, NULL, NULL, '2026-02-20 05:47:14', '2026-02-20 05:47:14'),
(79, 113, 21, 35, 'movie', NULL, NULL, NULL, NULL, '2026-02-20 05:47:19', '2026-02-20 05:47:19'),
(80, 113, 21, 35, 'movie', NULL, NULL, NULL, NULL, '2026-02-20 05:50:21', '2026-02-20 05:50:21'),
(81, 113, 21, 35, 'movie', NULL, NULL, NULL, NULL, '2026-02-20 05:50:21', '2026-02-20 05:50:21'),
(82, 113, 21, 35, 'movie', NULL, NULL, NULL, NULL, '2026-02-20 05:50:22', '2026-02-20 05:50:22'),
(83, 113, 21, 35, 'movie', NULL, NULL, NULL, NULL, '2026-02-20 05:54:58', '2026-02-20 05:54:58'),
(84, 113, 21, 35, 'movie', NULL, NULL, NULL, NULL, '2026-02-20 06:06:24', '2026-02-20 06:06:24'),
(85, 113, 21, 35, 'movie', NULL, NULL, NULL, NULL, '2026-02-20 06:06:25', '2026-02-20 06:06:25'),
(86, 113, 21, 35, 'movie', NULL, NULL, NULL, NULL, '2026-02-20 06:07:09', '2026-02-20 06:07:09'),
(87, 113, 21, 35, 'movie', NULL, NULL, NULL, NULL, '2026-02-20 06:07:11', '2026-02-20 06:07:11'),
(88, 113, 21, 35, 'movie', NULL, NULL, NULL, NULL, '2026-02-20 06:07:14', '2026-02-20 06:07:14'),
(89, 113, 21, 35, 'movie', NULL, NULL, NULL, NULL, '2026-02-20 06:07:48', '2026-02-20 06:07:48'),
(90, 113, 21, 35, 'movie', NULL, NULL, NULL, NULL, '2026-02-20 06:07:50', '2026-02-20 06:07:50'),
(91, 113, 21, 35, 'movie', NULL, NULL, NULL, NULL, '2026-02-20 06:08:51', '2026-02-20 06:08:51'),
(92, 113, 21, 35, 'movie', NULL, NULL, NULL, NULL, '2026-02-20 06:08:53', '2026-02-20 06:08:53'),
(93, 113, 21, 35, 'movie', NULL, NULL, NULL, NULL, '2026-02-20 06:09:55', '2026-02-20 06:09:55'),
(94, 113, 21, 35, 'movie', NULL, NULL, NULL, NULL, '2026-02-20 06:09:56', '2026-02-20 06:09:56'),
(95, 113, 21, 35, 'movie', NULL, NULL, NULL, NULL, '2026-02-20 06:47:22', '2026-02-20 06:47:22'),
(96, 113, 21, 35, 'movie', NULL, NULL, NULL, NULL, '2026-02-20 06:47:23', '2026-02-20 06:47:23'),
(97, 113, 21, 35, 'movie', NULL, NULL, NULL, NULL, '2026-02-20 08:52:34', '2026-02-20 08:52:34'),
(98, 113, 21, 35, 'movie', NULL, NULL, NULL, NULL, '2026-02-20 08:52:36', '2026-02-20 08:52:36'),
(99, 101, 21, 35, 'movie', NULL, NULL, NULL, NULL, '2026-02-20 08:53:40', '2026-02-20 08:53:40'),
(100, 101, 21, 35, 'movie', NULL, NULL, NULL, NULL, '2026-02-20 08:53:40', '2026-02-20 08:53:40'),
(101, 101, 21, 35, 'movie', NULL, NULL, NULL, NULL, '2026-02-20 08:53:41', '2026-02-20 08:53:41'),
(102, 113, 21, 35, 'movie', NULL, NULL, NULL, NULL, '2026-02-20 08:55:05', '2026-02-20 08:55:05'),
(103, 113, 21, 35, 'movie', NULL, NULL, NULL, NULL, '2026-02-20 08:55:07', '2026-02-20 08:55:07'),
(104, 113, 21, 35, 'movie', NULL, NULL, NULL, NULL, '2026-02-20 10:41:52', '2026-02-20 10:41:52'),
(105, 113, 21, 35, 'movie', NULL, NULL, NULL, NULL, '2026-02-20 10:41:54', '2026-02-20 10:41:54'),
(106, 113, 21, 35, 'movie', NULL, NULL, NULL, NULL, '2026-02-20 07:03:38', '2026-02-20 07:03:38'),
(107, 113, 21, 35, 'movie', NULL, NULL, NULL, NULL, '2026-02-20 07:03:39', '2026-02-20 07:03:39'),
(108, 101, 21, 35, 'movie', NULL, NULL, NULL, NULL, '2026-02-20 07:05:30', '2026-02-20 07:05:30'),
(109, 101, 21, 35, 'movie', NULL, NULL, NULL, NULL, '2026-02-20 07:05:30', '2026-02-20 07:05:30'),
(110, 101, 21, 35, 'movie', NULL, NULL, NULL, NULL, '2026-02-20 07:05:30', '2026-02-20 07:05:30'),
(111, 133, 21, 35, 'movie', NULL, NULL, NULL, NULL, '2026-02-24 06:31:08', '2026-02-24 06:31:08'),
(112, 173, 22, 37, 'movie', NULL, NULL, NULL, NULL, '2026-02-25 04:30:12', '2026-02-25 04:30:12'),
(113, 173, 22, 37, 'movie', NULL, NULL, NULL, NULL, '2026-02-25 04:30:12', '2026-02-25 04:30:12'),
(114, 173, 22, 37, 'movie', NULL, NULL, NULL, NULL, '2026-02-25 04:30:12', '2026-02-25 04:30:12'),
(115, 173, 22, 37, 'movie', NULL, NULL, NULL, NULL, '2026-02-25 04:30:26', '2026-02-25 04:30:26'),
(116, 173, 22, 37, 'movie', NULL, NULL, NULL, NULL, '2026-02-25 04:30:26', '2026-02-25 04:30:26'),
(117, 173, 22, 37, 'movie', NULL, NULL, NULL, NULL, '2026-02-25 04:30:26', '2026-02-25 04:30:26'),
(118, 173, 22, 37, 'movie', NULL, NULL, NULL, NULL, '2026-02-25 04:30:26', '2026-02-25 04:30:26'),
(119, 124, 22, 37, 'movie', NULL, NULL, NULL, NULL, '2026-02-25 05:07:55', '2026-02-25 05:07:55'),
(120, 173, 22, 37, 'movie', NULL, NULL, NULL, NULL, '2026-02-25 06:44:42', '2026-02-25 06:44:42'),
(121, 173, 22, 37, 'movie', NULL, NULL, NULL, NULL, '2026-02-25 06:44:42', '2026-02-25 06:44:42'),
(122, 173, 22, 37, 'movie', NULL, NULL, NULL, NULL, '2026-02-25 06:44:42', '2026-02-25 06:44:42'),
(123, 173, 22, 37, 'movie', NULL, NULL, NULL, NULL, '2026-02-25 06:44:42', '2026-02-25 06:44:42'),
(124, 130, 21, 35, 'movie', NULL, NULL, NULL, NULL, '2026-02-25 08:56:45', '2026-02-25 08:56:45'),
(125, 130, 21, 35, 'movie', NULL, NULL, NULL, NULL, '2026-02-25 08:56:45', '2026-02-25 08:56:45'),
(126, 130, 21, 35, 'movie', NULL, NULL, NULL, NULL, '2026-02-25 08:57:13', '2026-02-25 08:57:13'),
(127, 173, 22, 37, 'movie', NULL, NULL, NULL, NULL, '2026-02-27 12:19:55', '2026-02-27 12:19:55'),
(128, 173, 22, 37, 'movie', NULL, NULL, NULL, NULL, '2026-02-27 12:19:55', '2026-02-27 12:19:55'),
(129, 173, 22, 37, 'movie', NULL, NULL, NULL, NULL, '2026-02-27 12:19:55', '2026-02-27 12:19:55'),
(130, 173, 22, 37, 'movie', NULL, NULL, NULL, NULL, '2026-02-27 12:20:06', '2026-02-27 12:20:06'),
(131, 173, 22, 37, 'movie', NULL, NULL, NULL, NULL, '2026-02-27 12:20:06', '2026-02-27 12:20:06'),
(132, 173, 22, 37, 'movie', NULL, NULL, NULL, NULL, '2026-02-27 12:20:07', '2026-02-27 12:20:07'),
(133, 173, 22, 37, 'movie', NULL, NULL, NULL, NULL, '2026-02-27 12:21:08', '2026-02-27 12:21:08'),
(134, 173, 22, 37, 'movie', NULL, NULL, NULL, NULL, '2026-02-27 12:21:08', '2026-02-27 12:21:08'),
(135, 173, 22, 37, 'movie', NULL, NULL, NULL, NULL, '2026-02-27 12:21:08', '2026-02-27 12:21:08'),
(136, 173, 22, 37, 'movie', NULL, NULL, NULL, NULL, '2026-03-02 04:00:00', '2026-03-02 04:00:00'),
(137, 173, 22, 37, 'movie', NULL, NULL, NULL, NULL, '2026-03-02 04:00:00', '2026-03-02 04:00:00'),
(138, 173, 22, 37, 'movie', NULL, NULL, NULL, NULL, '2026-03-02 04:00:00', '2026-03-02 04:00:00'),
(139, 4, 22, 37, 'livetv', NULL, NULL, NULL, NULL, '2026-03-02 05:54:38', '2026-03-02 05:54:38'),
(140, 4, 22, 37, 'livetv', NULL, NULL, NULL, NULL, '2026-03-02 05:54:39', '2026-03-02 05:54:39'),
(141, 124, 22, 37, 'movie', NULL, NULL, NULL, NULL, '2026-03-02 11:49:51', '2026-03-02 11:49:51'),
(142, 124, 22, 37, 'movie', NULL, NULL, NULL, NULL, '2026-03-02 11:55:31', '2026-03-02 11:55:31'),
(143, 124, 22, 37, 'movie', NULL, NULL, NULL, NULL, '2026-03-02 11:55:50', '2026-03-02 11:55:50'),
(144, 130, 22, 37, 'movie', NULL, NULL, NULL, NULL, '2026-03-02 11:56:54', '2026-03-02 11:56:54'),
(145, 126, 22, 37, 'movie', NULL, NULL, NULL, NULL, '2026-03-02 12:42:07', '2026-03-02 12:42:07'),
(146, 126, 23, 39, 'movie', NULL, NULL, NULL, NULL, '2026-03-02 13:04:47', '2026-03-02 13:04:47'),
(147, 124, 22, 37, 'movie', NULL, NULL, NULL, NULL, '2026-03-03 04:04:51', '2026-03-03 04:04:51'),
(148, 124, 22, 37, 'movie', NULL, NULL, NULL, NULL, '2026-03-03 04:10:56', '2026-03-03 04:10:56'),
(149, 126, 22, 37, 'movie', NULL, NULL, NULL, NULL, '2026-03-03 04:13:14', '2026-03-03 04:13:14'),
(150, 152, 21, 35, 'tvshow', NULL, NULL, NULL, NULL, '2026-03-03 04:17:21', '2026-03-03 04:17:21'),
(151, 126, 22, 37, 'movie', NULL, NULL, NULL, NULL, '2026-03-03 04:19:51', '2026-03-03 04:19:51');

-- --------------------------------------------------------

--
-- Table structure for table `vast_ads_setting`
--

CREATE TABLE `vast_ads_setting` (
  `id` bigint(20) UNSIGNED NOT NULL,
  `name` varchar(191) NOT NULL,
  `type` varchar(191) DEFAULT NULL,
  `url` varchar(191) DEFAULT NULL,
  `duration` varchar(191) DEFAULT NULL,
  `target_type` varchar(191) DEFAULT NULL,
  `target_selection` longtext DEFAULT NULL,
  `enable_skip` tinyint(1) NOT NULL DEFAULT 0,
  `skip_after` varchar(191) DEFAULT NULL,
  `frequency` int(11) DEFAULT NULL,
  `start_date` date DEFAULT NULL,
  `end_date` date DEFAULT NULL,
  `is_enable` tinyint(1) NOT NULL DEFAULT 0,
  `status` tinyint(1) NOT NULL DEFAULT 0,
  `created_at` timestamp NULL DEFAULT NULL,
  `updated_at` timestamp NULL DEFAULT NULL,
  `deleted_at` timestamp NULL DEFAULT NULL
) ENGINE=InnoDB DEFAULT CHARSET=utf8mb4 COLLATE=utf8mb4_unicode_ci;

--
-- Dumping data for table `vast_ads_setting`
--

INSERT INTO `vast_ads_setting` (`id`, `name`, `type`, `url`, `duration`, `target_type`, `target_selection`, `enable_skip`, `skip_after`, `frequency`, `start_date`, `end_date`, `is_enable`, `status`, `created_at`, `updated_at`, `deleted_at`) VALUES
(12, 'Promotion', 'overlay', 'https://miracuves.com/ad.xml', NULL, 'movie', '[121,122,123,124,125,126,127,128,129,130,131,132,133,134,135,136,137,138,139,140,141,142,143,144,145,146,147,148,173]', 0, NULL, NULL, '2026-02-24', '2026-02-28', 0, 1, '2026-02-24 09:08:47', '2026-02-24 11:50:51', NULL),
(13, 'Himalaya', 'mid-roll', 'http://www.w3schools.com/xml/plant_catalog.xml', NULL, 'movie', '[121,122,123,124]', 0, NULL, NULL, '2026-02-25', '2026-02-28', 0, 1, '2026-02-25 09:11:38', '2026-02-25 09:11:38', NULL);

-- --------------------------------------------------------

--
-- Table structure for table `videos`
--

CREATE TABLE `videos` (
  `id` bigint(20) UNSIGNED NOT NULL,
  `name` varchar(191) DEFAULT NULL,
  `poster_url` text DEFAULT NULL,
  `trailer_url_type` varchar(191) DEFAULT NULL,
  `trailer_url` text DEFAULT NULL,
  `thumbnail_url` text DEFAULT NULL,
  `access` varchar(191) DEFAULT NULL,
  `type` varchar(191) DEFAULT NULL,
  `plan_id` bigint(20) UNSIGNED DEFAULT NULL,
  `IMDb_rating` int(11) DEFAULT NULL,
  `content_rating` longtext DEFAULT NULL,
  `duration` varchar(191) DEFAULT NULL,
  `start_time` time DEFAULT NULL,
  `end_time` time DEFAULT NULL,
  `release_date` date DEFAULT NULL,
  `is_restricted` tinyint(1) NOT NULL DEFAULT 0,
  `short_desc` longtext DEFAULT NULL,
  `description` longtext DEFAULT NULL,
  `enable_quality` tinyint(1) NOT NULL DEFAULT 0,
  `video_upload_type` varchar(191) DEFAULT NULL,
  `video_url_input` text DEFAULT NULL,
  `download_status` tinyint(1) NOT NULL DEFAULT 0,
  `download_type` varchar(191) DEFAULT NULL,
  `download_url` text DEFAULT NULL,
  `enable_download_quality` tinyint(1) NOT NULL DEFAULT 0,
  `status` tinyint(1) NOT NULL DEFAULT 0,
  `approval_status` enum('pending','approved','rejected') NOT NULL DEFAULT 'approved',
  `revenue_per_view` decimal(10,4) NOT NULL DEFAULT 0.0000,
  `created_by` int(10) UNSIGNED DEFAULT NULL,
  `updated_by` int(10) UNSIGNED DEFAULT NULL,
  `deleted_by` int(10) UNSIGNED DEFAULT NULL,
  `created_at` timestamp NULL DEFAULT NULL,
  `updated_at` timestamp NULL DEFAULT NULL,
  `deleted_at` timestamp NULL DEFAULT NULL,
  `poster_tv_url` text DEFAULT NULL,
  `price` decimal(8,2) DEFAULT NULL,
  `purchase_type` varchar(191) DEFAULT NULL,
  `access_duration` int(11) DEFAULT NULL,
  `discount` varchar(191) DEFAULT NULL,
  `available_for` int(11) DEFAULT NULL,
  `enable_subtitle` tinyint(1) NOT NULL DEFAULT 0,
  `subtitle_language` varchar(191) DEFAULT NULL,
  `is_default_subtitle` tinyint(1) NOT NULL DEFAULT 0,
  `subtitle_file` varchar(191) DEFAULT NULL,
  `meta_title` varchar(191) DEFAULT NULL,
  `meta_keywords` varchar(191) DEFAULT NULL,
  `meta_description` text DEFAULT NULL,
  `seo_image` varchar(191) DEFAULT NULL,
  `google_site_verification` varchar(191) DEFAULT NULL,
  `canonical_url` varchar(191) DEFAULT NULL,
  `short_description` text DEFAULT NULL,
  `enable_clips` tinyint(1) NOT NULL DEFAULT 0,
  `slug` text DEFAULT NULL,
  `bunny_video_url` text DEFAULT NULL
) ENGINE=InnoDB DEFAULT CHARSET=utf8mb4 COLLATE=utf8mb4_unicode_ci;

--
-- Dumping data for table `videos`
--

INSERT INTO `videos` (`id`, `name`, `poster_url`, `trailer_url_type`, `trailer_url`, `thumbnail_url`, `access`, `type`, `plan_id`, `IMDb_rating`, `content_rating`, `duration`, `start_time`, `end_time`, `release_date`, `is_restricted`, `short_desc`, `description`, `enable_quality`, `video_upload_type`, `video_url_input`, `download_status`, `download_type`, `download_url`, `enable_download_quality`, `status`, `approval_status`, `revenue_per_view`, `created_by`, `updated_by`, `deleted_by`, `created_at`, `updated_at`, `deleted_at`, `poster_tv_url`, `price`, `purchase_type`, `access_duration`, `discount`, `available_for`, `enable_subtitle`, `subtitle_language`, `is_default_subtitle`, `subtitle_file`, `meta_title`, `meta_keywords`, `meta_description`, `seo_image`, `google_site_verification`, `canonical_url`, `short_description`, `enable_clips`, `slug`, `bunny_video_url`) VALUES
(39, 'Spiderman Extended Preview', 'download_(81)_699bfae99993b.png', NULL, NULL, 'download_(81)_699bfae99993b.png', 'free', 'video', NULL, NULL, NULL, '01:20', NULL, NULL, '2026-02-04', 0, NULL, '<p>Explore the world of Spiderman.</p>', 0, 'YouTube', 'https://youtu.be/OS9lmBStQ9c', 1, 'URL', 'https://youtu.be/OS9lmBStQ9c', 0, 1, 'approved', 0.0000, 1, 1, NULL, '2026-02-23 06:27:09', '2026-02-23 07:00:09', NULL, 'download_(81)_699bfae99993b.png', NULL, 'rental', NULL, NULL, NULL, 0, NULL, 0, NULL, NULL, NULL, NULL, NULL, NULL, NULL, NULL, 0, 'spiderman-extended-preview', NULL),
(40, 'Gehra Hua', 'hq720_699bfaf13eb4b.jpg', NULL, NULL, 'hq720_699bfaf13eb4b.jpg', 'free', 'video', NULL, NULL, NULL, '00:05', '12:00:00', NULL, '2026-02-12', 0, NULL, '<p><span style=\"color: #888888; font-family: Roboto, helvetica neue, helvetica, arial, sans-serif;\"><span style=\"font-size: 13px;\">Jio Studios Presents A B62 Studios Production An Aditya Dhar Film DHURANDHAR Written, Directed and Produced by: Aditya Dhar.</span></span></p>', 0, 'YouTube', 'https://youtu.be/MxIEUzBJn8U', 1, 'URL', 'https://youtu.be/MxIEUzBJn8U', 0, 1, 'approved', 0.0000, 1, 1, NULL, '2026-02-23 06:30:25', '2026-02-23 07:00:13', NULL, 'hq720_699bfaf13eb4b.jpg', NULL, 'rental', NULL, NULL, NULL, 0, NULL, 0, NULL, NULL, NULL, NULL, NULL, NULL, NULL, NULL, 0, 'gehra-hua', NULL),
(41, 'Justin Bieber - Baby', 'download_(73)_699bf43c452ba.png', NULL, NULL, 'download_(73)_699bf43c452ba.png', 'free', 'video', NULL, NULL, NULL, '00:05', NULL, NULL, '2000-02-10', 0, NULL, '<p>Justin Bieber - Baby</p>', 0, 'YouTube', 'https://youtu.be/kffacxfA7G4?si=cSdYD6smK7hqH9Mr', 1, 'URL', 'https://youtu.be/kffacxfA7G4?si=cSdYD6smK7hqH9Mr', 0, 1, 'approved', 0.0000, 1, 1, NULL, '2026-02-23 06:34:07', '2026-02-23 06:34:07', NULL, 'download_(73)_699bf43c452ba.png', NULL, 'rental', NULL, NULL, NULL, 0, NULL, 0, NULL, NULL, '', NULL, NULL, NULL, NULL, NULL, 0, 'justin-bieber-baby', NULL),
(42, 'YoungBoy - HeadTap', 'download_(77)_699bf87616036.png', NULL, NULL, 'download_(77)_699bf87616036.png', 'free', 'video', NULL, NULL, NULL, '00:05', NULL, NULL, '2026-02-12', 0, NULL, '<p>YoungBoy - HeadTap</p>', 0, 'YouTube', 'https://youtu.be/RwlT3hESUBA?si=cXwbp7GtIJW_ZtHl', 1, 'URL', 'https://www.youtube.com/watch?v=RwlT3hESUBA&list=RDRwlT3hESUBA&start_radio=1', 0, 1, 'approved', 0.0000, 1, 1, NULL, '2026-02-23 06:39:30', '2026-02-23 06:49:38', NULL, 'download_(77)_699bf87616036.png', NULL, 'rental', NULL, NULL, NULL, 0, NULL, 0, NULL, NULL, NULL, NULL, NULL, NULL, NULL, NULL, 0, 'youngboy-headtap', NULL),
(43, 'CENTRAL CEE - ICEMAN FREESTYLE', 'download_(75)_699bf6bea2aa6.png', NULL, NULL, 'download_(75)_699bf6bea2aa6.png', 'free', 'video', NULL, NULL, NULL, '00:05', NULL, NULL, '2026-02-12', 0, NULL, '<p>&nbsp;CENTRAL CEE - ICEMAN FREESTYLE</p>', 0, 'YouTube', 'https://youtu.be/OqYoYuoIiik?si=X4aLojXZg0K3gtEz', 1, 'URL', 'https://youtu.be/OqYoYuoIiik?si=X4aLojXZg0K3gtEz', 0, 1, 'approved', 0.0000, 1, 1, NULL, '2026-02-23 06:44:03', '2026-02-23 06:44:03', NULL, 'download_(75)_699bf6bea2aa6.png', NULL, 'rental', NULL, NULL, NULL, 0, NULL, 0, NULL, NULL, '', NULL, NULL, NULL, NULL, NULL, 0, 'central-cee-iceman-freestyle', NULL),
(44, 'Jhon Wick - PS5', 'download_(80)_699bfaaa0e3e7.png', NULL, NULL, 'download_(80)_699bfaaa0e3e7.png', 'free', 'video', NULL, NULL, NULL, '00:05', NULL, NULL, '2026-02-05', 0, NULL, '<p>Jhon Wick - PS5</p>', 0, 'YouTube', 'https://youtu.be/OhHvHrDBru8?si=9TM67-yOZBdySpcJ', 1, 'URL', 'https://youtu.be/OhHvHrDBru8?si=Ba7p5pL-S9z6r-MK', 0, 1, 'approved', 0.0000, 1, 1, NULL, '2026-02-23 06:53:11', '2026-02-23 06:59:01', NULL, 'download_(80)_699bfaaa0e3e7.png', NULL, 'rental', NULL, NULL, NULL, 0, NULL, 0, NULL, NULL, NULL, NULL, NULL, NULL, NULL, NULL, 0, 'jhon-wick-ps5', NULL),
(45, 'Pablo Escobar', 'download_(79)_699bf9d19fc84.png', NULL, NULL, 'download_(79)_699bf9d19fc84.png', 'free', 'video', NULL, NULL, NULL, '00:05', NULL, NULL, '2026-02-12', 0, NULL, '<p>Pablo Escobar<br />https://youtu.be/9wTsW4gGO8c?si=C68YnHefiPN4fNDp</p>', 0, 'YouTube', 'https://youtu.be/9wTsW4gGO8c?si=C68YnHefiPN4fNDp', 1, 'URL', 'https://youtu.be/9wTsW4gGO8c?si=C68YnHefiPN4fNDp', 0, 1, 'approved', 0.0000, 1, 1, NULL, '2026-02-23 06:57:24', '2026-02-23 06:57:24', NULL, 'download_(79)_699bf9d19fc84.png', NULL, 'rental', NULL, NULL, NULL, 0, NULL, 0, NULL, NULL, '', NULL, NULL, NULL, NULL, NULL, 0, 'pablo-escobar', NULL),
(46, 'Peaky Blinders - Trailer', 'download_(82)_699bfb450e85d.png', NULL, NULL, 'download_(82)_699bfb450e85d.png', 'free', 'video', NULL, NULL, NULL, '00:05', NULL, NULL, '2026-02-11', 0, NULL, '<p>Peaky Blinders - Trailer</p>', 0, 'YouTube', 'https://youtu.be/WTVo5hVzjfM?si=GaF5F43r90C8X4w8', 1, 'URL', 'https://youtu.be/WTVo5hVzjfM?si=GaF5F43r90C8X4w8', 0, 1, 'approved', 0.0000, 1, 1, NULL, '2026-02-23 07:02:09', '2026-02-23 07:02:09', NULL, 'download_(82)_699bfb450e85d.png', NULL, 'rental', NULL, NULL, NULL, 0, NULL, 0, NULL, NULL, '', NULL, NULL, NULL, NULL, NULL, 0, 'peaky-blinders-trailer', NULL),
(47, 'The Weekend - Reminder', 'download_(83)_699bfbefb5cf6.png', NULL, NULL, 'download_(83)_699bfbefb5cf6.png', 'free', 'video', NULL, NULL, NULL, '00:05', NULL, NULL, '2026-02-11', 0, NULL, '<p>The Weekend - Reminder</p>', 0, 'YouTube', 'https://youtu.be/JZjAg6fK-BQ?si=l23rYSQaQGy1R8-6', 1, 'URL', 'https://youtu.be/JZjAg6fK-BQ?si=l23rYSQaQGy1R8-6', 0, 1, 'approved', 0.0000, 1, 1, NULL, '2026-02-23 07:05:14', '2026-02-23 07:05:14', NULL, 'download_(83)_699bfbefb5cf6.png', NULL, 'rental', NULL, NULL, NULL, 0, NULL, 0, NULL, NULL, '', NULL, NULL, NULL, NULL, NULL, 0, 'the-weekend-reminder', NULL),
(48, 'Drake - Party Hard', 'download_(85)_699bfcbd872d5.png', NULL, NULL, 'download_(85)_699bfcbd872d5.png', 'free', 'video', NULL, NULL, NULL, '00:05', NULL, NULL, '2026-02-11', 0, NULL, '<p>Drake - Party Hard</p>', 0, 'YouTube', 'https://youtu.be/xpVfcZ0ZcFM?si=tq1CEqhU6jtxqxik', 1, 'URL', 'https://youtu.be/xpVfcZ0ZcFM?si=tq1CEqhU6jtxqxik', 0, 1, 'approved', 0.0000, 1, 1, NULL, '2026-02-23 07:08:37', '2026-02-23 07:08:37', NULL, 'download_(85)_699bfcbd872d5.png', NULL, 'rental', NULL, NULL, NULL, 0, NULL, 0, NULL, NULL, '', NULL, NULL, NULL, NULL, NULL, 0, 'drake-party-hard', NULL),
(49, 'House of Dragon - S3 Trailer', 'download_(86)_699bfd5ceac40.png', NULL, NULL, 'download_(86)_699bfd5ceac40.png', 'free', 'video', NULL, NULL, NULL, '00:05', NULL, NULL, '2026-02-18', 0, NULL, '<p>House of Dragon - S3 Trailer</p>', 0, 'YouTube', 'https://youtu.be/i6w7O1kwuBk?si=gC97Lzb0lW9eGWPs', 1, 'URL', 'https://youtu.be/i6w7O1kwuBk?si=gC97Lzb0lW9eGWPs', 0, 1, 'approved', 0.0000, 1, 1, NULL, '2026-02-23 07:11:19', '2026-02-23 07:11:19', NULL, 'download_(86)_699bfd5ceac40.png', NULL, 'rental', NULL, NULL, NULL, 0, NULL, 0, NULL, NULL, '', NULL, NULL, NULL, NULL, NULL, 0, 'house-of-dragon-s3-trailer', NULL),
(50, 'Kanye West - New Day', 'download_(87)_699bfe2dd0806.png', NULL, NULL, 'download_(87)_699bfe2dd0806.png', 'free', 'video', NULL, NULL, NULL, '00:05', NULL, NULL, '2026-02-11', 0, NULL, '<p>Kanye West - New Day</p>', 0, 'YouTube', 'https://youtu.be/Bm5iA4Zupek?si=ykrGBCdT9brfy_R-', 1, 'URL', 'https://youtu.be/Bm5iA4Zupek?si=ykrGBCdT9brfy_R-', 0, 1, 'approved', 0.0000, 1, 1, NULL, '2026-02-23 07:14:48', '2026-02-23 07:14:48', NULL, 'download_(87)_699bfe2dd0806.png', NULL, 'rental', NULL, NULL, NULL, 0, NULL, 0, NULL, NULL, '', NULL, NULL, NULL, NULL, NULL, 0, 'kanye-west-new-day', NULL);

-- --------------------------------------------------------

--
-- Table structure for table `video_download_mappings`
--

CREATE TABLE `video_download_mappings` (
  `id` bigint(20) UNSIGNED NOT NULL,
  `video_id` bigint(20) UNSIGNED NOT NULL,
  `type` varchar(191) DEFAULT NULL,
  `quality` varchar(191) DEFAULT NULL,
  `url` text DEFAULT NULL,
  `created_by` int(10) UNSIGNED DEFAULT NULL,
  `updated_by` int(10) UNSIGNED DEFAULT NULL,
  `deleted_by` int(10) UNSIGNED DEFAULT NULL,
  `created_at` timestamp NULL DEFAULT NULL,
  `updated_at` timestamp NULL DEFAULT NULL,
  `deleted_at` timestamp NULL DEFAULT NULL
) ENGINE=InnoDB DEFAULT CHARSET=utf8mb4 COLLATE=utf8mb4_unicode_ci;

-- --------------------------------------------------------

--
-- Table structure for table `video_stream_content_mapping`
--

CREATE TABLE `video_stream_content_mapping` (
  `id` bigint(20) UNSIGNED NOT NULL,
  `video_id` bigint(20) UNSIGNED NOT NULL,
  `type` varchar(191) DEFAULT NULL,
  `quality` varchar(191) DEFAULT NULL,
  `url` text DEFAULT NULL,
  `created_by` int(10) UNSIGNED DEFAULT NULL,
  `updated_by` int(10) UNSIGNED DEFAULT NULL,
  `deleted_by` int(10) UNSIGNED DEFAULT NULL,
  `created_at` timestamp NULL DEFAULT NULL,
  `updated_at` timestamp NULL DEFAULT NULL,
  `deleted_at` timestamp NULL DEFAULT NULL
) ENGINE=InnoDB DEFAULT CHARSET=utf8mb4 COLLATE=utf8mb4_unicode_ci;

-- --------------------------------------------------------

--
-- Table structure for table `video_watch_logs`
--

CREATE TABLE `video_watch_logs` (
  `id` bigint(20) UNSIGNED NOT NULL,
  `last_watched_at` timestamp NOT NULL DEFAULT current_timestamp(),
  `minutes` int(11) NOT NULL DEFAULT 0,
  `user_id` bigint(20) UNSIGNED DEFAULT NULL,
  `profile_id` bigint(20) UNSIGNED DEFAULT NULL,
  `entertainment_id` bigint(20) UNSIGNED DEFAULT NULL,
  `date` date DEFAULT NULL,
  `episode_id` bigint(20) UNSIGNED DEFAULT NULL,
  `entertainment_type` varchar(191) DEFAULT NULL,
  `seconds_watched` int(10) UNSIGNED NOT NULL DEFAULT 0,
  `watch_date` date NOT NULL,
  `created_at` timestamp NULL DEFAULT NULL,
  `updated_at` timestamp NULL DEFAULT NULL,
  `deleted_at` timestamp NULL DEFAULT NULL,
  `payout_id` bigint(20) UNSIGNED DEFAULT NULL
) ENGINE=InnoDB DEFAULT CHARSET=utf8mb4 COLLATE=utf8mb4_unicode_ci;

--
-- Dumping data for table `video_watch_logs`
--

INSERT INTO `video_watch_logs` (`id`, `last_watched_at`, `minutes`, `user_id`, `profile_id`, `entertainment_id`, `date`, `episode_id`, `entertainment_type`, `seconds_watched`, `watch_date`, `created_at`, `updated_at`, `deleted_at`, `payout_id`) VALUES
(1, '2026-02-18 03:27:55', 1, 1, NULL, 112, '2026-02-18', NULL, NULL, 0, '0000-00-00', '2026-02-18 03:27:55', '2026-02-18 03:27:55', NULL, NULL),
(2, '2026-02-19 06:04:36', 2, 1, NULL, 113, '2026-02-19', NULL, NULL, 0, '0000-00-00', '2026-02-19 06:03:36', '2026-02-19 06:12:18', NULL, 3),
(3, '2026-02-19 06:26:12', 1, 1, NULL, 113, '2026-02-19', NULL, NULL, 0, '0000-00-00', '2026-02-19 06:26:12', '2026-02-19 06:26:12', NULL, NULL),
(4, '2026-02-19 10:53:37', 1, 21, NULL, 35, '2026-02-19', NULL, NULL, 0, '0000-00-00', '2026-02-19 10:53:37', '2026-02-19 10:53:37', NULL, NULL),
(5, '2026-02-19 11:18:57', 1, 21, NULL, 26, '2026-02-19', NULL, NULL, 0, '0000-00-00', '2026-02-19 11:18:57', '2026-02-19 11:18:57', NULL, NULL),
(6, '2026-02-20 06:14:00', 2, 21, NULL, 40, '2026-02-20', NULL, NULL, 0, '0000-00-00', '2026-02-20 06:13:01', '2026-02-20 06:14:00', NULL, NULL),
(7, '2026-02-20 06:30:18', 2, 21, NULL, 39, '2026-02-20', NULL, NULL, 0, '0000-00-00', '2026-02-20 06:29:18', '2026-02-20 06:30:18', NULL, NULL),
(8, '2026-02-20 07:31:23', 1, 21, NULL, 115, '2026-02-20', NULL, NULL, 0, '0000-00-00', '2026-02-20 07:31:23', '2026-02-20 07:31:23', NULL, NULL),
(9, '2026-02-23 07:32:50', 2, 1, NULL, 165, '2026-02-23', NULL, NULL, 0, '0000-00-00', '2026-02-23 07:31:50', '2026-02-23 07:32:50', NULL, NULL),
(10, '2026-02-24 06:43:39', 1, 1, NULL, 173, '2026-02-24', NULL, NULL, 0, '0000-00-00', '2026-02-24 06:43:39', '2026-02-24 06:43:39', NULL, NULL),
(11, '2026-02-24 09:21:54', 1, 21, NULL, 127, '2026-02-24', NULL, NULL, 0, '0000-00-00', '2026-02-24 09:21:54', '2026-02-24 09:21:54', NULL, NULL),
(12, '2026-02-25 08:44:52', 1, 21, NULL, 152, '2026-02-25', NULL, NULL, 0, '0000-00-00', '2026-02-25 08:44:52', '2026-02-25 08:44:52', NULL, NULL),
(13, '2026-03-03 05:53:13', 1, 21, NULL, 152, '2026-03-03', NULL, NULL, 0, '0000-00-00', '2026-03-03 05:53:13', '2026-03-03 05:53:13', NULL, NULL);

-- --------------------------------------------------------

--
-- Table structure for table `watchlists`
--

CREATE TABLE `watchlists` (
  `id` bigint(20) UNSIGNED NOT NULL,
  `entertainment_id` int(11) DEFAULT NULL,
  `user_id` int(11) DEFAULT NULL,
  `profile_id` int(11) DEFAULT NULL,
  `type` varchar(191) DEFAULT NULL,
  `created_by` int(10) UNSIGNED DEFAULT NULL,
  `updated_by` int(10) UNSIGNED DEFAULT NULL,
  `deleted_by` int(10) UNSIGNED DEFAULT NULL,
  `created_at` timestamp NULL DEFAULT NULL,
  `updated_at` timestamp NULL DEFAULT NULL,
  `deleted_at` timestamp NULL DEFAULT NULL
) ENGINE=InnoDB DEFAULT CHARSET=utf8mb4 COLLATE=utf8mb4_unicode_ci;

--
-- Dumping data for table `watchlists`
--

INSERT INTO `watchlists` (`id`, `entertainment_id`, `user_id`, `profile_id`, `type`, `created_by`, `updated_by`, `deleted_by`, `created_at`, `updated_at`, `deleted_at`) VALUES
(1, 1, 3, 3, 'tvshow', NULL, NULL, NULL, '2024-03-12 01:25:53', '2024-03-12 01:25:53', NULL),
(2, 2, 3, 3, 'tvshow', NULL, NULL, NULL, '2024-04-12 01:26:39', '2024-04-12 01:26:39', NULL),
(3, 33, 14, 14, 'movie', NULL, NULL, NULL, '2024-05-12 01:26:46', '2024-05-12 01:26:46', NULL),
(4, 4, 3, 3, 'tvshow', NULL, NULL, NULL, '2024-07-12 01:27:19', '2024-07-12 01:27:19', NULL),
(5, 5, 3, 3, 'tvshow', NULL, NULL, NULL, '2024-06-12 01:27:44', '2024-06-12 01:27:44', NULL),
(6, 6, 3, 3, 'tvshow', NULL, NULL, NULL, '2024-04-12 01:27:44', '2024-04-12 01:27:44', NULL),
(7, 7, 3, 3, 'tvshow', NULL, NULL, NULL, '2024-07-12 01:27:44', '2024-07-12 01:27:44', NULL),
(8, 58, 3, 3, 'movie', NULL, NULL, NULL, '2024-05-12 01:27:44', '2024-05-12 01:27:44', NULL),
(9, 9, 3, 3, 'tvshow', NULL, NULL, NULL, '2024-06-12 01:27:44', '2024-06-12 01:27:44', NULL),
(13, 99, 21, NULL, 'movie', 21, 21, NULL, '2026-02-19 10:50:12', '2026-02-19 10:50:12', NULL),
(14, 40, 21, 35, 'movie', 21, 21, NULL, '2026-02-20 06:13:57', '2026-02-20 06:13:57', NULL),
(15, 29, 21, NULL, 'movie', 21, 21, NULL, '2026-02-20 06:22:14', '2026-02-20 06:22:14', NULL),
(41, 40, 22, 37, 'video', 22, 22, NULL, '2026-02-27 12:08:09', '2026-02-27 12:08:09', NULL),
(43, 124, 22, 37, 'movie', 22, 22, NULL, '2026-03-02 05:51:30', '2026-03-02 05:51:30', NULL),
(44, 124, 22, 38, 'movie', 22, 22, NULL, '2026-03-02 05:55:30', '2026-03-02 05:55:30', NULL),
(45, 122, 22, 38, 'movie', 22, 22, NULL, '2026-03-02 06:00:06', '2026-03-02 06:00:06', NULL),
(46, 124, 21, 36, 'movie', 21, 21, NULL, '2026-03-02 06:04:46', '2026-03-02 06:04:46', NULL),
(47, 152, 21, 36, 'tvshow', 21, 21, NULL, '2026-03-02 06:04:52', '2026-03-02 06:04:52', NULL),
(48, 126, 21, 36, 'movie', 21, 21, NULL, '2026-03-02 06:04:54', '2026-03-02 06:04:54', NULL),
(49, 130, 21, 36, 'movie', 21, 21, NULL, '2026-03-02 06:04:57', '2026-03-02 06:04:57', NULL),
(50, 148, 22, 37, 'movie', 22, 22, NULL, '2026-03-04 21:43:05', '2026-03-04 21:43:05', NULL),
(51, 126, 22, 38, 'movie', 22, 22, NULL, '2026-03-05 04:00:07', '2026-03-05 04:00:07', NULL);

-- --------------------------------------------------------

--
-- Table structure for table `webhook_calls`
--

CREATE TABLE `webhook_calls` (
  `id` bigint(20) UNSIGNED NOT NULL,
  `name` varchar(191) CHARACTER SET utf8mb4 COLLATE utf8mb4_unicode_ci NOT NULL,
  `url` varchar(191) CHARACTER SET utf8mb4 COLLATE utf8mb4_unicode_ci NOT NULL,
  `headers` longtext CHARACTER SET utf8mb4 COLLATE utf8mb4_bin DEFAULT NULL,
  `payload` longtext CHARACTER SET utf8mb4 COLLATE utf8mb4_bin DEFAULT NULL,
  `exception` text CHARACTER SET utf8mb4 COLLATE utf8mb4_unicode_ci DEFAULT NULL,
  `created_at` timestamp NULL DEFAULT NULL,
  `updated_at` timestamp NULL DEFAULT NULL
) ENGINE=InnoDB DEFAULT CHARSET=utf8mb3 COLLATE=utf8mb3_general_ci;

-- --------------------------------------------------------

--
-- Table structure for table `worlds`
--

CREATE TABLE `worlds` (
  `id` bigint(20) UNSIGNED NOT NULL,
  `name` varchar(255) DEFAULT NULL,
  `state_id` int(11) DEFAULT NULL,
  `status` tinyint(4) NOT NULL DEFAULT 1,
  `created_by` int(10) UNSIGNED DEFAULT NULL,
  `updated_by` int(10) UNSIGNED DEFAULT NULL,
  `deleted_by` int(10) UNSIGNED DEFAULT NULL,
  `created_at` timestamp NULL DEFAULT NULL,
  `updated_at` timestamp NULL DEFAULT NULL,
  `deleted_at` timestamp NULL DEFAULT NULL
) ENGINE=InnoDB DEFAULT CHARSET=utf8mb4 COLLATE=utf8mb4_unicode_ci;

--
-- Indexes for dumped tables
--

--
-- Indexes for table `activity_log`
--
ALTER TABLE `activity_log`
  ADD PRIMARY KEY (`id`),
  ADD KEY `subject` (`subject_type`,`subject_id`),
  ADD KEY `causer` (`causer_type`,`causer_id`),
  ADD KEY `activity_log_log_name_index` (`log_name`);

--
-- Indexes for table `addresses`
--
ALTER TABLE `addresses`
  ADD PRIMARY KEY (`id`),
  ADD KEY `addresses_addressable_type_addressable_id_index` (`addressable_type`,`addressable_id`);

--
-- Indexes for table `ads`
--
ALTER TABLE `ads`
  ADD PRIMARY KEY (`id`);

--
-- Indexes for table `banners`
--
ALTER TABLE `banners`
  ADD PRIMARY KEY (`id`),
  ADD KEY `banners_status_deleted_at_index` (`status`,`deleted_at`);

--
-- Indexes for table `cast_crew`
--
ALTER TABLE `cast_crew`
  ADD PRIMARY KEY (`id`),
  ADD KEY `cast_crew_deleted_at_index` (`deleted_at`);

--
-- Indexes for table `cities`
--
ALTER TABLE `cities`
  ADD PRIMARY KEY (`id`);

--
-- Indexes for table `clips`
--
ALTER TABLE `clips`
  ADD PRIMARY KEY (`id`);

--
-- Indexes for table `constants`
--
ALTER TABLE `constants`
  ADD PRIMARY KEY (`id`);

--
-- Indexes for table `content_acquisitions`
--
ALTER TABLE `content_acquisitions`
  ADD PRIMARY KEY (`id`),
  ADD KEY `content_acquisitions_approved_by_foreign` (`approved_by`),
  ADD KEY `content_acquisitions_producer_id_index` (`producer_id`),
  ADD KEY `content_acquisitions_entertainment_id_index` (`entertainment_id`),
  ADD KEY `content_acquisitions_type_index` (`type`),
  ADD KEY `content_acquisitions_status_index` (`status`);

--
-- Indexes for table `content_acquisition_logs`
--
ALTER TABLE `content_acquisition_logs`
  ADD PRIMARY KEY (`id`),
  ADD KEY `content_acquisition_logs_acquisition_id_foreign` (`acquisition_id`),
  ADD KEY `content_acquisition_logs_user_id_foreign` (`user_id`);

--
-- Indexes for table `continue_watch`
--
ALTER TABLE `continue_watch`
  ADD PRIMARY KEY (`id`),
  ADD KEY `continue_watch_user_id_profile_id_deleted_at_index` (`user_id`,`profile_id`,`deleted_at`);

--
-- Indexes for table `countries`
--
ALTER TABLE `countries`
  ADD PRIMARY KEY (`id`);

--
-- Indexes for table `coupons`
--
ALTER TABLE `coupons`
  ADD PRIMARY KEY (`id`),
  ADD UNIQUE KEY `coupons_code_unique` (`code`);

--
-- Indexes for table `coupon_subscription_plan`
--
ALTER TABLE `coupon_subscription_plan`
  ADD PRIMARY KEY (`id`),
  ADD KEY `coupon_subscription_plan_coupon_id_foreign` (`coupon_id`),
  ADD KEY `coupon_subscription_plan_subscription_plan_id_foreign` (`subscription_plan_id`);

--
-- Indexes for table `currencies`
--
ALTER TABLE `currencies`
  ADD PRIMARY KEY (`id`);

--
-- Indexes for table `custom_ads_setting`
--
ALTER TABLE `custom_ads_setting`
  ADD PRIMARY KEY (`id`);

--
-- Indexes for table `entertainments`
--
ALTER TABLE `entertainments`
  ADD PRIMARY KEY (`id`),
  ADD KEY `entertainments_id_deleted_at_index` (`id`,`deleted_at`),
  ADD KEY `entertainments_id_status_release_date_deleted_at_index` (`id`,`status`,`release_date`,`deleted_at`),
  ADD KEY `entertainments_id_status_release_date_index` (`id`,`status`,`release_date`),
  ADD KEY `entertainments_type_index` (`type`),
  ADD KEY `entertainments_release_date_index` (`release_date`),
  ADD KEY `entertainments_status_index` (`status`);

--
-- Indexes for table `entertainment_country_mapping`
--
ALTER TABLE `entertainment_country_mapping`
  ADD PRIMARY KEY (`id`);

--
-- Indexes for table `entertainment_downloads`
--
ALTER TABLE `entertainment_downloads`
  ADD PRIMARY KEY (`id`);

--
-- Indexes for table `entertainment_download_mapping`
--
ALTER TABLE `entertainment_download_mapping`
  ADD PRIMARY KEY (`id`);

--
-- Indexes for table `entertainment_gener_mapping`
--
ALTER TABLE `entertainment_gener_mapping`
  ADD PRIMARY KEY (`id`),
  ADD KEY `entertainment_gener_mapping_entertainment_id_deleted_at_index` (`entertainment_id`,`deleted_at`),
  ADD KEY `entertainment_gener_mapping_genre_id_index` (`genre_id`),
  ADD KEY `entertainment_gener_mapping_deleted_at_index` (`deleted_at`);

--
-- Indexes for table `entertainment_stream_content_mapping`
--
ALTER TABLE `entertainment_stream_content_mapping`
  ADD PRIMARY KEY (`id`);

--
-- Indexes for table `entertainment_talent_mapping`
--
ALTER TABLE `entertainment_talent_mapping`
  ADD PRIMARY KEY (`id`),
  ADD KEY `entertainment_talent_mapping_entertainment_id_index` (`entertainment_id`),
  ADD KEY `entertainment_talent_mapping_deleted_at_index` (`deleted_at`);

--
-- Indexes for table `entertainment_views`
--
ALTER TABLE `entertainment_views`
  ADD PRIMARY KEY (`id`);

--
-- Indexes for table `episodes`
--
ALTER TABLE `episodes`
  ADD PRIMARY KEY (`id`),
  ADD KEY `episodes_id_deleted_at_index` (`id`,`deleted_at`),
  ADD KEY `episodes_entertainment_id_index` (`entertainment_id`),
  ADD KEY `episodes_status_index` (`status`),
  ADD KEY `episodes_deleted_at_index` (`deleted_at`),
  ADD KEY `episodes_season_id_index` (`season_id`);

--
-- Indexes for table `episode_download_mapping`
--
ALTER TABLE `episode_download_mapping`
  ADD PRIMARY KEY (`id`);

--
-- Indexes for table `episode_stream_content_mapping`
--
ALTER TABLE `episode_stream_content_mapping`
  ADD PRIMARY KEY (`id`),
  ADD KEY `episode_stream_content_mapping_episode_id_index` (`episode_id`),
  ADD KEY `episode_stream_content_mapping_deleted_at_index` (`deleted_at`);

--
-- Indexes for table `failed_jobs`
--
ALTER TABLE `failed_jobs`
  ADD PRIMARY KEY (`id`),
  ADD UNIQUE KEY `failed_jobs_uuid_unique` (`uuid`);

--
-- Indexes for table `faqs`
--
ALTER TABLE `faqs`
  ADD PRIMARY KEY (`id`);

--
-- Indexes for table `filemanagers`
--
ALTER TABLE `filemanagers`
  ADD PRIMARY KEY (`id`),
  ADD KEY `filemanagers_producer_id_index` (`producer_id`);

--
-- Indexes for table `filmhub_import_logs`
--
ALTER TABLE `filmhub_import_logs`
  ADD PRIMARY KEY (`id`),
  ADD KEY `filmhub_import_logs_entertainment_id_foreign` (`entertainment_id`),
  ADD KEY `filmhub_import_logs_filmhub_id_index` (`filmhub_id`);

--
-- Indexes for table `folders`
--
ALTER TABLE `folders`
  ADD PRIMARY KEY (`id`),
  ADD KEY `folders_producer_id_index` (`producer_id`),
  ADD KEY `folders_parent_id_index` (`parent_id`),
  ADD KEY `folders_path_index` (`path`);

--
-- Indexes for table `genres`
--
ALTER TABLE `genres`
  ADD PRIMARY KEY (`id`),
  ADD KEY `genres_id_deleted_at_index` (`id`,`deleted_at`);

--
-- Indexes for table `installers`
--
ALTER TABLE `installers`
  ADD PRIMARY KEY (`id`);

--
-- Indexes for table `jobs`
--
ALTER TABLE `jobs`
  ADD PRIMARY KEY (`id`),
  ADD KEY `jobs_queue_index` (`queue`);

--
-- Indexes for table `job_batches`
--
ALTER TABLE `job_batches`
  ADD PRIMARY KEY (`id`);

--
-- Indexes for table `languages`
--
ALTER TABLE `languages`
  ADD PRIMARY KEY (`id`);

--
-- Indexes for table `likes`
--
ALTER TABLE `likes`
  ADD PRIMARY KEY (`id`);

--
-- Indexes for table `livetvs`
--
ALTER TABLE `livetvs`
  ADD PRIMARY KEY (`id`);

--
-- Indexes for table `live_tv_category`
--
ALTER TABLE `live_tv_category`
  ADD PRIMARY KEY (`id`);

--
-- Indexes for table `live_tv_channel`
--
ALTER TABLE `live_tv_channel`
  ADD PRIMARY KEY (`id`);

--
-- Indexes for table `live_tv_stream_content_mapping`
--
ALTER TABLE `live_tv_stream_content_mapping`
  ADD PRIMARY KEY (`id`);

--
-- Indexes for table `media`
--
ALTER TABLE `media`
  ADD PRIMARY KEY (`id`),
  ADD UNIQUE KEY `media_uuid_unique` (`uuid`),
  ADD KEY `media_model_type_model_id_index` (`model_type`,`model_id`),
  ADD KEY `media_order_column_index` (`order_column`),
  ADD KEY `media_producer_id_index` (`producer_id`);

--
-- Indexes for table `migrations`
--
ALTER TABLE `migrations`
  ADD PRIMARY KEY (`id`);

--
-- Indexes for table `mobile_settings`
--
ALTER TABLE `mobile_settings`
  ADD PRIMARY KEY (`id`),
  ADD KEY `mobile_settings_slug_deleted_at_index` (`slug`,`deleted_at`);

--
-- Indexes for table `model_has_permissions`
--
ALTER TABLE `model_has_permissions`
  ADD PRIMARY KEY (`permission_id`,`model_id`,`model_type`),
  ADD KEY `model_has_permissions_model_id_model_type_index` (`model_id`,`model_type`);

--
-- Indexes for table `model_has_roles`
--
ALTER TABLE `model_has_roles`
  ADD PRIMARY KEY (`role_id`,`model_id`,`model_type`),
  ADD KEY `model_has_roles_model_id_model_type_index` (`model_id`,`model_type`);

--
-- Indexes for table `modules`
--
ALTER TABLE `modules`
  ADD PRIMARY KEY (`id`);

--
-- Indexes for table `notifications`
--
ALTER TABLE `notifications`
  ADD PRIMARY KEY (`id`),
  ADD KEY `notifications_notifiable_type_notifiable_id_index` (`notifiable_type`,`notifiable_id`);

--
-- Indexes for table `notification_templates`
--
ALTER TABLE `notification_templates`
  ADD PRIMARY KEY (`id`);

--
-- Indexes for table `notification_template_content_mapping`
--
ALTER TABLE `notification_template_content_mapping`
  ADD PRIMARY KEY (`id`);

--
-- Indexes for table `onboardings`
--
ALTER TABLE `onboardings`
  ADD PRIMARY KEY (`id`);

--
-- Indexes for table `pages`
--
ALTER TABLE `pages`
  ADD PRIMARY KEY (`id`),
  ADD UNIQUE KEY `pages_slug_unique` (`slug`);

--
-- Indexes for table `payouts`
--
ALTER TABLE `payouts`
  ADD PRIMARY KEY (`id`),
  ADD KEY `payouts_user_id_foreign` (`user_id`);

--
-- Indexes for table `payperviewstransactions`
--
ALTER TABLE `payperviewstransactions`
  ADD PRIMARY KEY (`id`),
  ADD KEY `payperviewstransactions_user_id_foreign` (`user_id`),
  ADD KEY `payperviewstransactions_pay_per_view_id_foreign` (`pay_per_view_id`);

--
-- Indexes for table `pay_per_views`
--
ALTER TABLE `pay_per_views`
  ADD PRIMARY KEY (`id`),
  ADD KEY `pay_per_views_user_id_foreign` (`user_id`),
  ADD KEY `pay_per_views_movie_id_foreign` (`movie_id`);

--
-- Indexes for table `permissions`
--
ALTER TABLE `permissions`
  ADD PRIMARY KEY (`id`),
  ADD UNIQUE KEY `permissions_name_guard_name_unique` (`name`,`guard_name`);

--
-- Indexes for table `plan`
--
ALTER TABLE `plan`
  ADD PRIMARY KEY (`id`),
  ADD KEY `plan_level_deleted_at_index` (`level`,`deleted_at`),
  ADD KEY `plan_id_deleted_at_index` (`id`,`deleted_at`);

--
-- Indexes for table `planlimitation`
--
ALTER TABLE `planlimitation`
  ADD PRIMARY KEY (`id`);

--
-- Indexes for table `planlimitation_mapping`
--
ALTER TABLE `planlimitation_mapping`
  ADD PRIMARY KEY (`id`),
  ADD KEY `planlimitation_mapping_plan_id_deleted_at_index` (`plan_id`,`deleted_at`);

--
-- Indexes for table `reviews`
--
ALTER TABLE `reviews`
  ADD PRIMARY KEY (`id`);

--
-- Indexes for table `roles`
--
ALTER TABLE `roles`
  ADD PRIMARY KEY (`id`),
  ADD UNIQUE KEY `roles_name_guard_name_unique` (`name`,`guard_name`);

--
-- Indexes for table `role_has_permissions`
--
ALTER TABLE `role_has_permissions`
  ADD PRIMARY KEY (`permission_id`,`role_id`),
  ADD KEY `role_has_permissions_role_id_foreign` (`role_id`);

--
-- Indexes for table `seasons`
--
ALTER TABLE `seasons`
  ADD PRIMARY KEY (`id`),
  ADD KEY `seasons_entertainment_id_index` (`entertainment_id`),
  ADD KEY `seasons_deleted_at_index` (`deleted_at`);

--
-- Indexes for table `seo`
--
ALTER TABLE `seo`
  ADD PRIMARY KEY (`id`);

--
-- Indexes for table `service_providers`
--
ALTER TABLE `service_providers`
  ADD PRIMARY KEY (`id`);

--
-- Indexes for table `sessions`
--
ALTER TABLE `sessions`
  ADD PRIMARY KEY (`id`),
  ADD KEY `sessions_user_id_index` (`user_id`),
  ADD KEY `sessions_last_activity_index` (`last_activity`);

--
-- Indexes for table `setting`
--
ALTER TABLE `setting`
  ADD PRIMARY KEY (`id`);

--
-- Indexes for table `settings`
--
ALTER TABLE `settings`
  ADD PRIMARY KEY (`id`);

--
-- Indexes for table `states`
--
ALTER TABLE `states`
  ADD PRIMARY KEY (`id`);

--
-- Indexes for table `subscriptions`
--
ALTER TABLE `subscriptions`
  ADD PRIMARY KEY (`id`);

--
-- Indexes for table `subscriptions_transactions`
--
ALTER TABLE `subscriptions_transactions`
  ADD PRIMARY KEY (`id`);

--
-- Indexes for table `subtitles`
--
ALTER TABLE `subtitles`
  ADD PRIMARY KEY (`id`),
  ADD KEY `subtitles_entertainment_id_foreign` (`entertainment_id`);

--
-- Indexes for table `taxes`
--
ALTER TABLE `taxes`
  ADD PRIMARY KEY (`id`);

--
-- Indexes for table `tv_login_sessions`
--
ALTER TABLE `tv_login_sessions`
  ADD PRIMARY KEY (`id`),
  ADD UNIQUE KEY `tv_login_sessions_session_id_unique` (`session_id`);

--
-- Indexes for table `user_coupon_redeem`
--
ALTER TABLE `user_coupon_redeem`
  ADD PRIMARY KEY (`id`);

--
-- Indexes for table `user_multi_profiles`
--
ALTER TABLE `user_multi_profiles`
  ADD PRIMARY KEY (`id`),
  ADD KEY `user_multi_profiles_user_id_foreign` (`user_id`);

--
-- Indexes for table `user_profiles`
--
ALTER TABLE `user_profiles`
  ADD PRIMARY KEY (`id`);

--
-- Indexes for table `user_providers`
--
ALTER TABLE `user_providers`
  ADD PRIMARY KEY (`id`);

--
-- Indexes for table `user_reminder`
--
ALTER TABLE `user_reminder`
  ADD PRIMARY KEY (`id`);

--
-- Indexes for table `user_search_histories`
--
ALTER TABLE `user_search_histories`
  ADD PRIMARY KEY (`id`);

--
-- Indexes for table `user_watch_histories`
--
ALTER TABLE `user_watch_histories`
  ADD PRIMARY KEY (`id`);

--
-- Indexes for table `vast_ads_setting`
--
ALTER TABLE `vast_ads_setting`
  ADD PRIMARY KEY (`id`),
  ADD KEY `vast_ads_setting_status_index` (`status`);

--
-- Indexes for table `videos`
--
ALTER TABLE `videos`
  ADD PRIMARY KEY (`id`);

--
-- Indexes for table `video_download_mappings`
--
ALTER TABLE `video_download_mappings`
  ADD PRIMARY KEY (`id`);

--
-- Indexes for table `video_stream_content_mapping`
--
ALTER TABLE `video_stream_content_mapping`
  ADD PRIMARY KEY (`id`);

--
-- Indexes for table `video_watch_logs`
--
ALTER TABLE `video_watch_logs`
  ADD PRIMARY KEY (`id`),
  ADD KEY `video_watch_logs_user_id_watch_date_index` (`user_id`,`watch_date`),
  ADD KEY `video_watch_logs_entertainment_id_watch_date_index` (`entertainment_id`,`watch_date`),
  ADD KEY `video_watch_logs_entertainment_id_episode_id_index` (`entertainment_id`,`episode_id`),
  ADD KEY `video_watch_logs_payout_id_foreign` (`payout_id`);

--
-- Indexes for table `watchlists`
--
ALTER TABLE `watchlists`
  ADD PRIMARY KEY (`id`),
  ADD KEY `watchlists_id_deleted_at_index` (`id`,`deleted_at`);

--
-- Indexes for table `webhook_calls`
--
ALTER TABLE `webhook_calls`
  ADD PRIMARY KEY (`id`);

--
-- Indexes for table `worlds`
--
ALTER TABLE `worlds`
  ADD PRIMARY KEY (`id`);

--
-- AUTO_INCREMENT for dumped tables
--

--
-- AUTO_INCREMENT for table `activity_log`
--
ALTER TABLE `activity_log`
  MODIFY `id` bigint(20) UNSIGNED NOT NULL AUTO_INCREMENT;

--
-- AUTO_INCREMENT for table `addresses`
--
ALTER TABLE `addresses`
  MODIFY `id` bigint(20) UNSIGNED NOT NULL AUTO_INCREMENT;

--
-- AUTO_INCREMENT for table `ads`
--
ALTER TABLE `ads`
  MODIFY `id` bigint(20) UNSIGNED NOT NULL AUTO_INCREMENT;

--
-- AUTO_INCREMENT for table `banners`
--
ALTER TABLE `banners`
  MODIFY `id` bigint(20) UNSIGNED NOT NULL AUTO_INCREMENT, AUTO_INCREMENT=41;

--
-- AUTO_INCREMENT for table `cast_crew`
--
ALTER TABLE `cast_crew`
  MODIFY `id` bigint(20) UNSIGNED NOT NULL AUTO_INCREMENT, AUTO_INCREMENT=417;

--
-- AUTO_INCREMENT for table `cities`
--
ALTER TABLE `cities`
  MODIFY `id` bigint(20) UNSIGNED NOT NULL AUTO_INCREMENT;

--
-- AUTO_INCREMENT for table `clips`
--
ALTER TABLE `clips`
  MODIFY `id` bigint(20) UNSIGNED NOT NULL AUTO_INCREMENT, AUTO_INCREMENT=26;

--
-- AUTO_INCREMENT for table `constants`
--
ALTER TABLE `constants`
  MODIFY `id` bigint(20) UNSIGNED NOT NULL AUTO_INCREMENT, AUTO_INCREMENT=89;

--
-- AUTO_INCREMENT for table `content_acquisitions`
--
ALTER TABLE `content_acquisitions`
  MODIFY `id` bigint(20) UNSIGNED NOT NULL AUTO_INCREMENT, AUTO_INCREMENT=13;

--
-- AUTO_INCREMENT for table `content_acquisition_logs`
--
ALTER TABLE `content_acquisition_logs`
  MODIFY `id` bigint(20) UNSIGNED NOT NULL AUTO_INCREMENT, AUTO_INCREMENT=59;

--
-- AUTO_INCREMENT for table `continue_watch`
--
ALTER TABLE `continue_watch`
  MODIFY `id` bigint(20) UNSIGNED NOT NULL AUTO_INCREMENT, AUTO_INCREMENT=80;

--
-- AUTO_INCREMENT for table `countries`
--
ALTER TABLE `countries`
  MODIFY `id` bigint(20) UNSIGNED NOT NULL AUTO_INCREMENT, AUTO_INCREMENT=247;

--
-- AUTO_INCREMENT for table `coupons`
--
ALTER TABLE `coupons`
  MODIFY `id` bigint(20) UNSIGNED NOT NULL AUTO_INCREMENT, AUTO_INCREMENT=7;

--
-- AUTO_INCREMENT for table `coupon_subscription_plan`
--
ALTER TABLE `coupon_subscription_plan`
  MODIFY `id` bigint(20) UNSIGNED NOT NULL AUTO_INCREMENT, AUTO_INCREMENT=22;

--
-- AUTO_INCREMENT for table `currencies`
--
ALTER TABLE `currencies`
  MODIFY `id` bigint(20) UNSIGNED NOT NULL AUTO_INCREMENT, AUTO_INCREMENT=4;

--
-- AUTO_INCREMENT for table `custom_ads_setting`
--
ALTER TABLE `custom_ads_setting`
  MODIFY `id` bigint(20) UNSIGNED NOT NULL AUTO_INCREMENT, AUTO_INCREMENT=13;

--
-- AUTO_INCREMENT for table `entertainments`
--
ALTER TABLE `entertainments`
  MODIFY `id` bigint(20) UNSIGNED NOT NULL AUTO_INCREMENT, AUTO_INCREMENT=178;

--
-- AUTO_INCREMENT for table `entertainment_country_mapping`
--
ALTER TABLE `entertainment_country_mapping`
  MODIFY `id` bigint(20) UNSIGNED NOT NULL AUTO_INCREMENT, AUTO_INCREMENT=271;

--
-- AUTO_INCREMENT for table `entertainment_downloads`
--
ALTER TABLE `entertainment_downloads`
  MODIFY `id` bigint(20) UNSIGNED NOT NULL AUTO_INCREMENT;

--
-- AUTO_INCREMENT for table `entertainment_download_mapping`
--
ALTER TABLE `entertainment_download_mapping`
  MODIFY `id` bigint(20) UNSIGNED NOT NULL AUTO_INCREMENT, AUTO_INCREMENT=2;

--
-- AUTO_INCREMENT for table `entertainment_gener_mapping`
--
ALTER TABLE `entertainment_gener_mapping`
  MODIFY `id` bigint(20) UNSIGNED NOT NULL AUTO_INCREMENT, AUTO_INCREMENT=519;

--
-- AUTO_INCREMENT for table `entertainment_stream_content_mapping`
--
ALTER TABLE `entertainment_stream_content_mapping`
  MODIFY `id` bigint(20) UNSIGNED NOT NULL AUTO_INCREMENT, AUTO_INCREMENT=54;

--
-- AUTO_INCREMENT for table `entertainment_talent_mapping`
--
ALTER TABLE `entertainment_talent_mapping`
  MODIFY `id` bigint(20) UNSIGNED NOT NULL AUTO_INCREMENT, AUTO_INCREMENT=3448;

--
-- AUTO_INCREMENT for table `entertainment_views`
--
ALTER TABLE `entertainment_views`
  MODIFY `id` bigint(20) UNSIGNED NOT NULL AUTO_INCREMENT, AUTO_INCREMENT=91;

--
-- AUTO_INCREMENT for table `episodes`
--
ALTER TABLE `episodes`
  MODIFY `id` bigint(20) UNSIGNED NOT NULL AUTO_INCREMENT, AUTO_INCREMENT=111;

--
-- AUTO_INCREMENT for table `episode_download_mapping`
--
ALTER TABLE `episode_download_mapping`
  MODIFY `id` bigint(20) UNSIGNED NOT NULL AUTO_INCREMENT;

--
-- AUTO_INCREMENT for table `episode_stream_content_mapping`
--
ALTER TABLE `episode_stream_content_mapping`
  MODIFY `id` bigint(20) UNSIGNED NOT NULL AUTO_INCREMENT, AUTO_INCREMENT=15;

--
-- AUTO_INCREMENT for table `failed_jobs`
--
ALTER TABLE `failed_jobs`
  MODIFY `id` bigint(20) UNSIGNED NOT NULL AUTO_INCREMENT;

--
-- AUTO_INCREMENT for table `faqs`
--
ALTER TABLE `faqs`
  MODIFY `id` bigint(20) UNSIGNED NOT NULL AUTO_INCREMENT, AUTO_INCREMENT=26;

--
-- AUTO_INCREMENT for table `filemanagers`
--
ALTER TABLE `filemanagers`
  MODIFY `id` bigint(20) UNSIGNED NOT NULL AUTO_INCREMENT, AUTO_INCREMENT=220;

--
-- AUTO_INCREMENT for table `filmhub_import_logs`
--
ALTER TABLE `filmhub_import_logs`
  MODIFY `id` bigint(20) UNSIGNED NOT NULL AUTO_INCREMENT;

--
-- AUTO_INCREMENT for table `folders`
--
ALTER TABLE `folders`
  MODIFY `id` bigint(20) UNSIGNED NOT NULL AUTO_INCREMENT, AUTO_INCREMENT=5;

--
-- AUTO_INCREMENT for table `genres`
--
ALTER TABLE `genres`
  MODIFY `id` bigint(20) UNSIGNED NOT NULL AUTO_INCREMENT, AUTO_INCREMENT=25;

--
-- AUTO_INCREMENT for table `installers`
--
ALTER TABLE `installers`
  MODIFY `id` bigint(20) UNSIGNED NOT NULL AUTO_INCREMENT;

--
-- AUTO_INCREMENT for table `jobs`
--
ALTER TABLE `jobs`
  MODIFY `id` bigint(20) UNSIGNED NOT NULL AUTO_INCREMENT, AUTO_INCREMENT=472;

--
-- AUTO_INCREMENT for table `languages`
--
ALTER TABLE `languages`
  MODIFY `id` bigint(20) UNSIGNED NOT NULL AUTO_INCREMENT;

--
-- AUTO_INCREMENT for table `likes`
--
ALTER TABLE `likes`
  MODIFY `id` bigint(20) UNSIGNED NOT NULL AUTO_INCREMENT, AUTO_INCREMENT=49;

--
-- AUTO_INCREMENT for table `livetvs`
--
ALTER TABLE `livetvs`
  MODIFY `id` bigint(20) UNSIGNED NOT NULL AUTO_INCREMENT;

--
-- AUTO_INCREMENT for table `live_tv_category`
--
ALTER TABLE `live_tv_category`
  MODIFY `id` bigint(20) UNSIGNED NOT NULL AUTO_INCREMENT, AUTO_INCREMENT=6;

--
-- AUTO_INCREMENT for table `live_tv_channel`
--
ALTER TABLE `live_tv_channel`
  MODIFY `id` bigint(20) UNSIGNED NOT NULL AUTO_INCREMENT, AUTO_INCREMENT=38;

--
-- AUTO_INCREMENT for table `live_tv_stream_content_mapping`
--
ALTER TABLE `live_tv_stream_content_mapping`
  MODIFY `id` bigint(20) UNSIGNED NOT NULL AUTO_INCREMENT, AUTO_INCREMENT=40;

--
-- AUTO_INCREMENT for table `media`
--
ALTER TABLE `media`
  MODIFY `id` bigint(20) UNSIGNED NOT NULL AUTO_INCREMENT;

--
-- AUTO_INCREMENT for table `migrations`
--
ALTER TABLE `migrations`
  MODIFY `id` int(10) UNSIGNED NOT NULL AUTO_INCREMENT, AUTO_INCREMENT=160;

--
-- AUTO_INCREMENT for table `mobile_settings`
--
ALTER TABLE `mobile_settings`
  MODIFY `id` bigint(20) UNSIGNED NOT NULL AUTO_INCREMENT, AUTO_INCREMENT=15;

--
-- AUTO_INCREMENT for table `modules`
--
ALTER TABLE `modules`
  MODIFY `id` bigint(20) UNSIGNED NOT NULL AUTO_INCREMENT;

--
-- AUTO_INCREMENT for table `notification_templates`
--
ALTER TABLE `notification_templates`
  MODIFY `id` bigint(20) UNSIGNED NOT NULL AUTO_INCREMENT, AUTO_INCREMENT=37;

--
-- AUTO_INCREMENT for table `notification_template_content_mapping`
--
ALTER TABLE `notification_template_content_mapping`
  MODIFY `id` int(10) UNSIGNED NOT NULL AUTO_INCREMENT, AUTO_INCREMENT=97;

--
-- AUTO_INCREMENT for table `onboardings`
--
ALTER TABLE `onboardings`
  MODIFY `id` bigint(20) UNSIGNED NOT NULL AUTO_INCREMENT, AUTO_INCREMENT=4;

--
-- AUTO_INCREMENT for table `pages`
--
ALTER TABLE `pages`
  MODIFY `id` bigint(20) UNSIGNED NOT NULL AUTO_INCREMENT, AUTO_INCREMENT=7;

--
-- AUTO_INCREMENT for table `payouts`
--
ALTER TABLE `payouts`
  MODIFY `id` bigint(20) UNSIGNED NOT NULL AUTO_INCREMENT, AUTO_INCREMENT=4;

--
-- AUTO_INCREMENT for table `payperviewstransactions`
--
ALTER TABLE `payperviewstransactions`
  MODIFY `id` bigint(20) UNSIGNED NOT NULL AUTO_INCREMENT, AUTO_INCREMENT=7;

--
-- AUTO_INCREMENT for table `pay_per_views`
--
ALTER TABLE `pay_per_views`
  MODIFY `id` bigint(20) UNSIGNED NOT NULL AUTO_INCREMENT, AUTO_INCREMENT=7;

--
-- AUTO_INCREMENT for table `permissions`
--
ALTER TABLE `permissions`
  MODIFY `id` bigint(20) UNSIGNED NOT NULL AUTO_INCREMENT, AUTO_INCREMENT=224;

--
-- AUTO_INCREMENT for table `plan`
--
ALTER TABLE `plan`
  MODIFY `id` bigint(20) UNSIGNED NOT NULL AUTO_INCREMENT, AUTO_INCREMENT=7;

--
-- AUTO_INCREMENT for table `planlimitation`
--
ALTER TABLE `planlimitation`
  MODIFY `id` bigint(20) UNSIGNED NOT NULL AUTO_INCREMENT, AUTO_INCREMENT=7;

--
-- AUTO_INCREMENT for table `planlimitation_mapping`
--
ALTER TABLE `planlimitation_mapping`
  MODIFY `id` bigint(20) UNSIGNED NOT NULL AUTO_INCREMENT, AUTO_INCREMENT=37;

--
-- AUTO_INCREMENT for table `reviews`
--
ALTER TABLE `reviews`
  MODIFY `id` bigint(20) UNSIGNED NOT NULL AUTO_INCREMENT, AUTO_INCREMENT=176;

--
-- AUTO_INCREMENT for table `roles`
--
ALTER TABLE `roles`
  MODIFY `id` bigint(20) UNSIGNED NOT NULL AUTO_INCREMENT, AUTO_INCREMENT=5;

--
-- AUTO_INCREMENT for table `seasons`
--
ALTER TABLE `seasons`
  MODIFY `id` bigint(20) UNSIGNED NOT NULL AUTO_INCREMENT, AUTO_INCREMENT=45;

--
-- AUTO_INCREMENT for table `seo`
--
ALTER TABLE `seo`
  MODIFY `id` bigint(20) UNSIGNED NOT NULL AUTO_INCREMENT;

--
-- AUTO_INCREMENT for table `service_providers`
--
ALTER TABLE `service_providers`
  MODIFY `id` bigint(20) UNSIGNED NOT NULL AUTO_INCREMENT;

--
-- AUTO_INCREMENT for table `setting`
--
ALTER TABLE `setting`
  MODIFY `id` bigint(20) UNSIGNED NOT NULL AUTO_INCREMENT;

--
-- AUTO_INCREMENT for table `settings`
--
ALTER TABLE `settings`
  MODIFY `id` bigint(20) UNSIGNED NOT NULL AUTO_INCREMENT, AUTO_INCREMENT=103;

--
-- AUTO_INCREMENT for table `states`
--
ALTER TABLE `states`
  MODIFY `id` bigint(20) UNSIGNED NOT NULL AUTO_INCREMENT;

--
-- AUTO_INCREMENT for table `subscriptions`
--
ALTER TABLE `subscriptions`
  MODIFY `id` bigint(20) UNSIGNED NOT NULL AUTO_INCREMENT, AUTO_INCREMENT=48;

--
-- AUTO_INCREMENT for table `subscriptions_transactions`
--
ALTER TABLE `subscriptions_transactions`
  MODIFY `id` bigint(20) UNSIGNED NOT NULL AUTO_INCREMENT, AUTO_INCREMENT=45;

--
-- AUTO_INCREMENT for table `subtitles`
--
ALTER TABLE `subtitles`
  MODIFY `id` bigint(20) UNSIGNED NOT NULL AUTO_INCREMENT;

--
-- AUTO_INCREMENT for table `taxes`
--
ALTER TABLE `taxes`
  MODIFY `id` bigint(20) UNSIGNED NOT NULL AUTO_INCREMENT, AUTO_INCREMENT=4;

--
-- AUTO_INCREMENT for table `tv_login_sessions`
--
ALTER TABLE `tv_login_sessions`
  MODIFY `id` bigint(20) UNSIGNED NOT NULL AUTO_INCREMENT;

--
-- AUTO_INCREMENT for table `user_coupon_redeem`
--
ALTER TABLE `user_coupon_redeem`
  MODIFY `id` bigint(20) UNSIGNED NOT NULL AUTO_INCREMENT;

--
-- AUTO_INCREMENT for table `user_multi_profiles`
--
ALTER TABLE `user_multi_profiles`
  MODIFY `id` bigint(20) UNSIGNED NOT NULL AUTO_INCREMENT, AUTO_INCREMENT=51;

--
-- AUTO_INCREMENT for table `user_profiles`
--
ALTER TABLE `user_profiles`
  MODIFY `id` bigint(20) UNSIGNED NOT NULL AUTO_INCREMENT, AUTO_INCREMENT=4;

--
-- AUTO_INCREMENT for table `user_providers`
--
ALTER TABLE `user_providers`
  MODIFY `id` bigint(20) UNSIGNED NOT NULL AUTO_INCREMENT;

--
-- AUTO_INCREMENT for table `user_reminder`
--
ALTER TABLE `user_reminder`
  MODIFY `id` bigint(20) UNSIGNED NOT NULL AUTO_INCREMENT, AUTO_INCREMENT=25;

--
-- AUTO_INCREMENT for table `user_search_histories`
--
ALTER TABLE `user_search_histories`
  MODIFY `id` bigint(20) UNSIGNED NOT NULL AUTO_INCREMENT, AUTO_INCREMENT=50;

--
-- AUTO_INCREMENT for table `user_watch_histories`
--
ALTER TABLE `user_watch_histories`
  MODIFY `id` bigint(20) UNSIGNED NOT NULL AUTO_INCREMENT, AUTO_INCREMENT=152;

--
-- AUTO_INCREMENT for table `vast_ads_setting`
--
ALTER TABLE `vast_ads_setting`
  MODIFY `id` bigint(20) UNSIGNED NOT NULL AUTO_INCREMENT, AUTO_INCREMENT=14;

--
-- AUTO_INCREMENT for table `videos`
--
ALTER TABLE `videos`
  MODIFY `id` bigint(20) UNSIGNED NOT NULL AUTO_INCREMENT, AUTO_INCREMENT=51;

--
-- AUTO_INCREMENT for table `video_download_mappings`
--
ALTER TABLE `video_download_mappings`
  MODIFY `id` bigint(20) UNSIGNED NOT NULL AUTO_INCREMENT;

--
-- AUTO_INCREMENT for table `video_stream_content_mapping`
--
ALTER TABLE `video_stream_content_mapping`
  MODIFY `id` bigint(20) UNSIGNED NOT NULL AUTO_INCREMENT;

--
-- AUTO_INCREMENT for table `video_watch_logs`
--
ALTER TABLE `video_watch_logs`
  MODIFY `id` bigint(20) UNSIGNED NOT NULL AUTO_INCREMENT, AUTO_INCREMENT=14;

--
-- AUTO_INCREMENT for table `watchlists`
--
ALTER TABLE `watchlists`
  MODIFY `id` bigint(20) UNSIGNED NOT NULL AUTO_INCREMENT, AUTO_INCREMENT=52;

--
-- AUTO_INCREMENT for table `webhook_calls`
--
ALTER TABLE `webhook_calls`
  MODIFY `id` bigint(20) UNSIGNED NOT NULL AUTO_INCREMENT;

--
-- AUTO_INCREMENT for table `worlds`
--
ALTER TABLE `worlds`
  MODIFY `id` bigint(20) UNSIGNED NOT NULL AUTO_INCREMENT;

--
-- Constraints for dumped tables
--

--
-- Constraints for table `content_acquisitions`
--
ALTER TABLE `content_acquisitions`
  ADD CONSTRAINT `content_acquisitions_approved_by_foreign` FOREIGN KEY (`approved_by`) REFERENCES `users` (`id`) ON DELETE SET NULL,
  ADD CONSTRAINT `content_acquisitions_entertainment_id_foreign` FOREIGN KEY (`entertainment_id`) REFERENCES `entertainments` (`id`) ON DELETE SET NULL,
  ADD CONSTRAINT `content_acquisitions_producer_id_foreign` FOREIGN KEY (`producer_id`) REFERENCES `users` (`id`) ON DELETE CASCADE;

--
-- Constraints for table `content_acquisition_logs`
--
ALTER TABLE `content_acquisition_logs`
  ADD CONSTRAINT `content_acquisition_logs_acquisition_id_foreign` FOREIGN KEY (`acquisition_id`) REFERENCES `content_acquisitions` (`id`) ON DELETE CASCADE,
  ADD CONSTRAINT `content_acquisition_logs_user_id_foreign` FOREIGN KEY (`user_id`) REFERENCES `users` (`id`) ON DELETE CASCADE;

--
-- Constraints for table `coupon_subscription_plan`
--
ALTER TABLE `coupon_subscription_plan`
  ADD CONSTRAINT `coupon_subscription_plan_coupon_id_foreign` FOREIGN KEY (`coupon_id`) REFERENCES `coupons` (`id`) ON DELETE CASCADE,
  ADD CONSTRAINT `coupon_subscription_plan_subscription_plan_id_foreign` FOREIGN KEY (`subscription_plan_id`) REFERENCES `plan` (`id`) ON DELETE CASCADE;

--
-- Constraints for table `model_has_permissions`
--
ALTER TABLE `model_has_permissions`
  ADD CONSTRAINT `model_has_permissions_permission_id_foreign` FOREIGN KEY (`permission_id`) REFERENCES `permissions` (`id`) ON DELETE CASCADE;

--
-- Constraints for table `model_has_roles`
--
ALTER TABLE `model_has_roles`
  ADD CONSTRAINT `model_has_roles_role_id_foreign` FOREIGN KEY (`role_id`) REFERENCES `roles` (`id`) ON DELETE CASCADE;

--
-- Constraints for table `payouts`
--
ALTER TABLE `payouts`
  ADD CONSTRAINT `payouts_user_id_foreign` FOREIGN KEY (`user_id`) REFERENCES `users` (`id`) ON DELETE CASCADE;

--
-- Constraints for table `payperviewstransactions`
--
ALTER TABLE `payperviewstransactions`
  ADD CONSTRAINT `payperviewstransactions_pay_per_view_id_foreign` FOREIGN KEY (`pay_per_view_id`) REFERENCES `pay_per_views` (`id`) ON DELETE CASCADE,
  ADD CONSTRAINT `payperviewstransactions_user_id_foreign` FOREIGN KEY (`user_id`) REFERENCES `users` (`id`) ON DELETE CASCADE;

--
-- Constraints for table `pay_per_views`
--
ALTER TABLE `pay_per_views`
  ADD CONSTRAINT `pay_per_views_movie_id_foreign` FOREIGN KEY (`movie_id`) REFERENCES `entertainments` (`id`) ON DELETE CASCADE,
  ADD CONSTRAINT `pay_per_views_user_id_foreign` FOREIGN KEY (`user_id`) REFERENCES `users` (`id`) ON DELETE CASCADE;

--
-- Constraints for table `role_has_permissions`
--
ALTER TABLE `role_has_permissions`
  ADD CONSTRAINT `role_has_permissions_permission_id_foreign` FOREIGN KEY (`permission_id`) REFERENCES `permissions` (`id`) ON DELETE CASCADE,
  ADD CONSTRAINT `role_has_permissions_role_id_foreign` FOREIGN KEY (`role_id`) REFERENCES `roles` (`id`) ON DELETE CASCADE;

--
-- Constraints for table `subtitles`
--
ALTER TABLE `subtitles`
  ADD CONSTRAINT `subtitles_entertainment_id_foreign` FOREIGN KEY (`entertainment_id`) REFERENCES `entertainments` (`id`) ON DELETE CASCADE;

--
-- Constraints for table `user_multi_profiles`
--
ALTER TABLE `user_multi_profiles`
  ADD CONSTRAINT `user_multi_profiles_user_id_foreign` FOREIGN KEY (`user_id`) REFERENCES `users` (`id`) ON DELETE CASCADE;

--
-- Constraints for table `video_watch_logs`
--
ALTER TABLE `video_watch_logs`
  ADD CONSTRAINT `video_watch_logs_payout_id_foreign` FOREIGN KEY (`payout_id`) REFERENCES `payouts` (`id`) ON DELETE SET NULL;
COMMIT;

