-- Table structure for table `recent_searches_stops`
--

CREATE TABLE `recent_searches_stops` (
  `id` int(10) UNSIGNED NOT NULL,
  `recent_searche_id` int(10) UNSIGNED DEFAULT NULL,
  `address` varchar(191) DEFAULT NULL,
  `short_address` varchar(191) DEFAULT NULL,
  `latitude` double(15,8) DEFAULT NULL,
  `longitude` double(15,8) DEFAULT NULL,
  `poc_name` varchar(191) DEFAULT NULL,
  `poc_mobile` varchar(14) DEFAULT NULL,
  `poc_instruction` varchar(14) DEFAULT NULL,
  `order` int(10) UNSIGNED NOT NULL DEFAULT 0,
  `created_at` timestamp NULL DEFAULT NULL,
  `updated_at` timestamp NULL DEFAULT NULL
) ENGINE=InnoDB DEFAULT CHARSET=utf8mb4 COLLATE=utf8mb4_unicode_ci;

--
-- Dumping data for table `recent_searches_stops`
--

INSERT INTO `recent_searches_stops` (`id`, `recent_searche_id`, `address`, `short_address`, `latitude`, `longitude`, `poc_name`, `poc_mobile`, `poc_instruction`, `order`, `created_at`, `updated_at`) VALUES
(1, 15, 'Anusaya E-Square, Gangakhed Road, Apana Nagar, Parbhani, Maharashtra, India', 'Anusaya E-Square', 19.25731560, 76.76468490, NULL, NULL, NULL, 1, '2025-10-13 05:39:35', '2025-10-13 05:39:35');

-- --------------------------------------------------------

--
-- Table structure for table `requests_meta`
--

CREATE TABLE `requests_meta` (
  `id` int(10) UNSIGNED NOT NULL,
  `request_id` char(36) NOT NULL,
  `user_id` int(10) UNSIGNED DEFAULT NULL,
  `driver_id` int(10) UNSIGNED NOT NULL,
  `active` tinyint(1) NOT NULL DEFAULT 0,
  `assign_method` enum('1','2') NOT NULL COMMENT '1 => one-by-one,2 => all',
  `is_later` tinyint(1) NOT NULL DEFAULT 0,
  `distance_to_pickup` double(15,8) NOT NULL DEFAULT 0.00000000,
  `created_at` timestamp NULL DEFAULT NULL,
  `updated_at` timestamp NULL DEFAULT NULL
) ENGINE=InnoDB DEFAULT CHARSET=utf8mb4 COLLATE=utf8mb4_unicode_ci;

-- --------------------------------------------------------

--
-- Table structure for table `request_bills`
--

CREATE TABLE `request_bills` (
  `id` int(10) UNSIGNED NOT NULL,
  `request_id` char(36) NOT NULL,
  `base_price` double(10,2) NOT NULL DEFAULT 0.00,
  `base_distance` int(11) NOT NULL,
  `total_distance` double(15,8) NOT NULL DEFAULT 0.00000000,
  `total_time` double(15,2) NOT NULL DEFAULT 0.00,
  `price_per_distance` double(10,2) NOT NULL DEFAULT 0.00,
  `distance_price` double(10,2) NOT NULL DEFAULT 0.00,
  `price_per_time` double(10,2) NOT NULL DEFAULT 0.00,
  `time_price` double(10,2) NOT NULL DEFAULT 0.00,
  `waiting_charge_per_min` int(11) NOT NULL DEFAULT 0,
  `calculated_waiting_time` int(11) NOT NULL DEFAULT 0,
  `after_trip_start_waiting_time` int(11) NOT NULL DEFAULT 0,
  `before_trip_start_waiting_time` int(11) NOT NULL DEFAULT 0,
  `airport_surge_fee` double(10,2) NOT NULL DEFAULT 0.00,
  `waiting_charge` double(10,2) NOT NULL DEFAULT 0.00,
  `cancellation_fee` double(10,2) NOT NULL DEFAULT 0.00,
  `service_tax` double(10,2) NOT NULL DEFAULT 0.00,
  `service_tax_percentage` int(11) NOT NULL DEFAULT 0,
  `promo_discount` double(10,2) NOT NULL DEFAULT 0.00,
  `admin_commision` double(10,2) NOT NULL DEFAULT 0.00,
  `admin_commission_from_driver` double(10,2) NOT NULL DEFAULT 0.00,
  `admin_commision_with_tax` double(10,2) NOT NULL DEFAULT 0.00,
  `driver_commision` double(10,2) NOT NULL DEFAULT 0.00,
  `tips` double(10,2) NOT NULL DEFAULT 0.00,
  `total_amount` double(10,2) NOT NULL DEFAULT 0.00,
  `requested_currency_code` varchar(191) NOT NULL,
  `requested_currency_symbol` varchar(191) DEFAULT NULL,
  `additional_charges_reason` varchar(191) DEFAULT NULL,
  `additional_charges_amount` double(10,2) NOT NULL DEFAULT 0.00,
  `preference_price_total` double(10,2) NOT NULL DEFAULT 0.00,
  `created_at` timestamp NULL DEFAULT NULL,
  `updated_at` timestamp NULL DEFAULT NULL
) ENGINE=InnoDB DEFAULT CHARSET=utf8mb4 COLLATE=utf8mb4_unicode_ci;

--
-- Dumping data for table `request_bills`
--

INSERT INTO `request_bills` (`id`, `request_id`, `base_price`, `base_distance`, `total_distance`, `total_time`, `price_per_distance`, `distance_price`, `price_per_time`, `time_price`, `waiting_charge_per_min`, `calculated_waiting_time`, `after_trip_start_waiting_time`, `before_trip_start_waiting_time`, `airport_surge_fee`, `waiting_charge`, `cancellation_fee`, `service_tax`, `service_tax_percentage`, `promo_discount`, `admin_commision`, `admin_commission_from_driver`, `admin_commision_with_tax`, `driver_commision`, `tips`, `total_amount`, `requested_currency_code`, `requested_currency_symbol`, `additional_charges_reason`, `additional_charges_amount`, `preference_price_total`, `created_at`, `updated_at`) VALUES
(1, '4de7c812-88ac-4096-ab01-6ba1be6698de', 5.00, 5, 0.60000000, 2.70, 5.00, 0.00, 5.00, 14.00, 5, 0, 0, 0, 10.00, 0.00, 0.00, 2.00, 5, 0.00, 2.00, 1.45, 5.45, 27.55, 0.00, 33.00, 'USD', '$', NULL, 0.00, 0.00, '2025-10-06 11:34:47', '2025-10-06 11:34:47'),
(2, 'bef667fd-56dd-4b54-a388-716676ba4b61', 5.00, 5, 0.71000000, 2.50, 5.00, 0.00, 5.00, 13.00, 5, 0, 0, 0, 10.00, 0.00, 0.00, 2.00, 5, 0.00, 2.00, 1.40, 5.40, 26.60, 0.00, 32.00, 'USD', '$', NULL, 0.00, 0.00, '2025-10-07 09:45:57', '2025-10-07 09:45:57'),
(3, 'b5c7c4b6-4b8d-4ad4-ba6e-fd08daa9f652', 5.00, 5, 0.65000000, 2.50, 5.00, 0.00, 5.00, 13.00, 5, 0, 0, 0, 10.00, 0.00, 0.00, 2.00, 5, 0.00, 2.00, 1.40, 5.40, 26.60, 0.00, 32.00, 'USD', '$', NULL, 0.00, 0.00, '2025-10-07 09:53:51', '2025-10-07 09:53:51'),
(4, '0668bf58-4cc2-4100-a676-48027a615976', 5.00, 5, 0.69000000, 2.40, 5.00, 0.00, 5.00, 12.00, 5, 0, 0, 0, 10.00, 0.00, 0.00, 2.00, 5, 0.00, 2.00, 1.35, 5.35, 25.65, 0.00, 31.00, 'USD', '$', NULL, 0.00, 0.00, '2025-10-07 09:57:01', '2025-10-07 09:57:01'),
(5, '0870cf67-7ce8-452e-bf11-0d3a65ad6e98', 5.00, 5, 0.84000000, 3.00, 5.00, 0.00, 5.00, 15.00, 5, 0, 0, 0, 10.00, 0.00, 0.00, 2.00, 5, 0.00, 2.00, 1.50, 5.50, 28.50, 0.00, 34.00, 'USD', '$', NULL, 0.00, 0.00, '2025-10-07 10:18:03', '2025-10-07 10:18:03'),
(6, '299b5587-fff2-4141-a2de-202275573b42', 5.00, 5, 0.59000000, 2.30, 5.00, 0.00, 5.00, 12.00, 5, 4, 0, 4, 10.00, 20.00, 0.00, 3.00, 5, 0.00, 3.00, 2.35, 8.35, 44.65, 0.00, 53.00, 'USD', '$', NULL, 0.00, 0.00, '2025-10-07 10:54:30', '2025-10-07 10:54:30'),
(7, '9ed5bbfe-2540-40be-ba9c-13be023f21f8', 5.00, 5, 0.52000000, 2.00, 5.00, 0.00, 5.00, 10.00, 5, 0, 0, 0, 10.00, 0.00, 0.00, 2.00, 5, 0.00, 2.00, 1.25, 5.25, 23.75, 0.00, 29.00, 'USD', '$', NULL, 0.00, 0.00, '2025-10-07 11:34:10', '2025-10-07 11:34:10'),
(8, '729f82e9-8346-45d5-8fe7-39450f62ea0e', 5.00, 5, 0.61000000, 1.90, 5.00, 0.00, 5.00, 10.00, 5, 0, 0, 0, 10.00, 0.00, 4.00, 2.00, 5, 0.00, 2.00, 5.45, 9.45, 23.55, 0.00, 33.00, 'USD', '$', NULL, 0.00, 0.00, '2025-10-07 15:47:31', '2025-10-07 15:47:31'),
(9, '4cdca157-6c57-4b2c-8a46-6283ade1a837', 5.00, 5, 0.78000000, 2.80, 5.00, 0.00, 5.00, 14.00, 5, 0, 0, 0, 10.00, 0.00, 0.00, 2.00, 5, 0.00, 2.00, 1.45, 5.45, 27.55, 0.00, 33.00, 'USD', '$', NULL, 0.00, 0.00, '2025-10-07 15:55:16', '2025-10-07 15:55:16'),
(10, 'b19b432c-94b0-4481-8df9-ca3df44e9554', 5.00, 5, 0.77000000, 2.80, 5.00, 0.00, 5.00, 14.00, 5, 0, 0, 0, 10.00, 0.00, 0.00, 2.00, 5, 0.00, 2.00, 1.45, 5.45, 27.55, 0.00, 33.00, 'USD', '$', NULL, 0.00, 0.00, '2025-10-07 16:00:51', '2025-10-07 16:00:51'),
(11, '97c89395-18f7-4acd-8e27-9391b0bd58f3', 5.00, 5, 0.73000000, 2.50, 5.00, 0.00, 5.00, 13.00, 5, 0, 0, 0, 10.00, 0.00, 0.00, 2.00, 5, 0.00, 2.00, 1.40, 5.40, 26.60, 0.00, 32.00, 'USD', '$', NULL, 0.00, 0.00, '2025-10-08 08:12:19', '2025-10-08 08:12:19'),
(12, '5007a27f-46eb-47c4-a8df-bc9945dd21eb', 5.00, 5, 0.44000000, 1.60, 5.00, 0.00, 5.00, 8.00, 5, 0, 0, 0, 10.00, 0.00, 0.00, 2.00, 5, 0.00, 2.00, 1.15, 5.15, 21.85, 0.00, 27.00, 'USD', '$', NULL, 0.00, 0.00, '2025-10-08 08:26:24', '2025-10-08 08:26:24'),
(13, '88e2f4dc-3a68-486b-a38a-e17c9d1428b9', 5.00, 5, 0.58000000, 1.90, 5.00, 0.00, 5.00, 10.00, 5, 0, 0, 0, 10.00, 0.00, 0.00, 2.00, 5, 0.00, 2.00, 1.25, 5.25, 23.75, 0.00, 29.00, 'USD', '$', NULL, 0.00, 0.00, '2025-10-08 09:09:54', '2025-10-08 09:09:54'),
(14, 'f964df16-6317-4431-9f8b-4bf40e55213f', 5.00, 5, 13.79000000, 44.50, 5.00, 44.00, 5.00, 223.00, 5, 0, 0, 0, 10.00, 0.00, 0.00, 15.00, 5, 0.00, 15.00, 14.10, 44.10, 267.90, 0.00, 312.00, 'USD', '$', NULL, 0.00, 0.00, '2025-10-08 10:05:09', '2025-10-08 10:05:09'),
(15, '06035a58-d39b-4ac8-afdc-848d5dd24ff5', 10.00, 10, 0.76000000, 2.10, 10.00, 0.00, 10.00, 21.00, 10, 2, 0, 2, 15.00, 20.00, 0.00, 7.00, 10, 0.00, 7.00, 6.60, 20.60, 59.40, 0.00, 80.00, 'USD', '$', NULL, 0.00, 0.00, '2025-10-10 09:53:57', '2025-10-10 09:53:57'),
(16, '56e3768a-d172-4e0f-bb8b-032f6bbe00a0', 10.00, 10, 0.86000000, 2.50, 10.00, 0.00, 10.00, 25.00, 10, 0, 0, 0, 15.00, 0.00, 0.00, 5.00, 10, 0.00, 5.00, 5.00, 15.00, 45.00, 0.00, 60.00, 'USD', '$', NULL, 0.00, 0.00, '2025-10-10 10:23:38', '2025-10-10 10:23:38'),
(17, '33947e59-02ea-48f0-8869-0e981e4a9651', 10.00, 10, 0.74000000, 2.10, 10.00, 0.00, 10.00, 21.00, 10, 0, 0, 0, 15.00, 0.00, 0.00, 5.00, 10, 0.00, 5.00, 4.60, 14.60, 41.40, 0.00, 56.00, 'USD', '$', NULL, 0.00, 0.00, '2025-10-10 10:37:24', '2025-10-10 10:37:24'),
(18, '8f24cc50-059c-4bb8-8f20-7b209e9a3292', 10.00, 10, 0.98000000, 3.10, 10.00, 0.00, 10.00, 31.00, 10, 0, 0, 0, 15.00, 0.00, 0.00, 6.00, 10, 0.00, 6.00, 5.60, 17.60, 50.40, 0.00, 68.00, 'USD', '$', NULL, 0.00, 0.00, '2025-10-10 11:06:48', '2025-10-10 11:06:48'),
(19, 'b781cd99-f482-49c9-a584-fd3470c6cc16', 10.00, 10, 0.77000000, 2.10, 10.00, 0.00, 10.00, 21.00, 10, 0, 0, 0, 15.00, 0.00, 0.00, 5.00, 10, 0.00, 5.00, 4.60, 14.60, 41.40, 0.00, 56.00, 'USD', '$', NULL, 0.00, 0.00, '2025-10-10 11:09:42', '2025-10-10 11:09:42'),
(20, 'f1f0adec-2fd0-4c7b-bc79-0c8a8b1df1b2', 10.00, 10, 1.01000000, 3.20, 10.00, 0.00, 10.00, 32.00, 10, 0, 0, 0, 15.00, 0.00, 0.00, 6.00, 10, 0.00, 6.00, 5.70, 17.70, 51.30, 0.00, 69.00, 'USD', '$', NULL, 0.00, 0.00, '2025-10-10 11:28:56', '2025-10-10 11:28:56'),
(21, 'e86ca748-fcca-42d6-8dad-f6db719c4acf', 10.00, 10, 0.28000000, 1.20, 10.00, 0.00, 10.00, 12.00, 10, 0, 0, 0, 15.00, 0.00, 0.00, 4.00, 10, 0.00, 4.00, 3.70, 11.70, 33.30, 0.00, 45.00, 'USD', '$', NULL, 0.00, 0.00, '2025-10-10 11:40:54', '2025-10-10 11:40:54'),
(22, '025497df-d5d5-4e29-89d8-3da5313c8e01', 5.00, 5, 0.67000000, 2.60, 5.00, 0.00, 5.00, 13.00, 5, 0, 0, 0, 10.00, 0.00, 0.00, 2.00, 5, 0.00, 2.00, 1.40, 5.40, 26.60, 0.00, 32.00, 'USD', '$', NULL, 0.00, 0.00, '2025-10-12 05:45:06', '2025-10-12 05:45:06'),
(23, '889c5477-8b49-4a97-8c89-278ad1e1eff8', 10.00, 10, 0.86000000, 3.90, 10.00, 0.00, 10.00, 39.00, 10, 0, 0, 0, 15.00, 0.00, 0.00, 7.00, 10, 0.00, 7.00, 6.40, 20.40, 57.60, 0.00, 78.00, 'USD', '$', NULL, 0.00, 0.00, '2025-10-13 05:07:29', '2025-10-13 05:07:29'),
(24, '6f45efab-6db6-42e3-95f6-396d2eb597b6', 10.00, 10, 4.18000000, 13.90, 10.00, 0.00, 10.00, 139.00, 10, 0, 0, 0, 15.00, 0.00, 0.00, 17.00, 10, 0.00, 17.00, 16.40, 50.40, 177.60, 30.00, 198.00, 'USD', '$', NULL, 0.00, 0.00, '2025-10-13 05:42:01', '2025-10-13 05:42:21'),
(25, '54c77d6f-c062-4aec-8167-d28a89aece74', 5.00, 5, 0.69000000, 2.70, 5.00, 0.00, 5.00, 14.00, 5, 0, 0, 0, 10.00, 0.00, 0.00, 2.00, 5, 0.00, 2.00, 1.45, 5.45, 27.55, 0.00, 33.00, 'USD', '$', NULL, 0.00, 0.00, '2025-10-13 10:16:01', '2025-10-13 10:16:01'),
(26, '2984be9b-08f1-44bb-8dbe-5bc09b84671c', 5.00, 5, 0.84000000, 3.40, 5.00, 0.00, 5.00, 17.00, 5, 0, 0, 0, 10.00, 0.00, 0.00, 2.00, 5, 0.00, 2.00, 1.60, 5.60, 30.40, 0.00, 36.00, 'USD', '$', NULL, 0.00, 0.00, '2025-10-13 10:20:13', '2025-10-13 10:20:13'),
(27, 'cddaf5f6-35b8-4dda-b21f-3c083312f93c', 5.00, 5, 0.79000000, 3.00, 5.00, 0.00, 5.00, 15.00, 5, 0, 0, 0, 10.00, 0.00, 0.00, 2.00, 5, 0.00, 2.00, 1.50, 5.50, 28.50, 0.00, 34.00, 'USD', '$', NULL, 0.00, 0.00, '2025-10-13 10:44:17', '2025-10-13 10:44:17'),
(28, '72a87905-a303-4950-9ce8-ef6c4c9eb83a', 5.00, 5, 0.89000000, 2.60, 5.00, 0.00, 5.00, 13.00, 5, 0, 0, 0, 10.00, 0.00, 0.00, 2.00, 5, 0.00, 2.00, 1.40, 5.40, 26.60, 0.00, 32.00, 'USD', '$', NULL, 0.00, 0.00, '2025-10-13 11:03:49', '2025-10-13 11:03:49'),
(29, 'd107bd4e-184a-4eb9-b885-61358c064b95', 5.00, 5, 1.17000000, 4.20, 5.00, 0.00, 5.00, 21.00, 5, 0, 0, 0, 10.00, 0.00, 0.00, 2.00, 5, 0.00, 2.00, 1.80, 5.80, 34.20, 0.00, 40.00, 'USD', '$', NULL, 0.00, 0.00, '2025-10-13 13:07:48', '2025-10-13 13:07:48'),
(30, 'c95f0da9-ee22-4756-9e89-33b057cff77e', 5.00, 5, 0.38000000, 1.50, 5.00, 0.00, 5.00, 8.00, 5, 0, 0, 0, 10.00, 0.00, 0.00, 2.00, 5, 0.00, 2.00, 1.15, 5.15, 21.85, 0.00, 27.00, 'USD', '$', NULL, 0.00, 0.00, '2025-11-03 11:58:20', '2025-11-03 11:58:20'),
(31, '4c700060-8ce8-46d0-8365-865fb5276436', 5.00, 5, 0.59000000, 3.10, 5.00, 0.00, 5.00, 16.00, 5, 0, 0, 0, 10.00, 0.00, 0.00, 2.00, 5, 0.00, 2.00, 1.55, 5.55, 29.45, 0.00, 35.00, 'USD', '$', NULL, 0.00, 0.00, '2025-11-03 12:16:56', '2025-11-03 12:16:56'),
(32, 'be8f76a0-7e96-4d5d-8cfd-6fa2f8980801', 5.00, 5, 0.51000000, 1.60, 5.00, 0.00, 5.00, 8.00, 5, 0, 0, 0, 10.00, 0.00, 0.00, 2.00, 5, 0.00, 2.00, 1.15, 5.15, 21.85, 0.00, 27.00, 'USD', '$', NULL, 0.00, 0.00, '2025-11-05 11:31:09', '2025-11-05 11:31:09'),
(33, 'ec15251e-7b06-4e86-8705-9d7832d2c53c', 5.00, 5, 0.52000000, 1.60, 5.00, 0.00, 5.00, 8.00, 5, 0, 0, 0, 10.00, 0.00, 0.00, 2.00, 5, 0.00, 2.00, 1.15, 5.15, 21.85, 0.00, 27.00, 'USD', '$', NULL, 0.00, 0.00, '2025-11-05 11:35:48', '2025-11-05 11:35:48'),
(34, 'ea93932a-edbb-458a-9639-1ca659768790', 5.00, 5, 0.93000000, 4.20, 5.00, 0.00, 5.00, 21.00, 5, 0, 0, 0, 10.00, 0.00, 0.00, 2.00, 5, 0.00, 2.00, 1.80, 5.80, 64.20, 30.00, 40.00, 'USD', '$', NULL, 0.00, 0.00, '2025-11-05 11:52:47', '2025-11-05 11:52:58'),
(35, 'bd969391-93dd-4eaf-9452-f130e0dab76e', 5.00, 5, 0.85000000, 3.90, 5.00, 0.00, 5.00, 20.00, 5, 0, 0, 0, 10.00, 0.00, 0.00, 2.00, 5, 0.00, 2.00, 1.75, 5.75, 33.25, 0.00, 39.00, 'USD', '$', NULL, 0.00, 0.00, '2025-11-05 12:02:52', '2025-11-05 12:02:52'),
(36, '3ddf584a-016d-4177-883a-3e881a5f5d79', 5.00, 5, 0.85000000, 3.90, 5.00, 0.00, 5.00, 20.00, 5, 0, 0, 0, 10.00, 0.00, 0.00, 2.00, 5, 0.00, 2.00, 1.75, 5.75, 63.25, 30.00, 39.00, 'USD', '$', NULL, 0.00, 0.00, '2025-11-05 12:05:33', '2025-11-05 12:05:40'),
(37, '80ecc65f-ac2d-4425-855a-47bd83ca400f', 10.00, 10, 0.86000000, 2.60, 10.00, 0.00, 10.00, 26.00, 10, 0, 0, 0, 15.00, 0.00, 0.00, 6.00, 10, 0.00, 6.00, 5.10, 17.10, 45.90, 0.00, 63.00, 'USD', '$', NULL, 0.00, 0.00, '2025-11-06 08:49:16', '2025-11-06 08:49:16'),
(38, '5f071cc3-402d-4ea8-a121-b617d3246e9d', 10.00, 10, 0.65000000, 1.80, 10.00, 0.00, 10.00, 18.00, 10, 0, 0, 0, 15.00, 0.00, 0.00, 5.00, 10, 0.00, 5.00, 4.30, 14.30, 38.70, 0.00, 53.00, 'USD', '$', NULL, 0.00, 0.00, '2025-11-06 09:01:05', '2025-11-06 09:01:05'),
(39, '0b353677-1a98-4a66-ac03-2cbed7efc06b', 10.00, 10, 0.88000000, 4.00, 10.00, 0.00, 10.00, 40.00, 10, 0, 0, 0, 15.00, 0.00, 0.00, 7.00, 10, 0.00, 7.00, 6.50, 20.50, 58.50, 0.00, 79.00, 'USD', '$', NULL, 0.00, 0.00, '2025-11-06 10:29:40', '2025-11-06 10:29:40'),
(40, 'e5f2a41a-52e7-4c5d-8929-3643d6ab93a3', 10.00, 10, 0.88000000, 3.90, 10.00, 0.00, 10.00, 39.00, 10, 0, 0, 0, 15.00, 0.00, 0.00, 7.00, 10, 0.00, 7.00, 6.40, 20.40, 57.60, 0.00, 78.00, 'USD', '$', NULL, 0.00, 0.00, '2025-11-06 10:46:45', '2025-11-06 10:46:45');

-- --------------------------------------------------------

--
-- Table structure for table `request_cancellation_fees`
--

CREATE TABLE `request_cancellation_fees` (
  `id` int(10) UNSIGNED NOT NULL,
  `request_id` char(36) NOT NULL,
  `user_id` int(10) UNSIGNED DEFAULT NULL,
  `driver_id` int(10) UNSIGNED DEFAULT NULL,
  `cancellation_fee` double(10,2) NOT NULL DEFAULT 0.00,
  `is_paid` tinyint(1) NOT NULL DEFAULT 0,
  `paid_request_id` char(36) DEFAULT NULL,
  `created_at` timestamp NULL DEFAULT NULL,
  `updated_at` timestamp NULL DEFAULT NULL
) ENGINE=InnoDB DEFAULT CHARSET=utf8mb4 COLLATE=utf8mb4_unicode_ci;

--
-- Dumping data for table `request_cancellation_fees`
--

INSERT INTO `request_cancellation_fees` (`id`, `request_id`, `user_id`, `driver_id`, `cancellation_fee`, `is_paid`, `paid_request_id`, `created_at`, `updated_at`) VALUES
(1, '2514b43d-c34d-48dc-a9bd-ff42147a75d1', 2, NULL, 3.60, 1, '729f82e9-8346-45d5-8fe7-39450f62ea0e', '2025-10-07 13:27:45', '2025-10-07 15:47:31'),
(2, '2514b43d-c34d-48dc-a9bd-ff42147a75d1', NULL, 9, 1.80, 0, '2514b43d-c34d-48dc-a9bd-ff42147a75d1', '2025-10-07 13:28:34', '2025-10-07 13:28:34'),
(3, '9386e7d5-af45-4d55-b173-5cbdb026364a', NULL, 1, 8.10, 0, '9386e7d5-af45-4d55-b173-5cbdb026364a', '2025-10-10 10:06:33', '2025-10-10 10:06:33'),
(4, 'b476b4e4-8381-40ae-9931-ab85fcb69b10', NULL, 1, 5.10, 0, 'b476b4e4-8381-40ae-9931-ab85fcb69b10', '2025-11-06 09:13:52', '2025-11-06 09:13:52'),
(5, 'b79cc7c1-e560-47a2-b475-a952b84c5b44', NULL, 1, 7.90, 0, 'b79cc7c1-e560-47a2-b475-a952b84c5b44', '2025-11-06 10:03:09', '2025-11-06 10:03:09');

-- --------------------------------------------------------

--
-- Table structure for table `request_delivery_proofs`
--

CREATE TABLE `request_delivery_proofs` (
  `id` int(10) UNSIGNED NOT NULL,
  `request_id` char(36) NOT NULL,
  `after_load` tinyint(1) NOT NULL DEFAULT 0,
  `after_unload` tinyint(1) NOT NULL DEFAULT 0,
  `proof_image` varchar(191) NOT NULL,
  `created_at` timestamp NULL DEFAULT NULL,
  `updated_at` timestamp NULL DEFAULT NULL
) ENGINE=InnoDB DEFAULT CHARSET=utf8mb4 COLLATE=utf8mb4_unicode_ci;

--
-- Dumping data for table `request_delivery_proofs`
--

INSERT INTO `request_delivery_proofs` (`id`, `request_id`, `after_load`, `after_unload`, `proof_image`, `created_at`, `updated_at`) VALUES
(1, 'cddaf5f6-35b8-4dda-b21f-3c083312f93c', 1, 0, 'wPNjOdwLmLfDkEaN87ND9T5FhlR2PpxeiDL49oir.jpg', '2025-10-13 10:43:49', '2025-10-13 10:43:49'),
(2, 'cddaf5f6-35b8-4dda-b21f-3c083312f93c', 1, 0, '175WoLCoOo6VunzSPUFXaZAZnvXKuNTaroTe7oJe.jpg', '2025-10-13 10:44:01', '2025-10-13 10:44:01'),
(3, 'cddaf5f6-35b8-4dda-b21f-3c083312f93c', 1, 0, '28jHxbUqOBNbz9ErYLISrBrWGrp1r16ioLMfbb86.png', '2025-10-13 10:44:10', '2025-10-13 10:44:10'),
(4, 'cddaf5f6-35b8-4dda-b21f-3c083312f93c', 1, 0, 'SCwl7gNS7A48ukGMIio3PeHqjLz1EJEIhSt2XJRR.png', '2025-10-13 10:44:20', '2025-10-13 10:44:20');

-- --------------------------------------------------------

--
-- Table structure for table `request_eta`
--

CREATE TABLE `request_eta` (
  `id` bigint(20) UNSIGNED NOT NULL,
  `request_id` char(36) NOT NULL,
  `base_price` double(10,2) NOT NULL DEFAULT 0.00,
  `base_distance` int(11) NOT NULL,
  `total_distance` double(15,8) NOT NULL DEFAULT 0.00000000,
  `total_time` double(15,2) NOT NULL DEFAULT 0.00,
  `price_per_distance` double(10,2) NOT NULL DEFAULT 0.00,
  `distance_price` double(10,2) NOT NULL DEFAULT 0.00,
  `price_per_time` double(10,2) NOT NULL DEFAULT 0.00,
  `time_price` double(10,2) NOT NULL DEFAULT 0.00,
  `waiting_charge` double(10,2) NOT NULL DEFAULT 0.00,
  `cancellation_fee` double(10,2) NOT NULL DEFAULT 0.00,
  `service_tax` double(10,2) NOT NULL DEFAULT 0.00,
  `service_tax_percentage` int(11) NOT NULL DEFAULT 0,
  `promo_discount` double(10,2) NOT NULL DEFAULT 0.00,
  `admin_commission` double(10,2) NOT NULL DEFAULT 0.00,
  `admin_commission_with_tax` double(10,2) NOT NULL DEFAULT 0.00,
  `driver_commission` double(10,2) NOT NULL DEFAULT 0.00,
  `total_amount` double(10,2) NOT NULL DEFAULT 0.00,
  `requested_currency_code` varchar(191) NOT NULL,
  `created_at` timestamp NULL DEFAULT NULL,
  `updated_at` timestamp NULL DEFAULT NULL
) ENGINE=InnoDB DEFAULT CHARSET=utf8mb4 COLLATE=utf8mb4_unicode_ci;

--
-- Dumping data for table `request_eta`
--

INSERT INTO `request_eta` (`id`, `request_id`, `base_price`, `base_distance`, `total_distance`, `total_time`, `price_per_distance`, `distance_price`, `price_per_time`, `time_price`, `waiting_charge`, `cancellation_fee`, `service_tax`, `service_tax_percentage`, `promo_discount`, `admin_commission`, `admin_commission_with_tax`, `driver_commission`, `total_amount`, `requested_currency_code`, `created_at`, `updated_at`) VALUES
(1, '2e903934-601e-4b95-94d9-d4d8794f907a', 5.00, 1, 13.26000000, 40.50, 10.00, 123.00, 10.00, 405.00, 0.00, 0.00, 56.00, 10, 0.00, 0.00, 0.00, 0.00, 637.00, 'USD', '2025-10-03 07:34:38', '2025-10-03 07:34:38'),
(2, 'b1243551-fc43-4804-b7bf-272a3c5428ff', 5.00, 1, 13.26000000, 40.50, 10.00, 123.00, 10.00, 405.00, 0.00, 0.00, 56.00, 10, 0.00, 0.00, 0.00, 0.00, 637.00, 'USD', '2025-10-03 09:58:05', '2025-10-03 09:58:05'),
(3, '3b7ed5f5-3ff8-4279-b6a0-5de4ddc54767', 10.00, 1, 0.46000000, 1.90, 10.00, 0.00, 10.00, 19.00, 0.00, 0.00, 3.00, 5, 0.00, 0.00, 0.00, 0.00, 57.00, 'USD', '2025-10-06 11:01:56', '2025-10-06 11:01:56'),
(4, '503e1931-a502-4213-ad73-caa0f6810b2c', 5.00, 5, 0.46000000, 1.90, 5.00, 0.00, 5.00, 10.00, 0.00, 0.00, 2.00, 5, 0.00, 0.00, 0.00, 0.00, 29.00, 'USD', '2025-10-06 11:03:54', '2025-10-06 11:03:54'),
(5, '4de7c812-88ac-4096-ab01-6ba1be6698de', 5.00, 5, 0.60000000, 2.70, 5.00, 0.00, 5.00, 14.00, 0.00, 0.00, 2.00, 5, 0.00, 0.00, 0.00, 0.00, 33.00, 'USD', '2025-10-06 11:33:19', '2025-10-06 11:33:19'),
(6, 'bef667fd-56dd-4b54-a388-716676ba4b61', 5.00, 5, 0.71000000, 2.50, 5.00, 0.00, 5.00, 13.00, 0.00, 0.00, 2.00, 5, 0.00, 0.00, 0.00, 0.00, 32.00, 'USD', '2025-10-07 09:43:49', '2025-10-07 09:43:49'),
(7, 'b5c7c4b6-4b8d-4ad4-ba6e-fd08daa9f652', 5.00, 5, 0.65000000, 2.50, 5.00, 0.00, 5.00, 13.00, 0.00, 0.00, 2.00, 5, 0.00, 0.00, 0.00, 0.00, 32.00, 'USD', '2025-10-07 09:50:11', '2025-10-07 09:50:11'),
(8, '0668bf58-4cc2-4100-a676-48027a615976', 5.00, 5, 0.69000000, 2.40, 5.00, 0.00, 5.00, 12.00, 0.00, 0.00, 2.00, 5, 0.00, 0.00, 0.00, 0.00, 31.00, 'USD', '2025-10-07 09:56:07', '2025-10-07 09:56:07'),
(9, '0870cf67-7ce8-452e-bf11-0d3a65ad6e98', 5.00, 5, 0.84000000, 3.00, 5.00, 0.00, 5.00, 15.00, 0.00, 0.00, 2.00, 5, 0.00, 0.00, 0.00, 0.00, 34.00, 'USD', '2025-10-07 10:09:31', '2025-10-07 10:09:31'),
(10, '299b5587-fff2-4141-a2de-202275573b42', 5.00, 5, 0.59000000, 2.30, 5.00, 0.00, 5.00, 12.00, 0.00, 0.00, 2.00, 5, 0.00, 0.00, 0.00, 0.00, 31.00, 'USD', '2025-10-07 10:29:45', '2025-10-07 10:29:45'),
(11, '9ed5bbfe-2540-40be-ba9c-13be023f21f8', 5.00, 5, 0.52000000, 2.00, 5.00, 0.00, 5.00, 10.00, 0.00, 0.00, 2.00, 5, 0.00, 0.00, 0.00, 0.00, 29.00, 'USD', '2025-10-07 11:30:15', '2025-10-07 11:30:15'),
(12, '2514b43d-c34d-48dc-a9bd-ff42147a75d1', 5.00, 5, 0.91000000, 3.30, 5.00, 0.00, 5.00, 17.00, 0.00, 0.00, 2.00, 5, 0.00, 0.00, 0.00, 0.00, 36.00, 'USD', '2025-10-07 13:21:07', '2025-10-07 13:21:07'),
(13, 'ec31feea-63da-42b2-a9a3-abd82070fcd4', 5.00, 5, 0.41000000, 1.60, 5.00, 0.00, 5.00, 8.00, 0.00, 0.00, 2.00, 5, 0.00, 0.00, 0.00, 0.00, 27.00, 'USD', '2025-10-07 13:56:27', '2025-10-07 13:56:27'),
(14, 'c0c428da-2d5b-40e5-a0d5-cc82b1ecbb82', 5.00, 5, 0.41000000, 1.60, 5.00, 0.00, 5.00, 8.00, 0.00, 0.00, 2.00, 5, 0.00, 0.00, 0.00, 0.00, 27.00, 'USD', '2025-10-07 13:57:20', '2025-10-07 13:57:20'),
(15, 'a73d3f2e-f423-4939-aaa1-ea9a65f45ec2', 5.00, 5, 0.41000000, 1.60, 5.00, 0.00, 5.00, 8.00, 0.00, 0.00, 2.00, 5, 0.00, 0.00, 0.00, 0.00, 27.00, 'USD', '2025-10-07 14:00:39', '2025-10-07 14:00:39'),
(16, 'f7de06e3-aa54-4a57-b4e9-ababec0ea2e3', 5.00, 5, 0.55000000, 2.30, 5.00, 0.00, 5.00, 12.00, 0.00, 0.00, 2.00, 5, 0.00, 0.00, 0.00, 0.00, 31.00, 'USD', '2025-10-07 14:21:40', '2025-10-07 14:21:40'),
(17, 'c0b44ebd-7744-41ac-ae72-1b74073ad857', 5.00, 5, 0.55000000, 2.30, 5.00, 0.00, 5.00, 12.00, 0.00, 0.00, 2.00, 5, 0.00, 0.00, 0.00, 0.00, 31.00, 'USD', '2025-10-07 14:22:08', '2025-10-07 14:22:08'),
(18, 'c408c378-5e2c-4a0a-b33d-28302a6bfc05', 5.00, 5, 0.55000000, 2.30, 5.00, 0.00, 5.00, 12.00, 0.00, 0.00, 2.00, 5, 0.00, 0.00, 0.00, 0.00, 31.00, 'USD', '2025-10-07 14:23:02', '2025-10-07 14:23:02'),
(19, 'eba5c9ff-8ed7-4ef8-8e90-5fb6e98f75ff', 5.00, 5, 0.55000000, 2.30, 5.00, 0.00, 5.00, 12.00, 0.00, 0.00, 2.00, 5, 0.00, 0.00, 0.00, 0.00, 31.00, 'USD', '2025-10-07 14:24:22', '2025-10-07 14:24:22'),
(20, '92be54c4-8764-4fc7-a0be-5c20f5ae2741', 5.00, 5, 0.55000000, 2.30, 5.00, 0.00, 5.00, 12.00, 0.00, 0.00, 2.00, 5, 0.00, 0.00, 0.00, 0.00, 31.00, 'USD', '2025-10-07 14:25:30', '2025-10-07 14:25:30'),
(21, '6d6d2d72-4a7c-4889-8957-4b473e536708', 5.00, 5, 0.55000000, 2.30, 5.00, 0.00, 5.00, 12.00, 0.00, 0.00, 2.00, 5, 0.00, 0.00, 0.00, 0.00, 31.00, 'USD', '2025-10-07 14:28:06', '2025-10-07 14:28:06'),
(22, '876d6d87-bff1-4c09-a91a-ad1c14206958', 5.00, 5, 0.55000000, 2.30, 5.00, 0.00, 5.00, 12.00, 0.00, 0.00, 2.00, 5, 0.00, 0.00, 0.00, 0.00, 31.00, 'USD', '2025-10-07 14:32:31', '2025-10-07 14:32:31'),
(23, 'b9d1711c-13ee-4237-8e4e-3d42391242db', 5.00, 5, 0.55000000, 2.30, 5.00, 0.00, 5.00, 12.00, 0.00, 0.00, 2.00, 5, 0.00, 0.00, 0.00, 0.00, 31.00, 'USD', '2025-10-07 14:33:57', '2025-10-07 14:33:57'),
(24, '356e7a5d-099a-47ec-a57a-d4a6fdbd1270', 5.00, 5, 0.55000000, 2.30, 5.00, 0.00, 5.00, 12.00, 0.00, 0.00, 2.00, 5, 0.00, 0.00, 0.00, 0.00, 31.00, 'USD', '2025-10-07 14:34:44', '2025-10-07 14:34:44'),
(25, '316679ff-9aab-4db8-a5f3-bf47c26041ae', 5.00, 5, 0.55000000, 2.30, 5.00, 0.00, 5.00, 12.00, 0.00, 0.00, 2.00, 5, 0.00, 0.00, 0.00, 0.00, 31.00, 'USD', '2025-10-07 14:36:56', '2025-10-07 14:36:56'),
(26, '0e65439a-0a99-4d32-a95e-cedd6f23a9f5', 5.00, 5, 0.55000000, 2.30, 5.00, 0.00, 5.00, 12.00, 0.00, 0.00, 2.00, 5, 0.00, 0.00, 0.00, 0.00, 31.00, 'USD', '2025-10-07 14:42:56', '2025-10-07 14:42:56'),
(27, '887836d8-38b6-4a7d-a507-e068962e5aab', 5.00, 5, 0.55000000, 2.30, 5.00, 0.00, 5.00, 12.00, 0.00, 0.00, 2.00, 5, 0.00, 0.00, 0.00, 0.00, 31.00, 'USD', '2025-10-07 14:45:17', '2025-10-07 14:45:17'),
(28, 'ec0c6146-ef53-4400-b1f2-8a2a4c6699cb', 5.00, 5, 0.55000000, 2.30, 5.00, 0.00, 5.00, 12.00, 0.00, 0.00, 2.00, 5, 0.00, 0.00, 0.00, 0.00, 31.00, 'USD', '2025-10-07 14:47:51', '2025-10-07 14:47:51'),
(29, 'c8d0d4a9-d182-457a-832a-c05523582884', 5.00, 5, 0.55000000, 2.30, 5.00, 0.00, 5.00, 12.00, 0.00, 0.00, 2.00, 5, 0.00, 0.00, 0.00, 0.00, 31.00, 'USD', '2025-10-07 14:53:04', '2025-10-07 14:53:04'),
(30, '37f13178-45a2-4896-ac01-6a9905f286c6', 5.00, 5, 0.55000000, 2.30, 5.00, 0.00, 5.00, 12.00, 0.00, 0.00, 2.00, 5, 0.00, 0.00, 0.00, 0.00, 31.00, 'USD', '2025-10-07 14:55:59', '2025-10-07 14:55:59'),
(31, '0a26718a-6534-47bd-b5fb-e9f5ebfad843', 5.00, 5, 0.44000000, 1.50, 5.00, 0.00, 5.00, 8.00, 0.00, 0.00, 2.00, 5, 0.00, 0.00, 0.00, 0.00, 27.00, 'USD', '2025-10-07 15:38:07', '2025-10-07 15:38:07'),
(32, '0995397f-eebe-4bb5-b990-45b823c54ed7', 5.00, 5, 0.44000000, 1.50, 5.00, 0.00, 5.00, 8.00, 0.00, 0.00, 2.00, 5, 0.00, 0.00, 0.00, 0.00, 27.00, 'USD', '2025-10-07 15:40:37', '2025-10-07 15:40:37'),
(33, 'aab1ca33-b974-4f58-91a2-c6eabf0ac03f', 5.00, 5, 0.44000000, 1.50, 5.00, 0.00, 5.00, 8.00, 0.00, 0.00, 2.00, 5, 0.00, 0.00, 0.00, 0.00, 27.00, 'USD', '2025-10-07 15:41:20', '2025-10-07 15:41:20'),
(34, '10e4cd40-1b72-41ea-8720-b076da8207f8', 5.00, 5, 0.61000000, 1.90, 5.00, 0.00, 5.00, 10.00, 0.00, 0.00, 2.00, 5, 0.00, 0.00, 0.00, 0.00, 29.00, 'USD', '2025-10-07 15:42:41', '2025-10-07 15:42:41'),
(35, 'b2456fc2-1e2a-4ec5-a91a-c2cf04e40f28', 5.00, 5, 0.61000000, 1.90, 5.00, 0.00, 5.00, 10.00, 0.00, 0.00, 2.00, 5, 0.00, 0.00, 0.00, 0.00, 29.00, 'USD', '2025-10-07 15:43:11', '2025-10-07 15:43:11'),
(36, '849b74ec-9698-46e9-bab1-8caf2df3b791', 5.00, 5, 0.61000000, 1.90, 5.00, 0.00, 5.00, 10.00, 0.00, 0.00, 2.00, 5, 0.00, 0.00, 0.00, 0.00, 29.00, 'USD', '2025-10-07 15:43:51', '2025-10-07 15:43:51'),
(37, '729f82e9-8346-45d5-8fe7-39450f62ea0e', 5.00, 5, 0.61000000, 1.90, 5.00, 0.00, 5.00, 10.00, 0.00, 0.00, 2.00, 5, 0.00, 0.00, 0.00, 0.00, 29.00, 'USD', '2025-10-07 15:46:33', '2025-10-07 15:46:33'),
(38, '06aaa489-3528-4f15-86bb-3305569d505e', 5.00, 5, 0.78000000, 2.80, 5.00, 0.00, 5.00, 14.00, 0.00, 0.00, 2.00, 5, 0.00, 0.00, 0.00, 0.00, 33.00, 'USD', '2025-10-07 15:49:15', '2025-10-07 15:49:15'),
(39, '4cdca157-6c57-4b2c-8a46-6283ade1a837', 5.00, 5, 0.78000000, 2.80, 5.00, 0.00, 5.00, 14.00, 0.00, 0.00, 2.00, 5, 0.00, 0.00, 0.00, 0.00, 33.00, 'USD', '2025-10-07 15:53:11', '2025-10-07 15:53:11'),
(40, 'b19b432c-94b0-4481-8df9-ca3df44e9554', 5.00, 5, 0.77000000, 2.80, 5.00, 0.00, 5.00, 14.00, 0.00, 0.00, 2.00, 5, 0.00, 0.00, 0.00, 0.00, 33.00, 'USD', '2025-10-07 16:00:16', '2025-10-07 16:00:16'),
(41, '71a157db-a1cd-4b5f-9533-3a6533ef4c25', 5.00, 1, 14.26000000, 25.00, 10.00, 133.00, 10.00, 250.00, 0.00, 0.00, 41.00, 10, 0.00, 0.00, 0.00, 0.00, 470.00, 'USD', '2025-10-08 05:17:54', '2025-10-08 05:17:54'),
(42, '128d55e3-2acf-4669-9a92-8014865aec3c', 5.00, 5, 14.26000000, 25.00, 5.00, 47.00, 5.00, 125.00, 0.00, 0.00, 10.00, 5, 0.00, 0.00, 0.00, 0.00, 207.00, 'USD', '2025-10-08 05:18:32', '2025-10-08 05:18:32'),
(43, '34a6634e-c2b6-4a56-b410-54708acb48e0', 5.00, 1, 3.09000000, 9.40, 10.00, 21.00, 10.00, 94.00, 0.00, 0.00, 14.00, 10, 0.00, 0.00, 0.00, 0.00, 161.00, 'USD', '2025-10-08 05:21:01', '2025-10-08 05:21:01'),
(44, '9195554f-1fd6-4036-9516-c1ca7f2dcb3d', 5.00, 1, 3.09000000, 9.40, 10.00, 21.00, 10.00, 94.00, 0.00, 0.00, 14.00, 10, 0.00, 0.00, 0.00, 0.00, 161.00, 'USD', '2025-10-08 05:45:41', '2025-10-08 05:45:41'),
(45, '814f577d-32ff-41f8-b5eb-59709e744838', 5.00, 5, 0.73000000, 2.50, 5.00, 0.00, 5.00, 13.00, 0.00, 0.00, 2.00, 5, 0.00, 0.00, 0.00, 0.00, 32.00, 'USD', '2025-10-08 08:09:10', '2025-10-08 08:09:10'),
(46, '97c89395-18f7-4acd-8e27-9391b0bd58f3', 5.00, 5, 0.73000000, 2.50, 5.00, 0.00, 5.00, 13.00, 0.00, 0.00, 2.00, 5, 0.00, 0.00, 0.00, 0.00, 32.00, 'USD', '2025-10-08 08:11:15', '2025-10-08 08:11:15'),
(47, '5007a27f-46eb-47c4-a8df-bc9945dd21eb', 5.00, 5, 0.44000000, 1.60, 5.00, 0.00, 5.00, 8.00, 0.00, 0.00, 2.00, 5, 0.00, 0.00, 0.00, 0.00, 27.00, 'USD', '2025-10-08 08:25:37', '2025-10-08 08:25:37'),
(48, '88e2f4dc-3a68-486b-a38a-e17c9d1428b9', 5.00, 5, 0.58000000, 1.90, 5.00, 0.00, 5.00, 10.00, 0.00, 0.00, 2.00, 5, 0.00, 0.00, 0.00, 0.00, 29.00, 'USD', '2025-10-08 09:08:17', '2025-10-08 09:08:17'),
(49, '5f8dc4f3-2066-493d-b9e1-7354f37b9b43', 5.00, 1, 3.09000000, 9.40, 10.00, 21.00, 10.00, 94.00, 0.00, 0.00, 14.00, 10, 0.00, 0.00, 0.00, 0.00, 161.00, 'USD', '2025-10-08 09:37:09', '2025-10-08 09:37:09'),
(50, 'f85bece5-7d66-4c8c-aae3-82a15451c9da', 5.00, 1, 3.09000000, 9.40, 10.00, 21.00, 10.00, 94.00, 0.00, 0.00, 14.00, 10, 0.00, 0.00, 0.00, 0.00, 161.00, 'USD', '2025-10-08 09:38:56', '2025-10-08 09:38:56'),
(51, 'e854d55d-e276-4f68-9845-dcd543dac50e', 5.00, 1, 3.09000000, 9.40, 10.00, 21.00, 10.00, 94.00, 0.00, 0.00, 14.00, 10, 0.00, 0.00, 0.00, 0.00, 161.00, 'USD', '2025-10-08 09:44:30', '2025-10-08 09:44:30'),
(52, '96438441-81df-440d-b6d3-1c172df85d6c', 5.00, 1, 3.09000000, 9.40, 10.00, 21.00, 10.00, 94.00, 0.00, 0.00, 14.00, 10, 0.00, 0.00, 0.00, 0.00, 161.00, 'USD', '2025-10-08 09:52:21', '2025-10-08 09:52:21'),
(53, 'f964df16-6317-4431-9f8b-4bf40e55213f', 5.00, 5, 13.79000000, 44.50, 5.00, 44.00, 5.00, 223.00, 0.00, 0.00, 15.00, 5, 0.00, 0.00, 0.00, 0.00, 312.00, 'USD', '2025-10-08 10:03:33', '2025-10-08 10:03:33'),
(54, '51b911e6-2ab2-49d9-a76e-a4c26b457ed8', 5.00, 5, 0.80000000, 2.30, 5.00, 0.00, 5.00, 12.00, 0.00, 0.00, 2.00, 5, 0.00, 0.00, 0.00, 0.00, 31.00, 'USD', '2025-10-10 09:01:21', '2025-10-10 09:01:21'),
(55, '93439cdd-d084-4f7a-b468-dee4a59ae1bd', 10.00, 10, 0.80000000, 2.30, 10.00, 0.00, 10.00, 23.00, 0.00, 0.00, 5.00, 10, 0.00, 0.00, 0.00, 0.00, 58.00, 'USD', '2025-10-10 09:02:23', '2025-10-10 09:02:23'),
(56, '3c076355-9de8-41f7-a675-c6ca7a0146f5', 10.00, 10, 0.80000000, 2.30, 10.00, 0.00, 10.00, 23.00, 0.00, 0.00, 5.00, 10, 0.00, 0.00, 0.00, 0.00, 58.00, 'USD', '2025-10-10 09:08:25', '2025-10-10 09:08:25'),
(57, 'c6bc4f01-d4c3-4cde-94a3-b4a9082e07c1', 5.00, 1, 0.78000000, 2.30, 10.00, 0.00, 10.00, 23.00, 0.00, 0.00, 5.00, 10, 0.00, 0.00, 0.00, 0.00, 56.00, 'USD', '2025-10-10 09:12:51', '2025-10-10 09:12:51'),
(58, '22b9fe31-17a2-4bb6-a15d-83c6d3bc9d27', 5.00, 1, 0.76000000, 2.10, 10.00, 0.00, 10.00, 21.00, 0.00, 0.00, 5.00, 10, 0.00, 0.00, 0.00, 0.00, 54.00, 'USD', '2025-10-10 09:16:29', '2025-10-10 09:16:29'),
(59, '2fb8078a-ab36-42b5-9575-e523b6d26cf1', 5.00, 1, 0.76000000, 2.10, 10.00, 0.00, 10.00, 21.00, 0.00, 0.00, 5.00, 10, 0.00, 0.00, 0.00, 0.00, 54.00, 'USD', '2025-10-10 09:17:43', '2025-10-10 09:17:43'),
(60, '06035a58-d39b-4ac8-afdc-848d5dd24ff5', 10.00, 10, 0.76000000, 2.10, 10.00, 0.00, 10.00, 21.00, 0.00, 0.00, 5.00, 10, 0.00, 0.00, 0.00, 0.00, 56.00, 'USD', '2025-10-10 09:18:43', '2025-10-10 09:18:43'),
(61, '9386e7d5-af45-4d55-b173-5cbdb026364a', 10.00, 10, 1.30000000, 4.20, 10.00, 0.00, 10.00, 42.00, 0.00, 0.00, 7.00, 10, 0.00, 0.00, 0.00, 0.00, 81.00, 'USD', '2025-10-10 10:05:27', '2025-10-10 10:05:27'),
(62, 'a5a4c085-8ebe-492d-90d4-45095f7e16e8', 10.00, 10, 0.83000000, 2.40, 10.00, 0.00, 10.00, 24.00, 0.00, 0.00, 5.00, 10, 0.00, 0.00, 0.00, 0.00, 59.00, 'USD', '2025-10-10 10:12:12', '2025-10-10 10:12:12'),
(63, '56e3768a-d172-4e0f-bb8b-032f6bbe00a0', 10.00, 10, 0.86000000, 2.50, 10.00, 0.00, 10.00, 25.00, 0.00, 0.00, 5.00, 10, 0.00, 0.00, 0.00, 0.00, 60.00, 'USD', '2025-10-10 10:21:13', '2025-10-10 10:21:13'),
(64, '474b06eb-8dc4-45be-8322-b6e02ceba661', 10.00, 10, 1.04000000, 3.30, 10.00, 0.00, 10.00, 33.00, 0.00, 0.00, 6.00, 10, 0.00, 0.00, 0.00, 0.00, 70.00, 'USD', '2025-10-10 10:27:52', '2025-10-10 10:27:52'),
(65, '8a5d087f-d796-4f4e-898d-53ddd40f375a', 10.00, 10, 1.04000000, 3.30, 10.00, 0.00, 10.00, 33.00, 0.00, 0.00, 6.00, 10, 0.00, 0.00, 0.00, 0.00, 70.00, 'USD', '2025-10-10 10:29:40', '2025-10-10 10:29:40'),
(66, '49c9de06-0d6a-4f39-bfb3-17a7328fcb51', 10.00, 10, 1.04000000, 3.30, 10.00, 0.00, 10.00, 33.00, 0.00, 0.00, 6.00, 10, 0.00, 0.00, 0.00, 0.00, 70.00, 'USD', '2025-10-10 10:30:03', '2025-10-10 10:30:03'),
(67, '33947e59-02ea-48f0-8869-0e981e4a9651', 10.00, 10, 0.74000000, 2.10, 10.00, 0.00, 10.00, 21.00, 0.00, 0.00, 5.00, 10, 0.00, 0.00, 0.00, 0.00, 56.00, 'USD', '2025-10-10 10:35:44', '2025-10-10 10:35:44'),
(68, '8f24cc50-059c-4bb8-8f20-7b209e9a3292', 10.00, 10, 0.98000000, 3.10, 10.00, 0.00, 10.00, 31.00, 0.00, 0.00, 6.00, 10, 0.00, 0.00, 0.00, 0.00, 68.00, 'USD', '2025-10-10 11:05:29', '2025-10-10 11:05:29'),
(69, 'b781cd99-f482-49c9-a584-fd3470c6cc16', 10.00, 10, 0.77000000, 2.10, 10.00, 0.00, 10.00, 21.00, 0.00, 0.00, 5.00, 10, 0.00, 0.00, 0.00, 0.00, 56.00, 'USD', '2025-10-10 11:08:41', '2025-10-10 11:08:41'),
(70, 'f1f0adec-2fd0-4c7b-bc79-0c8a8b1df1b2', 10.00, 10, 1.01000000, 3.20, 10.00, 0.00, 10.00, 32.00, 0.00, 0.00, 6.00, 10, 0.00, 0.00, 0.00, 0.00, 69.00, 'USD', '2025-10-10 11:22:33', '2025-10-10 11:22:33'),
(71, 'e86ca748-fcca-42d6-8dad-f6db719c4acf', 10.00, 10, 0.28000000, 1.20, 10.00, 0.00, 10.00, 12.00, 0.00, 0.00, 4.00, 10, 0.00, 0.00, 0.00, 0.00, 45.00, 'USD', '2025-10-10 11:39:00', '2025-10-10 11:39:00'),
(72, '025497df-d5d5-4e29-89d8-3da5313c8e01', 5.00, 5, 0.67000000, 2.60, 5.00, 0.00, 5.00, 13.00, 0.00, 0.00, 2.00, 5, 0.00, 0.00, 0.00, 0.00, 32.00, 'USD', '2025-10-12 05:44:11', '2025-10-12 05:44:11'),
(73, '6678ca5e-3e73-431f-8e77-564f5ce46c0d', 5.00, 5, 0.86000000, 3.90, 5.00, 0.00, 5.00, 20.00, 0.00, 0.00, 2.00, 5, 0.00, 0.00, 0.00, 0.00, 39.00, 'USD', '2025-10-13 04:58:45', '2025-10-13 04:58:45'),
(74, '55b63d0a-ac8f-4c0a-9829-062de43d3eea', 10.00, 1, 0.86000000, 3.90, 10.00, 0.00, 10.00, 39.00, 0.00, 0.00, 4.00, 5, 0.00, 0.00, 0.00, 0.00, 80.00, 'USD', '2025-10-13 04:59:47', '2025-10-13 04:59:47'),
(75, '9cd15f24-193d-4e8a-9da3-826d1bc5113e', 12.00, 25, 0.86000000, 3.90, 25.00, 0.00, 10.00, 39.00, 0.00, 0.00, 3.00, 5, 0.00, 0.00, 0.00, 0.00, 61.00, 'USD', '2025-10-13 05:00:31', '2025-10-13 05:00:31'),
(76, '3462615f-7cc6-46ec-837f-e345d6b265d1', 5.00, 1, 0.86000000, 3.90, 10.00, 0.00, 10.00, 39.00, 0.00, 0.00, 7.00, 10, 0.00, 0.00, 0.00, 0.00, 75.00, 'USD', '2025-10-13 05:01:03', '2025-10-13 05:01:03'),
(77, '889c5477-8b49-4a97-8c89-278ad1e1eff8', 10.00, 10, 0.86000000, 3.90, 10.00, 0.00, 10.00, 39.00, 0.00, 0.00, 7.00, 10, 0.00, 0.00, 0.00, 0.00, 78.00, 'USD', '2025-10-13 05:01:43', '2025-10-13 05:01:43'),
(78, '90c1a996-0444-4631-a952-5283abd22639', 5.00, 1, 4.18000000, 13.90, 10.00, 32.00, 10.00, 139.00, 0.00, 0.00, 20.00, 10, 0.00, 0.00, 0.00, 0.00, 226.00, 'USD', '2025-10-13 05:39:58', '2025-10-13 05:39:58'),
(79, '6f45efab-6db6-42e3-95f6-396d2eb597b6', 10.00, 10, 4.18000000, 13.90, 10.00, 0.00, 10.00, 139.00, 0.00, 0.00, 17.00, 10, 0.00, 0.00, 0.00, 0.00, 198.00, 'USD', '2025-10-13 05:40:17', '2025-10-13 05:40:17'),
(80, '2b5a8e44-ad48-44a4-bc37-c2a975fd617d', 10.00, 10, 3.55000000, 10.90, 10.00, 0.00, 10.00, 109.00, 0.00, 0.00, 14.00, 10, 0.00, 0.00, 0.00, 0.00, 162.00, 'USD', '2025-10-13 06:16:31', '2025-10-13 06:16:31'),
(81, '1acb4604-1b53-442a-82ca-3bc8c28b9164', 10.00, 10, 4.10000000, 14.60, 10.00, 0.00, 10.00, 146.00, 0.00, 0.00, 18.00, 10, 0.00, 0.00, 0.00, 0.00, 207.00, 'USD', '2025-10-13 06:58:09', '2025-10-13 06:58:09'),
(82, 'a673a7ee-c86f-4dfa-bc36-0d7f6ed7b9ac', 15.00, 13, 4.10000000, 14.60, 10.00, 0.00, 5.00, 73.00, 0.00, 0.00, 15.00, 15, 0.00, 0.00, 0.00, 0.00, 133.00, 'USD', '2025-10-13 06:58:47', '2025-10-13 06:58:47'),
(83, '6bf02c74-667d-4dd1-8401-dfbadb6315dc', 15.00, 15, 4.10000000, 14.60, 15.00, 0.00, 15.00, 219.00, 0.00, 0.00, 39.00, 15, 0.00, 0.00, 0.00, 0.00, 332.00, 'USD', '2025-10-13 06:59:22', '2025-10-13 06:59:22'),
(84, '46202850-79e7-4d9e-a437-f55eab207948', 50.00, 50, 4.10000000, 14.30, 20.00, 0.00, 50.00, 715.00, 0.00, 0.00, 41.00, 5, 0.00, 0.00, 0.00, 0.00, 897.00, 'USD', '2025-10-13 07:13:32', '2025-10-13 07:13:32'),
(85, '635bf70c-369a-417d-a766-ddedf62aa41e', 50.00, 50, 4.10000000, 14.70, 20.00, 0.00, 50.00, 735.00, 0.00, 0.00, 42.00, 5, 0.00, 0.00, 0.00, 0.00, 919.00, 'USD', '2025-10-13 07:19:59', '2025-10-13 07:19:59'),
(86, '82af1c7d-f4d1-49e4-8acc-5bb8a074b6b9', 5.00, 5, 0.69000000, 2.70, 5.00, 0.00, 5.00, 14.00, 0.00, 0.00, 2.00, 5, 0.00, 0.00, 0.00, 0.00, 33.00, 'USD', '2025-10-13 10:09:55', '2025-10-13 10:09:55'),
(87, '54c77d6f-c062-4aec-8167-d28a89aece74', 5.00, 5, 0.69000000, 2.70, 5.00, 0.00, 5.00, 14.00, 0.00, 0.00, 2.00, 5, 0.00, 0.00, 0.00, 0.00, 33.00, 'USD', '2025-10-13 10:11:19', '2025-10-13 10:11:19'),
(88, '2984be9b-08f1-44bb-8dbe-5bc09b84671c', 5.00, 5, 0.84000000, 3.40, 5.00, 0.00, 5.00, 17.00, 0.00, 0.00, 2.00, 5, 0.00, 0.00, 0.00, 0.00, 36.00, 'USD', '2025-10-13 10:17:42', '2025-10-13 10:17:42'),
(89, 'cddaf5f6-35b8-4dda-b21f-3c083312f93c', 5.00, 5, 0.79000000, 3.00, 5.00, 0.00, 5.00, 15.00, 0.00, 0.00, 2.00, 5, 0.00, 0.00, 0.00, 0.00, 34.00, 'USD', '2025-10-13 10:42:31', '2025-10-13 10:42:31'),
(90, '72a87905-a303-4950-9ce8-ef6c4c9eb83a', 5.00, 5, 0.89000000, 2.60, 5.00, 0.00, 5.00, 13.00, 0.00, 0.00, 2.00, 5, 0.00, 0.00, 0.00, 0.00, 32.00, 'USD', '2025-10-13 11:03:00', '2025-10-13 11:03:00'),
(91, '396c4a35-3b21-4a72-a02a-40afa7848fc9', 5.00, 5, 0.78000000, 3.10, 5.00, 0.00, 5.00, 16.00, 0.00, 0.00, 2.00, 5, 0.00, 0.00, 0.00, 0.00, 35.00, 'USD', '2025-10-13 11:11:06', '2025-10-13 11:11:06'),
(92, 'd107bd4e-184a-4eb9-b885-61358c064b95', 5.00, 5, 1.17000000, 4.20, 5.00, 0.00, 5.00, 21.00, 0.00, 0.00, 2.00, 5, 0.00, 0.00, 0.00, 0.00, 40.00, 'USD', '2025-10-13 13:04:57', '2025-10-13 13:04:57'),
(93, 'c95f0da9-ee22-4756-9e89-33b057cff77e', 5.00, 5, 0.38000000, 1.50, 5.00, 0.00, 5.00, 8.00, 0.00, 0.00, 2.00, 5, 0.00, 0.00, 0.00, 0.00, 27.00, 'USD', '2025-11-03 11:57:12', '2025-11-03 11:57:12'),
(94, '4c700060-8ce8-46d0-8365-865fb5276436', 5.00, 5, 0.59000000, 3.10, 5.00, 0.00, 5.00, 16.00, 0.00, 0.00, 2.00, 5, 0.00, 0.00, 0.00, 0.00, 35.00, 'USD', '2025-11-03 12:16:00', '2025-11-03 12:16:00'),
(95, 'e70ef4dc-dd1d-413f-a98b-9a57990dbfff', 5.00, 5, 1.69000000, 5.50, 5.00, 0.00, 5.00, 28.00, 0.00, 0.00, 3.00, 5, 0.00, 0.00, 0.00, 0.00, 49.00, 'USD', '2025-11-05 10:49:13', '2025-11-05 10:49:13'),
(96, '3be3a846-cf2a-472a-8a17-ee95513f33f7', 5.00, 5, 1.69000000, 5.50, 5.00, 0.00, 5.00, 28.00, 0.00, 0.00, 3.00, 5, 0.00, 0.00, 0.00, 0.00, 49.00, 'USD', '2025-11-05 10:53:01', '2025-11-05 10:53:01'),
(97, '6165727e-5fd5-4edc-bf38-16e09af27053', 5.00, 5, 1.69000000, 5.50, 5.00, 0.00, 5.00, 28.00, 0.00, 0.00, 3.00, 5, 0.00, 0.00, 0.00, 0.00, 49.00, 'USD', '2025-11-05 10:58:30', '2025-11-05 10:58:30'),
(98, 'be8f76a0-7e96-4d5d-8cfd-6fa2f8980801', 5.00, 5, 0.51000000, 1.60, 5.00, 0.00, 5.00, 8.00, 0.00, 0.00, 2.00, 5, 0.00, 0.00, 0.00, 0.00, 27.00, 'USD', '2025-11-05 11:28:54', '2025-11-05 11:28:54'),
(99, 'ec15251e-7b06-4e86-8705-9d7832d2c53c', 5.00, 5, 0.52000000, 1.60, 5.00, 0.00, 5.00, 8.00, 0.00, 0.00, 2.00, 5, 0.00, 0.00, 0.00, 0.00, 27.00, 'USD', '2025-11-05 11:35:05', '2025-11-05 11:35:05'),
(100, 'ea93932a-edbb-458a-9639-1ca659768790', 5.00, 5, 0.93000000, 4.20, 5.00, 0.00, 5.00, 21.00, 0.00, 0.00, 2.00, 5, 0.00, 0.00, 0.00, 0.00, 40.00, 'USD', '2025-11-05 11:51:00', '2025-11-05 11:51:00'),
(101, '150045fa-13bc-4984-97f5-58172d7caba5', 5.00, 1, 0.85000000, 3.90, 10.00, 0.00, 10.00, 39.00, 0.00, 0.00, 7.00, 10, 0.00, 0.00, 0.00, 0.00, 75.00, 'USD', '2025-11-05 12:00:02', '2025-11-05 12:00:02'),
(102, 'bd969391-93dd-4eaf-9452-f130e0dab76e', 5.00, 5, 0.85000000, 3.90, 5.00, 0.00, 5.00, 20.00, 0.00, 0.00, 2.00, 5, 0.00, 0.00, 0.00, 0.00, 39.00, 'USD', '2025-11-05 12:01:49', '2025-11-05 12:01:49'),
(103, '3ddf584a-016d-4177-883a-3e881a5f5d79', 5.00, 5, 0.85000000, 3.90, 5.00, 0.00, 5.00, 20.00, 0.00, 0.00, 2.00, 5, 0.00, 0.00, 0.00, 0.00, 39.00, 'USD', '2025-11-05 12:04:33', '2025-11-05 12:04:33'),
(104, 'c18d1ca3-239d-4aca-963a-151bfc471be1', 5.00, 5, 0.89000000, 4.00, 5.00, 0.00, 5.00, 20.00, 0.00, 0.00, 2.00, 5, 0.00, 0.00, 0.00, 0.00, 39.00, 'USD', '2025-11-05 12:38:26', '2025-11-05 12:38:26'),
(105, '03693f51-5e3f-4a21-bee7-bfb74731ab2c', 10.00, 10, 0.86000000, 2.60, 10.00, 0.00, 10.00, 26.00, 0.00, 0.00, 6.00, 10, 0.00, 0.00, 0.00, 0.00, 63.00, 'USD', '2025-11-06 08:41:43', '2025-11-06 08:41:43'),
(106, '80ecc65f-ac2d-4425-855a-47bd83ca400f', 10.00, 10, 0.86000000, 2.60, 10.00, 0.00, 10.00, 26.00, 0.00, 0.00, 6.00, 10, 0.00, 0.00, 0.00, 0.00, 63.00, 'USD', '2025-11-06 08:47:45', '2025-11-06 08:47:45'),
(107, 'a42ef3e4-10e9-4810-8c3f-bef0e5440c93', 10.00, 10, 0.72000000, 2.00, 10.00, 0.00, 10.00, 20.00, 0.00, 0.00, 5.00, 10, 0.00, 0.00, 0.00, 0.00, 55.00, 'USD', '2025-11-06 08:51:30', '2025-11-06 08:51:30'),
(108, 'f95268c9-7ad7-490b-83ef-75dcad6b186b', 10.00, 10, 0.96000000, 2.90, 10.00, 0.00, 10.00, 29.00, 0.00, 0.00, 6.00, 10, 0.00, 0.00, 0.00, 0.00, 66.00, 'USD', '2025-11-06 08:54:48', '2025-11-06 08:54:48'),
(109, '5f071cc3-402d-4ea8-a121-b617d3246e9d', 10.00, 10, 0.65000000, 1.80, 10.00, 0.00, 10.00, 18.00, 0.00, 0.00, 5.00, 10, 0.00, 0.00, 0.00, 0.00, 53.00, 'USD', '2025-11-06 08:59:38', '2025-11-06 08:59:38'),
(110, '7fd96122-aa76-4ab1-9ccf-f4cfd36c2c8b', 10.00, 10, 0.49000000, 1.60, 10.00, 0.00, 10.00, 16.00, 0.00, 0.00, 5.00, 10, 0.00, 0.00, 0.00, 0.00, 51.00, 'USD', '2025-11-06 09:12:29', '2025-11-06 09:12:29'),
(111, 'b476b4e4-8381-40ae-9931-ab85fcb69b10', 10.00, 10, 0.49000000, 1.60, 10.00, 0.00, 10.00, 16.00, 0.00, 0.00, 5.00, 10, 0.00, 0.00, 0.00, 0.00, 51.00, 'USD', '2025-11-06 09:13:10', '2025-11-06 09:13:10'),
(112, '1d18982f-6726-4518-bcaf-8324a5f8bef6', 10.00, 10, 0.49000000, 1.60, 10.00, 0.00, 10.00, 16.00, 0.00, 0.00, 5.00, 10, 0.00, 0.00, 0.00, 0.00, 51.00, 'USD', '2025-11-06 09:13:56', '2025-11-06 09:13:56'),
(113, 'b35dc563-972f-4f28-9fc7-8a916b4e0924', 5.00, 5, 0.89000000, 4.00, 5.00, 0.00, 5.00, 20.00, 0.00, 0.00, 2.00, 5, 0.00, 0.00, 0.00, 0.00, 39.00, 'USD', '2025-11-06 09:57:50', '2025-11-06 09:57:50'),
(114, '042346b2-9811-4822-a1b2-8574f2470dfd', 10.00, 1, 0.89000000, 4.00, 10.00, 0.00, 10.00, 40.00, 0.00, 0.00, 4.00, 5, 0.00, 0.00, 0.00, 0.00, 81.00, 'USD', '2025-11-06 09:58:24', '2025-11-06 09:58:24'),
(115, 'b79cc7c1-e560-47a2-b475-a952b84c5b44', 10.00, 10, 0.89000000, 4.00, 10.00, 0.00, 10.00, 40.00, 0.00, 0.00, 7.00, 10, 0.00, 0.00, 0.00, 0.00, 79.00, 'USD', '2025-11-06 09:59:00', '2025-11-06 09:59:00'),
(116, 'd16ea42d-aab5-41f2-9dd4-d9226d39ac60', 10.00, 10, 0.89000000, 4.00, 10.00, 0.00, 10.00, 40.00, 0.00, 0.00, 7.00, 10, 0.00, 0.00, 0.00, 0.00, 79.00, 'USD', '2025-11-06 10:01:27', '2025-11-06 10:01:27'),
(117, '76530f8d-9d9f-4f5a-b3b6-69c66f314be5', 10.00, 10, 0.89000000, 4.00, 10.00, 0.00, 10.00, 40.00, 0.00, 0.00, 7.00, 10, 0.00, 0.00, 0.00, 0.00, 79.00, 'USD', '2025-11-06 10:03:32', '2025-11-06 10:03:32'),
(118, '62bc8cf4-0581-47c0-818c-ffe479b594dc', 10.00, 10, 0.89000000, 4.00, 10.00, 0.00, 10.00, 40.00, 0.00, 0.00, 7.00, 10, 0.00, 0.00, 0.00, 0.00, 79.00, 'USD', '2025-11-06 10:05:17', '2025-11-06 10:05:17'),
(119, '2ff54127-7086-4a72-a01f-c4626c4dd542', 10.00, 10, 0.89000000, 4.00, 10.00, 0.00, 10.00, 40.00, 0.00, 0.00, 7.00, 10, 0.00, 0.00, 0.00, 0.00, 79.00, 'USD', '2025-11-06 10:06:59', '2025-11-06 10:06:59'),
(120, '0b353677-1a98-4a66-ac03-2cbed7efc06b', 10.00, 10, 0.88000000, 4.00, 10.00, 0.00, 10.00, 40.00, 0.00, 0.00, 7.00, 10, 0.00, 0.00, 0.00, 0.00, 79.00, 'USD', '2025-11-06 10:25:33', '2025-11-06 10:25:33'),
(121, '021fcf57-34a9-4590-ab72-95030d4ff0cc', 5.00, 5, 29.27000000, 49.00, 5.00, 122.00, 5.00, 245.00, 0.00, 0.00, 20.00, 5, 0.00, 0.00, 0.00, 0.00, 422.00, 'USD', '2025-11-06 10:37:57', '2025-11-06 10:37:57'),
(122, 'da1a46d1-8bbd-4115-a3bf-c187a0fe14c6', 10.00, 10, 0.87000000, 3.90, 10.00, 0.00, 10.00, 39.00, 0.00, 0.00, 7.00, 10, 0.00, 0.00, 0.00, 0.00, 78.00, 'USD', '2025-11-06 10:38:57', '2025-11-06 10:38:57'),
(123, 'e8f8ce05-c0db-4eb5-8b03-65eb5dc1365e', 5.00, 5, 29.06000000, 50.00, 5.00, 121.00, 5.00, 250.00, 0.00, 0.00, 20.00, 5, 0.00, 0.00, 0.00, 0.00, 426.00, 'USD', '2025-11-06 10:40:59', '2025-11-06 10:40:59'),
(124, 'e5f2a41a-52e7-4c5d-8929-3643d6ab93a3', 10.00, 10, 0.88000000, 3.90, 10.00, 0.00, 10.00, 39.00, 0.00, 0.00, 7.00, 10, 0.00, 0.00, 0.00, 0.00, 78.00, 'USD', '2025-11-06 10:45:50', '2025-11-06 10:45:50'),
(125, '89cf4c65-ec9e-4a53-9a11-235219939dca', 15.00, 13, 29.27000000, 50.00, 10.00, 163.00, 5.00, 250.00, 0.00, 0.00, 66.00, 15, 0.00, 0.00, 0.00, 0.00, 592.00, 'USD', '2025-11-06 10:52:46', '2025-11-06 10:52:46');

-- --------------------------------------------------------

--
-- Table structure for table `request_places`
--

CREATE TABLE `request_places` (
  `id` int(10) UNSIGNED NOT NULL,
  `request_id` char(36) NOT NULL,
  `pick_lat` double(15,8) DEFAULT NULL,
  `pick_lng` double(15,8) DEFAULT NULL,
  `drop_lat` double(15,8) DEFAULT NULL,
  `drop_lng` double(15,8) DEFAULT NULL,
  `request_path` longtext DEFAULT NULL,
  `pick_address` text DEFAULT NULL,
  `drop_address` text DEFAULT NULL,
  `pickup_poc_name` varchar(191) DEFAULT NULL,
  `drop_poc_name` varchar(191) DEFAULT NULL,
  `pickup_poc_mobile` varchar(191) DEFAULT NULL,
  `pickup_poc_instruction` varchar(191) DEFAULT NULL,
  `drop_poc_mobile` varchar(191) DEFAULT NULL,
  `drop_poc_instruction` varchar(191) DEFAULT NULL,
  `created_at` timestamp NULL DEFAULT NULL,
  `updated_at` timestamp NULL DEFAULT NULL
) ENGINE=InnoDB DEFAULT CHARSET=utf8mb4 COLLATE=utf8mb4_unicode_ci;

--
-- Dumping data for table `request_places`
--

INSERT INTO `request_places` (`id`, `request_id`, `pick_lat`, `pick_lng`, `drop_lat`, `drop_lng`, `request_path`, `pick_address`, `drop_address`, `pickup_poc_name`, `drop_poc_name`, `pickup_poc_mobile`, `pickup_poc_instruction`, `drop_poc_mobile`, `drop_poc_instruction`, `created_at`, `updated_at`) VALUES
(1, '2e903934-601e-4b95-94d9-d4d8794f907a', 19.23842690, 73.12888720, 19.15822240, 73.11572290, NULL, 'Kalyan Station Road, Bhanunagar Kalyan(West), Narayan Peth, Bhoiwada, Kalyan, Maharashtra, India', 'Casa Clara J Wing, 2, Downtown, Palava City, Antarli, Maharashtra, India', NULL, NULL, NULL, NULL, NULL, NULL, '2025-10-03 07:34:38', '2025-10-03 07:34:38'),
(2, 'b1243551-fc43-4804-b7bf-272a3c5428ff', 19.23842690, 73.12888720, 19.15822240, 73.11572290, NULL, 'Kalyan Station Road, Bhanunagar Kalyan(West), Narayan Peth, Bhoiwada, Kalyan, Maharashtra, India', 'Casa Clara J Wing, 2, Downtown, Palava City, Antarli, Maharashtra, India', NULL, NULL, NULL, NULL, NULL, NULL, '2025-10-03 09:58:05', '2025-10-03 09:58:05'),
(3, '3b7ed5f5-3ff8-4279-b6a0-5de4ddc54767', 21.22418997, 72.88941924, 21.22237289, 72.89107315, NULL, '49-50, opp. Amidhara Society, Amardeep Society, Moti Nagar, Nana Varachha, Surat, Gujarat 395013, India', '49-50, opp. Amidhara Society, Amardeep Society, Moti Nagar, Nana Varachha, Surat, Gujarat 395013, India', NULL, NULL, NULL, NULL, NULL, NULL, '2025-10-06 11:01:56', '2025-10-06 11:01:56'),
(4, '503e1931-a502-4213-ad73-caa0f6810b2c', 21.22418997, 72.88941924, 21.22237289, 72.89107315, NULL, '49-50, opp. Amidhara Society, Amardeep Society, Moti Nagar, Nana Varachha, Surat, Gujarat 395013, India', '49-50, opp. Amidhara Society, Amardeep Society, Moti Nagar, Nana Varachha, Surat, Gujarat 395013, India', NULL, NULL, NULL, NULL, NULL, NULL, '2025-10-06 11:03:54', '2025-10-06 11:03:54'),
(5, '4de7c812-88ac-4096-ab01-6ba1be6698de', 21.22522477, 72.88943499, 21.22194283, 72.89199147, NULL, '49-50, opp. Amidhara Society, Amardeep Society, Moti Nagar, Nana Varachha, Surat, Gujarat 395013, India', '13, Vandna Society, Nana Varachha, Surat, Gujarat 395013, India', NULL, NULL, NULL, NULL, NULL, NULL, '2025-10-06 11:33:19', '2025-10-06 11:33:19'),
(6, 'bef667fd-56dd-4b54-a388-716676ba4b61', 21.22416903, 72.88944807, 21.21839203, 72.88985811, NULL, '49-50, opp. Amidhara Society, Amardeep Society, Moti Nagar, Nana Varachha, Surat, Gujarat 395013, India', 'Row-House, Prabhudarshan Raw House, Nana Varachha, Surat, Gujarat 395011, India', NULL, NULL, NULL, NULL, NULL, NULL, '2025-10-07 09:43:49', '2025-10-07 09:43:49'),
(7, 'b5c7c4b6-4b8d-4ad4-ba6e-fd08daa9f652', 21.22416710, 72.88945380, 21.22020166, 72.89039657, NULL, '49-50, opp. Amidhara Society, Amardeep Society, Moti Nagar, Nana Varachha, Surat, Gujarat 395013, India', '339, Syamdham Society, Nana Varachha, Surat, Gujarat 395011, India', NULL, NULL, NULL, NULL, NULL, NULL, '2025-10-07 09:50:11', '2025-10-07 09:50:11'),
(8, '0668bf58-4cc2-4100-a676-48027a615976', 21.22413680, 72.88959630, 21.22074549, 72.89170716, NULL, '152, Bhid Bhanjan Society, Nana Varachha, Surat, Gujarat 395013, India', '49-50, opp. Amidhara Society, Amardeep Society, Moti Nagar, Nana Varachha, Surat, Gujarat 395013, India', NULL, NULL, NULL, NULL, NULL, NULL, '2025-10-07 09:56:07', '2025-10-07 09:56:07'),
(9, '0870cf67-7ce8-452e-bf11-0d3a65ad6e98', 21.22415966, 72.88946752, 21.22145527, 72.89207999, NULL, '49-50, opp. Amidhara Society, Amardeep Society, Moti Nagar, Nana Varachha, Surat, Gujarat 395013, India', '49-50, opp. Amidhara Society, Amardeep Society, Moti Nagar, Nana Varachha, Surat, Gujarat 395013, India', NULL, NULL, NULL, NULL, NULL, NULL, '2025-10-07 10:09:31', '2025-10-07 10:09:31'),
(10, '299b5587-fff2-4141-a2de-202275573b42', 21.22414184, 72.88962610, 21.21927153, 72.88993355, NULL, '152, Bhid Bhanjan Society, Nana Varachha, Surat, Gujarat 395013, India', '152, Bhid Bhanjan Society, Nana Varachha, Surat, Gujarat 395013, India', NULL, NULL, NULL, NULL, NULL, NULL, '2025-10-07 10:29:45', '2025-10-07 10:29:45'),
(11, '9ed5bbfe-2540-40be-ba9c-13be023f21f8', 21.22418390, 72.88943230, 21.22067298, 72.89015483, NULL, '49-50, opp. Amidhara Society, Amardeep Society, Moti Nagar, Nana Varachha, Surat, Gujarat 395013, India', '49-50, opp. Amidhara Society, Amardeep Society, Moti Nagar, Nana Varachha, Surat, Gujarat 395013, India', NULL, NULL, NULL, NULL, NULL, NULL, '2025-10-07 11:30:15', '2025-10-07 11:30:15'),
(12, '2514b43d-c34d-48dc-a9bd-ff42147a75d1', 21.23000488, 72.90089674, 21.22349302, 72.89979436, NULL, '65, RUXMANI SOCIETY, Nana Varachha, Surat, Gujarat 395013, India', '128, Swaminarayan Nagar-1, Nana Varachha, Surat, Gujarat 395013, India', NULL, NULL, NULL, NULL, NULL, NULL, '2025-10-07 13:21:07', '2025-10-07 13:21:07'),
(13, 'ec31feea-63da-42b2-a9a3-abd82070fcd4', 21.22416122, 72.88949937, 21.22069111, 72.88951579, NULL, '149, Amidhara Cir Rd, Bhid Bhanjan Society, Nana Varachha, Surat, Gujarat 395013, India', '19, Shyamdham Simada Rd, Laxmi Market, Syamdham Chokdi, Mahavir Nagar Society, Nana Varachha, Surat, Gujarat 395011, India', NULL, NULL, NULL, NULL, NULL, NULL, '2025-10-07 13:56:27', '2025-10-07 13:56:27'),
(14, 'c0c428da-2d5b-40e5-a0d5-cc82b1ecbb82', 21.22416122, 72.88949937, 21.22069111, 72.88951579, NULL, '149, Amidhara Cir Rd, Bhid Bhanjan Society, Nana Varachha, Surat, Gujarat 395013, India', '19, Shyamdham Simada Rd, Laxmi Market, Syamdham Chokdi, Mahavir Nagar Society, Nana Varachha, Surat, Gujarat 395011, India', NULL, NULL, NULL, NULL, NULL, NULL, '2025-10-07 13:57:20', '2025-10-07 13:57:20'),
(15, 'a73d3f2e-f423-4939-aaa1-ea9a65f45ec2', 21.22416122, 72.88949937, 21.22069111, 72.88951579, NULL, '149, Amidhara Cir Rd, Bhid Bhanjan Society, Nana Varachha, Surat, Gujarat 395013, India', '19, Shyamdham Simada Rd, Laxmi Market, Syamdham Chokdi, Mahavir Nagar Society, Nana Varachha, Surat, Gujarat 395011, India', NULL, NULL, NULL, NULL, NULL, NULL, '2025-10-07 14:00:39', '2025-10-07 14:00:39'),
(16, 'f7de06e3-aa54-4a57-b4e9-ababec0ea2e3', 21.22417716, 72.88944170, 21.21980505, 72.88995165, NULL, '49-50, opp. Amidhara Society, Amardeep Society, Moti Nagar, Nana Varachha, Surat, Gujarat 395013, India', '49-50, opp. Amidhara Society, Amardeep Society, Moti Nagar, Nana Varachha, Surat, Gujarat 395013, India', NULL, NULL, NULL, NULL, NULL, NULL, '2025-10-07 14:21:40', '2025-10-07 14:21:40'),
(17, 'c0b44ebd-7744-41ac-ae72-1b74073ad857', 21.22417716, 72.88944170, 21.21980505, 72.88995165, NULL, '49-50, opp. Amidhara Society, Amardeep Society, Moti Nagar, Nana Varachha, Surat, Gujarat 395013, India', '49-50, opp. Amidhara Society, Amardeep Society, Moti Nagar, Nana Varachha, Surat, Gujarat 395013, India', NULL, NULL, NULL, NULL, NULL, NULL, '2025-10-07 14:22:08', '2025-10-07 14:22:08'),
(18, 'c408c378-5e2c-4a0a-b33d-28302a6bfc05', 21.22417716, 72.88944170, 21.21980505, 72.88995165, NULL, '49-50, opp. Amidhara Society, Amardeep Society, Moti Nagar, Nana Varachha, Surat, Gujarat 395013, India', '49-50, opp. Amidhara Society, Amardeep Society, Moti Nagar, Nana Varachha, Surat, Gujarat 395013, India', NULL, NULL, NULL, NULL, NULL, NULL, '2025-10-07 14:23:02', '2025-10-07 14:23:02'),
(19, 'eba5c9ff-8ed7-4ef8-8e90-5fb6e98f75ff', 21.22417716, 72.88944170, 21.21980505, 72.88995165, NULL, '49-50, opp. Amidhara Society, Amardeep Society, Moti Nagar, Nana Varachha, Surat, Gujarat 395013, India', '49-50, opp. Amidhara Society, Amardeep Society, Moti Nagar, Nana Varachha, Surat, Gujarat 395013, India', NULL, NULL, NULL, NULL, NULL, NULL, '2025-10-07 14:24:22', '2025-10-07 14:24:22'),
(20, '92be54c4-8764-4fc7-a0be-5c20f5ae2741', 21.22417716, 72.88944170, 21.21980505, 72.88995165, NULL, '49-50, opp. Amidhara Society, Amardeep Society, Moti Nagar, Nana Varachha, Surat, Gujarat 395013, India', '49-50, opp. Amidhara Society, Amardeep Society, Moti Nagar, Nana Varachha, Surat, Gujarat 395013, India', NULL, NULL, NULL, NULL, NULL, NULL, '2025-10-07 14:25:30', '2025-10-07 14:25:30'),
(21, '6d6d2d72-4a7c-4889-8957-4b473e536708', 21.22417716, 72.88944170, 21.21980505, 72.88995165, NULL, '49-50, opp. Amidhara Society, Amardeep Society, Moti Nagar, Nana Varachha, Surat, Gujarat 395013, India', '49-50, opp. Amidhara Society, Amardeep Society, Moti Nagar, Nana Varachha, Surat, Gujarat 395013, India', NULL, NULL, NULL, NULL, NULL, NULL, '2025-10-07 14:28:06', '2025-10-07 14:28:06'),
(22, '876d6d87-bff1-4c09-a91a-ad1c14206958', 21.22417716, 72.88944170, 21.21980505, 72.88995165, NULL, '49-50, opp. Amidhara Society, Amardeep Society, Moti Nagar, Nana Varachha, Surat, Gujarat 395013, India', '49-50, opp. Amidhara Society, Amardeep Society, Moti Nagar, Nana Varachha, Surat, Gujarat 395013, India', NULL, NULL, NULL, NULL, NULL, NULL, '2025-10-07 14:32:31', '2025-10-07 14:32:31'),
(23, 'b9d1711c-13ee-4237-8e4e-3d42391242db', 21.22417716, 72.88944170, 21.21980505, 72.88995165, NULL, '49-50, opp. Amidhara Society, Amardeep Society, Moti Nagar, Nana Varachha, Surat, Gujarat 395013, India', '49-50, opp. Amidhara Society, Amardeep Society, Moti Nagar, Nana Varachha, Surat, Gujarat 395013, India', NULL, NULL, NULL, NULL, NULL, NULL, '2025-10-07 14:33:57', '2025-10-07 14:33:57'),
(24, '356e7a5d-099a-47ec-a57a-d4a6fdbd1270', 21.22417716, 72.88944170, 21.21980505, 72.88995165, NULL, '49-50, opp. Amidhara Society, Amardeep Society, Moti Nagar, Nana Varachha, Surat, Gujarat 395013, India', '49-50, opp. Amidhara Society, Amardeep Society, Moti Nagar, Nana Varachha, Surat, Gujarat 395013, India', NULL, NULL, NULL, NULL, NULL, NULL, '2025-10-07 14:34:44', '2025-10-07 14:34:44'),
(25, '316679ff-9aab-4db8-a5f3-bf47c26041ae', 21.22417716, 72.88944170, 21.21980505, 72.88995165, NULL, '49-50, opp. Amidhara Society, Amardeep Society, Moti Nagar, Nana Varachha, Surat, Gujarat 395013, India', '49-50, opp. Amidhara Society, Amardeep Society, Moti Nagar, Nana Varachha, Surat, Gujarat 395013, India', NULL, NULL, NULL, NULL, NULL, NULL, '2025-10-07 14:36:56', '2025-10-07 14:36:56'),
(26, '0e65439a-0a99-4d32-a95e-cedd6f23a9f5', 21.22417716, 72.88944170, 21.21980505, 72.88995165, NULL, '49-50, opp. Amidhara Society, Amardeep Society, Moti Nagar, Nana Varachha, Surat, Gujarat 395013, India', '49-50, opp. Amidhara Society, Amardeep Society, Moti Nagar, Nana Varachha, Surat, Gujarat 395013, India', NULL, NULL, NULL, NULL, NULL, NULL, '2025-10-07 14:42:56', '2025-10-07 14:42:56'),
(27, '887836d8-38b6-4a7d-a507-e068962e5aab', 21.22417716, 72.88944170, 21.21980505, 72.88995165, NULL, '49-50, opp. Amidhara Society, Amardeep Society, Moti Nagar, Nana Varachha, Surat, Gujarat 395013, India', '49-50, opp. Amidhara Society, Amardeep Society, Moti Nagar, Nana Varachha, Surat, Gujarat 395013, India', NULL, NULL, NULL, NULL, NULL, NULL, '2025-10-07 14:45:17', '2025-10-07 14:45:17'),
(28, 'ec0c6146-ef53-4400-b1f2-8a2a4c6699cb', 21.22417716, 72.88944170, 21.21980505, 72.88995165, NULL, '49-50, opp. Amidhara Society, Amardeep Society, Moti Nagar, Nana Varachha, Surat, Gujarat 395013, India', '49-50, opp. Amidhara Society, Amardeep Society, Moti Nagar, Nana Varachha, Surat, Gujarat 395013, India', NULL, NULL, NULL, NULL, NULL, NULL, '2025-10-07 14:47:51', '2025-10-07 14:47:51'),
(29, 'c8d0d4a9-d182-457a-832a-c05523582884', 21.22417716, 72.88944170, 21.21980505, 72.88995165, NULL, '49-50, opp. Amidhara Society, Amardeep Society, Moti Nagar, Nana Varachha, Surat, Gujarat 395013, India', '49-50, opp. Amidhara Society, Amardeep Society, Moti Nagar, Nana Varachha, Surat, Gujarat 395013, India', NULL, NULL, NULL, NULL, NULL, NULL, '2025-10-07 14:53:04', '2025-10-07 14:53:04'),
(30, '37f13178-45a2-4896-ac01-6a9905f286c6', 21.22417716, 72.88944170, 21.21980505, 72.88995165, NULL, '49-50, opp. Amidhara Society, Amardeep Society, Moti Nagar, Nana Varachha, Surat, Gujarat 395013, India', '49-50, opp. Amidhara Society, Amardeep Society, Moti Nagar, Nana Varachha, Surat, Gujarat 395013, India', NULL, NULL, NULL, NULL, NULL, NULL, '2025-10-07 14:55:59', '2025-10-07 14:55:59'),
(31, '0a26718a-6534-47bd-b5fb-e9f5ebfad843', 21.22413591, 72.88963683, 21.22053515, 72.88964052, NULL, '152, Bhid Bhanjan Society, Nana Varachha, Surat, Gujarat 395013, India', '149, Amidhara Cir Rd, Bhid Bhanjan Society, Nana Varachha, Surat, Gujarat 395013, India', NULL, NULL, NULL, NULL, NULL, NULL, '2025-10-07 15:38:07', '2025-10-07 15:38:07'),
(32, '0995397f-eebe-4bb5-b990-45b823c54ed7', 21.22413591, 72.88963683, 21.22053515, 72.88964052, NULL, '152, Bhid Bhanjan Society, Nana Varachha, Surat, Gujarat 395013, India', '149, Amidhara Cir Rd, Bhid Bhanjan Society, Nana Varachha, Surat, Gujarat 395013, India', NULL, NULL, NULL, NULL, NULL, NULL, '2025-10-07 15:40:37', '2025-10-07 15:40:37'),
(33, 'aab1ca33-b974-4f58-91a2-c6eabf0ac03f', 21.22413591, 72.88963683, 21.22053515, 72.88964052, NULL, '152, Bhid Bhanjan Society, Nana Varachha, Surat, Gujarat 395013, India', '149, Amidhara Cir Rd, Bhid Bhanjan Society, Nana Varachha, Surat, Gujarat 395013, India', NULL, NULL, NULL, NULL, NULL, NULL, '2025-10-07 15:41:20', '2025-10-07 15:41:20'),
(34, '10e4cd40-1b72-41ea-8720-b076da8207f8', 21.22419872, 72.88940951, 21.22037481, 72.89086260, NULL, '49-50, opp. Amidhara Society, Amardeep Society, Moti Nagar, Nana Varachha, Surat, Gujarat 395013, India', '49-50, opp. Amidhara Society, Amardeep Society, Moti Nagar, Nana Varachha, Surat, Gujarat 395013, India', NULL, NULL, NULL, NULL, NULL, NULL, '2025-10-07 15:42:41', '2025-10-07 15:42:41'),
(35, 'b2456fc2-1e2a-4ec5-a91a-c2cf04e40f28', 21.22419872, 72.88940951, 21.22037481, 72.89086260, NULL, '49-50, opp. Amidhara Society, Amardeep Society, Moti Nagar, Nana Varachha, Surat, Gujarat 395013, India', '49-50, opp. Amidhara Society, Amardeep Society, Moti Nagar, Nana Varachha, Surat, Gujarat 395013, India', NULL, NULL, NULL, NULL, NULL, NULL, '2025-10-07 15:43:11', '2025-10-07 15:43:11'),
(36, '849b74ec-9698-46e9-bab1-8caf2df3b791', 21.22419872, 72.88940951, 21.22037481, 72.89086260, NULL, '49-50, opp. Amidhara Society, Amardeep Society, Moti Nagar, Nana Varachha, Surat, Gujarat 395013, India', '49-50, opp. Amidhara Society, Amardeep Society, Moti Nagar, Nana Varachha, Surat, Gujarat 395013, India', NULL, NULL, NULL, NULL, NULL, NULL, '2025-10-07 15:43:51', '2025-10-07 15:43:51'),
(37, '729f82e9-8346-45d5-8fe7-39450f62ea0e', 21.22419872, 72.88940951, 21.22037481, 72.89086260, NULL, '49-50, opp. Amidhara Society, Amardeep Society, Moti Nagar, Nana Varachha, Surat, Gujarat 395013, India', '49-50, opp. Amidhara Society, Amardeep Society, Moti Nagar, Nana Varachha, Surat, Gujarat 395013, India', NULL, NULL, NULL, NULL, NULL, NULL, '2025-10-07 15:46:33', '2025-10-07 15:46:33'),
(38, '06aaa489-3528-4f15-86bb-3305569d505e', 21.22463534, 72.88941655, 21.21939343, 72.88840067, NULL, '49-50, opp. Amidhara Society, Amardeep Society, Moti Nagar, Nana Varachha, Surat, Gujarat 395013, India', '149, Amidhara Cir Rd, Bhid Bhanjan Society, Nana Varachha, Surat, Gujarat 395013, India', NULL, NULL, NULL, NULL, NULL, NULL, '2025-10-07 15:49:15', '2025-10-07 15:49:15'),
(39, '4cdca157-6c57-4b2c-8a46-6283ade1a837', 21.22463534, 72.88941655, 21.21939343, 72.88840067, NULL, '49-50, opp. Amidhara Society, Amardeep Society, Moti Nagar, Nana Varachha, Surat, Gujarat 395013, India', '149, Amidhara Cir Rd, Bhid Bhanjan Society, Nana Varachha, Surat, Gujarat 395013, India', NULL, NULL, NULL, NULL, NULL, NULL, '2025-10-07 15:53:11', '2025-10-07 15:53:11'),
(40, 'b19b432c-94b0-4481-8df9-ca3df44e9554', 21.22419216, 72.88941555, 21.21848235, 72.88939945, NULL, '49-50, opp. Amidhara Society, Amardeep Society, Moti Nagar, Nana Varachha, Surat, Gujarat 395013, India', '49-50, opp. Amidhara Society, Amardeep Society, Moti Nagar, Nana Varachha, Surat, Gujarat 395013, India', NULL, NULL, NULL, NULL, NULL, NULL, '2025-10-07 16:00:16', '2025-10-07 16:00:16'),
(41, '71a157db-a1cd-4b5f-9533-3a6533ef4c25', 23.16467840, 79.95165540, 23.18298790, 80.05692550, NULL, 'Jabalpur railway station, Madhya Pradesh State Highway 22, Tagore Railway Colony, South Civil Lines, Jabalpur, Madhya Pradesh, India', 'Jabalpur Airport, Airport Area, Khamaria, Dumna, Madhya Pradesh, India', NULL, NULL, NULL, NULL, NULL, NULL, '2025-10-08 05:17:54', '2025-10-08 05:17:54'),
(42, '128d55e3-2acf-4669-9a92-8014865aec3c', 23.16467840, 79.95165540, 23.18298790, 80.05692550, NULL, 'Jabalpur railway station, Madhya Pradesh State Highway 22, Tagore Railway Colony, South Civil Lines, Jabalpur, Madhya Pradesh, India', 'Jabalpur Airport, Airport Area, Khamaria, Dumna, Madhya Pradesh, India', NULL, NULL, NULL, NULL, NULL, NULL, '2025-10-08 05:18:32', '2025-10-08 05:18:32'),
(43, '34a6634e-c2b6-4a56-b410-54708acb48e0', 23.18740720, 79.90511190, 23.20500170, 79.90392300, NULL, 'Vijay Nagar, Jabalpur, Madhya Pradesh, India', 'Karmeta, Jabalpur, Madhya Pradesh, India', NULL, NULL, NULL, NULL, NULL, NULL, '2025-10-08 05:21:01', '2025-10-08 05:21:01'),
(44, '9195554f-1fd6-4036-9516-c1ca7f2dcb3d', 23.18740720, 79.90511190, 23.20500170, 79.90392300, NULL, 'Vijay Nagar, Jabalpur, Madhya Pradesh, India', 'Karmeta, Jabalpur, Madhya Pradesh, India', NULL, NULL, NULL, NULL, NULL, NULL, '2025-10-08 05:45:41', '2025-10-08 05:45:41'),
(45, '814f577d-32ff-41f8-b5eb-59709e744838', 21.22416466, 72.88948495, 21.22044920, 72.88924355, NULL, '49-50, opp. Amidhara Society, Amardeep Society, Moti Nagar, Nana Varachha, Surat, Gujarat 395013, India', '368, Mahavir Society, Mahavir Nagar Society, Nana Varachha, Surat, Gujarat 395011, India', NULL, NULL, NULL, NULL, NULL, NULL, '2025-10-08 08:09:10', '2025-10-08 08:09:10'),
(46, '97c89395-18f7-4acd-8e27-9391b0bd58f3', 21.22416466, 72.88948495, 21.22044920, 72.88924355, NULL, '49-50, opp. Amidhara Society, Amardeep Society, Moti Nagar, Nana Varachha, Surat, Gujarat 395013, India', '368, Mahavir Society, Mahavir Nagar Society, Nana Varachha, Surat, Gujarat 395011, India', NULL, NULL, NULL, NULL, NULL, NULL, '2025-10-08 08:11:15', '2025-10-08 08:11:15'),
(47, '5007a27f-46eb-47c4-a8df-bc9945dd21eb', 21.22412590, 72.88966350, 21.22231288, 72.89032012, NULL, '152, Bhid Bhanjan Society, Nana Varachha, Surat, Gujarat 395013, India', '36, Vandana Part 1, Nana Varachha, Surat, Gujarat 395013, India', NULL, NULL, NULL, NULL, NULL, NULL, '2025-10-08 08:25:37', '2025-10-08 08:25:37'),
(48, '88e2f4dc-3a68-486b-a38a-e17c9d1428b9', 21.22411840, 72.88968176, 21.21936561, 72.88925327, '[{\"lat\":21.230005,\"lng\":72.9008967}]', '152, Bhid Bhanjan Society, Nana Varachha, Surat, Gujarat 395013, India', '22, Shyamdham Society-1, Tulsi Shyam Society, Nana Varachha, Surat, Gujarat 395011, India', NULL, NULL, NULL, NULL, NULL, NULL, '2025-10-08 09:08:17', '2025-10-08 09:09:54'),
(49, '5f8dc4f3-2066-493d-b9e1-7354f37b9b43', 23.18740720, 79.90511190, 23.20500170, 79.90392300, NULL, 'Vijay Nagar, Jabalpur, Madhya Pradesh, India', 'Karmeta, Jabalpur, Madhya Pradesh, India', NULL, NULL, NULL, NULL, NULL, NULL, '2025-10-08 09:37:09', '2025-10-08 09:37:09'),
(50, 'f85bece5-7d66-4c8c-aae3-82a15451c9da', 23.18740720, 79.90511190, 23.20500170, 79.90392300, NULL, 'Vijay Nagar, Jabalpur, Madhya Pradesh, India', 'Karmeta, Jabalpur, Madhya Pradesh, India', NULL, NULL, NULL, NULL, NULL, NULL, '2025-10-08 09:38:56', '2025-10-08 09:38:56'),
(51, 'e854d55d-e276-4f68-9845-dcd543dac50e', 23.18740720, 79.90511190, 23.20500170, 79.90392300, NULL, 'Vijay Nagar, Jabalpur, Madhya Pradesh, India', 'Karmeta, Jabalpur, Madhya Pradesh, India', NULL, NULL, NULL, NULL, NULL, NULL, '2025-10-08 09:44:30', '2025-10-08 09:44:30'),
(52, '96438441-81df-440d-b6d3-1c172df85d6c', 23.18740720, 79.90511190, 23.20500170, 79.90392300, NULL, 'Vijay Nagar, Jabalpur, Madhya Pradesh, India', 'Karmeta, Jabalpur, Madhya Pradesh, India', NULL, NULL, NULL, NULL, NULL, NULL, '2025-10-08 09:52:21', '2025-10-08 09:52:21'),
(53, 'f964df16-6317-4431-9f8b-4bf40e55213f', 19.15822240, 73.11572290, 19.23618660, 73.13139510, '[{\"lat\":19.1582217,\"lng\":73.1157217}]', 'Casa Clara J Wing, 2, Downtown, Palava City, Antarli, Maharashtra, India', 'Kalyan station, Station Rd, Bhoiwada, Kalyan, Maharashtra, India', NULL, NULL, NULL, NULL, NULL, NULL, '2025-10-08 10:03:33', '2025-10-08 10:05:09'),
(54, '51b911e6-2ab2-49d9-a76e-a4c26b457ed8', 21.23000488, 72.90089674, 21.22628738, 72.89957576, NULL, '65, RUXMANI SOCIETY, Nana Varachha, Surat, Gujarat 395013, India', 'Marutidham  near Sathana SMC Hall, Bhagavan Nagar, Sarthana Jakat Naka, Bhagawan Nagar Scoiety, Nana Varachha, Surat, Gujarat 395013, India', NULL, NULL, NULL, NULL, NULL, NULL, '2025-10-10 09:01:21', '2025-10-10 09:01:21'),
(55, '93439cdd-d084-4f7a-b468-dee4a59ae1bd', 21.23000488, 72.90089674, 21.22628738, 72.89957576, NULL, '65, RUXMANI SOCIETY, Nana Varachha, Surat, Gujarat 395013, India', 'Marutidham  near Sathana SMC Hall, Bhagavan Nagar, Sarthana Jakat Naka, Bhagawan Nagar Scoiety, Nana Varachha, Surat, Gujarat 395013, India', NULL, NULL, NULL, NULL, NULL, NULL, '2025-10-10 09:02:23', '2025-10-10 09:02:23'),
(56, '3c076355-9de8-41f7-a675-c6ca7a0146f5', 21.23000488, 72.90089674, 21.22628738, 72.89957576, NULL, '65, RUXMANI SOCIETY, Nana Varachha, Surat, Gujarat 395013, India', 'Marutidham  near Sathana SMC Hall, Bhagavan Nagar, Sarthana Jakat Naka, Bhagawan Nagar Scoiety, Nana Varachha, Surat, Gujarat 395013, India', NULL, NULL, NULL, NULL, NULL, NULL, '2025-10-10 09:08:25', '2025-10-10 09:08:25'),
(57, 'c6bc4f01-d4c3-4cde-94a3-b4a9082e07c1', 21.23000488, 72.90089674, 21.22610205, 72.89977793, NULL, '65, RUXMANI SOCIETY, Nana Varachha, Surat, Gujarat 395013, India', '2, Bhagavan Nagar Rd, Bhagavan Nagar, Bhagawan Nagar Scoiety, Nana Varachha, Surat, Gujarat 395013, India', NULL, NULL, NULL, NULL, NULL, NULL, '2025-10-10 09:12:51', '2025-10-10 09:12:51'),
(58, '22b9fe31-17a2-4bb6-a15d-83c6d3bc9d27', 21.23000488, 72.90089674, 21.22493568, 72.89982252, NULL, '65, RUXMANI SOCIETY, Nana Varachha, Surat, Gujarat 395013, India', '88, M D Park Society, Nana Varachha, Surat, Gujarat 395013, India', NULL, NULL, NULL, NULL, NULL, NULL, '2025-10-10 09:16:29', '2025-10-10 09:16:29'),
(59, '2fb8078a-ab36-42b5-9575-e523b6d26cf1', 21.23000488, 72.90089674, 21.22493568, 72.89982252, NULL, '65, RUXMANI SOCIETY, Nana Varachha, Surat, Gujarat 395013, India', '88, M D Park Society, Nana Varachha, Surat, Gujarat 395013, India', NULL, NULL, NULL, NULL, NULL, NULL, '2025-10-10 09:17:43', '2025-10-10 09:17:43'),
(60, '06035a58-d39b-4ac8-afdc-848d5dd24ff5', 21.23000488, 72.90089674, 21.22493568, 72.89982252, '[{\"lat\":21.2241628,\"lng\":72.8894593}]', '65, RUXMANI SOCIETY, Nana Varachha, Surat, Gujarat 395013, India', '88, M D Park Society, Nana Varachha, Surat, Gujarat 395013, India', NULL, NULL, NULL, NULL, NULL, NULL, '2025-10-10 09:18:43', '2025-10-10 09:53:57'),
(61, '9386e7d5-af45-4d55-b173-5cbdb026364a', 21.23000488, 72.90089674, 21.22442906, 72.89970651, NULL, '65, RUXMANI SOCIETY, Nana Varachha, Surat, Gujarat 395013, India', '2/2/12, M D Park Society, Nana Varachha, Surat, Gujarat 395013, India', NULL, NULL, NULL, NULL, NULL, NULL, '2025-10-10 10:05:27', '2025-10-10 10:05:27'),
(62, 'a5a4c085-8ebe-492d-90d4-45095f7e16e8', 21.23000488, 72.90089674, 21.22441469, 72.89930418, NULL, '65, RUXMANI SOCIETY, Nana Varachha, Surat, Gujarat 395013, India', '2/2/36, M D Park Society, Nana Varachha, Surat, Gujarat 395013, India', NULL, NULL, NULL, NULL, NULL, NULL, '2025-10-10 10:12:12', '2025-10-10 10:12:12'),
(63, '56e3768a-d172-4e0f-bb8b-032f6bbe00a0', 21.23000488, 72.90089674, 21.22422185, 72.89936319, NULL, '65, RUXMANI SOCIETY, Nana Varachha, Surat, Gujarat 395013, India', '10A, M D Park Society, Nana Varachha, Surat, Gujarat 395013, India', NULL, NULL, NULL, NULL, NULL, NULL, '2025-10-10 10:21:13', '2025-10-10 10:21:13'),
(64, '474b06eb-8dc4-45be-8322-b6e02ceba661', 21.23000488, 72.90089674, 21.22479660, 72.89803281, NULL, '65, RUXMANI SOCIETY, Nana Varachha, Surat, Gujarat 395013, India', '2/B/20, M D Park Society, Nana Varachha, Surat, Gujarat 395013, India', NULL, NULL, NULL, NULL, NULL, NULL, '2025-10-10 10:27:52', '2025-10-10 10:27:52'),
(65, '8a5d087f-d796-4f4e-898d-53ddd40f375a', 21.23000488, 72.90089674, 21.22479660, 72.89803281, NULL, '65, RUXMANI SOCIETY, Nana Varachha, Surat, Gujarat 395013, India', '2/B/20, M D Park Society, Nana Varachha, Surat, Gujarat 395013, India', NULL, NULL, NULL, NULL, NULL, NULL, '2025-10-10 10:29:40', '2025-10-10 10:29:40'),
(66, '49c9de06-0d6a-4f39-bfb3-17a7328fcb51', 21.23000488, 72.90089674, 21.22479660, 72.89803281, NULL, '65, RUXMANI SOCIETY, Nana Varachha, Surat, Gujarat 395013, India', '2/B/20, M D Park Society, Nana Varachha, Surat, Gujarat 395013, India', NULL, NULL, NULL, NULL, NULL, NULL, '2025-10-10 10:30:03', '2025-10-10 10:30:03'),
(67, '33947e59-02ea-48f0-8869-0e981e4a9651', 21.23000488, 72.90089674, 21.22504975, 72.89949227, NULL, '65, RUXMANI SOCIETY, Nana Varachha, Surat, Gujarat 395013, India', '90, Gurukul Rd, M D Park Society, Nana Varachha, Surat, Gujarat 395013, India', NULL, NULL, NULL, NULL, NULL, NULL, '2025-10-10 10:35:44', '2025-10-10 10:35:44'),
(68, '8f24cc50-059c-4bb8-8f20-7b209e9a3292', 21.23000488, 72.90089674, 21.22440343, 72.89867654, NULL, '65, RUXMANI SOCIETY, Nana Varachha, Surat, Gujarat 395013, India', '2, Swaminarayan Nagar Society, M D Park Society, Nana Varachha, Surat, Gujarat 395013, India', NULL, NULL, NULL, NULL, NULL, NULL, '2025-10-10 11:05:29', '2025-10-10 11:05:29'),
(69, 'b781cd99-f482-49c9-a584-fd3470c6cc16', 21.23000488, 72.90089674, 21.22503475, 72.89840262, NULL, '65, RUXMANI SOCIETY, Nana Varachha, Surat, Gujarat 395013, India', 'B-25, M D Park Society, Nana Varachha, Surat, Gujarat 395013, India', NULL, NULL, NULL, NULL, NULL, NULL, '2025-10-10 11:08:41', '2025-10-10 11:08:41'),
(70, 'f1f0adec-2fd0-4c7b-bc79-0c8a8b1df1b2', 21.23000488, 72.90089674, 21.22472816, 72.89861921, NULL, '65, RUXMANI SOCIETY, Nana Varachha, Surat, Gujarat 395013, India', 'B-25, M D Park Society, Nana Varachha, Surat, Gujarat 395013, India', NULL, NULL, NULL, NULL, NULL, NULL, '2025-10-10 11:22:33', '2025-10-10 11:22:33'),
(71, 'e86ca748-fcca-42d6-8dad-f6db719c4acf', 21.22561012, 72.89919253, 21.22427717, 72.89884921, '[{\"lat\":21.2241578,\"lng\":72.8895054}]', '114, Bhagavan Nagar, Shradhdha Society, Nana Varachha, Surat, Gujarat 395013, India', '40, Sarthana Jakat Naka, Simada Gam, Kapodra Patiya, suart, Surat, Gujarat 395013, India', NULL, NULL, NULL, NULL, NULL, NULL, '2025-10-10 11:39:00', '2025-10-10 11:40:54'),
(72, '025497df-d5d5-4e29-89d8-3da5313c8e01', 21.22411872, 72.88966533, 21.21981411, 72.88904037, NULL, '152, Bhid Bhanjan Society, Nana Varachha, Surat, Gujarat 395013, India', '313, Harekrishna Society, Mahavir Nagar Society, Nana Varachha, Surat, Gujarat 395011, India', NULL, NULL, NULL, NULL, NULL, NULL, '2025-10-12 05:44:11', '2025-10-12 05:44:11'),
(73, '6678ca5e-3e73-431f-8e77-564f5ce46c0d', 19.25524640, 76.76693360, 19.25731560, 76.76468490, NULL, 'Unnamed Road, Apana Nagar, Parbhani, Maharashtra 431401, India', 'Anusaya E-Square, Gangakhed Road, Apana Nagar, Parbhani, Maharashtra, India', NULL, NULL, NULL, NULL, NULL, NULL, '2025-10-13 04:58:45', '2025-10-13 04:58:45'),
(74, '55b63d0a-ac8f-4c0a-9829-062de43d3eea', 19.25524640, 76.76693360, 19.25731560, 76.76468490, NULL, 'Unnamed Road, Apana Nagar, Parbhani, Maharashtra 431401, India', 'Anusaya E-Square, Gangakhed Road, Apana Nagar, Parbhani, Maharashtra, India', NULL, NULL, NULL, NULL, NULL, NULL, '2025-10-13 04:59:47', '2025-10-13 04:59:47'),
(75, '9cd15f24-193d-4e8a-9da3-826d1bc5113e', 19.25524640, 76.76693360, 19.25731560, 76.76468490, NULL, 'Unnamed Road, Apana Nagar, Parbhani, Maharashtra 431401, India', 'Anusaya E-Square, Gangakhed Road, Apana Nagar, Parbhani, Maharashtra, India', NULL, NULL, NULL, NULL, NULL, NULL, '2025-10-13 05:00:31', '2025-10-13 05:00:31'),
(76, '3462615f-7cc6-46ec-837f-e345d6b265d1', 19.25524640, 76.76693360, 19.25731560, 76.76468490, NULL, 'Unnamed Road, Apana Nagar, Parbhani, Maharashtra 431401, India', 'Anusaya E-Square, Gangakhed Road, Apana Nagar, Parbhani, Maharashtra, India', NULL, NULL, NULL, NULL, NULL, NULL, '2025-10-13 05:01:03', '2025-10-13 05:01:03'),
(77, '889c5477-8b49-4a97-8c89-278ad1e1eff8', 19.25524640, 76.76693360, 19.25731560, 76.76468490, '[{\"lat\":19.2554996,\"lng\":76.7668127}]', 'Unnamed Road, Apana Nagar, Parbhani, Maharashtra 431401, India', 'Anusaya E-Square, Gangakhed Road, Apana Nagar, Parbhani, Maharashtra, India', NULL, NULL, NULL, NULL, NULL, NULL, '2025-10-13 05:01:43', '2025-10-13 05:07:29'),
(78, '90c1a996-0444-4631-a952-5283abd22639', 19.25524558, 76.76693391, 19.25584320, 76.78183190, NULL, 'Unnamed Road, Apana Nagar, Parbhani, Maharashtra 431401, India', 'Anusaya E-Square, Gangakhed Road, Apana Nagar, Parbhani, Maharashtra, India', NULL, NULL, NULL, NULL, NULL, NULL, '2025-10-13 05:39:58', '2025-10-13 05:39:58'),
(79, '6f45efab-6db6-42e3-95f6-396d2eb597b6', 19.25524558, 76.76693391, 19.25584320, 76.78183190, '[{\"lat\":19.2553077,\"lng\":76.7668759}]', 'Unnamed Road, Apana Nagar, Parbhani, Maharashtra 431401, India', 'Anusaya E-Square, Gangakhed Road, Apana Nagar, Parbhani, Maharashtra, India', NULL, NULL, NULL, NULL, NULL, NULL, '2025-10-13 05:40:17', '2025-10-13 05:42:01'),
(80, '2b5a8e44-ad48-44a4-bc37-c2a975fd617d', 19.23261376, 76.75393794, 19.25731560, 76.76468490, NULL, 'Unnamed Road, Apana Nagar, Parbhani, Maharashtra 431401, India', 'Anusaya E-Square, Gangakhed Road, Apana Nagar, Parbhani, Maharashtra, India', NULL, NULL, NULL, NULL, NULL, NULL, '2025-10-13 06:16:31', '2025-10-13 06:16:31'),
(81, '1acb4604-1b53-442a-82ca-3bc8c28b9164', 19.25530825, 76.76687423, 19.25584320, 76.78183190, NULL, 'Unnamed Road, Apana Nagar, Parbhani, Maharashtra 431401, India', 'Shivaji Engineering College, NH 222, Shivaji Engineering College, Parbhani, Maharashtra, India', 'User', 'User', '+91123456789', NULL, '+91123456789', NULL, '2025-10-13 06:58:09', '2025-10-13 06:58:09'),
(82, 'a673a7ee-c86f-4dfa-bc36-0d7f6ed7b9ac', 19.25530825, 76.76687423, 19.25584320, 76.78183190, NULL, 'Unnamed Road, Apana Nagar, Parbhani, Maharashtra 431401, India', 'Shivaji Engineering College, NH 222, Shivaji Engineering College, Parbhani, Maharashtra, India', 'User', 'User', '+91123456789', NULL, '+91123456789', NULL, '2025-10-13 06:58:47', '2025-10-13 06:58:47'),
(83, '6bf02c74-667d-4dd1-8401-dfbadb6315dc', 19.25530825, 76.76687423, 19.25584320, 76.78183190, NULL, 'Unnamed Road, Apana Nagar, Parbhani, Maharashtra 431401, India', 'Shivaji Engineering College, NH 222, Shivaji Engineering College, Parbhani, Maharashtra, India', 'User', 'User', '+91123456789', NULL, '+91123456789', NULL, '2025-10-13 06:59:22', '2025-10-13 06:59:22'),
(84, '46202850-79e7-4d9e-a437-f55eab207948', 19.25530762, 76.76687725, 19.25584320, 76.78183190, NULL, 'Unnamed Road, Apana Nagar, Parbhani, Maharashtra 431401, India', 'Shivaji Engineering College, NH 222, Shivaji Engineering College, Parbhani, Maharashtra, India', NULL, NULL, NULL, NULL, NULL, NULL, '2025-10-13 07:13:32', '2025-10-13 07:13:32'),
(85, '635bf70c-369a-417d-a766-ddedf62aa41e', 19.25535541, 76.76691245, 19.25584320, 76.78183190, NULL, 'Unnamed Road, Apana Nagar, Parbhani, Maharashtra 431401, India', 'Shivaji Engineering College, NH 222, Shivaji Engineering College, Parbhani, Maharashtra, India', NULL, NULL, NULL, NULL, NULL, NULL, '2025-10-13 07:19:59', '2025-10-13 07:19:59'),
(86, '82af1c7d-f4d1-49e4-8acc-5bb8a074b6b9', 21.22414122, 72.88960665, 21.22015416, 72.88889185, NULL, '152, Bhid Bhanjan Society, Nana Varachha, Surat, Gujarat 395013, India', '335, Harekrishna Society, Mahavir Nagar Society, Nana Varachha, Surat, Gujarat 395011, India', NULL, NULL, NULL, NULL, NULL, NULL, '2025-10-13 10:09:55', '2025-10-13 10:09:55'),
(87, '54c77d6f-c062-4aec-8167-d28a89aece74', 21.22414122, 72.88960665, 21.22015416, 72.88889185, '[{\"lat\":21.230005,\"lng\":72.9008967}]', '152, Bhid Bhanjan Society, Nana Varachha, Surat, Gujarat 395013, India', '335, Harekrishna Society, Mahavir Nagar Society, Nana Varachha, Surat, Gujarat 395011, India', NULL, NULL, NULL, NULL, NULL, NULL, '2025-10-13 10:11:19', '2025-10-13 10:16:01'),
(88, '2984be9b-08f1-44bb-8dbe-5bc09b84671c', 21.22413390, 72.88951310, 21.21954814, 72.88824242, '[{\"lat\":21.230005,\"lng\":72.9008967}]', '149, Amidhara Cir Rd, Bhid Bhanjan Society, Nana Varachha, Surat, Gujarat 395013, India', 'Hari Krishna Society, 23, Saraswat Society, Yamuna Nagar, Nana Varachha, Surat, Gujarat 395013, India', NULL, NULL, NULL, NULL, NULL, NULL, '2025-10-13 10:17:42', '2025-10-13 10:20:13'),
(89, 'cddaf5f6-35b8-4dda-b21f-3c083312f93c', 21.23000500, 72.90089670, 21.23000500, 72.90089670, '[{\"lat\":21.230005,\"lng\":72.9008967}]', '152, Bhid Bhanjan Society, Nana Varachha, Surat, Gujarat 395013, India', '65, RUXMANI SOCIETY, Nana Varachha, Surat, Gujarat 395013, India', 'User', 'User', '+91123456789', NULL, '+91123456789', NULL, '2025-10-13 10:42:31', '2025-10-13 10:44:17'),
(90, '72a87905-a303-4950-9ce8-ef6c4c9eb83a', 21.23000488, 72.90089674, 21.22636332, 72.90089674, '[{\"lat\":21.2241656,\"lng\":72.8895653}]', '65, RUXMANI SOCIETY, Nana Varachha, Surat, Gujarat 395013, India', '1, A-63, Bhagavan Nagar Rd, Bhagavan Nagar, Bhagawan Nagar Scoiety, Nana Varachha, Surat, Gujarat 395013, India', NULL, NULL, NULL, NULL, NULL, NULL, '2025-10-13 11:03:00', '2025-10-13 11:03:49'),
(91, '396c4a35-3b21-4a72-a02a-40afa7848fc9', 21.23000488, 72.90089674, 21.22518383, 72.90089674, NULL, '65, RUXMANI SOCIETY, Nana Varachha, Surat, Gujarat 395013, India', 'F2, 204, Rishikesh building, near smc community hall, Bhagavan Nagar, Bhagawan Nagar Scoiety, Nana Varachha, Surat, Gujarat 395013, India', NULL, NULL, NULL, NULL, NULL, NULL, '2025-10-13 11:11:06', '2025-10-13 11:11:06'),
(92, 'd107bd4e-184a-4eb9-b885-61358c064b95', 21.23000488, 72.90089674, 21.22472691, 72.90073816, '[{\"lat\":21.2240956,\"lng\":72.8896614}]', '65, RUXMANI SOCIETY, Nana Varachha, Surat, Gujarat 395013, India', 'B/6-401,Vrajbhumi-1 Vraj Chok, Varachha Main Rd, Sarthana Jakat Naka, M D Park Society, Nana Varachha, Surat, Gujarat 395013, India', NULL, NULL, NULL, NULL, NULL, NULL, '2025-10-13 13:04:57', '2025-10-13 13:07:48'),
(93, 'c95f0da9-ee22-4756-9e89-33b057cff77e', 21.22419622, 72.88943097, 21.22119867, 72.88981553, NULL, '49-50, opp. Amidhara Society, Amardeep Society, Moti Nagar, Nana Varachha, Surat, Gujarat 395013, India', '199, Vandana Part 1, Nana Varachha, Surat, Gujarat 395013, India', NULL, NULL, NULL, NULL, NULL, NULL, '2025-11-03 11:57:12', '2025-11-03 11:57:12'),
(94, '4c700060-8ce8-46d0-8365-865fb5276436', 21.22419779, 72.88941488, 21.21986381, 72.89030470, NULL, '49-50, opp. Amidhara Society, Amardeep Society, Moti Nagar, Nana Varachha, Surat, Gujarat 395013, India', '367, Syamdham Society, Nana Varachha, Surat, Gujarat 395011, India', NULL, NULL, NULL, NULL, NULL, NULL, '2025-11-03 12:16:00', '2025-11-03 12:16:00'),
(95, 'e70ef4dc-dd1d-413f-a98b-9a57990dbfff', 19.24899070, 76.76534873, 19.25731560, 76.76468490, NULL, 'Unnamed Road, Apana Nagar, Parbhani, Maharashtra 431401, India', 'Anusaya E-Square, Gangakhed Road, Apana Nagar, Parbhani, Maharashtra, India', NULL, NULL, NULL, NULL, NULL, NULL, '2025-11-05 10:49:13', '2025-11-05 10:49:13'),
(96, '3be3a846-cf2a-472a-8a17-ee95513f33f7', 19.24899070, 76.76534873, 19.25731560, 76.76468490, NULL, 'Unnamed Road, Apana Nagar, Parbhani, Maharashtra 431401, India', 'Anusaya E-Square, Gangakhed Road, Apana Nagar, Parbhani, Maharashtra, India', NULL, NULL, NULL, NULL, NULL, NULL, '2025-11-05 10:53:01', '2025-11-05 10:53:01'),
(97, '6165727e-5fd5-4edc-bf38-16e09af27053', 19.24899070, 76.76534873, 19.25731560, 76.76468490, NULL, 'Unnamed Road, Apana Nagar, Parbhani, Maharashtra 431401, India', 'Anusaya E-Square, Gangakhed Road, Apana Nagar, Parbhani, Maharashtra, India', NULL, NULL, NULL, NULL, NULL, NULL, '2025-11-05 10:58:30', '2025-11-05 10:58:30'),
(98, 'be8f76a0-7e96-4d5d-8cfd-6fa2f8980801', 19.25634327, 76.76536683, 19.25194993, 76.76398885, NULL, 'Sakhla Flot, Shop No 5, Apana Nagar, Parbhani, Maharashtra 431401, India', 'Unnamed Road, Parbhani, Maharashtra 431402, India', NULL, NULL, NULL, NULL, NULL, NULL, '2025-11-05 11:28:54', '2025-11-05 11:28:54'),
(99, 'ec15251e-7b06-4e86-8705-9d7832d2c53c', 19.25634327, 76.76536683, 19.25167962, 76.76451255, NULL, 'Sakhla Flot, Shop No 5, Apana Nagar, Parbhani, Maharashtra 431401, India', 'Unnamed Road, Parbhani, Maharashtra 431402, India', NULL, NULL, NULL, NULL, NULL, NULL, '2025-11-05 11:35:05', '2025-11-05 11:35:05'),
(100, 'ea93932a-edbb-458a-9639-1ca659768790', 19.25492906, 76.76737580, 19.25731560, 76.76468490, NULL, 'Unnamed Road, Apana Nagar, Parbhani, Maharashtra 431401, India', 'Anusaya E-Square, Gangakhed Road, Apana Nagar, Parbhani, Maharashtra, India', NULL, NULL, NULL, NULL, NULL, NULL, '2025-11-05 11:51:00', '2025-11-05 11:51:00'),
(101, '150045fa-13bc-4984-97f5-58172d7caba5', 19.25539687, 76.76690340, 19.25731560, 76.76468490, NULL, 'Unnamed Road, Apana Nagar, Parbhani, Maharashtra 431401, India', 'Anusaya E-Square, Gangakhed Road, Apana Nagar, Parbhani, Maharashtra, India', NULL, NULL, NULL, NULL, NULL, NULL, '2025-11-05 12:00:02', '2025-11-05 12:00:02'),
(102, 'bd969391-93dd-4eaf-9452-f130e0dab76e', 19.25539687, 76.76690340, 19.25731560, 76.76468490, NULL, 'Unnamed Road, Apana Nagar, Parbhani, Maharashtra 431401, India', 'Anusaya E-Square, Gangakhed Road, Apana Nagar, Parbhani, Maharashtra, India', NULL, NULL, NULL, NULL, NULL, NULL, '2025-11-05 12:01:49', '2025-11-05 12:01:49'),
(103, '3ddf584a-016d-4177-883a-3e881a5f5d79', 19.25539687, 76.76690340, 19.25731560, 76.76468490, NULL, 'Unnamed Road, Apana Nagar, Parbhani, Maharashtra 431401, India', 'Anusaya E-Square, Gangakhed Road, Apana Nagar, Parbhani, Maharashtra, India', NULL, NULL, NULL, NULL, NULL, NULL, '2025-11-05 12:04:33', '2025-11-05 12:04:33'),
(104, 'c18d1ca3-239d-4aca-963a-151bfc471be1', 19.25527720, 76.76728050, 19.25731560, 76.76468490, NULL, 'Unnamed Road, Apana Nagar, Parbhani, Maharashtra 431401, India', 'Anusaya E-Square, Gangakhed Road, Apana Nagar, Parbhani, Maharashtra, India', NULL, NULL, NULL, NULL, NULL, NULL, '2025-11-05 12:38:26', '2025-11-05 12:38:26'),
(105, '03693f51-5e3f-4a21-bee7-bfb74731ab2c', 21.23000488, 72.90089674, 21.22428717, 72.89897997, NULL, '65, RUXMANI SOCIETY, Nana Varachha, Surat, Gujarat 395013, India', '5, M D Park Society, Nana Varachha, Surat, Gujarat 395013, India', NULL, NULL, NULL, NULL, NULL, NULL, '2025-11-06 08:41:43', '2025-11-06 08:41:43'),
(106, '80ecc65f-ac2d-4425-855a-47bd83ca400f', 21.23000488, 72.90089674, 21.22428717, 72.89897997, NULL, '65, RUXMANI SOCIETY, Nana Varachha, Surat, Gujarat 395013, India', '5, M D Park Society, Nana Varachha, Surat, Gujarat 395013, India', NULL, NULL, NULL, NULL, NULL, NULL, '2025-11-06 08:47:45', '2025-11-06 08:47:45'),
(107, 'a42ef3e4-10e9-4810-8c3f-bef0e5440c93', 21.23000488, 72.90089674, 21.22512382, 72.89907586, NULL, '65, RUXMANI SOCIETY, Nana Varachha, Surat, Gujarat 395013, India', '91, opp. Shree Swaminarayan Paramsukh Gurukul, near Smc Community Hall, Sarthana Jakat Naka, M D Park Society, Nana Varachha, Surat, Gujarat 395013, India', NULL, NULL, NULL, NULL, NULL, NULL, '2025-11-06 08:51:30', '2025-11-06 08:51:30'),
(108, 'f95268c9-7ad7-490b-83ef-75dcad6b186b', 21.23000488, 72.90089674, 21.22434655, 72.90008973, NULL, '65, RUXMANI SOCIETY, Nana Varachha, Surat, Gujarat 395013, India', '1, near Balanand Vidhyalay, Swaminarayan Nagar-1, Nana Varachha, Surat, Gujarat 395013, India', NULL, NULL, NULL, NULL, NULL, NULL, '2025-11-06 08:54:48', '2025-11-06 08:54:48'),
(109, '5f071cc3-402d-4ea8-a121-b617d3246e9d', 21.23000488, 72.90089674, 21.22580952, 72.89927132, NULL, '65, RUXMANI SOCIETY, Nana Varachha, Surat, Gujarat 395013, India', 'row house, Shradhdha Society, Nana Varachha, Surat, Gujarat 395013, India', NULL, NULL, NULL, NULL, NULL, NULL, '2025-11-06 08:59:38', '2025-11-06 08:59:38'),
(110, '7fd96122-aa76-4ab1-9ccf-f4cfd36c2c8b', 21.22421060, 72.88950138, 21.22004633, 72.88967337, NULL, '49-50, opp. Amidhara Society, Amardeep Society, Moti Nagar, Nana Varachha, Surat, Gujarat 395013, India', '49-50, opp. Amidhara Society, Amardeep Society, Moti Nagar, Nana Varachha, Surat, Gujarat 395013, India', NULL, NULL, NULL, NULL, NULL, NULL, '2025-11-06 09:12:29', '2025-11-06 09:12:29'),
(111, 'b476b4e4-8381-40ae-9931-ab85fcb69b10', 21.22421060, 72.88950138, 21.22004633, 72.88967337, NULL, '49-50, opp. Amidhara Society, Amardeep Society, Moti Nagar, Nana Varachha, Surat, Gujarat 395013, India', '49-50, opp. Amidhara Society, Amardeep Society, Moti Nagar, Nana Varachha, Surat, Gujarat 395013, India', NULL, NULL, NULL, NULL, NULL, NULL, '2025-11-06 09:13:10', '2025-11-06 09:13:10'),
(112, '1d18982f-6726-4518-bcaf-8324a5f8bef6', 21.22421060, 72.88950138, 21.22004633, 72.88967337, NULL, '49-50, opp. Amidhara Society, Amardeep Society, Moti Nagar, Nana Varachha, Surat, Gujarat 395013, India', '49-50, opp. Amidhara Society, Amardeep Society, Moti Nagar, Nana Varachha, Surat, Gujarat 395013, India', NULL, NULL, NULL, NULL, NULL, NULL, '2025-11-06 09:13:56', '2025-11-06 09:13:56'),
(113, 'b35dc563-972f-4f28-9fc7-8a916b4e0924', 19.25528483, 76.76725645, 19.25731560, 76.76468490, NULL, 'Unnamed Road, Apana Nagar, Parbhani, Maharashtra 431401, India', 'Anusaya E-Square, Gangakhed Road, Apana Nagar, Parbhani, Maharashtra, India', NULL, NULL, NULL, NULL, NULL, NULL, '2025-11-06 09:57:50', '2025-11-06 09:57:50'),
(114, '042346b2-9811-4822-a1b2-8574f2470dfd', 19.25528483, 76.76725645, 19.25731560, 76.76468490, NULL, 'Unnamed Road, Apana Nagar, Parbhani, Maharashtra 431401, India', 'Anusaya E-Square, Gangakhed Road, Apana Nagar, Parbhani, Maharashtra, India', NULL, NULL, NULL, NULL, NULL, NULL, '2025-11-06 09:58:24', '2025-11-06 09:58:24'),
(115, 'b79cc7c1-e560-47a2-b475-a952b84c5b44', 19.25528483, 76.76725645, 19.25731560, 76.76468490, NULL, 'Unnamed Road, Apana Nagar, Parbhani, Maharashtra 431401, India', 'Anusaya E-Square, Gangakhed Road, Apana Nagar, Parbhani, Maharashtra, India', NULL, NULL, NULL, NULL, NULL, NULL, '2025-11-06 09:59:00', '2025-11-06 09:59:00'),
(116, 'd16ea42d-aab5-41f2-9dd4-d9226d39ac60', 19.25528483, 76.76725645, 19.25731560, 76.76468490, NULL, 'Unnamed Road, Apana Nagar, Parbhani, Maharashtra 431401, India', 'Anusaya E-Square, Gangakhed Road, Apana Nagar, Parbhani, Maharashtra, India', NULL, NULL, NULL, NULL, NULL, NULL, '2025-11-06 10:01:27', '2025-11-06 10:01:27'),
(117, '76530f8d-9d9f-4f5a-b3b6-69c66f314be5', 19.25528483, 76.76725645, 19.25731560, 76.76468490, NULL, 'Unnamed Road, Apana Nagar, Parbhani, Maharashtra 431401, India', 'Anusaya E-Square, Gangakhed Road, Apana Nagar, Parbhani, Maharashtra, India', NULL, NULL, NULL, NULL, NULL, NULL, '2025-11-06 10:03:32', '2025-11-06 10:03:32'),
(118, '62bc8cf4-0581-47c0-818c-ffe479b594dc', 19.25528483, 76.76725645, 19.25731560, 76.76468490, NULL, 'Unnamed Road, Apana Nagar, Parbhani, Maharashtra 431401, India', 'Anusaya E-Square, Gangakhed Road, Apana Nagar, Parbhani, Maharashtra, India', NULL, NULL, NULL, NULL, NULL, NULL, '2025-11-06 10:05:17', '2025-11-06 10:05:17'),
(119, '2ff54127-7086-4a72-a01f-c4626c4dd542', 19.25528483, 76.76725645, 19.25731560, 76.76468490, NULL, 'Unnamed Road, Apana Nagar, Parbhani, Maharashtra 431401, India', 'Anusaya E-Square, Gangakhed Road, Apana Nagar, Parbhani, Maharashtra, India', NULL, NULL, NULL, NULL, NULL, NULL, '2025-11-06 10:06:59', '2025-11-06 10:06:59'),
(120, '0b353677-1a98-4a66-ac03-2cbed7efc06b', 19.25519240, 76.76697716, 19.25731560, 76.76468490, NULL, 'Unnamed Road, Apana Nagar, Parbhani, Maharashtra 431401, India', 'Anusaya E-Square, Gangakhed Road, Apana Nagar, Parbhani, Maharashtra, India', NULL, NULL, NULL, NULL, NULL, NULL, '2025-11-06 10:25:33', '2025-11-06 10:25:33'),
(121, '021fcf57-34a9-4590-ab72-95030d4ff0cc', 20.80938750, 75.77423440, 21.04177070, 75.78755170, NULL, 'Jamner Bus Stand, Jamner, Maharashtra, India', 'Bhusawal, Maharashtra, India', NULL, NULL, NULL, NULL, NULL, NULL, '2025-11-06 10:37:57', '2025-11-06 10:37:57'),
(122, 'da1a46d1-8bbd-4115-a3bf-c187a0fe14c6', 19.25521203, 76.76697649, 19.25731560, 76.76468490, NULL, 'Unnamed Road, Apana Nagar, Parbhani, Maharashtra 431401, India', 'Anusaya E-Square, Gangakhed Road, Apana Nagar, Parbhani, Maharashtra, India', NULL, NULL, NULL, NULL, NULL, NULL, '2025-11-06 10:38:57', '2025-11-06 10:38:57'),
(123, 'e8f8ce05-c0db-4eb5-8b03-65eb5dc1365e', 20.80938750, 75.77423440, 21.04634610, 75.78829090, NULL, 'Jamner Bus Stand, Jamner, Maharashtra, India', 'Bhusawal Railway Station Waiting Hall, Gandhi Nagar, Gadkari Nagar, Bhusawal, Maharashtra, India', NULL, NULL, NULL, NULL, NULL, NULL, '2025-11-06 10:40:59', '2025-11-06 10:40:59'),
(124, '4b9cde6f-5500-4257-a0bf-daebb6491939', 20.80938750, 75.77423440, 20.70785830, 75.68335320, NULL, 'Jamner Bus Stand, Jamner, Maharashtra, India', 'Pahur, Maharashtra, India', NULL, NULL, NULL, NULL, NULL, NULL, '2025-11-06 10:45:09', '2025-11-06 10:45:09'),
(125, 'e5f2a41a-52e7-4c5d-8929-3643d6ab93a3', 19.25519114, 76.76698018, 19.25731560, 76.76468490, NULL, 'Unnamed Road, Apana Nagar, Parbhani, Maharashtra 431401, India', 'Anusaya E-Square, Gangakhed Road, Apana Nagar, Parbhani, Maharashtra, India', NULL, NULL, NULL, NULL, NULL, NULL, '2025-11-06 10:45:50', '2025-11-06 10:45:50'),
(126, '89cf4c65-ec9e-4a53-9a11-235219939dca', 20.80938750, 75.77423440, 21.04177070, 75.78755170, NULL, 'Jamner Bus Stand, Jamner, Maharashtra, India', 'Bhusawal, Maharashtra, India', NULL, NULL, NULL, NULL, NULL, NULL, '2025-11-06 10:52:46', '2025-11-06 10:52:46');

-- --------------------------------------------------------

--
-- Table structure for table `request_preferences`
--

CREATE TABLE `request_preferences` (
  `id` int(10) UNSIGNED NOT NULL,
  `request_id` char(36) NOT NULL,
  `preference_price_id` int(10) UNSIGNED NOT NULL,
  `price` double(10,2) NOT NULL DEFAULT 0.00,
  `created_at` timestamp NULL DEFAULT NULL,
  `updated_at` timestamp NULL DEFAULT NULL
) ENGINE=InnoDB DEFAULT CHARSET=utf8mb4 COLLATE=utf8mb4_unicode_ci;

-- --------------------------------------------------------

--
-- Table structure for table `request_ratings`
--

CREATE TABLE `request_ratings` (
  `id` int(10) UNSIGNED NOT NULL,
  `request_id` char(36) NOT NULL,
  `user_id` int(10) UNSIGNED DEFAULT NULL,
  `driver_id` int(10) UNSIGNED NOT NULL,
  `rating` double(8,2) NOT NULL DEFAULT 0.00,
  `comment` varchar(191) DEFAULT NULL,
  `user_rating` tinyint(1) NOT NULL DEFAULT 0,
  `driver_rating` tinyint(1) NOT NULL DEFAULT 0,
  `created_at` timestamp NULL DEFAULT NULL,
  `updated_at` timestamp NULL DEFAULT NULL
) ENGINE=InnoDB DEFAULT CHARSET=utf8mb4 COLLATE=utf8mb4_unicode_ci;

--
-- Dumping data for table `request_ratings`
--

INSERT INTO `request_ratings` (`id`, `request_id`, `user_id`, `driver_id`, `rating`, `comment`, `user_rating`, `driver_rating`, `created_at`, `updated_at`) VALUES
(1, '4de7c812-88ac-4096-ab01-6ba1be6698de', 2, 9, 4.00, NULL, 0, 1, '2025-10-06 11:35:00', '2025-10-06 11:35:00'),
(2, '4de7c812-88ac-4096-ab01-6ba1be6698de', 2, 9, 4.00, NULL, 1, 0, '2025-10-06 11:35:31', '2025-10-06 11:35:31'),
(3, 'bef667fd-56dd-4b54-a388-716676ba4b61', 2, 9, 4.00, NULL, 0, 1, '2025-10-07 09:46:10', '2025-10-07 09:46:10'),
(4, 'bef667fd-56dd-4b54-a388-716676ba4b61', 2, 9, 5.00, NULL, 1, 0, '2025-10-07 09:48:52', '2025-10-07 09:48:52'),
(5, 'b5c7c4b6-4b8d-4ad4-ba6e-fd08daa9f652', 2, 9, 4.00, NULL, 0, 1, '2025-10-07 09:54:35', '2025-10-07 09:54:35'),
(6, 'b5c7c4b6-4b8d-4ad4-ba6e-fd08daa9f652', 2, 9, 4.00, NULL, 1, 0, '2025-10-07 09:54:40', '2025-10-07 09:54:40'),
(7, '0668bf58-4cc2-4100-a676-48027a615976', 2, 9, 4.00, NULL, 0, 1, '2025-10-07 09:57:10', '2025-10-07 09:57:10'),
(8, '0668bf58-4cc2-4100-a676-48027a615976', 2, 9, 4.00, NULL, 1, 0, '2025-10-07 10:03:57', '2025-10-07 10:03:57'),
(9, '0870cf67-7ce8-452e-bf11-0d3a65ad6e98', 2, 9, 4.00, NULL, 0, 1, '2025-10-07 10:18:15', '2025-10-07 10:18:15'),
(10, '0870cf67-7ce8-452e-bf11-0d3a65ad6e98', 2, 9, 4.00, NULL, 1, 0, '2025-10-07 10:18:24', '2025-10-07 10:18:24'),
(11, '299b5587-fff2-4141-a2de-202275573b42', 2, 9, 4.00, NULL, 0, 1, '2025-10-07 11:28:48', '2025-10-07 11:28:48'),
(12, '299b5587-fff2-4141-a2de-202275573b42', 2, 9, 4.00, NULL, 1, 0, '2025-10-07 11:29:20', '2025-10-07 11:29:20'),
(13, '9ed5bbfe-2540-40be-ba9c-13be023f21f8', 2, 9, 4.00, NULL, 0, 1, '2025-10-07 11:42:57', '2025-10-07 11:42:57'),
(14, '9ed5bbfe-2540-40be-ba9c-13be023f21f8', 2, 9, 4.00, NULL, 1, 0, '2025-10-07 12:13:33', '2025-10-07 12:13:33'),
(15, '729f82e9-8346-45d5-8fe7-39450f62ea0e', 2, 9, 4.00, NULL, 0, 1, '2025-10-07 15:48:00', '2025-10-07 15:48:00'),
(16, '729f82e9-8346-45d5-8fe7-39450f62ea0e', 2, 9, 4.00, NULL, 1, 0, '2025-10-07 15:48:07', '2025-10-07 15:48:07'),
(17, '4cdca157-6c57-4b2c-8a46-6283ade1a837', 2, 9, 4.00, NULL, 0, 1, '2025-10-07 15:55:27', '2025-10-07 15:55:27'),
(18, '4cdca157-6c57-4b2c-8a46-6283ade1a837', 2, 9, 4.00, NULL, 1, 0, '2025-10-07 15:59:07', '2025-10-07 15:59:07'),
(19, 'b19b432c-94b0-4481-8df9-ca3df44e9554', 2, 9, 4.00, NULL, 0, 1, '2025-10-07 16:01:02', '2025-10-07 16:01:02'),
(20, 'b19b432c-94b0-4481-8df9-ca3df44e9554', 2, 9, 4.00, NULL, 1, 0, '2025-10-07 16:01:15', '2025-10-07 16:01:15'),
(21, '97c89395-18f7-4acd-8e27-9391b0bd58f3', 2, 9, 4.00, NULL, 0, 1, '2025-10-08 08:12:37', '2025-10-08 08:12:37'),
(22, '97c89395-18f7-4acd-8e27-9391b0bd58f3', 2, 9, 4.00, NULL, 1, 0, '2025-10-08 08:12:51', '2025-10-08 08:12:51'),
(23, '5007a27f-46eb-47c4-a8df-bc9945dd21eb', 2, 9, 4.00, NULL, 0, 1, '2025-10-08 08:26:42', '2025-10-08 08:26:42'),
(24, '5007a27f-46eb-47c4-a8df-bc9945dd21eb', 2, 9, 4.00, NULL, 1, 0, '2025-10-08 08:29:12', '2025-10-08 08:29:12'),
(25, '88e2f4dc-3a68-486b-a38a-e17c9d1428b9', 2, 9, 4.00, NULL, 0, 1, '2025-10-08 09:10:50', '2025-10-08 09:10:50'),
(26, '88e2f4dc-3a68-486b-a38a-e17c9d1428b9', 2, 9, 4.00, NULL, 1, 0, '2025-10-08 09:10:57', '2025-10-08 09:10:57'),
(27, 'f964df16-6317-4431-9f8b-4bf40e55213f', 20, 9, 4.00, NULL, 0, 1, '2025-10-08 10:05:24', '2025-10-08 10:05:24'),
(28, 'f964df16-6317-4431-9f8b-4bf40e55213f', 20, 9, 3.00, NULL, 1, 0, '2025-10-08 10:24:39', '2025-10-08 10:24:39'),
(29, '06035a58-d39b-4ac8-afdc-848d5dd24ff5', 2, 1, 4.00, NULL, 0, 1, '2025-10-10 10:03:58', '2025-10-10 10:03:58'),
(30, '06035a58-d39b-4ac8-afdc-848d5dd24ff5', 2, 1, 4.00, NULL, 1, 0, '2025-10-10 10:04:09', '2025-10-10 10:04:09'),
(31, '56e3768a-d172-4e0f-bb8b-032f6bbe00a0', 2, 1, 4.00, NULL, 1, 0, '2025-10-10 10:26:06', '2025-10-10 10:26:06'),
(32, '56e3768a-d172-4e0f-bb8b-032f6bbe00a0', 2, 1, 4.00, NULL, 0, 1, '2025-10-10 10:26:12', '2025-10-10 10:26:12'),
(33, '33947e59-02ea-48f0-8869-0e981e4a9651', 2, 1, 4.00, NULL, 1, 0, '2025-10-10 11:04:48', '2025-10-10 11:04:48'),
(34, '33947e59-02ea-48f0-8869-0e981e4a9651', 2, 1, 4.00, NULL, 0, 1, '2025-10-10 11:05:24', '2025-10-10 11:05:24'),
(35, '8f24cc50-059c-4bb8-8f20-7b209e9a3292', 2, 1, 4.00, NULL, 1, 0, '2025-10-10 11:08:04', '2025-10-10 11:08:04'),
(36, '8f24cc50-059c-4bb8-8f20-7b209e9a3292', 2, 1, 4.00, NULL, 0, 1, '2025-10-10 11:08:32', '2025-10-10 11:08:32'),
(37, 'b781cd99-f482-49c9-a584-fd3470c6cc16', 2, 1, 4.00, NULL, 1, 0, '2025-10-10 11:11:00', '2025-10-10 11:11:00'),
(38, 'b781cd99-f482-49c9-a584-fd3470c6cc16', 2, 1, 4.00, NULL, 0, 1, '2025-10-10 11:13:09', '2025-10-10 11:13:09'),
(39, 'f1f0adec-2fd0-4c7b-bc79-0c8a8b1df1b2', 2, 1, 4.00, NULL, 1, 0, '2025-10-10 11:30:07', '2025-10-10 11:30:07'),
(40, 'f1f0adec-2fd0-4c7b-bc79-0c8a8b1df1b2', 2, 1, 4.00, NULL, 0, 1, '2025-10-10 11:33:53', '2025-10-10 11:33:53'),
(41, 'e86ca748-fcca-42d6-8dad-f6db719c4acf', 2, 1, 4.00, NULL, 1, 0, '2025-10-10 11:47:28', '2025-10-10 11:47:28'),
(42, 'e86ca748-fcca-42d6-8dad-f6db719c4acf', 2, 1, 4.00, NULL, 0, 1, '2025-10-10 12:11:03', '2025-10-10 12:11:03'),
(43, '025497df-d5d5-4e29-89d8-3da5313c8e01', 2, 9, 4.00, NULL, 0, 1, '2025-10-12 05:45:35', '2025-10-12 05:45:35'),
(44, '025497df-d5d5-4e29-89d8-3da5313c8e01', 2, 9, 5.00, NULL, 1, 0, '2025-10-12 05:45:40', '2025-10-12 05:45:40'),
(45, '889c5477-8b49-4a97-8c89-278ad1e1eff8', 2, 1, 3.00, 'good 👍', 1, 0, '2025-10-13 05:38:26', '2025-10-13 05:38:26'),
(46, '889c5477-8b49-4a97-8c89-278ad1e1eff8', 2, 1, 4.00, 'good 👍😊', 0, 1, '2025-10-13 05:38:42', '2025-10-13 05:38:42'),
(47, '6f45efab-6db6-42e3-95f6-396d2eb597b6', 2, 1, 4.00, NULL, 0, 1, '2025-10-13 05:54:45', '2025-10-13 05:54:45'),
(48, '6f45efab-6db6-42e3-95f6-396d2eb597b6', 2, 1, 3.00, 'good 👍', 1, 0, '2025-10-13 07:00:31', '2025-10-13 07:00:31'),
(49, '54c77d6f-c062-4aec-8167-d28a89aece74', 2, 9, 4.00, NULL, 1, 0, '2025-10-13 10:16:17', '2025-10-13 10:16:17'),
(50, '54c77d6f-c062-4aec-8167-d28a89aece74', 2, 9, 4.00, NULL, 0, 1, '2025-10-13 10:16:24', '2025-10-13 10:16:24'),
(51, '2984be9b-08f1-44bb-8dbe-5bc09b84671c', 2, 9, 4.00, NULL, 0, 1, '2025-10-13 10:20:52', '2025-10-13 10:20:52'),
(52, '2984be9b-08f1-44bb-8dbe-5bc09b84671c', 2, 9, 4.00, NULL, 1, 0, '2025-10-13 10:21:00', '2025-10-13 10:21:00'),
(53, 'cddaf5f6-35b8-4dda-b21f-3c083312f93c', 2, 9, 4.00, NULL, 0, 1, '2025-10-13 10:44:28', '2025-10-13 10:44:28'),
(54, 'cddaf5f6-35b8-4dda-b21f-3c083312f93c', 2, 9, 4.00, NULL, 1, 0, '2025-10-13 10:44:45', '2025-10-13 10:44:45'),
(55, '72a87905-a303-4950-9ce8-ef6c4c9eb83a', 2, 9, 4.00, NULL, 1, 0, '2025-10-13 11:07:14', '2025-10-13 11:07:14'),
(56, '72a87905-a303-4950-9ce8-ef6c4c9eb83a', 2, 9, 4.00, NULL, 0, 1, '2025-10-13 11:08:00', '2025-10-13 11:08:00'),
(57, 'd107bd4e-184a-4eb9-b885-61358c064b95', 2, 9, 4.00, NULL, 0, 1, '2025-10-13 13:08:36', '2025-10-13 13:08:36'),
(58, 'd107bd4e-184a-4eb9-b885-61358c064b95', 2, 9, 4.00, NULL, 1, 0, '2025-10-13 13:54:20', '2025-10-13 13:54:20'),
(59, 'c95f0da9-ee22-4756-9e89-33b057cff77e', 2, 9, 4.00, NULL, 0, 1, '2025-11-03 12:14:02', '2025-11-03 12:14:02'),
(60, 'c95f0da9-ee22-4756-9e89-33b057cff77e', 2, 9, 4.00, NULL, 1, 0, '2025-11-03 12:14:24', '2025-11-03 12:14:24'),
(61, '4c700060-8ce8-46d0-8365-865fb5276436', 2, 9, 4.00, NULL, 0, 1, '2025-11-03 12:17:06', '2025-11-03 12:17:06'),
(62, '4c700060-8ce8-46d0-8365-865fb5276436', 2, 9, 4.00, NULL, 1, 0, '2025-11-05 11:28:50', '2025-11-05 11:28:50'),
(63, 'be8f76a0-7e96-4d5d-8cfd-6fa2f8980801', 2, 9, 4.00, NULL, 1, 0, '2025-11-05 11:31:32', '2025-11-05 11:31:32'),
(64, 'be8f76a0-7e96-4d5d-8cfd-6fa2f8980801', 2, 9, 3.00, 'good', 0, 1, '2025-11-05 11:31:45', '2025-11-05 11:31:45'),
(65, 'ec15251e-7b06-4e86-8705-9d7832d2c53c', 2, 9, 4.00, 'good 👍', 0, 1, '2025-11-05 11:36:15', '2025-11-05 11:36:15'),
(66, 'ec15251e-7b06-4e86-8705-9d7832d2c53c', 2, 9, 4.00, NULL, 1, 0, '2025-11-05 11:36:16', '2025-11-05 11:36:16'),
(67, 'ea93932a-edbb-458a-9639-1ca659768790', 2, 9, 3.00, 'good 👍', 0, 1, '2025-11-05 11:57:59', '2025-11-05 11:57:59'),
(68, 'ea93932a-edbb-458a-9639-1ca659768790', 2, 9, 3.00, 'good 👍', 1, 0, '2025-11-05 11:59:21', '2025-11-05 11:59:21'),
(69, 'bd969391-93dd-4eaf-9452-f130e0dab76e', 2, 9, 3.00, 'good 👍', 0, 1, '2025-11-05 12:03:15', '2025-11-05 12:03:15'),
(70, '80ecc65f-ac2d-4425-855a-47bd83ca400f', 72, 1, 4.00, NULL, 0, 1, '2025-11-06 08:49:49', '2025-11-06 08:49:49'),
(71, '80ecc65f-ac2d-4425-855a-47bd83ca400f', 72, 1, 4.00, NULL, 1, 0, '2025-11-06 08:49:55', '2025-11-06 08:49:55'),
(72, '5f071cc3-402d-4ea8-a121-b617d3246e9d', 72, 1, 4.00, NULL, 0, 1, '2025-11-06 09:01:28', '2025-11-06 09:01:28'),
(73, '5f071cc3-402d-4ea8-a121-b617d3246e9d', 72, 1, 4.00, NULL, 1, 0, '2025-11-06 09:01:32', '2025-11-06 09:01:32'),
(74, '0b353677-1a98-4a66-ac03-2cbed7efc06b', 2, 1, 2.00, 'good 👍', 0, 1, '2025-11-06 10:30:24', '2025-11-06 10:30:24'),
(75, 'e5f2a41a-52e7-4c5d-8929-3643d6ab93a3', 2, 1, 3.00, 'good 👍', 0, 1, '2025-11-06 10:47:11', '2025-11-06 10:47:11'),
(76, 'e5f2a41a-52e7-4c5d-8929-3643d6ab93a3', 2, 1, 4.00, 'good 👍', 1, 0, '2025-11-06 11:01:01', '2025-11-06 11:01:01');

-- --------------------------------------------------------

--
-- Table structure for table `request_stops`
--

CREATE TABLE `request_stops` (
  `id` int(10) UNSIGNED NOT NULL,
  `request_id` char(36) NOT NULL,
  `address` varchar(191) DEFAULT NULL,
  `latitude` double(15,8) DEFAULT NULL,
  `longitude` double(15,8) DEFAULT NULL,
  `poc_name` varchar(191) DEFAULT NULL,
  `poc_mobile` varchar(14) DEFAULT NULL,
  `poc_instruction` varchar(191) DEFAULT NULL,
  `completed_at` timestamp NULL DEFAULT NULL,
  `order` int(10) UNSIGNED NOT NULL DEFAULT 0,
  `created_at` timestamp NULL DEFAULT NULL,
  `updated_at` timestamp NULL DEFAULT NULL
) ENGINE=InnoDB DEFAULT CHARSET=utf8mb4 COLLATE=utf8mb4_unicode_ci;

--
-- Dumping data for table `request_stops`
--

INSERT INTO `request_stops` (`id`, `request_id`, `address`, `latitude`, `longitude`, `poc_name`, `poc_mobile`, `poc_instruction`, `completed_at`, `order`, `created_at`, `updated_at`) VALUES
(1, '90c1a996-0444-4631-a952-5283abd22639', 'Anusaya E-Square, Gangakhed Road, Apana Nagar, Parbhani, Maharashtra, India', 19.25731560, 76.76468490, NULL, NULL, NULL, NULL, 1, '2025-10-13 05:39:58', '2025-10-13 05:39:58'),
(2, '90c1a996-0444-4631-a952-5283abd22639', 'Shivaji Engineering College, NH 222, Shivaji Engineering College, Parbhani, Maharashtra, India', 19.25584320, 76.78183190, NULL, NULL, NULL, NULL, 2, '2025-10-13 05:39:58', '2025-10-13 05:39:58'),
(3, '6f45efab-6db6-42e3-95f6-396d2eb597b6', 'Anusaya E-Square, Gangakhed Road, Apana Nagar, Parbhani, Maharashtra, India', 19.25731560, 76.76468490, NULL, NULL, NULL, '2025-10-13 05:41:42', 1, '2025-10-13 05:40:17', '2025-10-13 05:41:42'),
(4, '6f45efab-6db6-42e3-95f6-396d2eb597b6', 'Shivaji Engineering College, NH 222, Shivaji Engineering College, Parbhani, Maharashtra, India', 19.25584320, 76.78183190, NULL, NULL, NULL, NULL, 2, '2025-10-13 05:40:17', '2025-10-13 05:40:17'),
(5, '2984be9b-08f1-44bb-8dbe-5bc09b84671c', 'Hari Krishna Society, 23, Saraswat Society, Yamuna Nagar, Nana Varachha, Surat, Gujarat 395013, India', 21.22162529, 72.88920164, NULL, NULL, NULL, NULL, 1, '2025-10-13 10:17:42', '2025-10-13 10:17:42'),
(6, '2984be9b-08f1-44bb-8dbe-5bc09b84671c', '156, Harekrishna Society, Mahavir Nagar Society, Nana Varachha, Surat, Gujarat 395011, India', 21.21954814, 72.88824242, NULL, NULL, NULL, '2025-10-13 10:20:06', 2, '2025-10-13 10:17:42', '2025-10-13 10:20:06');

-- --------------------------------------------------------

--
-- Table structure for table `reward_histories`
--

CREATE TABLE `reward_histories` (
  `id` char(36) NOT NULL,
  `user_id` int(10) UNSIGNED NOT NULL,
  `request_id` char(36) DEFAULT NULL,
  `is_credit` tinyint(1) NOT NULL DEFAULT 0,
  `amount` double(10,2) NOT NULL DEFAULT 0.00,
  `reward_points` double(10,2) NOT NULL DEFAULT 0.00,
  `remarks` varchar(191) DEFAULT NULL,
  `created_at` timestamp NULL DEFAULT NULL,
  `updated_at` timestamp NULL DEFAULT NULL
) ENGINE=InnoDB DEFAULT CHARSET=utf8mb4 COLLATE=utf8mb4_unicode_ci;

-- --------------------------------------------------------

--
-- Table structure for table `reward_points`
--

CREATE TABLE `reward_points` (
  `id` char(36) NOT NULL,
  `user_id` int(10) UNSIGNED NOT NULL,
  `points_added` double(10,2) NOT NULL DEFAULT 0.00,
  `points_spend` double(10,2) NOT NULL DEFAULT 0.00,
  `balance_reward_points` double(10,2) NOT NULL DEFAULT 0.00,
  `total_reward_points_collected` double(10,2) NOT NULL DEFAULT 0.00,
  `created_at` timestamp NULL DEFAULT NULL,
  `updated_at` timestamp NULL DEFAULT NULL
) ENGINE=InnoDB DEFAULT CHARSET=utf8mb4 COLLATE=utf8mb4_unicode_ci;

--
-- Dumping data for table `reward_points`
--

INSERT INTO `reward_points` (`id`, `user_id`, `points_added`, `points_spend`, `balance_reward_points`, `total_reward_points_collected`, `created_at`, `updated_at`) VALUES
('2d3125d9-5174-45cc-abca-b5fafbebef80', 61, 0.00, 0.00, 0.00, 0.00, '2025-11-05 10:27:23', '2025-11-05 10:27:23'),
('35a46412-3cf9-48e4-9bc5-4d67e556e87c', 64, 0.00, 0.00, 0.00, 0.00, '2025-11-05 10:28:45', '2025-11-05 10:28:45'),
('4c9d8f20-38f2-4710-b06f-4d509e259f87', 34, 0.00, 0.00, 0.00, 0.00, '2025-10-17 05:26:34', '2025-10-17 05:26:34'),
('5cf0aaa0-8c23-49b9-b651-467939668133', 32, 0.00, 0.00, 0.00, 0.00, '2025-10-17 05:24:17', '2025-10-17 05:24:17'),
('6785c551-3ec7-46fd-8334-c381969f920c', 4, 0.00, 0.00, 0.00, 0.00, '2025-09-26 10:08:02', '2025-09-26 10:08:02'),
('69e4420f-5cff-44fa-8f8d-4bd16b555d72', 7, 0.00, 0.00, 0.00, 0.00, '2025-09-26 10:15:59', '2025-09-26 10:15:59'),
('6edf56a6-1b8d-498f-b70f-e8a10815bc40', 65, 0.00, 0.00, 0.00, 0.00, '2025-11-05 10:28:47', '2025-11-05 10:28:47'),
('6f0f1cc6-3f58-40dd-ae26-2735739856b9', 31, 0.00, 0.00, 0.00, 0.00, '2025-10-16 10:24:36', '2025-10-16 10:24:36'),
('6f344a7b-c02d-4f21-87c8-f1d70afa4806', 18, 0.00, 0.00, 0.00, 0.00, '2025-09-26 10:32:49', '2025-09-26 10:32:49'),
('70b19097-13b6-4f85-8c83-3ec19f2218de', 5, 0.00, 0.00, 0.00, 0.00, '2025-09-26 10:11:33', '2025-09-26 10:11:33'),
('908a82ef-570e-4834-8039-506d67a4af77', 66, 0.00, 0.00, 0.00, 0.00, '2025-11-05 10:29:18', '2025-11-05 10:29:18'),
('924e1dd6-a87a-402f-b72f-8f2382985f30', 35, 0.00, 0.00, 0.00, 0.00, '2025-10-17 05:27:24', '2025-10-17 05:27:24'),
('ac9d699a-2521-4ca8-9cdc-bf791493c7bd', 30, 0.00, 0.00, 0.00, 0.00, '2025-10-13 12:04:36', '2025-10-13 12:04:36'),
('b01dfa10-2cde-4e04-8de7-191590362b23', 6, 0.00, 0.00, 0.00, 0.00, '2025-09-26 10:13:30', '2025-09-26 10:13:30'),
('b9f9ea0b-82bb-407a-b72b-515c7e56eac6', 26, 0.00, 0.00, 0.00, 0.00, '2025-10-06 09:42:37', '2025-10-06 09:42:37'),
('c6169dc9-0f74-4312-b928-b6f770f3f494', 36, 0.00, 0.00, 0.00, 0.00, '2025-10-17 05:28:08', '2025-10-17 05:28:08'),
('c78480d8-cbce-4367-b4cb-72cb79c4b4a0', 8, 0.00, 0.00, 0.00, 0.00, '2025-09-26 10:18:56', '2025-09-26 10:18:56'),
('c84d2ad7-ab0f-4bd8-8122-72f80b954c21', 3, 0.00, 0.00, 0.00, 0.00, '2025-09-26 10:04:59', '2025-09-26 10:04:59'),
('d3c69572-3c31-4c5c-b097-e6973b8d26d3', 62, 0.00, 0.00, 0.00, 0.00, '2025-11-05 10:27:42', '2025-11-05 10:27:42'),
('dbea757a-a0dd-4bb6-8848-b207daee2622', 33, 0.00, 0.00, 0.00, 0.00, '2025-10-17 05:25:33', '2025-10-17 05:25:33'),
('fb92525d-7025-4f05-b71f-060ab2e79b1e', 63, 0.00, 0.00, 0.00, 0.00, '2025-11-05 10:28:14', '2025-11-05 10:28:14'),
('ff1dc43e-7ef2-44b8-b9e5-ff32029dd9ac', 67, 0.00, 0.00, 0.00, 0.00, '2025-11-05 10:29:39', '2025-11-05 10:29:39');

-- --------------------------------------------------------

--
-- Table structure for table `roles`
--

CREATE TABLE `roles` (
  `id` int(10) UNSIGNED NOT NULL,
  `slug` varchar(50) NOT NULL,
  `name` varchar(50) NOT NULL,
  `description` varchar(150) DEFAULT NULL,
  `all` tinyint(1) NOT NULL DEFAULT 0,
  `locked` tinyint(1) NOT NULL DEFAULT 0,
  `created_by` int(10) UNSIGNED DEFAULT NULL,
  `created_at` timestamp NULL DEFAULT NULL,
  `updated_at` timestamp NULL DEFAULT NULL
) ENGINE=InnoDB DEFAULT CHARSET=utf8mb4 COLLATE=utf8mb4_unicode_ci;

--
-- Dumping data for table `roles`
--

INSERT INTO `roles` (`id`, `slug`, `name`, `description`, `all`, `locked`, `created_by`, `created_at`, `updated_at`) VALUES
(1, 'super-admin', 'Super Admin', 'Admin group with unrestricted access', 1, 1, 1, '2025-09-26 07:06:08', '2025-09-26 08:45:22'),
(2, 'user', 'Normal User', 'Normal user with standard access', 0, 1, 1, '2025-09-26 07:06:08', '2025-09-26 08:45:22'),
(3, 'owner', 'Normal Owner', 'Normal Owner with standard access', 0, 1, 1, '2025-09-26 07:06:08', '2025-09-26 08:45:22'),
(4, 'driver', 'Driver', 'Driver user with standard access', 0, 1, 1, '2025-09-26 07:06:08', '2025-09-26 08:45:22'),
(5, 'dispatcher', 'Dispatcher', 'Taxi Dispatcher user with standard access', 0, 1, 1, '2025-09-26 07:06:08', '2025-09-26 08:45:22'),
(6, 'employee', 'employee', 'Taxi EMployee user with standard access', 0, 1, 1, '2025-09-26 07:06:08', '2025-09-26 08:45:22'),
(7, 'admin', 'Admin', NULL, 0, 0, 1, '2025-11-06 06:16:08', '2025-11-06 06:16:08');

-- --------------------------------------------------------

--
-- Table structure for table `role_user`
--

CREATE TABLE `role_user` (
  `user_id` int(10) UNSIGNED NOT NULL,
  `role_id` int(10) UNSIGNED NOT NULL
) ENGINE=InnoDB DEFAULT CHARSET=utf8mb4 COLLATE=utf8mb4_unicode_ci;

--
-- Dumping data for table `role_user`
--

INSERT INTO `role_user` (`user_id`, `role_id`) VALUES
(1, 1),
(2, 2),
(3, 4),
(4, 4),
(5, 4),
(6, 4),
(7, 4),
(8, 4),
(9, 6),
(10, 2),
(11, 5),
(12, 5),
(13, 5),
(14, 5),
(15, 5),
(16, 5),
(17, 3),
(18, 4),
(19, 4),
(20, 2),
(21, 2),
(22, 5),
(23, 6),
(24, 6),
(25, 6),
(26, 4),
(27, 2),
(28, 2),
(29, 2),
(30, 4),
(31, 4),
(32, 4),
(33, 4),
(34, 4),
(35, 4),
(36, 4),
(37, 6),
(38, 6),
(39, 6),
(40, 6),
(41, 6),
(42, 6),
(43, 3),
(44, 2),
(45, 1),
(46, 1),
(47, 4),
(48, 1),
(49, 4),
(50, 1),
(51, 1),
(52, 1),
(53, 1),
(54, 1),
(55, 1),
(56, 1),
(57, 3),
(58, 4),
(59, 4),
(60, 2),
(61, 4),
(62, 4),
(63, 4),
(64, 4),
(65, 4),
(66, 4),
(67, 4),
(68, 1),
(69, 1),
(70, 1),
(71, 1),
(72, 2),
(73, 7),
(74, 2);

-- --------------------------------------------------------

--
-- Table structure for table `service_locations`
--

CREATE TABLE `service_locations` (
  `id` char(36) NOT NULL,
  `company_key` varchar(191) DEFAULT NULL,
  `name` varchar(191) NOT NULL,
  `translation_dataset` text DEFAULT NULL,
  `currency_name` varchar(191) DEFAULT NULL,
  `currency_code` varchar(191) DEFAULT NULL,
  `currency_symbol` varchar(191) DEFAULT NULL,
  `currency_pointer` varchar(191) DEFAULT NULL,
  `timezone` varchar(191) NOT NULL,
  `country` int(10) UNSIGNED NOT NULL,
  `active` tinyint(1) NOT NULL DEFAULT 0,
  `created_at` timestamp NULL DEFAULT NULL,
  `updated_at` timestamp NULL DEFAULT NULL,
  `deleted_at` timestamp NULL DEFAULT NULL
) ENGINE=InnoDB DEFAULT CHARSET=utf8mb4 COLLATE=utf8mb4_unicode_ci;

--
-- Dumping data for table `service_locations`
--

INSERT INTO `service_locations` (`id`, `company_key`, `name`, `translation_dataset`, `currency_name`, `currency_code`, `currency_symbol`, `currency_pointer`, `timezone`, `country`, `active`, `created_at`, `updated_at`, `deleted_at`) VALUES
('31a576b6-4319-42f5-8f12-0ca092d2826e', NULL, 'Global', '{\"en\":{\"locale\":\"en\",\"name\":\"Global\"}}', 'Indian rupee', 'INR', '₹', 'ltr', 'Asia/Kolkata', 102, 0, '2025-11-06 07:17:32', '2025-11-06 07:19:40', NULL),
('92f7c0cd-f637-4519-847a-7255fc0d8b75', NULL, 'Chhatrapati Shivaji Maharaj International Airport', '{\"en\":{\"locale\":\"en\",\"name\":\"Chhatrapati Shivaji Maharaj International Airport\"}}', 'Indian rupee', 'INR', '₹', 'ltr', 'America/Boise', 102, 1, '2025-10-16 09:13:31', '2025-10-16 09:13:31', NULL),
('c70dfe2a-a3ca-40c6-a16f-9b05d039715f', NULL, 'Global', '{\"en\":{\"locale\":\"en\",\"name\":\"Global\"}}', 'US dollar', 'USD', '$', 'ltr', 'America/Boise', 237, 1, '2025-09-26 08:35:15', '2025-09-26 08:35:15', NULL);

-- --------------------------------------------------------

--
-- Table structure for table `service_location_translations`
--

CREATE TABLE `service_location_translations` (
  `id` int(10) UNSIGNED NOT NULL,
  `service_location_id` char(36) NOT NULL,
  `name` varchar(191) NOT NULL,
  `locale` varchar(191) NOT NULL,
  `created_at` timestamp NULL DEFAULT NULL,
  `updated_at` timestamp NULL DEFAULT NULL
) ENGINE=InnoDB DEFAULT CHARSET=utf8mb4 COLLATE=utf8mb4_unicode_ci;

--
-- Dumping data for table `service_location_translations`
--

INSERT INTO `service_location_translations` (`id`, `service_location_id`, `name`, `locale`, `created_at`, `updated_at`) VALUES
(1, 'c70dfe2a-a3ca-40c6-a16f-9b05d039715f', 'Global', 'en', NULL, NULL),
(2, '92f7c0cd-f637-4519-847a-7255fc0d8b75', 'Chhatrapati Shivaji Maharaj International Airport', 'en', NULL, NULL),
(3, '31a576b6-4319-42f5-8f12-0ca092d2826e', 'Global', 'en', NULL, NULL);

-- --------------------------------------------------------

--
-- Table structure for table `sessions`
--

CREATE TABLE `sessions` (
  `id` varchar(191) NOT NULL,
  `user_id` bigint(20) UNSIGNED DEFAULT NULL,
  `ip_address` varchar(45) DEFAULT NULL,
  `user_agent` text DEFAULT NULL,
  `payload` longtext NOT NULL,
  `last_activity` int(11) NOT NULL
) ENGINE=InnoDB DEFAULT CHARSET=utf8mb4 COLLATE=utf8mb4_unicode_ci;





-- --------------------------------------------------------

--
-- Table structure for table `sos`
--

CREATE TABLE `sos` (
  `id` char(36) NOT NULL,
  `company_key` varchar(191) DEFAULT NULL,
  `service_location_id` char(36) DEFAULT NULL,
  `name` varchar(191) NOT NULL,
  `number` varchar(191) NOT NULL,
  `user_type` enum('admin','mobile-users') NOT NULL,
  `created_by` int(10) UNSIGNED DEFAULT NULL,
  `active` tinyint(1) NOT NULL DEFAULT 1,
  `created_at` timestamp NULL DEFAULT NULL,
  `updated_at` timestamp NULL DEFAULT NULL,
  `deleted_at` timestamp NULL DEFAULT NULL
) ENGINE=InnoDB DEFAULT CHARSET=utf8mb4 COLLATE=utf8mb4_unicode_ci;

--
-- Dumping data for table `sos`
--

INSERT INTO `sos` (`id`, `company_key`, `service_location_id`, `name`, `number`, `user_type`, `created_by`, `active`, `created_at`, `updated_at`, `deleted_at`) VALUES
('6af8e49c-caa1-46f6-b468-dc8880513448', NULL, NULL, 'A Paul Kol', '+919748913826', 'admin', 1, 1, '2025-09-26 10:46:11', '2025-09-26 10:46:11', NULL),
('9588c8e9-4c61-4df7-bf2f-fad6339a8748', NULL, NULL, 'Advance Talktime', '52141', 'mobile-users', 3, 1, '2025-10-13 08:51:33', '2025-10-13 08:51:33', NULL),
('98e1d2fe-b673-429e-b773-2834993f8ca8', NULL, NULL, 'Account Info', '111', 'mobile-users', 3, 1, '2025-10-13 08:50:30', '2025-10-13 08:50:30', NULL),
('d23bc015-f3c4-43c2-aa9d-7c8a37601efc', NULL, NULL, 'Account Info', '111', 'mobile-users', 2, 1, '2025-10-13 09:10:38', '2025-10-13 09:10:38', NULL);

-- --------------------------------------------------------

--
-- Table structure for table `states`
--

CREATE TABLE `states` (
  `id` char(36) NOT NULL,
  `slug` varchar(50) NOT NULL,
  `name` varchar(50) NOT NULL,
  `active` tinyint(1) NOT NULL DEFAULT 1
) ENGINE=InnoDB DEFAULT CHARSET=utf8mb4 COLLATE=utf8mb4_unicode_ci;

-- --------------------------------------------------------

--
-- Table structure for table `subscriptions`
--

CREATE TABLE `subscriptions` (
  `id` int(10) UNSIGNED NOT NULL,
  `name` varchar(191) NOT NULL,
  `description` text DEFAULT NULL,
  `subscription_duration` int(11) NOT NULL,
  `active` tinyint(1) NOT NULL DEFAULT 1,
  `amount` double NOT NULL,
  `vehicle_type_id` char(36) NOT NULL,
  `created_at` timestamp NULL DEFAULT NULL,
  `updated_at` timestamp NULL DEFAULT NULL
) ENGINE=InnoDB DEFAULT CHARSET=utf8mb4 COLLATE=utf8mb4_unicode_ci;

-- --------------------------------------------------------

--
-- Table structure for table `subscription_details`
--

CREATE TABLE `subscription_details` (
  `id` char(36) NOT NULL,
  `subscription_id` int(10) UNSIGNED NOT NULL,
  `driver_id` int(10) UNSIGNED NOT NULL,
  `transaction_id` varchar(191) DEFAULT NULL,
  `payment_opt` int(11) NOT NULL COMMENT '0 => card,1 => cash,2 => wallet,3=>wallet/cash',
  `amount` double NOT NULL,
  `expired_at` timestamp NOT NULL DEFAULT current_timestamp() ON UPDATE current_timestamp(),
  `subscription_type` int(11) NOT NULL DEFAULT 0,
  `created_at` timestamp NULL DEFAULT NULL,
  `updated_at` timestamp NULL DEFAULT NULL
) ENGINE=InnoDB DEFAULT CHARSET=utf8mb4 COLLATE=utf8mb4_unicode_ci;

-- --------------------------------------------------------

--
-- Table structure for table `sub_vehicle_types`
--

CREATE TABLE `sub_vehicle_types` (
  `id` int(10) UNSIGNED NOT NULL,
  `vehicle_type_id` char(36) NOT NULL,
  `sub_vehicle_type_id` char(36) NOT NULL,
  `created_at` timestamp NULL DEFAULT NULL,
  `updated_at` timestamp NULL DEFAULT NULL
) ENGINE=InnoDB DEFAULT CHARSET=utf8mb4 COLLATE=utf8mb4_unicode_ci;

-- --------------------------------------------------------

--
-- Table structure for table `support_tickets`
--

CREATE TABLE `support_tickets` (
  `id` char(36) NOT NULL,
  `ticket_id` varchar(191) NOT NULL,
  `title_id` char(36) NOT NULL,
  `users_id` int(10) UNSIGNED DEFAULT NULL,
  `driver_id` int(10) UNSIGNED DEFAULT NULL,
  `description` longtext DEFAULT NULL,
  `assign_to` longtext DEFAULT NULL,
  `request_id` varchar(191) DEFAULT NULL,
  `status` tinyint(4) NOT NULL COMMENT '1 => open,2 => acknowledge,3 => closed',
  `support_type` varchar(191) NOT NULL,
  `service_location_id` char(36) DEFAULT NULL,
  `created_at` timestamp NULL DEFAULT NULL,
  `updated_at` timestamp NULL DEFAULT NULL
) ENGINE=InnoDB DEFAULT CHARSET=utf8mb4 COLLATE=utf8mb4_unicode_ci;

-- --------------------------------------------------------

--
-- Table structure for table `support_ticket_categories`
--

CREATE TABLE `support_ticket_categories` (
  `id` char(36) NOT NULL,
  `category` text DEFAULT NULL,
  `created_at` timestamp NULL DEFAULT NULL,
  `updated_at` timestamp NULL DEFAULT NULL
) ENGINE=InnoDB DEFAULT CHARSET=utf8mb4 COLLATE=utf8mb4_unicode_ci;

-- --------------------------------------------------------

--
-- Table structure for table `support_ticket_messages`
--

CREATE TABLE `support_ticket_messages` (
  `id` char(36) NOT NULL,
  `ticket_id` char(36) NOT NULL,
  `user_id` int(10) UNSIGNED NOT NULL,
  `employee_id` longtext DEFAULT NULL,
  `message` longtext DEFAULT NULL,
  `sender_id` int(10) UNSIGNED DEFAULT NULL,
  `is_read` tinyint(1) NOT NULL DEFAULT 0,
  `created_at` timestamp NULL DEFAULT NULL,
  `updated_at` timestamp NULL DEFAULT NULL
) ENGINE=InnoDB DEFAULT CHARSET=utf8mb4 COLLATE=utf8mb4_unicode_ci;

-- --------------------------------------------------------

--
-- Table structure for table `support_ticket_multi_files`
--

CREATE TABLE `support_ticket_multi_files` (
  `id` bigint(20) UNSIGNED NOT NULL,
  `ticket_id` char(36) DEFAULT NULL,
  `image_name` varchar(191) NOT NULL,
  `created_at` timestamp NULL DEFAULT NULL,
  `updated_at` timestamp NULL DEFAULT NULL
) ENGINE=InnoDB DEFAULT CHARSET=utf8mb4 COLLATE=utf8mb4_unicode_ci;

-- --------------------------------------------------------

--
-- Table structure for table `support_ticket_titles`
--

CREATE TABLE `support_ticket_titles` (
  `id` char(36) NOT NULL,
  `title` text DEFAULT NULL,
  `category_type` longtext DEFAULT NULL,
  `title_type` varchar(191) DEFAULT NULL,
  `user_type` enum('user','driver') DEFAULT NULL,
  `translation_dataset` text DEFAULT NULL,
  `active` tinyint(1) NOT NULL DEFAULT 1,
  `created_at` timestamp NULL DEFAULT NULL,
  `updated_at` timestamp NULL DEFAULT NULL
) ENGINE=InnoDB DEFAULT CHARSET=utf8mb4 COLLATE=utf8mb4_unicode_ci;

-- --------------------------------------------------------

--
-- Table structure for table `support_ticket_titles_translations`
--

CREATE TABLE `support_ticket_titles_translations` (
  `id` int(10) UNSIGNED NOT NULL,
  `ticket_title_id` char(36) NOT NULL,
  `title` varchar(191) NOT NULL,
  `locale` varchar(191) NOT NULL,
  `created_at` timestamp NULL DEFAULT NULL,
  `updated_at` timestamp NULL DEFAULT NULL
) ENGINE=InnoDB DEFAULT CHARSET=utf8mb4 COLLATE=utf8mb4_unicode_ci;

-- --------------------------------------------------------

--
-- Table structure for table `tests`
--

CREATE TABLE `tests` (
  `id` bigint(20) UNSIGNED NOT NULL,
  `name` varchar(191) NOT NULL,
  `created_at` timestamp NULL DEFAULT NULL,
  `updated_at` timestamp NULL DEFAULT NULL
) ENGINE=InnoDB DEFAULT CHARSET=utf8mb4 COLLATE=utf8mb4_unicode_ci;

-- --------------------------------------------------------

--
-- Table structure for table `third_party_settings`
--

CREATE TABLE `third_party_settings` (
  `id` char(36) NOT NULL,
  `name` varchar(191) NOT NULL,
  `value` text DEFAULT NULL,
  `module` varchar(191) DEFAULT NULL,
  `created_at` timestamp NULL DEFAULT NULL,
  `updated_at` timestamp NULL DEFAULT NULL
) ENGINE=InnoDB DEFAULT CHARSET=utf8mb4 COLLATE=utf8mb4_unicode_ci;

--
-- Dumping data for table `third_party_settings`
--

INSERT INTO `third_party_settings` (`id`, `name`, `value`, `module`, `created_at`, `updated_at`) VALUES
('035edc8c-9978-4838-a4d7-bbdd4a1de1a3', 'xendi_pay_test_api_key', 'Enter Xendi Pay Test Api Key', 'payment', '2025-10-06 10:11:18', '2025-10-06 10:11:18'),
('03ff9a0c-c0a7-43e3-b8ba-4c7e9330dda2', 'enable_recaptcha', '0', 'recaptcha', '2025-09-26 07:06:10', '2025-09-26 07:06:10'),
('074eddf4-973b-478c-8f33-8c1cbc5ba0d2', 'twilio_sid', '0', 'sms', '2025-10-13 11:53:04', '2025-10-13 11:53:04'),
('0d9a010a-11c0-4996-928e-8403fec5351b', 'khalti_pay_live_api_key', 'Enter Khalti Pay Live Secret Key', 'payment', '2025-10-06 10:11:18', '2025-10-06 10:11:18'),
('0e7f62fa-89ba-4de6-85a8-99a3f32eb191', 'mercadopago_test_access_token', 'Enter Mercadopago Test Access Token', 'payment', '2025-10-06 10:11:18', '2025-10-06 10:11:18'),
('1077e80c-4d4f-4fd8-a329-479beb8abf4a', 'myfatoora_live_token', 'Enter MyFatoora Live Bearer Token', 'payment', '2025-10-06 10:11:18', '2025-10-06 10:11:18'),
('14f53736-2671-4208-afea-33247c313fae', 'reacptcha_secret_key', 'your-recaptcha-secret-key', 'recaptcha', '2025-09-26 07:06:10', '2025-09-26 07:06:10'),
('15b4f652-4e22-4b24-9482-179a04f69627', 'mercadopago_live_public_key', 'Enter Mercadopago Production Secret Key', 'payment', '2025-10-06 10:11:18', '2025-10-06 10:11:18'),
('162c53b3-79c9-4340-8d3f-ea226e625226', 'sms_ala_mobile_number', NULL, 'sms', '2025-10-13 11:53:04', '2025-10-13 11:53:04'),
('172b96b7-9a47-46c9-b608-484f040ca996', 'enable_stripe_authorization', '0', 'payment', '2025-10-06 10:11:18', '2025-10-06 10:11:18'),
('17592ce3-d720-4cdf-83bf-fa02c25b4b18', 'mercadopago_live_access_token', 'Enter Mercadopago Production Access Token', 'payment', '2025-10-06 10:11:18', '2025-10-06 10:11:18'),
('18fd3b92-c770-4bf5-9593-28c0c59a12ab', 'xendit_pay_live_api_key', 'Enter Xendit Pay Live Api Key', 'payment', '2025-10-06 10:11:18', '2025-10-06 10:11:18'),
('191b5be6-63d4-4f7e-8cf4-c9c3608ca613', 'mail_from_name', 'MXDrive', 'mail_config', '2025-11-03 12:16:19', '2025-11-03 12:16:19'),
('1cc99f51-4095-469b-b1a5-751cfd4911ac', 'enable_razorpay', '0', 'payment', '2025-10-06 10:11:18', '2025-10-06 10:11:18'),
('21cf3dbc-d59b-4ec8-9072-64705ac1096e', 'openpix_live_api_key', 'Enter Openpix Live Public Key', 'payment', '2025-10-06 10:11:18', '2025-10-06 10:11:18'),
('230ee12d-97ff-426d-bb98-f61ee02727af', 'mail_from_address', 'webmaster@technofuels.com', 'mail_config', '2025-11-03 12:16:19', '2025-11-03 12:16:19'),
('2368277c-d513-464d-b901-f71df1e2bcf0', 'mercadopago_test_public_key', 'Enter Mercadopago Test Secret Key', 'payment', '2025-10-06 10:11:18', '2025-10-06 10:11:18'),
('26da22ed-2ef2-4207-8be2-ff9e7ddae166', 'firebase_database_url', 'https://morexs-43ceb-default-rtdb.firebaseio.com', 'firebase', '2025-10-06 10:10:35', '2025-10-06 10:10:35'),
('276ceefc-f5d1-4bb2-9845-ba9b4b64ff78', 'flexpaie_environment', 'test', 'payment', '2025-10-06 10:11:18', '2025-10-06 10:11:18'),
('32f8623f-3233-4c53-bbfe-ebaff194a831', 'twilio_token', 'Your Twilio Token', 'sms', '2025-10-13 11:53:04', '2025-10-13 11:53:04'),
('33b4a24b-7915-49d1-9f53-1df3d9e7c036', 'stripe_test_publishable_key', 'Enter Stripe Test Publish Key', 'payment', '2025-10-06 10:11:18', '2025-10-06 10:11:18'),
('3b797b73-3e64-452e-874e-276661678978', 'paymongo_environment', 'test', 'payment', '2025-10-06 10:11:18', '2025-10-06 10:11:18'),
('3b8f72b4-6451-493c-bb5b-4f4cc879fa77', 'sparrow_token', 'Your Sparrow Token', 'sms', '2025-10-13 11:53:04', '2025-10-13 11:53:04'),
('3bb17c38-819b-4e6d-b2f6-25503b927909', 'paystack_production_secret_key', 'Your Paystack Production Secret Key', 'payment', '2025-10-06 10:11:18', '2025-10-06 10:11:18'),
('3c3c89cf-ea9e-4753-8d92-c23a7d058f2b', 'enable_myfatoora', '0', 'payment', '2025-10-06 10:11:18', '2025-10-06 10:11:18'),
('41607bc3-2bdd-4129-bf36-6cd4b9192e60', 'stripe_environment', 'test', 'payment', '2025-10-06 10:11:18', '2025-10-06 10:11:18'),
('41a72759-8ee3-445e-9583-e9b04d16f27d', 'cash_free_production_app_id', 'Enter Cashfree Production App ID', 'payment', '2025-10-06 10:11:18', '2025-10-06 10:11:18'),
('41cdb8c6-d6c2-40c0-87e1-5d037ccf5846', 'sms_india_hub_api_key', NULL, 'sms', '2025-10-13 11:53:04', '2025-10-13 11:53:04'),
('464bb996-a061-4284-b390-cafde7983f17', 'enable_cashfree', '0', 'payment', '2025-10-06 10:11:18', '2025-10-06 10:11:18'),
('49ea6675-b430-4146-9514-389c207060c8', 'razor_pay_secrect_key', 'Enter Razor Pay Secrect key', 'payment', '2025-10-06 10:11:18', '2025-10-06 10:11:18'),
('4b9cd55b-0105-46cb-8c31-8723c3e11560', 'msg91_auth_key', 'Your MSG91 Token', 'sms', '2025-10-13 11:53:04', '2025-10-13 11:53:04'),
('4cd33942-93e3-4069-8b53-6b03c2371c13', 'mail_mailer', 'smtp', 'mail_config', '2025-11-03 12:16:19', '2025-11-03 12:16:19'),
('4d67bea6-fa8d-4e05-9965-e89e32721f31', 'sms_india_hub_sid', NULL, 'sms', '2025-10-13 11:53:04', '2025-10-13 11:53:04'),
('4f671a00-48a2-48a4-b36c-7c6c9c7ad376', 'cash_free_secret_key', 'Enter Cashfree Test Secret Key', 'payment', '2025-10-06 10:11:18', '2025-10-06 10:11:18'),
('51e5cfdb-27d4-48b0-86e3-e94ae45b6eb6', 'firebase_project_id', 'morexs-43ceb', 'firebase', '2025-10-06 10:10:35', '2025-10-06 10:10:35'),
('54d94807-cb1c-49fd-a24b-4087e7a0689d', 'map_type', 'google_map', 'map', '2025-09-26 07:06:10', '2025-10-06 10:16:18'),
('557efeb7-3501-4703-a28f-d7c6f6a0ccb0', 'razor_pay_environment', 'test', 'payment', '2025-10-06 10:11:18', '2025-10-06 10:11:18'),
('5e1dddd5-56d9-4ab9-a3a9-38823e160d3d', 'razor_pay_live_api_key', 'Enter Razor Pay Live Api Key', 'payment', '2025-10-06 10:11:18', '2025-10-06 10:11:18'),
('648188b7-9758-401e-8491-25d5fa08811a', 'google_map_key', 'AIzaSyAWbWNOIN2NVRIHbjhflvEh4JDr2ZkJ3xA', 'map', '2025-09-26 07:06:10', '2025-10-06 10:16:18'),
('67136963-0a87-4a75-bf20-eba5dbcb6d72', 'mail_port', '587', 'mail_config', '2025-11-03 12:16:19', '2025-11-03 12:16:19'),
('674c952a-0884-44a2-84fa-b48db1fee2e6', 'google_map_key_for_distance_matrix', 'AIzaSyAWbWNOIN2NVRIHbjhflvEh4JDr2ZkJ3xA', 'map', '2025-09-26 07:06:10', '2025-10-06 10:16:18'),
('68636b75-bb95-4bef-8250-a43b4dec52c7', 'enable_msg91', '0', 'sms', '2025-10-13 11:53:04', '2025-10-13 11:53:04'),
('68945b8c-be3a-43df-85aa-5c4054f668ea', 'openpix_environment', 'test', 'payment', '2025-10-06 10:11:18', '2025-10-06 10:11:18'),
('6c96e811-cb30-4ea5-95a0-e66c55428785', 'flutter_wave_environment', 'test', 'payment', '2025-10-06 10:11:18', '2025-10-06 10:11:18'),
('72223963-4477-470b-93ea-8bcf32924ef5', 'enable_openpix', '0', 'payment', '2025-10-06 10:11:18', '2025-10-06 10:11:18'),
('75d3b6a8-efbc-4a34-920d-247ec96e41c5', 'myfatoora_environment', 'test', 'payment', '2025-10-06 10:11:18', '2025-10-06 10:11:18'),
('7666c0a7-fe82-4e8e-a9b0-ffc7b7b5f523', 'mercadopago_environment', 'test', 'payment', '2025-10-06 10:11:18', '2025-10-06 10:11:18'),
('7df04429-d856-4254-880c-ff736f7bb820', 'khalti_pay_test_api_key', 'Enter Khalti Pay Test Secret Key', 'payment', '2025-10-06 10:11:18', '2025-10-06 10:11:18'),
('7ea6046b-f2d7-443d-979c-bbaf2eb0be2c', 'enable_stripe', '1', 'payment', '2025-10-06 10:11:18', '2025-10-06 10:11:18'),
('81f08f9a-b2cd-4fbe-9e74-b69bbbe3ce3a', 'razor_pay_test_secrect_key', 'Enter Razor pay Test Secrect Key', 'payment', '2025-10-06 10:11:18', '2025-10-06 10:11:18'),
('82a61161-06f7-4dac-8a14-9251f476e7ea', 'sparrow_sender_id', 'Your Sparrow Sender ID', 'sms', '2025-10-13 11:53:04', '2025-10-13 11:53:04'),
('84245abf-e591-42fd-b7c1-ccd9bd22140f', 'cash_free_production_secret_key', 'Enter Cashfree Production Secret Key', 'payment', '2025-10-06 10:11:18', '2025-10-06 10:11:18'),
('85989b53-3c8b-40ea-b5b7-be414b330e59', 'mail_encryption', 'tls', 'mail_config', '2025-11-03 12:16:19', '2025-11-03 12:16:19'),
('85f4fe6c-d3f5-4c55-bee3-7e6c73067ef4', 'cash_free_environment', 'test', 'payment', '2025-10-06 10:11:18', '2025-10-06 10:11:18'),
('89023229-7498-4e93-8f36-ddd38c86adc7', 'stripe_test_secret_key', 'Enter Stripe Test Secret Key', 'payment', '2025-10-06 10:11:18', '2025-10-06 10:11:18'),
('8a836f60-d7ed-4e5e-8aef-bbd41f7f3966', 'paystack_test_secret_key', 'Your Paystack Test Secret Key', 'payment', '2025-10-06 10:11:18', '2025-10-06 10:11:18'),
('8b514bb7-3056-402d-a83d-aaa631cb0124', 'enable_firebase_otp', '1', 'sms', '2025-10-13 11:53:04', '2025-10-13 11:53:04'),
('90f51b93-352b-4b9b-b907-a0645aaf1515', 'twilio_mobile_number', NULL, 'sms', '2025-10-13 11:53:04', '2025-10-13 11:53:04'),
('914f14e4-6653-4327-b702-3f1e46cf19e3', 'openpix_test_api_key', 'Enter Open Pix Test Public Key', 'payment', '2025-10-06 10:11:18', '2025-10-06 10:11:18'),
('96b66ca0-4a69-4a1d-ac9d-5032db843ad4', 'sms_ala_token', NULL, 'sms', '2025-10-13 11:53:04', '2025-10-13 11:53:04'),
('977351b1-eaf1-4abb-826d-4e6c4bd5b37f', 'enable_sms_ala', '0', 'sms', '2025-10-13 11:53:04', '2025-10-13 11:53:04'),
('99345138-91c0-4230-bd72-3a6c4ed358e2', 'enable_flutterwave', '0', 'payment', '2025-10-06 10:11:18', '2025-10-06 10:11:18'),
('a114fae9-7eb4-4b7d-953b-3c8e26bd6724', 'cash_free_app_id', 'Enter Cashfree Test App ID', 'payment', '2025-10-06 10:11:18', '2025-10-06 10:11:18'),
('a45e41c8-0df6-46d7-9632-e1ae5c74060d', 'stripe_live_publishable_key', 'Enter Stripe Production Publish Key', 'payment', '2025-10-06 10:11:18', '2025-10-06 10:11:18'),
('a96bd657-b4d5-41f3-b811-35a3755fae55', 'enable_paystack', '0', 'payment', '2025-10-06 10:11:18', '2025-10-06 10:11:18'),
('ab947c10-616c-414c-b5e1-5b7eece7ddaf', 'firebase_app_id', '1:413746415391:web:be74a252b44a0150cb122a', 'firebase', '2025-10-06 10:10:35', '2025-10-06 10:10:35'),
('ac29a16e-f9f5-4d52-9416-2225788ddc97', 'paystack_production_publish_key', NULL, 'payment', '2025-10-06 10:11:18', '2025-10-06 10:11:18'),
('adc82154-082d-4d6a-91cd-0b5e6c9a338b', 'stripe_live_secret_key', 'Enter Stripe Production Secret Key', 'payment', '2025-10-06 10:11:18', '2025-10-06 10:11:18'),
('b66ebae2-f9b5-42cb-89db-021774e4aa0c', 'msg91_template_id', 'Your MSG91 Template ID', 'sms', '2025-10-13 11:53:04', '2025-10-13 11:53:04'),
('b8188869-5081-429e-9d9e-df2167978b1b', 'mail_username', 'webmaster@technofuels.com', 'mail_config', '2025-11-03 12:16:19', '2025-11-03 12:16:19'),
('bb5a6812-e3d8-4af5-bd2f-4983a4df46b7', 'sms_ala_api_key', NULL, 'sms', '2025-10-13 11:53:04', '2025-10-13 11:53:04'),
('be6a4248-f938-4691-8d5d-b57345d53b01', 'enable_xendit', '0', 'payment', '2025-10-06 10:11:18', '2025-10-06 10:11:18'),
('bfad771b-b57d-4ffc-acf3-fa1e0ecf7594', 'enable_sms_india_hub', '0', 'sms', '2025-10-13 11:53:04', '2025-10-13 11:53:04'),
('bfead617-df7b-461d-9448-54a2baa246c3', 'mail_host', 'smtp.hostinger.com', 'mail_config', '2025-11-03 12:16:19', '2025-11-03 12:16:19'),
('bff6e063-4296-45b0-a345-f120102548df', 'paymongo_test_secret_key', 'Enter Paymongo Test Secret Key', 'payment', '2025-10-06 10:11:18', '2025-10-06 10:11:18'),
('c2293036-6ccf-425e-913d-f88b16bac478', 'firebase_api_key', 'AIzaSyAqHU4r6M3RThKLPFHjJr6kOlLownsJtWE', 'firebase', '2025-10-06 10:10:35', '2025-10-06 10:10:35'),
('c26ec4ea-2204-4abe-965a-95f6a83c8ab4', 'paymongo_live_secret_key', 'Enter Paymongo Live Secret Key', 'payment', '2025-10-06 10:11:18', '2025-10-06 10:11:18'),
('c312170b-04f3-4fef-b1c0-f1a498f3f01e', 'enable_sparrow', '0', 'sms', '2025-10-13 11:53:04', '2025-10-13 11:53:04'),
('c6464f1d-b63b-440d-a407-f6159de63c1f', 'reacptcha_site_key', 'your-recaptcha-site-key', 'recaptcha', '2025-09-26 07:06:10', '2025-09-26 07:06:10'),
('c6e63911-26d7-4f82-8d0f-866bf75463b3', 'flexpaie_test_bearer_token', 'Enter FlexPaie Test Bearer Token', 'payment', '2025-10-06 10:11:18', '2025-10-06 10:11:18'),
('c83f472f-a9bd-4e96-bc7c-fd56977763b3', 'firebase_messaging_sender_id', '413746415391', 'firebase', '2025-10-06 10:10:35', '2025-10-06 10:10:35'),
('c9fc3032-1ba1-4b54-a8df-904cc333f129', 'firebase_auth_domain', 'morexs-43ceb.firebaseapp.com', 'firebase', '2025-10-06 10:10:35', '2025-10-06 10:10:35'),
('d172b3b3-eec6-4d4d-ab7a-9526937476a5', 'enable_mercadopago', '0', 'payment', '2025-10-06 10:11:18', '2025-10-06 10:11:18'),
('d2a0c47e-6666-4d72-9cc9-4d9db3b28e82', 'flexpaie_production_bearer_token', 'Enter FlexPaie Live Bearer Token', 'payment', '2025-10-06 10:11:18', '2025-10-06 10:11:18'),
('d35a785f-0142-4b46-9635-0e7765fd294d', 'enable_vase_map', '1', 'map', '2025-09-26 07:06:10', '2025-09-26 07:06:10'),
('d4d68b2d-3830-4aaf-b7cf-99f53d944654', 'mail_password', 'mkTjzvw4N~k', 'mail_config', '2025-11-03 12:16:19', '2025-11-03 12:16:19'),
('d5550a27-eda1-4d90-9463-701be601fd7e', 'xendi_pay_environment', 'test', 'payment', '2025-10-06 10:11:18', '2025-10-06 10:11:18'),
('dddfbdc7-73cb-4d95-9fa5-bc63ff14f4b9', 'sms_ala_api_secret_key', NULL, 'sms', '2025-10-13 11:53:04', '2025-10-13 11:53:04'),
('e1da5991-7a94-4dcb-92f8-96a241ef564f', 'enable_flexpaie', '0', 'payment', '2025-10-06 10:11:18', '2025-10-06 10:11:18'),
('e51df023-0ab7-4b45-9125-ac0821f09c26', 'myfatoora_test_token', 'Enter MyFatoora Test Bearer Token', 'payment', '2025-10-06 10:11:18', '2025-10-06 10:11:18'),
('ea793ff7-7e75-4834-998b-0224a7330b6b', 'razor_pay_test_api_key', 'Enter Razor Pay Test Api Key', 'payment', '2025-10-06 10:11:18', '2025-10-06 10:11:18'),
('eb729878-0925-4f82-ae06-aaf0fd6d1167', 'enable_khalti', '0', 'payment', '2025-10-06 10:11:18', '2025-10-06 10:11:18'),
('ec7fd425-2ec5-4203-904e-e08f2f2e3274', 'enable_paymongo', '0', 'payment', '2025-10-06 10:11:18', '2025-10-06 10:11:18'),
('f078cfd6-0775-4bcf-90ad-698bd8cb28f6', 'enable_twilio', '0', 'sms', '2025-10-13 11:53:04', '2025-10-13 11:53:04'),
('f291f188-f909-4163-8a0f-d917c41fc9ec', 'flutter_wave_test_secret_key', 'Enter Flutter-Wave Test Public Key', 'payment', '2025-10-06 10:11:18', '2025-10-06 10:11:18'),
('f29cb168-5653-49f2-bc19-ee2e12ea4bde', 'firebase_storage_bucket', 'morexs-43ceb.appspot.com', 'firebase', '2025-10-06 10:10:35', '2025-10-06 10:10:35'),
('f2c825c5-60c1-446a-a239-e3675703ee67', 'khalti_pay_environment', 'test', 'payment', '2025-10-06 10:11:18', '2025-10-06 10:11:18'),
('f418949b-c4a7-4740-8def-ce58a82d9c32', 'paystack_environment', 'test', 'payment', '2025-10-06 10:11:18', '2025-10-06 10:11:18'),
('f51ff914-7fc1-4631-9107-a15ab7ea5562', 'flutter_wave_production_secret_key', 'Enter Flutter-Wave Live Public Key', 'payment', '2025-10-06 10:11:18', '2025-10-06 10:11:18'),
('fad3a444-86b4-4f4f-8187-d01368f8223e', 'paystack_test_publish_key', NULL, 'payment', '2025-10-06 10:11:18', '2025-10-06 10:11:18');

-- --------------------------------------------------------

--
-- Table structure for table `time_zones`
--

CREATE TABLE `time_zones` (
  `id` char(36) NOT NULL,
  `name` varchar(191) DEFAULT NULL,
  `timezone` varchar(191) DEFAULT NULL,
  `active` tinyint(1) NOT NULL DEFAULT 1,
  `created_at` timestamp NULL DEFAULT NULL,
  `updated_at` timestamp NULL DEFAULT NULL
) ENGINE=InnoDB DEFAULT CHARSET=utf8mb4 COLLATE=utf8mb4_unicode_ci;

--
-- Dumping data for table `time_zones`
--

INSERT INTO `time_zones` (`id`, `name`, `timezone`, `active`, `created_at`, `updated_at`) VALUES
('0045a6ac-41fa-4e2b-b0cb-bb29b9ee51c5', 'Tiraspol', 'Europe/Tiraspol', 1, NULL, NULL),
('00d9d64d-8d8c-4501-8d89-8373597a2192', 'Dublin', 'Europe/Dublin', 1, NULL, NULL),
('010f2705-0632-409b-994f-3fc126a8c735', 'Boise', 'America/Boise', 1, NULL, NULL),
('01a5b108-b2d0-4def-8e6a-ccacd5bcf157', 'Eucla', 'Australia/Eucla', 1, NULL, NULL),
('01e2c401-54e3-4c43-8763-ad15b47c7900', 'Honolulu (Hawaii)', 'Pacific/Honolulu', 1, NULL, NULL),
('0250b09c-c63d-46f4-8b35-283375c7495d', 'Vatican', 'Europe/Vatican', 1, NULL, NULL),
('02ca939b-32e7-4fc1-9cc1-7f07817e4d59', 'Ho Chi Minh', 'Asia/Ho_Chi_Minh', 1, NULL, NULL),
('0386c9b9-4181-4732-9e33-ea959a773f2f', 'Riga', 'Europe/Riga', 1, NULL, NULL),
('03f55bd7-3dbc-49b9-bd8a-58f055c9836a', 'Lord Howe', 'Australia/Lord_Howe', 1, NULL, NULL),
('047cfe27-9ad2-4e4b-a108-bea884f8190b', 'Louisville', 'America/Louisville', 1, NULL, NULL),
('04be169d-c9ff-49b0-b4a7-a0b71e2d5e8c', 'Miquelon', 'America/Miquelon', 1, NULL, NULL),
('04ca4e38-c243-4ffe-90f2-6183775c7e77', 'Novokuznetsk', 'Asia/Novokuznetsk', 1, NULL, NULL),
('053b02e5-4757-41a4-9fb4-efc62fb054d9', 'Anadyr', 'Asia/Anadyr', 1, NULL, NULL),
('066af162-c555-4b34-99b8-15f300ea616b', 'Canary', 'Atlantic/Canary', 1, NULL, NULL),
('0706ab9e-c662-49b4-8fa8-dd789f9e7da6', 'Ojinaga', 'America/Ojinaga', 1, NULL, NULL),
('0740ac75-c92c-4ab2-a5f8-bf606baa105b', 'Kiritimati', 'Pacific/Kiritimati', 1, NULL, NULL),
('07fe13d1-6e49-43b8-932e-ba582c3fd07c', 'Belem', 'America/Belem', 1, NULL, NULL),
('0aa943ad-f03e-4daa-85b2-4d55ffb1ac00', 'Ujung Pandang', 'Asia/Ujung_Pandang', 1, NULL, NULL),
('0b1c9fe0-202e-4c5a-a43c-dabd8da3b442', 'Argentina - San Luis', 'America/Argentina/San_Luis', 1, NULL, NULL),
('0b95ad77-4d67-4b91-9f13-da2abf3c2580', 'Majuro', 'Pacific/Majuro', 1, NULL, NULL),
('0c0eea39-57cb-4b50-ba4c-504e19782e2b', 'Tripoli', 'Africa/Tripoli', 1, NULL, NULL),
('0c1bf77f-55a1-421a-a552-bb01442984a7', 'Vilnius', 'Europe/Vilnius', 1, NULL, NULL),
('0d1145c0-c4a0-4eba-9523-92aacf01e0c5', 'Godthab', 'America/Godthab', 1, NULL, NULL),
('0f0a3868-743e-4684-892d-f4dcf961a142', 'Dushanbe', 'Asia/Dushanbe', 1, NULL, NULL),
('0f7ae639-c3ed-480b-a0ba-30cf19019eca', 'Tasmania', 'Australia/Tasmania', 1, NULL, NULL),
('0fd21edf-30e7-467b-a3ff-8d798dd301ce', 'Resolute', 'America/Resolute', 1, NULL, NULL),
('10f18e3f-02d1-4ca5-a7ce-b850cb44bca1', 'Guadalcanal', 'Pacific/Guadalcanal', 1, NULL, NULL),
('1123c9b9-4220-4fe7-bd6a-4630c0482bb5', 'Hobart', 'Australia/Hobart', 1, NULL, NULL),
('11793649-d40a-40b8-862c-17469f01373c', 'Danmarkshavn', 'America/Danmarkshavn', 1, NULL, NULL),
('11f3d48e-e766-40cd-8428-c137ad885ca0', 'Singapore', 'Asia/Singapore', 1, NULL, NULL),
('1258e0fe-a285-4f61-bbf0-91e139079b7e', 'Santarem', 'America/Santarem', 1, NULL, NULL),
('131e72a6-1b75-410a-b502-c54fcdd2a6c9', 'Phoenix', 'America/Phoenix', 1, NULL, NULL),
('136cb846-5187-4f0e-b2f9-3c853b5e1a16', 'Ulaanbaatar', 'Asia/Ulaanbaatar', 1, NULL, NULL),
('14bc2b2b-53c4-4553-8a28-c40ae69e7652', 'London', 'Europe/London', 1, NULL, NULL),
('156f7213-b40e-4067-ab30-f1bb08ff9951', 'Ashkhabad', 'Asia/Ashkhabad', 1, NULL, NULL),
('15c10838-dc18-4e5c-8628-c36f5bd02114', 'Rainy River', 'America/Rainy_River', 1, NULL, NULL),
('15dae4d8-eb22-4bb1-8582-a9c196062968', 'Melbourne', 'Australia/Melbourne', 1, NULL, NULL),
('167ef0f7-3402-4aa7-bb81-d180cca8cda9', 'Bishkek', 'Asia/Bishkek', 1, NULL, NULL),
('16e4b4a7-93e4-49e7-a80d-416487f52aec', 'Asuncion', 'America/Asuncion', 1, NULL, NULL),
('18d3f974-d2fa-4c26-bb5e-b7be6240c960', 'Kolkata', 'Asia/Kolkata', 1, NULL, NULL),
('19d66342-f048-47f7-b28a-62c509a5bbd2', 'St Vincent', 'America/St_Vincent', 1, NULL, NULL),
('1a39ac82-94ed-41f1-aaac-4c0673dd2364', 'Addis Ababa', 'Africa/Addis_Ababa', 1, NULL, NULL),
('1b60239d-3507-4c68-9368-624563733325', 'Rosario', 'America/Rosario', 1, NULL, NULL),
('1c170807-5e68-4bab-871d-ccd9856a04cf', 'Funafuti', 'Pacific/Funafuti', 1, NULL, NULL),
('1c4dba3d-abe3-47e0-a1cd-217109db7e02', 'Nome', 'America/Nome', 1, NULL, NULL),
('1d52d2d9-3747-4883-b3e6-82dfc50ea902', 'Ljubljana', 'Europe/Ljubljana', 1, NULL, NULL),
('1d8d87f8-d237-4c11-a674-3f19beb5c4f6', 'Riyadh', 'Asia/Riyadh', 1, NULL, NULL),
('1dcd576e-129e-4a37-8bf6-a488aca0ff20', 'Indiana - Petersburg', 'America/Indiana/Petersburg', 1, NULL, NULL),
('1e385e00-a317-40a8-bbfe-ff6e45d4bc59', 'Guyana', 'America/Guyana', 1, NULL, NULL),
('1e4453fe-acb3-4b14-8147-a89bc43e26b1', 'Douala', 'Africa/Douala', 1, NULL, NULL),
('1e4d19d1-9d9a-4620-8db4-01b8536bdd49', 'Manaus', 'America/Manaus', 1, NULL, NULL),
('1e56a3d2-e4a6-4444-8807-d3a924f77389', 'Panama', 'America/Panama', 1, NULL, NULL),
('1ef8e6e1-bb8a-4d47-bfc7-12b9d22877b1', 'Windhoek', 'Africa/Windhoek', 1, NULL, NULL),
('1fa7f84a-2793-47af-aec7-754eca301d72', 'Anguilla', 'America/Anguilla', 1, NULL, NULL),
('20070cf5-d0ff-414c-b6e3-d1231feddda4', 'Yap', 'Pacific/Yap', 1, NULL, NULL),
('218347db-f2ec-41bb-aa84-ea3c9c6cb0e0', 'Macquarie', 'Antarctica/Macquarie', 1, NULL, NULL),
('21a31b91-4212-4456-94a8-5e552e0dc3d2', 'Aden', 'Asia/Aden', 1, NULL, NULL),
('223a3edf-8942-4b24-9667-ee7edacccd58', 'La Paz', 'America/La_Paz', 1, NULL, NULL),
('22a2a955-8b34-4f8a-9a6f-aa9fb99b248f', 'Argentina - Ushuaia', 'America/Argentina/Ushuaia', 1, NULL, NULL),
('22acc2cf-e6bd-410d-a9c6-4f3c9660a84a', 'Puerto Rico', 'America/Puerto_Rico', 1, NULL, NULL),
('22b4fd4e-fcb6-42bc-9ca1-646eadd97578', 'Niue', 'Pacific/Niue', 1, NULL, NULL),
('2477b845-cc13-4afe-8e51-82cd7f0ce13b', 'Jakarta', 'Asia/Jakarta', 1, NULL, NULL),
('24e9ea0a-e455-41c5-820b-872ece51415c', 'Cuiaba', 'America/Cuiaba', 1, NULL, NULL),
('2566ee02-c743-4cf3-bb67-8d9fb4397890', 'Jayapura', 'Asia/Jayapura', 1, NULL, NULL),
('25ae1946-d499-43de-82dc-9d5340e5ecb6', 'Blanc-Sablon', 'America/Blanc-Sablon', 1, NULL, NULL),
('25f22430-9051-42f9-b192-4a57fe18539b', 'Casablanca', 'Africa/Casablanca', 1, NULL, NULL),
('263e7216-45ae-47c3-8061-9175291b7ead', 'Skopje', 'Europe/Skopje', 1, NULL, NULL),
('273de04a-9d3f-486c-a976-9ec0242700f8', 'Sydney', 'Australia/Sydney', 1, NULL, NULL),
('276df61c-1391-4099-8ebe-4e812dc45d7a', 'Kentucky - Monticello', 'America/Kentucky/Monticello', 1, NULL, NULL),
('27a06a73-b88e-4a11-819b-e7354f4196aa', 'Bangkok', 'Asia/Bangkok', 1, NULL, NULL),
('286af7e6-b80e-4331-8a63-ebf61184b53d', 'Samarkand', 'Asia/Samarkand', 1, NULL, NULL),
('286e726a-c296-4520-8ceb-769f514cca8a', 'Amman', 'Asia/Amman', 1, NULL, NULL),
('28eb9f02-5a3c-49bf-a775-d84e82b13a04', 'Niamey', 'Africa/Niamey', 1, NULL, NULL),
('2b1c77dd-219f-41c5-9b6f-e0eb40c39ef9', 'Palmer', 'Antarctica/Palmer', 1, NULL, NULL),
('2c8dd237-8614-4a37-9c62-fefd960c6208', 'Bermuda', 'Atlantic/Bermuda', 1, NULL, NULL),
('2d145c8a-9bbf-466b-8c81-7994a7e09583', 'Coral Harbour', 'America/Coral_Harbour', 1, NULL, NULL),
('2fa25ff6-17eb-4498-b1f2-0feff49b3a01', 'Denver', 'America/Denver', 1, NULL, NULL),
('308c78ee-0d1a-4e7a-b6b6-59c188837646', 'Shanghai', 'Asia/Shanghai', 1, NULL, NULL),
('30dfb568-8c4d-4adb-a8a7-897162609e0d', 'Calcutta', 'Asia/Calcutta', 1, NULL, NULL),
('31b64813-7af3-44e5-b795-3f5305d5140f', 'Harare', 'Africa/Harare', 1, NULL, NULL),
('31d5aa4c-e516-4f4b-bdbd-e50e1c0f69d4', 'Bangui', 'Africa/Bangui', 1, NULL, NULL),
('339b2f53-8790-49b5-ad5e-8429904458cb', 'Zagreb', 'Europe/Zagreb', 1, NULL, NULL),
('33d0251e-fb6c-4148-85fd-064366d5d790', 'Pyongyang', 'Asia/Pyongyang', 1, NULL, NULL),
('346389fa-e40e-4e7c-b332-18b5a452ac8b', 'Kashgar', 'Asia/Kashgar', 1, NULL, NULL),
('34a2201e-8a24-43b3-9cba-70963ed1390d', 'Caracas', 'America/Caracas', 1, NULL, NULL),
('352faaea-c5a4-44b0-a924-d14008b8c268', 'Apia', 'Pacific/Apia', 1, NULL, NULL),
('3550e673-37c1-41d9-a107-ab58c0f14eb8', 'NSW', 'Australia/NSW', 1, NULL, NULL),
('3584a861-4c04-4ac6-86fa-f0391f54fe7b', 'Argentina - Cordoba', 'America/Argentina/Cordoba', 1, NULL, NULL),
('3683513d-9b48-47a3-91b9-53e27789beeb', 'Chatham', 'Pacific/Chatham', 1, NULL, NULL),
('3780925a-f81f-4829-97ad-b64c2f84c706', 'Johnston', 'Pacific/Johnston', 1, NULL, NULL),
('37f3814e-3707-4ed8-b8f4-f4028fd0f30c', 'Brunei', 'Asia/Brunei', 1, NULL, NULL),
('381d3ecb-e475-4c51-8018-3d86b1db8398', 'Istanbul', 'Europe/Istanbul', 1, NULL, NULL),
('38c76caa-a67f-4f50-8653-16c9995fcc83', 'Maldives', 'Indian/Maldives', 1, NULL, NULL),
('38d0fd15-ca5e-4ccf-af90-921439542c10', 'Tunis', 'Africa/Tunis', 1, NULL, NULL),
('39ef24b2-d5cb-4554-b52d-1b2d8e6aded7', 'Broken Hill', 'Australia/Broken_Hill', 1, NULL, NULL),
('3a6723a2-3c36-4c11-952e-1ee31b89d969', 'Kampala', 'Africa/Kampala', 1, NULL, NULL),
('3aa38f7f-573b-45f3-bb59-93915f8cc0d8', 'Tortola', 'America/Tortola', 1, NULL, NULL),
('3b917485-342e-4a55-b97f-40faf6b47fec', 'Thule', 'America/Thule', 1, NULL, NULL),
('3d937d9e-2175-4c18-a7da-46ad067584bc', 'Brisbane', 'Australia/Brisbane', 1, NULL, NULL),
('3e9300dd-7c85-4cf4-988f-c8d953788801', 'Dili', 'Asia/Dili', 1, NULL, NULL),
('3f9a3f5d-d805-4707-a567-cdf4d57341e4', 'South Georgia', 'Atlantic/South_Georgia', 1, NULL, NULL),
('3ffe0121-712e-4608-9407-3298c3ea1870', 'Reykjavik', 'Atlantic/Reykjavik', 1, NULL, NULL),
('40b66cb0-e168-406f-8f4c-2e855df9843b', 'Honolulu', 'Pacific/Honolulu', 1, NULL, NULL),
('40e4cec2-47f3-4884-a6b1-83129a2b6b53', 'Banjul', 'Africa/Banjul', 1, NULL, NULL),
('41fe8297-1de3-477f-aeb3-d1253be115d5', 'South', 'Australia/South', 1, NULL, NULL),
('4204921f-071b-4a8c-80d0-574d429c2f41', 'Tegucigalpa', 'America/Tegucigalpa', 1, NULL, NULL),
('42426508-a3e7-4c5f-8771-76bfcece6f4a', 'Virgin', 'America/Virgin', 1, NULL, NULL),
('428d2780-070f-46f9-996a-6455f7e3de2f', 'Montevideo', 'America/Montevideo', 1, NULL, NULL),
('42e44d5e-b0ad-4a99-849c-7f230a79184d', 'Pontianak', 'Asia/Pontianak', 1, NULL, NULL),
('440f13ed-59cb-45fb-906d-319e40c7fc17', 'Rarotonga', 'Pacific/Rarotonga', 1, NULL, NULL),
('4485a72a-8097-4ff6-85be-842a7a8cd3fa', 'El Aaiun', 'Africa/El_Aaiun', 1, NULL, NULL),
('457f2647-fbb5-4335-aca7-89e7857f45a6', 'Argentina - Mendoza', 'America/Argentina/Mendoza', 1, NULL, NULL),
('465a5563-7c1a-48be-9c50-1803d049f5e5', 'Indiana - Vevay', 'America/Indiana/Vevay', 1, NULL, NULL),
('474147cb-4c47-4f9a-899b-4050c1d1c7ed', 'Ensenada', 'America/Ensenada', 1, NULL, NULL),
('47580a9f-d57a-4f73-94a3-3ac87e9d0e37', 'Lusaka', 'Africa/Lusaka', 1, NULL, NULL),
('47586297-370d-410a-b3ad-ef21cd8798f0', 'Tel Aviv', 'Asia/Tel_Aviv', 1, NULL, NULL),
('4a51f929-0f13-44e5-ab58-1878fd590fa1', 'Kaliningrad', 'Europe/Kaliningrad', 1, NULL, NULL),
('4a7291ba-9348-4d19-aec9-354156b98728', 'Faroe', 'Atlantic/Faroe', 1, NULL, NULL),
('4c1156d8-20d8-44ec-ad27-4d020c9bea9f', 'Mahe', 'Indian/Mahe', 1, NULL, NULL),
('4c24a9de-97c7-4196-97fa-91f02e433afd', 'Jujuy', 'America/Jujuy', 1, NULL, NULL),
('4cf0767a-486d-42c5-ad78-11171d2c9fe8', 'Rome', 'Europe/Rome', 1, NULL, NULL),
('4d892bf5-316a-4057-a455-6ac25352ccaf', 'Macau', 'Asia/Macau', 1, NULL, NULL),
('4dfbef6f-54d5-4f8d-bdc0-368951637b23', 'Volgograd', 'Europe/Volgograd', 1, NULL, NULL),
('4e3d619b-5474-4d7e-a9b8-0f9d390548aa', 'Jerusalem', 'Asia/Jerusalem', 1, NULL, NULL),
('4ee4e3e2-166b-4137-9e6c-f1bc9ab04387', 'Knox IN', 'America/Knox_IN', 1, NULL, NULL),
('4fd03d0d-d926-48b6-b183-39251c9a544e', 'Truk', 'Pacific/Truk', 1, NULL, NULL),
('4feb121f-b093-4289-9ce3-ea32860657d3', 'Novosibirsk', 'Asia/Novosibirsk', 1, NULL, NULL),
('50389d71-8a6d-4ebf-997b-3b421f5475bf', 'Guatemala', 'America/Guatemala', 1, NULL, NULL),
('5118c6e3-9ecb-4db7-9d6b-ce40696003fe', 'Ashgabat', 'Asia/Ashgabat', 1, NULL, NULL),
('51827c15-92c8-40b4-be53-a59626e5c679', 'Tehran', 'Asia/Tehran', 1, NULL, NULL),
('51b7918c-118d-426d-8ca7-3989b2fabc08', 'Stockholm', 'Europe/Stockholm', 1, NULL, NULL),
('524de407-19b8-470a-bc62-d4e64b55f409', 'Fortaleza', 'America/Fortaleza', 1, NULL, NULL),
('52a27301-5c1c-445d-981f-cad328910aa8', 'Juneau', 'America/Juneau', 1, NULL, NULL),
('53049133-78e7-4eb2-9e37-a3004aa85321', 'Hovd', 'Asia/Hovd', 1, NULL, NULL),
('530b2795-7ae4-459a-9d8e-c957f82afbc7', 'Ceuta', 'Africa/Ceuta', 1, NULL, NULL),
('53391507-b510-4744-87f4-c2d2c44f9edf', 'Minsk', 'Europe/Minsk', 1, NULL, NULL),
('5370d4f3-fc85-46a4-b391-f2d9f272aa76', 'Whitehorse', 'America/Whitehorse', 1, NULL, NULL),
('53dfc0b1-9400-4dee-812e-6fe4f3b564ec', 'North Dakota - New Salem', 'America/North_Dakota/New_Salem', 1, NULL, NULL),
('54554bf7-bb18-4f83-b945-0e69c65158ae', 'Khartoum', 'Africa/Khartoum', 1, NULL, NULL),
('547a6f3a-9245-4103-9cdb-3a0829ddc185', 'Irkutsk', 'Asia/Irkutsk', 1, NULL, NULL),
('547ef540-921a-4dd8-8809-aefc5c5d9c14', 'Jan Mayen', 'Atlantic/Jan_Mayen', 1, NULL, NULL),
('558c8fb5-e39a-4ab2-a8af-138238c905d2', 'Port Moresby', 'Pacific/Port_Moresby', 1, NULL, NULL),
('55b58be3-0158-4c40-8aef-e257e6282bb9', 'Havana', 'America/Havana', 1, NULL, NULL),
('56ed4a63-8d03-4cac-9753-0e6c490beff5', 'Argentina - ComodRivadavia', 'America/Argentina/ComodRivadavia', 1, NULL, NULL),
('579936fa-1c87-46ef-93e7-747949bf910f', 'Canberra', 'Australia/Canberra', 1, NULL, NULL),
('581ee8bb-2f01-4abc-944d-191503ad3ad1', 'Kentucky - Louisville', 'America/Kentucky/Louisville', 1, NULL, NULL),
('584366de-beff-4464-b21f-4089be01bd7f', 'Indianapolis', 'America/Indianapolis', 1, NULL, NULL),
('58ebf541-9e1e-4a44-be3f-95ee9a920a73', 'Recife', 'America/Recife', 1, NULL, NULL),
('5996cd38-83ac-436c-9abc-039c43b708c7', 'Nouakchott', 'Africa/Nouakchott', 1, NULL, NULL),
('5a07f51c-5cf6-4517-abf0-9d5fc15d40f4', 'Kiev', 'Europe/Kiev', 1, NULL, NULL),
('5adf73b5-cdfa-400f-8d4b-7d3a02fdadb1', 'Norfolk', 'Pacific/Norfolk', 1, NULL, NULL),
('5aef0ce5-57ec-48ff-92ff-8badd1b78e84', 'Cambridge Bay', 'America/Cambridge_Bay', 1, NULL, NULL),
('5afd2357-8790-477d-84f9-1d8dc2454c87', 'Tbilisi', 'Asia/Tbilisi', 1, NULL, NULL),
('5b0ab416-f961-445c-937a-ef8ef72781be', 'Andorra', 'Europe/Andorra', 1, NULL, NULL),
('5b8173d9-7bd3-4499-88c5-1df9e153fb87', 'New York (Eastern)', 'America/New_York', 1, NULL, NULL),
('5ba38144-75d2-49b3-a938-420215e638b3', 'Thimphu', 'Asia/Thimphu', 1, NULL, NULL),
('5bd02e3c-0519-46d3-810e-f04b5c71b045', 'Chongqing', 'Asia/Chongqing', 1, NULL, NULL),
('5c1dd54f-d7c6-47d1-88c0-4572738dbcfa', 'Phnom Penh', 'Asia/Phnom_Penh', 1, NULL, NULL),
('5c780193-9fc4-41c9-b337-3c177e5f067b', 'Cairo', 'Africa/Cairo', 1, NULL, NULL),
('5cde932e-92d5-453d-91c8-48be5d4f41c2', 'Aqtobe', 'Asia/Aqtobe', 1, NULL, NULL),
('5d9a14be-df10-4476-9363-7b9ce8ec615f', 'Abidjan', 'Africa/Abidjan', 1, NULL, NULL),
('5d9bdbbb-b982-4baf-99db-d125aa0892b5', 'Faeroe', 'Atlantic/Faeroe', 1, NULL, NULL),
('5ddaf746-3925-4102-9efe-f9f4c0193e99', 'Fort Wayne', 'America/Fort_Wayne', 1, NULL, NULL),
('5e800125-e362-4349-a176-74f9b119e18a', 'Catamarca', 'America/Catamarca', 1, NULL, NULL),
('5ed88f67-57dc-45a4-9672-263450dc9f32', 'Grand Turk', 'America/Grand_Turk', 1, NULL, NULL),
('5eddbe0d-1371-4e69-8510-ecd23ade895d', 'Tashkent', 'Asia/Tashkent', 1, NULL, NULL),
('5fabf255-5f0d-4a99-9d84-a463a7a4e5f7', 'Gaborone', 'Africa/Gaborone', 1, NULL, NULL),
('5fe893b0-f80c-43b8-bb54-513bf4eba9fa', 'Phoenix (MST)', 'America/Phoenix', 1, NULL, NULL),
('601e39c2-5d7b-4086-b509-ac000c9e3800', 'Buenos Aires', 'America/Buenos_Aires', 1, NULL, NULL),
('6085079b-41cf-4a68-8a0c-08371877ea99', 'Matamoros', 'America/Matamoros', 1, NULL, NULL),
('60c3e77f-1ec8-43c1-b11e-f30414c3906f', 'Guernsey', 'Europe/Guernsey', 1, NULL, NULL),
('60dddb16-23f3-49b7-96ec-85580fb240b1', 'Santiago', 'America/Santiago', 1, NULL, NULL),
('616b3c10-e436-4d12-b283-cb2d3bbbe63c', 'Katmandu', 'Asia/Katmandu', 1, NULL, NULL),
('61a23d8e-3318-4ef5-8216-5237e72a5880', 'St Thomas', 'America/St_Thomas', 1, NULL, NULL),
('61aa6006-f270-44f4-a028-52a779369265', 'McMurdo', 'Antarctica/McMurdo', 1, NULL, NULL),
('62093f7e-5d3e-4a8d-bdd7-30a194bcb286', 'Harbin', 'Asia/Harbin', 1, NULL, NULL),
('631166bf-6b75-453c-bee5-13c48dea79de', 'Los Angeles', 'America/Los_Angeles', 1, NULL, NULL),
('63133fda-5da1-46d4-b9e0-f8fb07597e85', 'Kabul', 'Asia/Kabul', 1, NULL, NULL),
('63f93e60-3a95-41fd-b8ae-02d8752aabdf', 'Indiana - Vincennes', 'America/Indiana/Vincennes', 1, NULL, NULL),
('644b8514-d0ce-420b-b403-0ab104eba8a7', 'Detroit', 'America/Detroit', 1, NULL, NULL),
('645492a1-6a7b-46ee-a45e-79e2ba79dee7', 'Damascus', 'Asia/Damascus', 1, NULL, NULL),
('66e23e2d-47bc-4099-8f23-126169810c7a', 'Antigua', 'America/Antigua', 1, NULL, NULL),
('6755f2bc-cf98-4710-b596-cf47f150eac7', 'Paris', 'Europe/Paris', 1, NULL, NULL),
('6789a7e1-0b0c-45db-9721-1d9b58823adb', 'Timbuktu', 'Africa/Timbuktu', 1, NULL, NULL),
('6814f88b-ac64-470c-91de-e0b826d7a93a', 'Hermosillo', 'America/Hermosillo', 1, NULL, NULL),
('681abaaa-e14b-4618-9629-e98cccb0967c', 'Tirane', 'Europe/Tirane', 1, NULL, NULL),
('6829dbfc-46ba-4913-86d6-bea95e2be11b', 'Managua', 'America/Managua', 1, NULL, NULL),
('68829374-093c-4728-a58b-4aaf4c00d056', 'Port of Spain', 'America/Port_of_Spain', 1, NULL, NULL),
('6970de5e-3541-4212-b0ab-727fe8b637a6', 'Freetown', 'Africa/Freetown', 1, NULL, NULL),
('697dbd07-0706-4cd5-8f6a-1a9627fcf0c9', 'Nicosia', 'Asia/Nicosia', 1, NULL, NULL),
('69a675f5-524d-4594-a3eb-1b6a62fe4d97', 'Luanda', 'Africa/Luanda', 1, NULL, NULL),
('69fc9f5a-1117-4fbd-80a2-95475cd9645d', 'Anchorage', 'America/Anchorage', 1, NULL, NULL),
('6b102da4-a5c8-4117-b660-6418db43ecbf', 'St Helena', 'Atlantic/St_Helena', 1, NULL, NULL),
('6caab835-d1e0-463a-a2e7-3c3cb85047fe', 'Costa Rica', 'America/Costa_Rica', 1, NULL, NULL),
('6cc0f974-7ab2-4b12-80a1-f820ff404ab9', 'Kamchatka', 'Asia/Kamchatka', 1, NULL, NULL),
('6d10cc9b-f0e8-4c60-95c7-7668f99f9a4c', 'Chicago (Central)', 'America/Chicago', 1, NULL, NULL),
('6d474fd2-fd74-4449-a0f7-c6a57c9df8a9', 'South Pole', 'Antarctica/South_Pole', 1, NULL, NULL),
('6d8c7287-75df-46dc-abd8-222b929356cb', 'Istanbul', 'Asia/Istanbul', 1, NULL, NULL),
('6e54f075-59ac-4bf2-8952-11ffc627936e', 'Gibraltar', 'Europe/Gibraltar', 1, NULL, NULL),
('6ea197fd-b0f3-4f77-8e49-89195f5630a4', 'Magadan', 'Asia/Magadan', 1, NULL, NULL),
('6ebb7f5a-b7c4-40b4-800f-d2d54b4e9a9a', 'Bucharest', 'Europe/Bucharest', 1, NULL, NULL),
('6f7b99d9-952d-44b3-b6e6-3d086a343085', 'Nipigon', 'America/Nipigon', 1, NULL, NULL),
('7001919c-bc72-46ae-a301-c394f679ed9d', 'Montreal', 'America/Montreal', 1, NULL, NULL),
('70163b6d-82d5-45dc-a6e7-38fd64c0f2d7', 'Nairobi', 'Africa/Nairobi', 1, NULL, NULL),
('708f9491-7181-403b-a120-58fa0f69249b', 'Ponape', 'Pacific/Ponape', 1, NULL, NULL),
('70e13b33-2ced-4338-a75c-21770b6305a8', 'Luxembourg', 'Europe/Luxembourg', 1, NULL, NULL),
('70f7380b-eab2-45a9-9cc7-a51f02ee07d6', 'Simferopol', 'Europe/Simferopol', 1, NULL, NULL),
('71200562-4a76-4aee-bd1c-6383896f2f69', 'Kinshasa', 'Africa/Kinshasa', 1, NULL, NULL),
('71eadcf9-4eeb-4606-9230-01c2e6cae0af', 'Moscow', 'Europe/Moscow', 1, NULL, NULL),
('72014392-9684-4c2b-b54d-c687f341c99e', 'Santa Isabel', 'America/Santa_Isabel', 1, NULL, NULL),
('720b81c0-00fe-4172-8e42-1ebe7217feb6', 'Cordoba', 'America/Cordoba', 1, NULL, NULL),
('727fe77a-c36f-4c56-9b24-1e71b41c1d38', 'Darwin', 'Australia/Darwin', 1, NULL, NULL),
('72afb30f-d0d9-450c-83ef-eeee2736e145', 'Swift Current', 'America/Swift_Current', 1, NULL, NULL),
('7341bd35-b321-4872-89d6-21c121b6b6ca', 'Chisinau', 'Europe/Chisinau', 1, NULL, NULL),
('736fde30-e0cf-4b3f-8b5d-685b06185858', 'Tongatapu', 'Pacific/Tongatapu', 1, NULL, NULL),
('73715cbc-b6f8-4a6d-b9b4-7cc2944a3be7', 'Belize', 'America/Belize', 1, NULL, NULL),
('740de7cd-7699-4664-a84b-b2015327b3ae', 'El Salvador', 'America/El_Salvador', 1, NULL, NULL),
('74baaeac-bb36-4839-ac35-8aced3ff90d0', 'Mexico City', 'America/Mexico_City', 1, NULL, NULL),
('74d8c4da-c000-4372-a580-e9045dc6ceb8', 'Ndjamena', 'Africa/Ndjamena', 1, NULL, NULL),
('754b1fa4-47ec-4050-a9f6-e3c43a4c4ef1', 'Atka', 'America/Atka', 1, NULL, NULL),
('76516596-c526-4481-bb8b-37c2c298ba57', 'Indiana - Marengo', 'America/Indiana/Marengo', 1, NULL, NULL),
('775c0661-5ec5-41df-9a79-884953633981', 'Vancouver', 'America/Vancouver', 1, NULL, NULL),
('77cd1693-6583-468e-b4dc-d16f37fe1e9d', 'Madeira', 'Atlantic/Madeira', 1, NULL, NULL),
('78a480df-a1ca-4c2e-8115-af6c4d67ddfe', 'Uzhgorod', 'Europe/Uzhgorod', 1, NULL, NULL),
('78c059fa-5f01-4782-82d6-d8fa26fbaa35', 'Monaco', 'Europe/Monaco', 1, NULL, NULL),
('79642169-414a-420e-b811-c2b8eda4099a', 'Yakutat', 'America/Yakutat', 1, NULL, NULL),
('79d79616-4334-45d0-8e5c-eec3fe136ca5', 'Mauritius', 'Indian/Mauritius', 1, NULL, NULL),
('7a389fb6-dcd4-477e-93cf-b6f943de7b87', 'Porto-Novo', 'Africa/Porto-Novo', 1, NULL, NULL),
('7a45e1c1-0b51-42e4-a025-403b53ee3312', 'Chungking', 'Asia/Chungking', 1, NULL, NULL),
('7b530ed5-8c08-440f-ad41-933f9db910c6', 'Yekaterinburg', 'Asia/Yekaterinburg', 1, NULL, NULL),
('7b632dac-7764-44fc-839e-b01ea50cfd21', 'Yakutsk', 'Asia/Yakutsk', 1, NULL, NULL),
('7be3e5a6-9053-43be-8f0b-6999037d0c62', 'Muscat', 'Asia/Muscat', 1, NULL, NULL),
('7dc4c6a4-96a3-4e71-bc63-a421cd50fb56', 'Manila', 'Asia/Manila', 1, NULL, NULL),
('7e6fbf69-f8b4-49b9-9a4a-db00871ab6c0', 'Rothera', 'Antarctica/Rothera', 1, NULL, NULL),
('7e95ad37-3b1a-4b66-a148-2e253b68f781', 'Libreville', 'Africa/Libreville', 1, NULL, NULL),
('7f200ab6-fb76-4eb0-ba0f-88335ab0c6b3', 'Djibouti', 'Africa/Djibouti', 1, NULL, NULL),
('7f46acae-8db1-4cb6-844e-a93e8544cbd7', 'Argentina - La Rioja', 'America/Argentina/La_Rioja', 1, NULL, NULL),
('7f92bd58-09f5-48db-84b2-32cbbafb0772', 'Dawson', 'America/Dawson', 1, NULL, NULL),
('7fb47ad2-74aa-445a-b138-281bd18962a2', 'Toronto', 'America/Toronto', 1, NULL, NULL),
('7fb98038-326d-4677-b510-345b3d7f71e7', 'Samara', 'Europe/Samara', 1, NULL, NULL),
('80d04ac7-0126-42c9-80dc-8d8d1eec8179', 'St Lucia', 'America/St_Lucia', 1, NULL, NULL),
('80e331b4-a23d-4199-b27b-3e2272c10564', 'Bamako', 'Africa/Bamako', 1, NULL, NULL),
('8151e6d3-6b42-4a05-8257-9b675afb99e8', 'Los Angeles (Pacific)', 'America/Los_Angeles', 1, NULL, NULL),
('81ca5ba2-1f5f-4a1f-aaa2-8b571868fa5c', 'Mogadishu', 'Africa/Mogadishu', 1, NULL, NULL),
('82b15435-05a4-431c-9711-b788d1f85a3c', 'Winnipeg', 'America/Winnipeg', 1, NULL, NULL),
('82c5efb9-8ddf-4929-a521-18b3b075ad3b', 'Grenada', 'America/Grenada', 1, NULL, NULL),
('8349d150-6aea-4f54-a382-f0e15320e1ac', 'Saipan', 'Pacific/Saipan', 1, NULL, NULL),
('83ac674d-4ece-4fcf-bda2-ced6702e5888', 'Rio Branco', 'America/Rio_Branco', 1, NULL, NULL),
('83dc8ff5-e0e3-4766-8a3d-54c8880d9eeb', 'Argentina - Rio Gallegos', 'America/Argentina/Rio_Gallegos', 1, NULL, NULL),
('83e43202-1709-49af-b789-94f3ce14705d', 'Zurich', 'Europe/Zurich', 1, NULL, NULL),
('8490dea0-9758-4a13-922f-638c12272ab9', 'Thimbu', 'Asia/Thimbu', 1, NULL, NULL),
('84cf7eca-cfb6-4d91-b246-af1333ef59d7', 'Maceio', 'America/Maceio', 1, NULL, NULL),
('855e9cc9-a295-466d-96f5-2e810a6b6747', 'Makassar', 'Asia/Makassar', 1, NULL, NULL),
('85957722-024d-4864-991a-f0f703c0ec60', 'Marquesas', 'Pacific/Marquesas', 1, NULL, NULL),
('86c007c9-dcc1-4220-bacf-c8deb1a41a1b', 'Lagos', 'Africa/Lagos', 1, NULL, NULL),
('871192e4-5626-4567-8c5c-12d98a248744', 'Goose Bay', 'America/Goose_Bay', 1, NULL, NULL),
('872cdfe3-eb92-448a-8f5c-120a579403c1', 'Bahrain', 'Asia/Bahrain', 1, NULL, NULL),
('8914dd1b-5505-4bec-a099-f4b811a6dfa0', 'Montserrat', 'America/Montserrat', 1, NULL, NULL),
('89b5a3c3-491e-4e33-b364-7793e9aa2c4b', 'Cayenne', 'America/Cayenne', 1, NULL, NULL),
('89d1ca4c-6674-4171-b2af-b19f190fc41d', 'Perth', 'Australia/Perth', 1, NULL, NULL),
('8aade509-a7dd-4e1e-b4a7-cc74c0ac9f60', 'Berlin', 'Europe/Berlin', 1, NULL, NULL),
('8ab58627-1e55-4a3b-af6e-d6aaf85ad118', 'Helsinki', 'Europe/Helsinki', 1, NULL, NULL),
('8aea5a23-3314-4d9b-aa59-ea232abae2db', 'Denver (Mountain)', 'America/Denver', 1, NULL, NULL),
('8b933389-ffd6-435a-bbc5-3042300d9788', 'Monrovia', 'Africa/Monrovia', 1, NULL, NULL),
('8b9679a3-a22e-437a-9133-f3d1d8cbb5e8', 'Argentina - Catamarca', 'America/Argentina/Catamarca', 1, NULL, NULL),
('8bc4e124-9552-402f-b9c9-0e093b675d03', 'Kwajalein', 'Pacific/Kwajalein', 1, NULL, NULL),
('8c4b9800-e712-4b44-ad27-696a32a86548', 'Menominee', 'America/Menominee', 1, NULL, NULL),
('8c98b1ad-24bd-4ef4-9a05-c14757dcf1e2', 'Barbados', 'America/Barbados', 1, NULL, NULL),
('8cdb4563-0bb0-41dd-a67d-052dd1736f43', 'Merida', 'America/Merida', 1, NULL, NULL),
('8d119d38-5ce6-41ad-9a1d-50aba42808c0', 'Aruba', 'America/Aruba', 1, NULL, NULL),
('8dbc8835-217b-4211-85dd-190fb8d145d4', 'Comoro', 'Indian/Comoro', 1, NULL, NULL),
('8edf200e-70c3-4050-b6fd-d418119c5cb3', 'Ulan Bator', 'Asia/Ulan_Bator', 1, NULL, NULL),
('8f7a560f-726e-46d7-b9a5-6cad0a043805', 'Qyzylorda', 'Asia/Qyzylorda', 1, NULL, NULL),
('91618f1b-7226-4e30-8024-743985ddfbfb', 'Enderbury', 'Pacific/Enderbury', 1, NULL, NULL),
('917385d1-bfdd-4567-b67c-64b67a52e230', 'Glace Bay', 'America/Glace_Bay', 1, NULL, NULL),
('91f1e5dc-c80f-4d75-b2ae-2603ae491e91', 'Regina', 'America/Regina', 1, NULL, NULL),
('9339c564-a833-47ff-b9df-4beb2b20a0a6', 'Noumea', 'Pacific/Noumea', 1, NULL, NULL),
('9375f750-e675-4b70-b258-f6cf4049da25', 'Wake', 'Pacific/Wake', 1, NULL, NULL),
('949e37de-8f41-4dc3-ad71-6290beffd02c', 'Dhaka', 'Asia/Dhaka', 1, NULL, NULL),
('95108e58-9a63-4d38-b66f-ff48635be680', 'Podgorica', 'Europe/Podgorica', 1, NULL, NULL),
('9531fecd-da26-4cee-a3c2-09d1bb2b2222', 'Argentina - Buenos Aires', 'America/Argentina/Buenos_Aires', 1, NULL, NULL),
('95ef4add-95df-4da5-9f98-d35041d88ca9', 'Nassau', 'America/Nassau', 1, NULL, NULL),
('97497072-2671-43da-adcb-73f94f5d5e38', 'Iqaluit', 'America/Iqaluit', 1, NULL, NULL),
('97a2cab4-4a92-4bc8-9cf5-9cd20ca8f0a7', 'Belfast', 'Europe/Belfast', 1, NULL, NULL),
('97abe081-9cd0-4eb2-acff-01339ef77bbb', 'Sakhalin', 'Asia/Sakhalin', 1, NULL, NULL),
('984daea3-65dd-4161-97c1-1e45c58fd9b8', 'Inuvik', 'America/Inuvik', 1, NULL, NULL),
('9ad226a9-484d-42e2-83c4-3277c5ba616e', 'Copenhagen', 'Europe/Copenhagen', 1, NULL, NULL),
('9cf3543f-56bf-4a5a-b828-f7691be6a270', 'Lima', 'America/Lima', 1, NULL, NULL),
('9d52c3ad-cc99-44b2-a180-bb8471e4ec07', 'Kosrae', 'Pacific/Kosrae', 1, NULL, NULL),
('9d80e10c-0e5b-4087-8123-684a7913cdd3', 'UTC', 'UTC', 1, NULL, NULL),
('9d819f01-2606-4271-9098-13a1647186dc', 'Tahiti', 'Pacific/Tahiti', 1, NULL, NULL),
('9d9088d9-9a4d-432f-93d2-1ddc64ef5fc3', 'Jamaica', 'America/Jamaica', 1, NULL, NULL),
('9ea1ff1b-ba3a-4295-91bb-67902c878ab4', 'Baghdad', 'Asia/Baghdad', 1, NULL, NULL),
('9eab4103-b6f9-4c21-965d-a846f1cf79c7', 'Thunder Bay', 'America/Thunder_Bay', 1, NULL, NULL),
('9f01ceb8-a3fa-4032-9d6e-dee625d11792', 'Wallis', 'Pacific/Wallis', 1, NULL, NULL),
('9f07c63a-467d-4070-b994-163dde348251', 'Lubumbashi', 'Africa/Lubumbashi', 1, NULL, NULL),
('9fb07501-5fc4-4c40-a4fb-f7cfe9299f1a', 'Seoul', 'Asia/Seoul', 1, NULL, NULL),
('a03aac83-916b-48b2-beeb-fa786585400e', 'Tokyo', 'Asia/Tokyo', 1, NULL, NULL),
('a0608148-69e1-4c00-8f96-95892296e33e', 'Cancun', 'America/Cancun', 1, NULL, NULL),
('a0956b23-cb98-4970-8df4-553ef82a5804', 'Sarajevo', 'Europe/Sarajevo', 1, NULL, NULL),
('a0e9b09b-5f35-4df8-9d6b-37dcdfb2750b', 'Guayaquil', 'America/Guayaquil', 1, NULL, NULL),
('a119f69c-1114-48b1-b1a4-f1a5a223b70f', 'Campo Grande', 'America/Campo_Grande', 1, NULL, NULL),
('a1378623-0d9a-4a37-925e-fed09067ab03', 'Colombo', 'Asia/Colombo', 1, NULL, NULL),
('a2e8f893-30f4-4af2-805c-62b2d155f216', 'Belgrade', 'Europe/Belgrade', 1, NULL, NULL),
('a2f2d7c5-fe93-42d5-a2ce-b7707be37df2', 'Nicosia', 'Europe/Nicosia', 1, NULL, NULL),
('a305ee89-0d6a-402b-8a87-08521b69ec9c', 'Mayotte', 'Indian/Mayotte', 1, NULL, NULL),
('a32f60eb-d4ac-4ddf-a8a5-42391f466c35', 'Taipei', 'Asia/Taipei', 1, NULL, NULL),
('a477d5b3-eb3d-4f67-83ae-05a2c7f9515e', 'Longyearbyen', 'Arctic/Longyearbyen', 1, NULL, NULL),
('a48bb260-0f93-4749-8666-bd2a93caac53', 'Bogota', 'America/Bogota', 1, NULL, NULL),
('a5eb06e9-a8c4-4295-9e4a-bc6b87325b11', 'Samoa', 'Pacific/Samoa', 1, NULL, NULL),
('a62b7788-d605-4776-abf8-094d58baf758', 'Zaporozhye', 'Europe/Zaporozhye', 1, NULL, NULL),
('a674e26c-2e20-4f6c-9b59-9a8245e83c15', 'Warsaw', 'Europe/Warsaw', 1, NULL, NULL),
('a6a65a9f-cc14-4fd5-8a08-642eaeb0d2f5', 'Palau', 'Pacific/Palau', 1, NULL, NULL),
('a775a258-0121-40ab-add8-12c35ff48d3c', 'Gaza', 'Asia/Gaza', 1, NULL, NULL),
('a7a839e0-2565-4ead-bbe2-a41a5003794b', 'Pago Pago', 'Pacific/Pago_Pago', 1, NULL, NULL),
('a8e3c19f-3711-4477-be6f-cb81983be4ca', 'Porto Acre', 'America/Porto_Acre', 1, NULL, NULL),
('a8f6cb74-3c1a-4818-9dd5-fcabbb0084bf', 'Yellowknife', 'America/Yellowknife', 1, NULL, NULL),
('a9199049-85b2-48f4-a52b-79bc2f5ec4b8', 'St Kitts', 'America/St_Kitts', 1, NULL, NULL),
('a95b4b10-77d2-453e-ac5a-5a9aa2a85986', 'Nauru', 'Pacific/Nauru', 1, NULL, NULL),
('aaaba7c4-85a5-4076-9b58-3d33f95ed1a6', 'Amsterdam', 'Europe/Amsterdam', 1, NULL, NULL),
('ac168e4d-d920-4351-ae2c-245a104b66aa', 'Argentina - Tucuman', 'America/Argentina/Tucuman', 1, NULL, NULL),
('ac936457-01a0-4435-ad6c-cf9d8a39ca90', 'Omsk', 'Asia/Omsk', 1, NULL, NULL),
('add2bb2e-05a1-48cf-9773-bc1cbb963291', 'Pangnirtung', 'America/Pangnirtung', 1, NULL, NULL),
('ae7cf86c-8c07-4582-86b3-e27ec22f98bb', 'Eirunepe', 'America/Eirunepe', 1, NULL, NULL),
('af0a6fb2-ac49-4db2-911f-400992502318', 'Davis', 'Antarctica/Davis', 1, NULL, NULL),
('af3f476c-bd1b-4257-b03f-441cdfbf500f', 'Conakry', 'Africa/Conakry', 1, NULL, NULL),
('af6c7073-8b29-4564-acb6-0b0e99eb5bce', 'Tarawa', 'Pacific/Tarawa', 1, NULL, NULL),
('af7c8eeb-0b69-4790-b95b-41788d70bdd8', 'Easter', 'Pacific/Easter', 1, NULL, NULL),
('afb41c54-c225-4d8e-bb9c-52cc79cfc400', 'North', 'Australia/North', 1, NULL, NULL),
('afc40b53-2522-408f-8b64-133dfbec197a', 'Santo Domingo', 'America/Santo_Domingo', 1, NULL, NULL),
('b0584043-df94-453d-bcaa-58ced35e4ceb', 'Cocos', 'Indian/Cocos', 1, NULL, NULL),
('b0d71f99-3efd-4978-8f22-10f40db008de', 'Algiers', 'Africa/Algiers', 1, NULL, NULL),
('b0da4491-254b-49dc-8494-0e6a302b895b', 'Dar es Salaam', 'Africa/Dar_es_Salaam', 1, NULL, NULL),
('b0dec8a2-a599-4896-8de5-05fce0322497', 'Boa Vista', 'America/Boa_Vista', 1, NULL, NULL),
('b27078ad-128a-4276-932a-e35c1bbba128', 'Lindeman', 'Australia/Lindeman', 1, NULL, NULL),
('b451e142-90f4-4df7-a2ff-6b64babc5a99', 'Chihuahua', 'America/Chihuahua', 1, NULL, NULL),
('b4948b30-96f9-464d-9cfa-1f3fa3d7352b', 'New York', 'America/New_York', 1, NULL, NULL),
('b4aa98af-9f79-434e-8c20-b3b6217951af', 'Adelaide', 'Australia/Adelaide', 1, NULL, NULL),
('b5c5fba4-99fa-43e9-a1c8-738ec0fbc5e2', 'Puerto Rico (Atlantic)', 'America/Puerto_Rico', 1, NULL, NULL),
('b701bd00-560a-4611-85c1-f008354bfe1a', 'Oslo', 'Europe/Oslo', 1, NULL, NULL),
('b71d03f7-0564-4159-8d8f-f67e3af8df87', 'Antananarivo', 'Indian/Antananarivo', 1, NULL, NULL),
('b7a332e1-e566-43c8-8672-632798e2f776', 'Asmera', 'Africa/Asmera', 1, NULL, NULL),
('b8bf6bfc-2780-4c4a-afc2-499237aa8975', 'Auckland', 'Pacific/Auckland', 1, NULL, NULL),
('b96009c1-e18b-4872-8730-d136db615f6b', 'Midway', 'Pacific/Midway', 1, NULL, NULL),
('ba0f58c2-8533-4fc5-a67c-e293472de9bf', 'Reunion', 'Indian/Reunion', 1, NULL, NULL),
('bac2a016-c08f-42f1-a3d2-58b78722ce26', 'Urumqi', 'Asia/Urumqi', 1, NULL, NULL),
('bb07e0bc-f996-44b1-96c4-f28717dd1a9d', 'DumontDUrville', 'Antarctica/DumontDUrville', 1, NULL, NULL),
('bbb95771-c115-46ca-9492-70bd8d1274af', 'Indiana - Knox', 'America/Indiana/Knox', 1, NULL, NULL),
('bc9320b7-f50c-4dc2-8581-baa76070c682', 'Chicago', 'America/Chicago', 1, NULL, NULL),
('bce5567a-7eae-4a05-9f55-d5a38e45d835', 'Kuala Lumpur', 'Asia/Kuala_Lumpur', 1, NULL, NULL),
('bd1dd37b-f232-40cc-ba37-02b8f8ddfe85', 'Shiprock', 'America/Shiprock', 1, NULL, NULL),
('bdbd9fda-e6d7-4acb-9ae2-0b68171d15cb', 'Prague', 'Europe/Prague', 1, NULL, NULL),
('bdcf4d97-35c2-46ad-b5ce-c9c0a1677a3f', 'West', 'Australia/West', 1, NULL, NULL),
('bf396ae6-34bc-49bb-9247-f96be8522c0e', 'Vientiane', 'Asia/Vientiane', 1, NULL, NULL),
('bfc716e4-d2b7-4dcc-b9e1-de0cbec93b49', 'Baku', 'Asia/Baku', 1, NULL, NULL),
('c16a0098-3d19-4387-b473-9c50f88cb97d', 'Lisbon', 'Europe/Lisbon', 1, NULL, NULL),
('c2b09703-e425-4e02-9498-06eda36282dc', 'Vienna', 'Europe/Vienna', 1, NULL, NULL),
('c2d1bb54-715a-4f92-9098-3cee57153b74', 'Dubai', 'Asia/Dubai', 1, NULL, NULL),
('c61d40c9-b666-4713-ad6f-9e6bee510057', 'Noronha', 'America/Noronha', 1, NULL, NULL),
('c90f4221-6dbd-4cd5-b23c-8794c92215cf', 'Currie', 'Australia/Currie', 1, NULL, NULL),
('ca08058c-ed11-4940-80a2-bf275020a0d9', 'Edmonton', 'America/Edmonton', 1, NULL, NULL),
('ca8b99aa-5c12-4c70-9609-c58b828ed6fe', 'Dominica', 'America/Dominica', 1, NULL, NULL),
('cbf53b1e-644b-4664-bcee-170a07cbdc4a', 'Monterrey', 'America/Monterrey', 1, NULL, NULL),
('cc61a466-98a0-490b-b40e-a733f85fdb99', 'Kuwait', 'Asia/Kuwait', 1, NULL, NULL),
('cca062df-987a-49c5-9995-fb1bf9e0b78f', 'Galapagos', 'Pacific/Galapagos', 1, NULL, NULL),
('ccb9bb53-b5d4-421b-ac16-da29dc27c2db', 'Araguaina', 'America/Araguaina', 1, NULL, NULL),
('cd160e59-a088-48b2-8eb5-b8ebfd9afd89', 'Tijuana', 'America/Tijuana', 1, NULL, NULL),
('cd36e73d-71f0-4567-9ad1-ce80064594eb', 'Isle of Man', 'Europe/Isle_of_Man', 1, NULL, NULL),
('cde481ee-d0aa-4721-a3d0-00ad9249264e', 'Scoresbysund', 'America/Scoresbysund', 1, NULL, NULL),
('ce4a6fcc-f19d-4361-9469-f3413d246d34', 'Pitcairn', 'Pacific/Pitcairn', 1, NULL, NULL),
('ce902b08-d276-4ec3-bf41-2be0b570451b', 'Lome', 'Africa/Lome', 1, NULL, NULL),
('cfe7c315-3df1-4492-a769-8ead7a80d479', 'Choibalsan', 'Asia/Choibalsan', 1, NULL, NULL),
('cfea4a57-673c-4965-9235-cab06f8c2beb', 'Accra', 'Africa/Accra', 1, NULL, NULL),
('d001d70e-896d-4242-816c-d3745a7eec7d', 'Dakar', 'Africa/Dakar', 1, NULL, NULL),
('d19a6440-1367-414d-a7ea-84cb894d6b39', 'Johannesburg', 'Africa/Johannesburg', 1, NULL, NULL),
('d1b215d6-2c7d-474d-ad7c-e4ca0a2178ef', 'Victoria', 'Australia/Victoria', 1, NULL, NULL),
('d1fef387-11f4-43e3-90e4-4da0361839ff', 'Atikokan', 'America/Atikokan', 1, NULL, NULL),
('d2764430-735d-4ccd-88f6-d1444e037d37', 'Cayman', 'America/Cayman', 1, NULL, NULL),
('d30b485e-d720-42d5-b9a5-234be45be076', 'Yerevan', 'Asia/Yerevan', 1, NULL, NULL),
('d30d3064-4f5e-4c94-9c93-43d0eaa0f036', 'Almaty', 'Asia/Almaty', 1, NULL, NULL),
('d32801ad-14f0-411e-b774-7a7b89b8c71d', 'Brussels', 'Europe/Brussels', 1, NULL, NULL),
('d3e6a103-5378-47eb-906c-4918b889ed92', 'Gambier', 'Pacific/Gambier', 1, NULL, NULL),
('d401d09f-73e7-402f-926e-a80485d56973', 'Curacao', 'America/Curacao', 1, NULL, NULL),
('d40b001d-a1d0-4914-a05d-edcae38e0fbd', 'Maseru', 'Africa/Maseru', 1, NULL, NULL),
('d4694a2b-e9af-44b4-944d-c25d3b76c3c5', 'Guadeloupe', 'America/Guadeloupe', 1, NULL, NULL),
('d4cd265f-6375-4f66-84f0-80989c5d7ad9', 'Fakaofo', 'Pacific/Fakaofo', 1, NULL, NULL),
('d4ebb8bc-b130-47bd-86d3-7d13a43a3538', 'Indiana - Indianapolis', 'America/Indiana/Indianapolis', 1, NULL, NULL),
('d4fadbe2-440f-479b-9f26-5446181988f3', 'Mbabane', 'Africa/Mbabane', 1, NULL, NULL),
('d5e3f152-49e6-44f7-9842-f662016aa68b', 'Chagos', 'Indian/Chagos', 1, NULL, NULL),
('d6ad24da-7e51-474b-afed-5139562061f5', 'Indiana - Tell City', 'America/Indiana/Tell_City', 1, NULL, NULL),
('d72909eb-8386-4da0-9ef2-5ef68f551177', 'Halifax', 'America/Halifax', 1, NULL, NULL),
('d754d781-a419-4adc-9e94-14052a7969ad', 'Bissau', 'Africa/Bissau', 1, NULL, NULL),
('d789833f-a1df-4936-9327-1e7e85be6f19', 'Anchorage (Alaska)', 'America/Anchorage', 1, NULL, NULL),
('d80f91ed-301b-499d-ab88-d6dcec4e9910', 'Yancowinna', 'Australia/Yancowinna', 1, NULL, NULL),
('d8553b13-c6dd-403b-8ce7-5797f4d39d91', 'Fiji', 'Pacific/Fiji', 1, NULL, NULL),
('d86f1714-2753-4a0f-8091-71ee994f4674', 'Port-au-Prince', 'America/Port-au-Prince', 1, NULL, NULL),
('d9160064-c62f-4906-85cb-5eb0dabca860', 'LHI', 'Australia/LHI', 1, NULL, NULL),
('d9945e53-dcd5-4815-92d1-f85924ff71fe', 'Qatar', 'Asia/Qatar', 1, NULL, NULL),
('da833e18-4786-487a-bd72-1f60c93c287b', 'Macao', 'Asia/Macao', 1, NULL, NULL),
('da982759-a6b5-4957-af73-2d269fa9fbbb', 'Bahia', 'America/Bahia', 1, NULL, NULL),
('dac586f6-fada-467f-b6f3-346047221af2', 'Kathmandu', 'Asia/Kathmandu', 1, NULL, NULL),
('dc16753c-d725-478a-abea-e618feef78b0', 'Brazzaville', 'Africa/Brazzaville', 1, NULL, NULL),
('dc67aeeb-5c38-4dae-a618-4d4686287f7c', 'Mariehamn', 'Europe/Mariehamn', 1, NULL, NULL),
('dcb8dc10-f752-41bc-a823-56a3fbc977ab', 'Madrid', 'Europe/Madrid', 1, NULL, NULL),
('dd1691c5-9f14-490f-b688-1988a369eda4', 'Oral', 'Asia/Oral', 1, NULL, NULL),
('dd4ba873-5f4a-45aa-9da8-1e794ac59a90', 'Christmas', 'Indian/Christmas', 1, NULL, NULL),
('de25f2f3-0625-4d6a-ae6f-365b2d58b99e', 'Sao Paulo', 'America/Sao_Paulo', 1, NULL, NULL),
('de6fe182-91a6-4060-a848-64b60e6b41f4', 'Adak', 'America/Adak', 1, NULL, NULL),
('dfc00fc1-a288-4d2b-92e7-8a6023327163', 'Guam', 'Pacific/Guam', 1, NULL, NULL),
('e0acc537-9893-4ff2-87bf-f5dd9ab34b98', 'Paramaribo', 'America/Paramaribo', 1, NULL, NULL),
('e11f8ba0-8bc6-4f2c-8522-e501fb38b964', 'Hong Kong', 'Asia/Hong_Kong', 1, NULL, NULL),
('e1b35916-c537-4eda-86ac-1e7567fd1234', 'Mawson', 'Antarctica/Mawson', 1, NULL, NULL),
('e1d7eb7c-9a2d-4f54-adac-2a86acb6f88a', 'Porto Velho', 'America/Porto_Velho', 1, NULL, NULL),
('e3fc5ad7-84e5-4124-94a3-17da24ce3b68', 'Kuching', 'Asia/Kuching', 1, NULL, NULL),
('e420759f-93da-4e75-913f-d2a4ada2938d', 'Efate', 'Pacific/Efate', 1, NULL, NULL),
('e43463e2-958f-47a6-89ec-4d22db37ca4e', 'Kigali', 'Africa/Kigali', 1, NULL, NULL),
('e46fd24c-9998-4f66-8d26-fda91edf099a', 'Azores', 'Atlantic/Azores', 1, NULL, NULL),
('e4a6e03b-567b-4c8b-89d0-15161d2fcee4', 'Vostok', 'Antarctica/Vostok', 1, NULL, NULL),
('e5402904-5daf-494e-a2fb-f452b82cc7df', 'Kerguelen', 'Indian/Kerguelen', 1, NULL, NULL),
('e5da9c65-d755-4fba-8555-8fcc7be5d98c', 'Sao Tome', 'Africa/Sao_Tome', 1, NULL, NULL),
('e6703008-c6e1-479c-b6cb-1db21349f531', 'Mendoza', 'America/Mendoza', 1, NULL, NULL),
('e6ad148e-4621-4ecf-b288-cb2230cff19f', 'Aqtau', 'Asia/Aqtau', 1, NULL, NULL),
('e8286e70-eac8-487f-be52-677019d25314', 'Argentina - Jujuy', 'America/Argentina/Jujuy', 1, NULL, NULL),
('e879051b-0939-494b-86a7-70c28dc36858', 'Budapest', 'Europe/Budapest', 1, NULL, NULL),
('e8974cae-0fe9-4316-8840-dcc94e6f420a', 'Syowa', 'Antarctica/Syowa', 1, NULL, NULL),
('e9074329-11d9-4fae-b16e-6a247f332803', 'Athens', 'Europe/Athens', 1, NULL, NULL),
('e9ee05fe-c0cc-40d8-b2ac-003126dc321d', 'San Marino', 'Europe/San_Marino', 1, NULL, NULL),
('ea2f286c-8772-41d6-b357-dba697e816d9', 'Vaduz', 'Europe/Vaduz', 1, NULL, NULL),
('ea630a08-0f2b-497b-b249-90ebc832e21d', 'Rangoon', 'Asia/Rangoon', 1, NULL, NULL),
('eaaee6c4-f66e-438d-bcfe-f38a9d7eb09c', 'Argentina - San Juan', 'America/Argentina/San_Juan', 1, NULL, NULL),
('eaba50c6-e33e-4627-bb6d-5879826d1e58', 'Indiana - Winamac', 'America/Indiana/Winamac', 1, NULL, NULL),
('ebab8fd7-5c80-450d-a40a-3c599e4137e2', 'Vladivostok', 'Asia/Vladivostok', 1, NULL, NULL),
('ebb3ce1d-36e9-4af1-814b-fd63a95c5887', 'Maputo', 'Africa/Maputo', 1, NULL, NULL),
('ed28971c-6f51-4f35-9dad-89d08ee08b1e', 'Argentina - Salta', 'America/Argentina/Salta', 1, NULL, NULL),
('efcdc110-733d-4a06-a57c-78fb65510e85', 'St Johns', 'America/St_Johns', 1, NULL, NULL),
('f01edc3c-a16b-417d-a98d-34deb05e8950', 'Bratislava', 'Europe/Bratislava', 1, NULL, NULL),
('f0518a06-f939-4137-a6bc-f2f9f5d40ed6', 'Malta', 'Europe/Malta', 1, NULL, NULL),
('f095a13f-8b6e-4f8c-b104-a5885257d74b', 'Dawson Creek', 'America/Dawson_Creek', 1, NULL, NULL),
('f21feecc-fab4-4363-99dc-e55b0af4b7c6', 'Martinique', 'America/Martinique', 1, NULL, NULL),
('f256d414-aa64-4262-b6aa-6fc590b94a77', 'Saigon', 'Asia/Saigon', 1, NULL, NULL),
('f28df587-2ea3-42f6-9afa-17d133e019e5', 'Casey', 'Antarctica/Casey', 1, NULL, NULL),
('f4ea474f-3965-4b41-a6b1-99f0b1384a11', 'Sofia', 'Europe/Sofia', 1, NULL, NULL),
('f507bfeb-1ba4-4ff3-9d2a-8ed0fe5531d5', 'Queensland', 'Australia/Queensland', 1, NULL, NULL),
('f57fa837-ffba-4d6a-8d58-452853f0b6ba', 'Karachi', 'Asia/Karachi', 1, NULL, NULL),
('f5873d6c-c0bc-4e09-af9f-3f4257549cb0', 'Bujumbura', 'Africa/Bujumbura', 1, NULL, NULL),
('f63f8a12-aa69-42bd-b14d-de9a87fcba58', 'Stanley', 'Atlantic/Stanley', 1, NULL, NULL),
('f67b350c-625f-4855-bffa-b84d5fcdecf1', 'Malabo', 'Africa/Malabo', 1, NULL, NULL),
('f6ad450e-5bdd-48dd-a1b9-331dd3bcd236', 'Beirut', 'Asia/Beirut', 1, NULL, NULL),
('f7092fe8-e86a-4142-8baa-847186831da1', 'Krasnoyarsk', 'Asia/Krasnoyarsk', 1, NULL, NULL),
('f70bed58-1487-40d7-b090-2b4e2e092bdc', 'Cape Verde', 'Atlantic/Cape_Verde', 1, NULL, NULL),
('f7305f0e-178d-48ed-8579-8de10d023350', 'Blantyre', 'Africa/Blantyre', 1, NULL, NULL),
('f736badb-e79c-4ef4-b633-b27bfb69d65f', 'Asmara', 'Africa/Asmara', 1, NULL, NULL),
('f7fc3aac-e549-49c3-a85d-89fec37a9d75', 'St Barthelemy', 'America/St_Barthelemy', 1, NULL, NULL),
('f7fe966a-ee8a-4d91-8483-64c5c6d561ae', 'Mazatlan', 'America/Mazatlan', 1, NULL, NULL),
('f860a7fd-48b4-40c3-a2a1-430a7ed9e67a', 'Moncton', 'America/Moncton', 1, NULL, NULL),
('f8c9bf10-3e59-4a90-81b6-87f5aaaaa3b8', 'Jersey', 'Europe/Jersey', 1, NULL, NULL),
('f9b59e63-3766-4c87-bdd1-4d0081246b5a', 'Rankin Inlet', 'America/Rankin_Inlet', 1, NULL, NULL),
('fa299ed8-4be9-4dc1-bbd3-b50b2482ff4e', 'Ouagadougou', 'Africa/Ouagadougou', 1, NULL, NULL),
('fafd994b-b842-42a2-bbc7-90edba45737d', 'ACT', 'Australia/ACT', 1, NULL, NULL),
('fbcf6c02-94a0-4b5a-a77d-efc63fbec098', 'Tallinn', 'Europe/Tallinn', 1, NULL, NULL),
('fcbb789d-4348-4dd3-8555-1293e9ab50e9', 'North Dakota - Center', 'America/North_Dakota/Center', 1, NULL, NULL),
('feaf37ba-9e07-4285-b11b-d1c2038e6826', 'Dacca', 'Asia/Dacca', 1, NULL, NULL),
('feb5df7e-b495-4eec-9008-accb1b15e03f', 'Marigot', 'America/Marigot', 1, NULL, NULL);

-- --------------------------------------------------------

--
-- Table structure for table `users_bank_info`
--

CREATE TABLE `users_bank_info` (
  `id` char(36) NOT NULL,
  `user_id` int(10) UNSIGNED DEFAULT NULL,
  `account_name` varchar(191) DEFAULT NULL,
  `account_no` varchar(191) DEFAULT NULL,
  `bank_code` varchar(191) DEFAULT NULL,
  `bank_name` varchar(191) DEFAULT NULL,
  `created_at` timestamp NULL DEFAULT NULL,
  `updated_at` timestamp NULL DEFAULT NULL
) ENGINE=InnoDB DEFAULT CHARSET=utf8mb4 COLLATE=utf8mb4_unicode_ci;

-- --------------------------------------------------------

--
-- Table structure for table `users_imported`
--

CREATE TABLE `users_imported` (
  `id` bigint(20) UNSIGNED NOT NULL,
  `user_id` int(10) UNSIGNED NOT NULL,
  `valid_file` tinyint(1) NOT NULL DEFAULT 0,
  `invalid_file` tinyint(1) NOT NULL DEFAULT 0,
  `invalid_file_path` varchar(191) DEFAULT NULL,
  `status` varchar(191) DEFAULT NULL,
  `created_at` timestamp NULL DEFAULT NULL,
  `updated_at` timestamp NULL DEFAULT NULL
) ENGINE=InnoDB DEFAULT CHARSET=utf8mb4 COLLATE=utf8mb4_unicode_ci;

-- --------------------------------------------------------

--
-- Table structure for table `user_details`
--

CREATE TABLE `user_details` (
  `id` char(36) NOT NULL,
  `user_id` int(10) UNSIGNED NOT NULL,
  `name` varchar(191) NOT NULL,
  `mobile` varchar(191) NOT NULL,
  `email` varchar(150) NOT NULL,
  `address` varchar(500) DEFAULT NULL,
  `state` varchar(50) DEFAULT NULL,
  `city` varchar(50) DEFAULT NULL,
  `country` int(10) UNSIGNED NOT NULL,
  `country_code` varchar(191) DEFAULT NULL,
  `gender` enum('male','fe-male','others') NOT NULL,
  `profile` varchar(191) DEFAULT NULL,
  `token` varchar(191) DEFAULT NULL,
  `token_expiry` timestamp NULL DEFAULT NULL,
  `device_token` varchar(191) DEFAULT NULL,
  `login_by` varchar(191) DEFAULT NULL,
  `created_at` timestamp NULL DEFAULT NULL,
  `updated_at` timestamp NULL DEFAULT NULL,
  `deleted_at` timestamp NULL DEFAULT NULL
) ENGINE=InnoDB DEFAULT CHARSET=utf8mb4 COLLATE=utf8mb4_unicode_ci;

-- --------------------------------------------------------

--
-- Table structure for table `user_driver_notifications`
--

CREATE TABLE `user_driver_notifications` (
  `id` char(36) NOT NULL,
  `notify_id` char(36) NOT NULL,
  `user_id` int(10) UNSIGNED DEFAULT NULL,
  `driver_id` int(10) UNSIGNED DEFAULT NULL,
  `is_read` tinyint(1) NOT NULL DEFAULT 0,
  `read_at` timestamp NULL DEFAULT NULL,
  `push_enum` varchar(191) DEFAULT NULL,
  `title` varchar(191) DEFAULT NULL,
  `body` longtext DEFAULT NULL,
  `image` varchar(191) DEFAULT NULL,
  `data` longtext DEFAULT NULL,
  `created_at` timestamp NULL DEFAULT NULL,
  `updated_at` timestamp NULL DEFAULT NULL,
  `deleted_at` timestamp NULL DEFAULT NULL,
  `chat_id` varchar(191) DEFAULT NULL
) ENGINE=InnoDB DEFAULT CHARSET=utf8mb4 COLLATE=utf8mb4_unicode_ci;

-- --------------------------------------------------------

--
-- Table structure for table `user_wallet`
--

CREATE TABLE `user_wallet` (
  `id` char(36) NOT NULL,
  `user_id` int(10) UNSIGNED NOT NULL,
  `amount_added` double(10,2) NOT NULL DEFAULT 0.00,
  `amount_balance` double(10,2) NOT NULL DEFAULT 0.00,
  `amount_spent` double(10,2) NOT NULL DEFAULT 0.00,
  `created_at` timestamp NULL DEFAULT NULL,
  `updated_at` timestamp NULL DEFAULT NULL
) ENGINE=InnoDB DEFAULT CHARSET=utf8mb4 COLLATE=utf8mb4_unicode_ci;

--
-- Dumping data for table `user_wallet`
--

INSERT INTO `user_wallet` (`id`, `user_id`, `amount_added`, `amount_balance`, `amount_spent`, `created_at`, `updated_at`) VALUES
('03057ee2-0567-48ee-b63a-53060de03106', 29, 0.00, 0.00, 0.00, '2025-10-13 11:13:29', '2025-10-13 11:13:29'),
('0b31f872-9931-4763-87be-3ff006ab0578', 2, 0.00, 0.00, 0.00, '2025-09-26 08:37:21', '2025-09-26 08:37:21'),
('2195aa7f-5914-4445-9957-2e4143a24a1c', 44, 0.00, 0.00, 0.00, '2025-10-17 06:40:03', '2025-10-17 06:40:03'),
('2ab5ff8b-2b61-4b95-b902-6076736a5349', 72, 0.00, 0.00, 0.00, '2025-11-06 06:19:09', '2025-11-06 06:19:09'),
('3001bd53-be04-4678-bd4d-8dd24027bbe1', 10, 0.00, 0.00, 0.00, '2025-09-26 10:22:44', '2025-09-26 10:22:44'),
('4721d1d8-9296-40ec-9112-6d55d89656c0', 60, 0.00, 0.00, 0.00, '2025-11-05 10:23:50', '2025-11-05 10:23:50'),
('59bc8bb5-7736-43db-b9a7-c0570da3f1bf', 21, 0.00, 0.00, 0.00, '2025-09-26 10:50:56', '2025-09-26 10:50:56'),
('77a3a834-7aa3-444c-a469-066648567994', 20, 0.00, 0.00, 0.00, '2025-09-26 10:50:56', '2025-09-26 10:50:56'),
('b81c1015-4b7b-40a0-a052-5e594afe3004', 27, 0.00, 0.00, 0.00, '2025-10-08 11:31:43', '2025-10-08 11:31:43'),
('d2f69094-e521-401c-bfaf-eb7ec34e1137', 28, 0.00, 0.00, 0.00, '2025-10-13 10:58:39', '2025-10-13 10:58:39'),
('eb5fc82d-b7b3-44aa-9880-f846292b34d3', 74, 0.00, 0.00, 0.00, '2025-11-06 10:56:15', '2025-11-06 10:56:15');

-- --------------------------------------------------------

--
-- Table structure for table `user_wallet_history`
--

CREATE TABLE `user_wallet_history` (
  `id` char(36) NOT NULL,
  `user_id` int(10) UNSIGNED NOT NULL,
  `card_id` char(36) DEFAULT NULL,
  `request_id` char(36) DEFAULT NULL,
  `refferal_code` varchar(191) DEFAULT NULL,
  `transaction_id` varchar(191) DEFAULT NULL,
  `amount` double(10,2) NOT NULL DEFAULT 0.00,
  `conversion` varchar(191) DEFAULT NULL,
  `merchant` varchar(191) DEFAULT NULL,
  `remarks` varchar(191) DEFAULT NULL,
  `is_credit` tinyint(1) NOT NULL DEFAULT 0,
  `admin_id` char(36) DEFAULT NULL,
  `created_at` timestamp NULL DEFAULT NULL,
  `updated_at` timestamp NULL DEFAULT NULL
) ENGINE=InnoDB DEFAULT CHARSET=utf8mb4 COLLATE=utf8mb4_unicode_ci;

-- --------------------------------------------------------

--
-- Table structure for table `vehicle_types`
--

CREATE TABLE `vehicle_types` (
  `id` char(36) NOT NULL,
  `company_key` varchar(191) DEFAULT NULL,
  `name` varchar(191) NOT NULL,
  `translation_dataset` text DEFAULT NULL,
  `icon` varchar(191) DEFAULT NULL,
  `icon_types_for` varchar(191) NOT NULL,
  `trip_dispatch_type` enum('bidding','normal','both') DEFAULT 'both',
  `capacity` int(11) NOT NULL DEFAULT 0,
  `size` varchar(191) DEFAULT NULL,
  `description` text DEFAULT NULL,
  `short_description` text DEFAULT NULL,
  `supported_vehicles` text DEFAULT NULL,
  `is_accept_share_ride` tinyint(1) NOT NULL DEFAULT 0,
  `active` tinyint(1) NOT NULL DEFAULT 1,
  `created_at` timestamp NULL DEFAULT NULL,
  `updated_at` timestamp NULL DEFAULT NULL,
  `deleted_at` timestamp NULL DEFAULT NULL,
  `is_taxi` enum('taxi','delivery','both') DEFAULT NULL
) ENGINE=InnoDB DEFAULT CHARSET=utf8mb4 COLLATE=utf8mb4_unicode_ci;

--
-- Dumping data for table `vehicle_types`
--

INSERT INTO `vehicle_types` (`id`, `company_key`, `name`, `translation_dataset`, `icon`, `icon_types_for`, `trip_dispatch_type`, `capacity`, `size`, `description`, `short_description`, `supported_vehicles`, `is_accept_share_ride`, `active`, `created_at`, `updated_at`, `deleted_at`, `is_taxi`) VALUES
('31f0cbbc-27a8-4cde-ac48-93a8dd52254d', NULL, 'Hatchback', NULL, 'cYH0izI19moeh3BbkNeh75M23dj2ISyj84GzKXIW.png', 'hatchback', 'both', 500, NULL, 'Hatchback Ride is the perfect choice for short trips and city commutes. Compact yet comfortable, hatchbacks offer affordable fares, easy maneuverability in traffic, and enough space for small groups or light luggage. Ideal for everyday rides with comfort and convenience at a budget-friendly price.', 'perfect choice for short trips and city commutes', NULL, 0, 1, '2025-09-26 09:40:21', '2025-09-26 09:40:21', NULL, 'taxi'),
('342279b9-db34-4b1f-971f-ffc8a07e9b7c', NULL, 'Taxi', NULL, 'f505sco8ZQ7amBXDAclC8TY7aSn7nJ0BlVpfd1Mv.png', 'car', 'both', 500, NULL, 'Taxi Ride provides you with a quick, reliable, and affordable way to get around the city.', 'Local non-AC taxi cabs', NULL, 0, 1, '2025-09-26 09:27:45', '2025-09-26 09:27:45', NULL, 'taxi'),
('42c789ca-c9f9-4c44-9951-3cdca24ac12a', NULL, 'HCV', NULL, 'QhORu9QlxIpEutpkNFP3wQ3xfB9PgJr1OkaP0Ubf.png', 'hcv', 'both', 35, '30ft (L) x 8.5 ft(W) x 12 ft(H)', 'Built for large-scale logistics and bulk transportation. With high payload capacity and spacious loading area, HCVs are perfect for industries, wholesalers, and businesses that need to move heavy goods across cities or states.', 'Best For: Industrial shipments, construction material, large-scale logistics, and intercity or interstate transport.', NULL, 0, 1, '2025-09-26 10:00:21', '2025-09-26 10:07:15', NULL, 'delivery'),
('54613ea2-2cae-4654-b6a3-646c192ee4bb', NULL, 'Bike', NULL, 'C8xZ3TDk5psHCXG83ElhoFICTlLp7044chJszp9v.png', 'motor_bike', 'both', 100, '2.2 m × 0.8 m × 1.1 m', 'Bike Ride is the fastest and most cost-effective way to navigate through busy city streets. Designed for solo riders or two people, bikes provide unmatched agility in traffic, allowing you to reach your destination quickly.', 'Fast, affordable, and convenient for solo travelers — perfect for quick trips and beating city traffic.', NULL, 0, 1, '2025-09-26 10:11:43', '2025-09-26 10:11:43', NULL, 'both'),
('65af1c75-a4c1-45ac-a450-9c89ca4a3155', NULL, 'LCV', NULL, 'NyfXaHHJU3JOBpUkS9fLhLlbgHpAnUUHIYzX8JrT.png', 'lcv', 'normal', 800, '10ft (L) x 4.5 ft(W) x 6ft (H)', 'LCV Ride is designed for transporting goods safely and efficiently. With ample loading space and strong build, it’s ideal for shifting furniture, appliances, bulk deliveries, or business supplies. Reliable drivers and sturdy vehicles ensure smooth transport for both short and long distances.', 'Best For: Small business deliveries, home shifting, and bulk transport needs.', NULL, 0, 1, '2025-09-26 09:52:06', '2025-09-26 10:07:30', NULL, 'delivery'),
('94fef07a-87c3-4777-830d-9a05d11eea3a', NULL, 'SUV', NULL, 'UYAV8CH4WkSjddBDl2g0Ghi4mgbpcK6DqqboAPPo.png', 'suv', 'both', 700, NULL, 'SUV Ride gives you extra space, comfort, and power for longer trips or when traveling with more people. With roomy seating, higher ground clearance, and ample luggage space, SUVs are ideal for family outings, group travel, or airport rides. They ensure a smooth, comfortable, and premium travel experience, even on rougher roads.', 'Perfect for larger groups, airport transfers, and long-distance travel.', NULL, 0, 1, '2025-09-26 09:44:56', '2025-09-26 09:44:56', NULL, 'taxi'),
('b599844f-9f87-4e56-8501-60b9a2a17a80', NULL, 'Auto', NULL, 'wnXjB6tEICkp6282c6sdyVVJL6yAAKN7Kq5aQFUa.png', 'auto', 'both', 300, NULL, 'offers you a quick, budget-friendly, and comfortable way to travel short distances. With just a few taps, you can book an auto rickshaw right at your doorstep.', '2 min away', NULL, 0, 1, '2025-09-26 09:05:03', '2025-09-26 09:33:32', NULL, 'taxi'),
('c1aa88e5-67da-4b3d-98e4-802a0221db73', NULL, 'Premier', NULL, 'cQrLoO30dXMJNcEOho20aU67QMdks40RK1nfzUhd.png', 'premium', 'normal', 500, NULL, 'Offers a blend of comfort, style, and extra space for a smoother travel experience. With plush seating, air-conditioned interiors, and ample legroom, it’s the ideal choice for business trips, family rides, or long-distance travel.', 'Comfortable sedans, top-quality drivers', NULL, 0, 1, '2025-09-26 10:03:52', '2025-09-26 10:03:52', NULL, 'taxi'),
('c655f0c0-07eb-4647-b810-75166abdcf31', NULL, 'Luxury', NULL, 'laUx77jvjenIsnhM7EVEA0IqK4Xzt0UwcuxE7BjN.png', 'luxury', 'normal', 500, NULL, 'Luxury Ride delivers a premium travel experience with high-end vehicles, exceptional comfort, and professional chauffeurs. Designed for those who prefer style and elegance, luxury cars come with plush interiors, advanced features, and smooth performance.', 'Best For: Corporate executives, weddings, VIP guests, airport transfers, and special events.', NULL, 0, 1, '2025-09-26 10:05:21', '2025-09-26 10:05:21', NULL, 'taxi'),
('e8d723b1-d1e1-4326-b1c9-977551612a4c', NULL, 'EHCV', NULL, 'gu2iAvyk6ewl0JKroK7AuIqmr4O09ZR9pe4OxHyQ.png', 'ehcv', 'both', 1200, '30ft (L) x 8.5 ft(W) x 12 ft(H)', 'EHCV', 'EHCV', NULL, 0, 1, '2025-09-26 11:15:26', '2025-09-26 11:33:19', NULL, 'delivery'),
('fc9eb79a-f121-4342-a155-4229cfeceac6', NULL, 'Car', NULL, '4FHhf83wURJiITGhsiXH3iCwkHZpLwIPXVaLhWVS.png', 'car', 'normal', 500, NULL, 'Car Ride gives you a safe, comfortable, and reliable way to travel across the city or beyond. Whether it’s a quick trip, a daily commute, or a long journey, you can book a car in just a few taps. Enjoy well-maintained vehicles, professional drivers.', 'Affordable compact rides', NULL, 0, 1, '2025-09-26 09:14:57', '2025-11-06 08:01:15', NULL, 'taxi');

-- --------------------------------------------------------

--
-- Table structure for table `vehicle_type_translations`
--

CREATE TABLE `vehicle_type_translations` (
  `id` int(10) UNSIGNED NOT NULL,
  `vehicle_type_id` char(36) NOT NULL,
  `name` varchar(191) NOT NULL,
  `locale` varchar(191) NOT NULL,
  `created_at` timestamp NULL DEFAULT NULL,
  `updated_at` timestamp NULL DEFAULT NULL
) ENGINE=InnoDB DEFAULT CHARSET=utf8mb4 COLLATE=utf8mb4_unicode_ci;

-- --------------------------------------------------------

--
-- Table structure for table `wallet_withdrawal_requests`
--

CREATE TABLE `wallet_withdrawal_requests` (
  `id` int(10) UNSIGNED NOT NULL,
  `user_id` int(10) UNSIGNED DEFAULT NULL,
  `driver_id` int(10) UNSIGNED DEFAULT NULL,
  `owner_id` char(36) DEFAULT NULL,
  `requested_amount` double NOT NULL DEFAULT 0,
  `requested_currency` varchar(191) DEFAULT NULL,
  `status` tinyint(4) NOT NULL DEFAULT 0,
  `payment_status` varchar(191) DEFAULT NULL,
  `created_at` timestamp NULL DEFAULT NULL,
  `updated_at` timestamp NULL DEFAULT NULL
) ENGINE=InnoDB DEFAULT CHARSET=utf8mb4 COLLATE=utf8mb4_unicode_ci;

-- --------------------------------------------------------

--
-- Table structure for table `websockets_statistics_entries`
--

CREATE TABLE `websockets_statistics_entries` (
  `id` int(10) UNSIGNED NOT NULL,
  `app_id` varchar(191) NOT NULL,
  `peak_connection_count` int(11) NOT NULL,
  `websocket_message_count` int(11) NOT NULL,
  `api_message_count` int(11) NOT NULL,
  `created_at` timestamp NULL DEFAULT NULL,
  `updated_at` timestamp NULL DEFAULT NULL
) ENGINE=InnoDB DEFAULT CHARSET=utf8mb4 COLLATE=utf8mb4_unicode_ci;

-- --------------------------------------------------------

--
-- Table structure for table `zones`
--

CREATE TABLE `zones` (
  `id` char(36) NOT NULL,
  `company_key` varchar(191) DEFAULT NULL,
  `service_location_id` char(36) NOT NULL,
  `name` varchar(191) NOT NULL,
  `translation_dataset` text DEFAULT NULL,
  `unit` enum('1','2') NOT NULL COMMENT '1 => kilometers,2 => miles',
  `maximum_distance` double(10,2) NOT NULL DEFAULT 0.00,
  `maximum_outstation_distance` double(10,2) NOT NULL DEFAULT 0.00,
  `coordinates` multipolygon DEFAULT NULL,
  `active` tinyint(1) NOT NULL DEFAULT 1,
  `default_vehicle_type` char(36) DEFAULT NULL,
  `created_at` timestamp NULL DEFAULT NULL,
  `updated_at` timestamp NULL DEFAULT NULL,
  `lat` double(15,8) NOT NULL DEFAULT 11.01595600,
  `lng` double(15,8) NOT NULL DEFAULT 76.96898500,
  `default_vehicle_type_for_delivery` char(36) DEFAULT NULL,
  `peak_zone_radius` int(11) DEFAULT 0,
  `peak_zone_duration` double(10,2) DEFAULT 0.00,
  `peak_zone_history_duration` double(10,2) DEFAULT 0.00,
  `peak_zone_ride_count` int(11) DEFAULT 0,
  `distance_price_percentage` int(11) DEFAULT 0 COMMENT 'In percentage'
) ENGINE=InnoDB DEFAULT CHARSET=utf8mb4 COLLATE=utf8mb4_unicode_ci;

--
-- Dumping data for table `zones`
--

INSERT INTO `zones` (`id`, `company_key`, `service_location_id`, `name`, `translation_dataset`, `unit`, `maximum_distance`, `maximum_outstation_distance`, `coordinates`, `active`, `default_vehicle_type`, `created_at`, `updated_at`, `lat`, `lng`, `default_vehicle_type_for_delivery`, `peak_zone_radius`, `peak_zone_duration`, `peak_zone_history_duration`, `peak_zone_ride_count`, `distance_price_percentage`) VALUES
('d31481ef-61a0-4386-8ce2-e6c34ebe3217', NULL, 'c70dfe2a-a3ca-40c6-a16f-9b05d039715f', 'Global', '{\"en\":{\"locale\":\"en\",\"name\":\"Global\"}}', '1', 0.00, 0.00, 0xe6100000010600000001000000010300000001000000060000006fbd53179f1d5a40e18405f399725340770cb1a283e131c05a22d454480b364089f34e5d7c7e35404699593558a83ec0b8dea98bcfa06140ab8efcfc3ff44840b8dea98bcf5f664015099aab615a50406fbd53179f1d5a40e18405f399725340, 1, NULL, '2025-09-26 10:39:57', '2025-09-26 10:39:57', 77.79064632, 104.46283515, NULL, 0, 0.00, 0.00, 0, 0);

-- --------------------------------------------------------

--
-- Table structure for table `zone_bounds`
--

CREATE TABLE `zone_bounds` (
  `id` char(36) NOT NULL,
  `zone_id` char(36) NOT NULL,
  `north` double(8,2) DEFAULT NULL,
  `east` double(8,2) DEFAULT NULL,
  `south` double(8,2) DEFAULT NULL,
  `west` double(8,2) DEFAULT NULL,
  `created_at` timestamp NULL DEFAULT NULL,
  `updated_at` timestamp NULL DEFAULT NULL
) ENGINE=InnoDB DEFAULT CHARSET=utf8mb4 COLLATE=utf8mb4_unicode_ci;

-- --------------------------------------------------------

--
-- Table structure for table `zone_surge_prices`
--

CREATE TABLE `zone_surge_prices` (
  `id` bigint(20) UNSIGNED NOT NULL,
  `zone_type_id` char(36) DEFAULT NULL,
  `start_time` time NOT NULL,
  `end_time` time NOT NULL,
  `day` varchar(191) DEFAULT NULL,
  `value` int(11) NOT NULL COMMENT 'In percentage',
  `created_at` timestamp NULL DEFAULT NULL,
  `updated_at` timestamp NULL DEFAULT NULL,
  `deleted_at` timestamp NULL DEFAULT NULL
) ENGINE=InnoDB DEFAULT CHARSET=utf8mb4 COLLATE=utf8mb4_unicode_ci;

-- --------------------------------------------------------

--
-- Table structure for table `zone_translations`
--

CREATE TABLE `zone_translations` (
  `id` int(10) UNSIGNED NOT NULL,
  `zone_id` char(36) NOT NULL,
  `name` varchar(191) NOT NULL,
  `locale` varchar(191) NOT NULL,
  `created_at` timestamp NULL DEFAULT NULL,
  `updated_at` timestamp NULL DEFAULT NULL
) ENGINE=InnoDB DEFAULT CHARSET=utf8mb4 COLLATE=utf8mb4_unicode_ci;

--
-- Dumping data for table `zone_translations`
--

INSERT INTO `zone_translations` (`id`, `zone_id`, `name`, `locale`, `created_at`, `updated_at`) VALUES
(4, 'd31481ef-61a0-4386-8ce2-e6c34ebe3217', 'Global', 'en', NULL, NULL);

-- --------------------------------------------------------

--
-- Table structure for table `zone_types`
--

CREATE TABLE `zone_types` (
  `id` char(36) NOT NULL,
  `zone_id` char(36) NOT NULL,
  `type_id` char(36) NOT NULL,
  `bill_status` tinyint(1) NOT NULL DEFAULT 0 COMMENT '0 => Not show,1 => show bill',
  `transport_type` enum('taxi','delivery','both') DEFAULT NULL,
  `order_number` int(10) UNSIGNED NOT NULL DEFAULT 1,
  `payment_type` varchar(191) NOT NULL,
  `admin_commission_type_for_owner` tinyint(4) DEFAULT NULL,
  `admin_commission_for_owner` double(10,2) NOT NULL DEFAULT 0.00,
  `admin_commision_type` tinyint(4) DEFAULT NULL,
  `admin_commision` double(10,2) NOT NULL DEFAULT 0.00,
  `service_tax` double(10,2) NOT NULL DEFAULT 0.00,
  `airport_surge` double(10,2) DEFAULT NULL,
  `support_airport_fee` tinyint(1) NOT NULL DEFAULT 0,
  `support_outstation` tinyint(1) NOT NULL DEFAULT 0,
  `admin_commission_type_from_driver` tinyint(4) DEFAULT NULL,
  `admin_commission_from_driver` double(10,2) DEFAULT NULL,
  `active` tinyint(1) NOT NULL DEFAULT 1,
  `created_at` timestamp NULL DEFAULT NULL,
  `updated_at` timestamp NULL DEFAULT NULL,
  `deleted_at` timestamp NULL DEFAULT NULL
) ENGINE=InnoDB DEFAULT CHARSET=utf8mb4 COLLATE=utf8mb4_unicode_ci;

--
-- Dumping data for table `zone_types`
--

INSERT INTO `zone_types` (`id`, `zone_id`, `type_id`, `bill_status`, `transport_type`, `order_number`, `payment_type`, `admin_commission_type_for_owner`, `admin_commission_for_owner`, `admin_commision_type`, `admin_commision`, `service_tax`, `airport_surge`, `support_airport_fee`, `support_outstation`, `admin_commission_type_from_driver`, `admin_commission_from_driver`, `active`, `created_at`, `updated_at`, `deleted_at`) VALUES
('0353aad2-e9fd-4a22-ba1e-e6610dbe7a55', 'd31481ef-61a0-4386-8ce2-e6c34ebe3217', '65af1c75-a4c1-45ac-a450-9c89ca4a3155', 1, 'delivery', 14, 'cash,online,wallet', 1, 20.00, 1, 20.00, 15.00, 10.00, 1, 1, 1, 20.00, 1, '2025-09-26 11:18:35', '2025-09-26 11:18:35', NULL),
('0e5a4c1a-c726-4f2a-974f-42e60997bf62', 'd31481ef-61a0-4386-8ce2-e6c34ebe3217', 'b599844f-9f87-4e56-8501-60b9a2a17a80', 1, 'taxi', 2, 'cash,online,wallet', 1, 5.00, 1, 5.00, 10.00, 20.00, 1, 1, 1, 5.00, 1, '2025-09-26 11:36:38', '2025-09-26 11:36:38', NULL),
('26b1689e-8339-4b51-a7d9-817e0c4b509f', 'd31481ef-61a0-4386-8ce2-e6c34ebe3217', '94fef07a-87c3-4777-830d-9a05d11eea3a', 1, 'taxi', 123, 'cash,online,wallet', 1, 5.00, 1, 5.00, 5.00, 50.00, 1, 1, 1, 5.00, 1, '2025-09-26 11:34:46', '2025-09-26 11:34:46', NULL),
('3cfcf96c-b1fa-41d1-b92f-4de2dda2f1bb', 'd31481ef-61a0-4386-8ce2-e6c34ebe3217', 'b599844f-9f87-4e56-8501-60b9a2a17a80', 1, 'taxi', 123, 'cash,online,wallet', 1, 5.00, 2, 5.00, 20.00, 23.00, 1, 1, 2, 5.00, 1, '2025-09-26 11:36:06', '2025-09-26 11:36:06', NULL),
('5114da9b-64a2-41f9-bb30-43fbd4aa2a5c', 'd31481ef-61a0-4386-8ce2-e6c34ebe3217', 'c1aa88e5-67da-4b3d-98e4-802a0221db73', 1, 'taxi', 1234512345, 'online,cash,wallet', 1, 2.00, 1, 2.00, 3.00, 5.00, 1, 1, 1, 2.00, 1, '2025-09-26 11:18:13', '2025-09-26 11:18:13', NULL),
('5c461cda-be1a-4c6d-beeb-bfa2808d759d', 'd31481ef-61a0-4386-8ce2-e6c34ebe3217', 'c655f0c0-07eb-4647-b810-75166abdcf31', 1, 'taxi', 1234567890, 'cash,online,wallet', 2, 2.00, 2, 2.00, 5.00, 5.00, 1, 1, 2, 2.00, 1, '2025-09-26 11:14:53', '2025-09-26 11:14:53', NULL),
('7425a5e0-024b-4ecf-b85c-5bc3fdb712b3', 'd31481ef-61a0-4386-8ce2-e6c34ebe3217', '42c789ca-c9f9-4c44-9951-3cdca24ac12a', 1, 'delivery', 15, 'cash,online,wallet', 1, 15.00, 1, 15.00, 15.00, 20.00, 1, 1, 1, 15.00, 1, '2025-09-26 11:13:36', '2025-09-26 11:13:36', NULL),
('859e8b5d-fcff-44cc-8bb3-93eaf83fe3a8', 'd31481ef-61a0-4386-8ce2-e6c34ebe3217', '31f0cbbc-27a8-4cde-ac48-93a8dd52254d', 1, 'taxi', 123343, 'cash,online,wallet', 1, 5.00, 1, 5.00, 12.00, NULL, 0, 0, 1, 5.00, 1, '2025-09-26 11:34:52', '2025-09-26 11:34:52', NULL),
('8da1d1c2-9923-425a-936d-339f4f6f9375', 'd31481ef-61a0-4386-8ce2-e6c34ebe3217', '54613ea2-2cae-4654-b6a3-646c192ee4bb', 1, 'both', 5, 'cash,online,wallet', 1, 5.00, 1, 5.00, 5.00, 10.00, 1, 1, 1, 5.00, 1, '2025-09-26 10:44:08', '2025-09-26 10:44:08', NULL),
('9d103ba7-53be-4ffa-b792-2668ad6212d3', 'd31481ef-61a0-4386-8ce2-e6c34ebe3217', 'c1aa88e5-67da-4b3d-98e4-802a0221db73', 1, 'taxi', 123, 'online,wallet,cash', 1, 4.00, 1, 2.00, 2.00, 5.00, 1, 0, 1, 5.00, 1, '2025-09-26 11:18:52', '2025-09-26 11:18:52', NULL),
('e33631d9-6e1f-48a7-9c4d-a370580bb343', 'd31481ef-61a0-4386-8ce2-e6c34ebe3217', '342279b9-db34-4b1f-971f-ffc8a07e9b7c', 1, 'taxi', 5, 'cash,online,wallet', 1, 10.00, 1, 10.00, 5.00, 20.00, 1, 1, 1, 10.00, 1, '2025-09-26 11:35:30', '2025-09-26 11:35:30', NULL),
('e9b87f67-553f-4c5d-a08f-d1e89220aaf8', 'd31481ef-61a0-4386-8ce2-e6c34ebe3217', 'e8d723b1-d1e1-4326-b1c9-977551612a4c', 1, 'delivery', 10, 'cash,online,wallet', 1, 10.00, 1, 10.00, 10.00, 15.00, 1, 1, 1, 10.00, 1, '2025-09-26 11:16:50', '2025-09-26 11:16:50', NULL),
('ed93d8c5-9a8b-4ed1-b22f-dbfc845c3e96', 'd31481ef-61a0-4386-8ce2-e6c34ebe3217', 'fc9eb79a-f121-4342-a155-4229cfeceac6', 1, 'taxi', 10, 'cash,online,wallet', 1, 10.00, 1, 10.00, 10.00, 15.00, 1, 1, 1, 10.00, 1, '2025-09-26 11:15:20', '2025-09-26 11:15:20', NULL);

-- --------------------------------------------------------

--
-- Table structure for table `zone_type_package_prices`
--

CREATE TABLE `zone_type_package_prices` (
  `id` char(36) NOT NULL,
  `zone_type_id` char(36) NOT NULL,
  `zone_id` char(36) DEFAULT NULL,
  `base_price` double(10,2) NOT NULL DEFAULT 0.00,
  `package_type_id` varchar(191) NOT NULL,
  `distance_price_per_km` varchar(191) NOT NULL,
  `time_price_per_min` varchar(191) NOT NULL,
  `cancellation_fee` varchar(191) NOT NULL,
  `free_distance` varchar(191) NOT NULL,
  `free_min` varchar(191) NOT NULL,
  `active` tinyint(1) NOT NULL DEFAULT 1,
  `created_at` timestamp NULL DEFAULT NULL,
  `updated_at` timestamp NULL DEFAULT NULL,
  `deleted_at` timestamp NULL DEFAULT NULL
) ENGINE=InnoDB DEFAULT CHARSET=utf8mb4 COLLATE=utf8mb4_unicode_ci;

-- --------------------------------------------------------

--
-- Table structure for table `zone_type_price`
--

CREATE TABLE `zone_type_price` (
  `id` char(36) NOT NULL,
  `zone_type_id` char(36) NOT NULL,
  `price_type` int(11) DEFAULT NULL COMMENT '1 => Ridenow,2 => RideLater',
  `base_price` double(10,2) NOT NULL DEFAULT 0.00,
  `base_distance` int(11) NOT NULL,
  `price_per_distance` double(10,2) NOT NULL DEFAULT 0.00,
  `free_waiting_time_in_mins_before_trip_start` int(11) NOT NULL DEFAULT 0,
  `free_waiting_time_in_mins_after_trip_start` int(11) NOT NULL DEFAULT 0,
  `waiting_charge` double(10,2) NOT NULL DEFAULT 0.00,
  `price_per_time` double(10,2) NOT NULL DEFAULT 0.00,
  `cancellation_fee` double(10,2) NOT NULL DEFAULT 0.00,
  `outstation_base_price` double(10,2) NOT NULL DEFAULT 0.00,
  `outstation_price_per_distance` double(10,2) NOT NULL DEFAULT 0.00,
  `outstation_base_distance` int(11) NOT NULL,
  `outstation_price_per_time` double(10,2) NOT NULL DEFAULT 0.00,
  `cancellation_fee_for_user` int(11) NOT NULL DEFAULT 60 COMMENT 'In percentage',
  `cancellation_fee_for_driver` int(11) NOT NULL DEFAULT 60 COMMENT 'In percentage',
  `fee_goes_to` enum('driver','admin','partially_driver_admin') NOT NULL DEFAULT 'admin',
  `driver_get_fee_percentage` int(11) NOT NULL DEFAULT 0 COMMENT 'In percentage',
  `admin_get_fee_percentage` int(11) NOT NULL DEFAULT 0 COMMENT 'In percentage',
  `active` tinyint(1) NOT NULL DEFAULT 1,
  `created_at` timestamp NULL DEFAULT NULL,
  `updated_at` timestamp NULL DEFAULT NULL,
  `deleted_at` timestamp NULL DEFAULT NULL
) ENGINE=InnoDB DEFAULT CHARSET=utf8mb4 COLLATE=utf8mb4_unicode_ci;

--
-- Dumping data for table `zone_type_price`
--

INSERT INTO `zone_type_price` (`id`, `zone_type_id`, `price_type`, `base_price`, `base_distance`, `price_per_distance`, `free_waiting_time_in_mins_before_trip_start`, `free_waiting_time_in_mins_after_trip_start`, `waiting_charge`, `price_per_time`, `cancellation_fee`, `outstation_base_price`, `outstation_price_per_distance`, `outstation_base_distance`, `outstation_price_per_time`, `cancellation_fee_for_user`, `cancellation_fee_for_driver`, `fee_goes_to`, `driver_get_fee_percentage`, `admin_get_fee_percentage`, `active`, `created_at`, `updated_at`, `deleted_at`) VALUES
('13d93aa6-1d3f-44a8-8ec0-6e885582ed3b', '859e8b5d-fcff-44cc-8bb3-93eaf83fe3a8', 1, 29.00, 23, 23.00, 10, 10, 10.00, 23.00, 0.00, 0.00, 0.00, 0, 0.00, 10, 10, 'driver', 0, 0, 1, '2025-09-26 11:34:52', '2025-09-26 11:34:52', NULL),
('2e4babc2-bf61-4251-9d34-194c8f5b701c', '3cfcf96c-b1fa-41d1-b92f-4de2dda2f1bb', 1, 12.00, 20, 30.00, 20, 20, 30.00, 30.00, 0.00, 50.00, 50.00, 30, 40.00, 5, 5, 'driver', 0, 0, 1, '2025-09-26 11:36:06', '2025-09-26 11:36:06', NULL),
('340cbee5-e053-461b-98b9-b43bdc2b0542', '5c461cda-be1a-4c6d-beeb-bfa2808d759d', 1, 12.00, 25, 25.00, 5, 5, 5.00, 10.00, 0.00, 5.00, 5.00, 5, 5.00, 2, 2, 'admin', 0, 0, 1, '2025-09-26 11:14:53', '2025-09-26 11:14:53', NULL),
('3c728d97-a2a1-44ad-a54a-f70a07bece73', '9d103ba7-53be-4ffa-b792-2668ad6212d3', 1, 1000.00, 10, 995.00, 18, 21, 12.00, 20.00, 0.00, 0.00, 0.00, 0, 0.00, 2, 2, 'driver', 0, 0, 1, '2025-09-26 11:18:52', '2025-09-26 11:18:52', NULL),
('423e4917-7b00-438a-9ae0-edd0adce6229', 'ed93d8c5-9a8b-4ed1-b22f-dbfc845c3e96', 1, 10.00, 10, 10.00, 10, 10, 10.00, 10.00, 0.00, 20.00, 20.00, 20, 20.00, 15, 10, 'admin', 0, 0, 1, '2025-09-26 11:15:20', '2025-09-26 11:15:20', NULL),
('589a70a3-b219-41dc-aada-c5e43b6fce4c', 'e9b87f67-553f-4c5d-a08f-d1e89220aaf8', 1, 10.00, 10, 10.00, 10, 10, 10.00, 10.00, 0.00, 20.00, 20.00, 20, 20.00, 10, 10, 'admin', 0, 0, 1, '2025-09-26 11:16:50', '2025-09-26 11:16:50', NULL),
('9c0a4f96-ba10-4d54-bc90-955404d6355a', '7425a5e0-024b-4ecf-b85c-5bc3fdb712b3', 1, 15.00, 15, 15.00, 15, 15, 15.00, 15.00, 0.00, 25.00, 25.00, 25, 25.00, 10, 5, 'admin', 0, 0, 1, '2025-09-26 11:13:36', '2025-09-26 11:13:36', NULL),
('a0976db2-2a36-479c-aeff-e023d4b83a3e', '26b1689e-8339-4b51-a7d9-817e0c4b509f', 1, 20.00, 20, 12.00, 20, 20, 20.00, 20.00, 0.00, 50.00, 20.00, 50, 50.00, 20, 30, 'admin', 0, 0, 1, '2025-09-26 11:34:46', '2025-09-26 11:34:46', NULL),
('b14eb445-3deb-4914-a322-f5abacb8bf58', '0e5a4c1a-c726-4f2a-974f-42e60997bf62', 1, 5.00, 1, 10.00, 5, 5, 5.00, 10.00, 0.00, 20.00, 20.00, 20, 20.00, 5, 10, 'admin', 0, 0, 1, '2025-09-26 11:36:38', '2025-09-26 11:36:38', NULL),
('b7dd15b7-543e-497c-8d6e-c46bd620c20b', '8da1d1c2-9923-425a-936d-339f4f6f9375', 1, 5.00, 5, 5.00, 5, 5, 5.00, 5.00, 0.00, 10.00, 10.00, 10, 10.00, 10, 5, 'admin', 0, 0, 1, '2025-09-26 10:44:08', '2025-09-26 10:44:08', NULL),
('c3088c7c-e585-4b73-8c93-75a029dc8779', 'e33631d9-6e1f-48a7-9c4d-a370580bb343', 1, 10.00, 1, 10.00, 5, 5, 5.00, 10.00, 0.00, 20.00, 20.00, 4, 20.00, 10, 5, 'admin', 0, 0, 1, '2025-09-26 11:35:30', '2025-09-26 11:35:30', NULL),
('d7ea1b52-3a1b-4605-a045-d90373fd1151', '0353aad2-e9fd-4a22-ba1e-e6610dbe7a55', 1, 15.00, 13, 10.00, 5, 5, 5.00, 5.00, 0.00, 25.00, 10.00, 25, 10.00, 15, 5, 'admin', 0, 0, 1, '2025-09-26 11:18:35', '2025-09-26 11:18:35', NULL),
('dac3bb1b-07e4-499b-9cce-3ccf8d8510bf', '5114da9b-64a2-41f9-bb30-43fbd4aa2a5c', 1, 10.00, 10, 10.00, 5, 5, 10.00, 10.00, 0.00, 20.00, 23.00, 25, 28.00, 5, 5, 'admin', 0, 0, 1, '2025-09-26 11:18:13', '2025-09-26 11:18:13', NULL);

--
-- Indexes for dumped tables
--

--
-- Indexes for table `adhocs`
--
ALTER TABLE `adhocs`
  ADD PRIMARY KEY (`id`);

--
-- Indexes for table `adhoc_users`
--
ALTER TABLE `adhoc_users`
  ADD PRIMARY KEY (`id`),
  ADD KEY `adhoc_users_request_id_foreign` (`request_id`);

--
-- Indexes for table `admin_details`
--
ALTER TABLE `admin_details`
  ADD PRIMARY KEY (`id`),
  ADD UNIQUE KEY `admin_details_mobile_unique` (`mobile`),
  ADD KEY `admin_details_user_id_foreign` (`user_id`),
  ADD KEY `admin_details_service_location_id_foreign` (`service_location_id`);

--
-- Indexes for table `admin_notifications`
--
ALTER TABLE `admin_notifications`
  ADD PRIMARY KEY (`id`),
  ADD KEY `admin_notifications_user_id_foreign` (`user_id`);

--
-- Indexes for table `airports`
--
ALTER TABLE `airports`
  ADD PRIMARY KEY (`id`),
  ADD KEY `airports_service_location_id_foreign` (`service_location_id`);

--
-- Indexes for table `banner_images`
--
ALTER TABLE `banner_images`
  ADD PRIMARY KEY (`id`);

--
-- Indexes for table `cancellation_reasons`
--
ALTER TABLE `cancellation_reasons`
  ADD PRIMARY KEY (`id`);

--
-- Indexes for table `cancellation_reason_translations`
--
ALTER TABLE `cancellation_reason_translations`
  ADD PRIMARY KEY (`id`),
  ADD KEY `cancellation_reason_translations_cancellation_reason_id_foreign` (`cancellation_reason_id`);

--
-- Indexes for table `card_info`
--
ALTER TABLE `card_info`
  ADD PRIMARY KEY (`id`),
  ADD KEY `card_info_user_id_foreign` (`user_id`);

--
-- Indexes for table `car_makes`
--
ALTER TABLE `car_makes`
  ADD PRIMARY KEY (`id`);

--
-- Indexes for table `car_models`
--
ALTER TABLE `car_models`
  ADD PRIMARY KEY (`id`),
  ADD KEY `car_models_make_id_foreign` (`make_id`);

--
-- Indexes for table `chat`
--
ALTER TABLE `chat`
  ADD PRIMARY KEY (`id`);

--
-- Indexes for table `chats`
--
ALTER TABLE `chats`
  ADD PRIMARY KEY (`id`),
  ADD KEY `chats_request_id_foreign` (`request_id`),
  ADD KEY `chats_user_id_foreign` (`user_id`);

--
-- Indexes for table `chat_messages`
--
ALTER TABLE `chat_messages`
  ADD PRIMARY KEY (`id`),
  ADD KEY `chat_messages_chat_id_foreign` (`chat_id`);

--
-- Indexes for table `cities`
--
ALTER TABLE `cities`
  ADD PRIMARY KEY (`id`),
  ADD UNIQUE KEY `cities_slug_unique` (`slug`),
  ADD KEY `cities_state_id_index` (`state_id`);

--
-- Indexes for table `companies`
--
ALTER TABLE `companies`
  ADD PRIMARY KEY (`id`),
  ADD KEY `companies_admin_id_foreign` (`admin_id`),
  ADD KEY `companies_country_foreign` (`country`);

--
-- Indexes for table `complaints`
--
ALTER TABLE `complaints`
  ADD PRIMARY KEY (`id`),
  ADD KEY `complaints_user_id_foreign` (`user_id`),
  ADD KEY `complaints_driver_id_foreign` (`driver_id`),
  ADD KEY `complaints_complaint_title_id_foreign` (`complaint_title_id`),
  ADD KEY `complaints_owner_id_foreign` (`owner_id`);

--
-- Indexes for table `complaint_titles`
--
ALTER TABLE `complaint_titles`
  ADD PRIMARY KEY (`id`);

--
-- Indexes for table `complaint_title_translations`
--
ALTER TABLE `complaint_title_translations`
  ADD PRIMARY KEY (`id`),
  ADD KEY `complaint_title_translations_complaint_title_id_foreign` (`complaint_title_id`);

--
-- Indexes for table `conversations`
--
ALTER TABLE `conversations`
  ADD PRIMARY KEY (`id`),
  ADD KEY `conversations_user_id_foreign` (`user_id`),
  ADD KEY `conversations_admin_id_foreign` (`admin_id`);

--
-- Indexes for table `countries`
--
ALTER TABLE `countries`
  ADD PRIMARY KEY (`id`);

--
-- Indexes for table `developers`
--
ALTER TABLE `developers`
  ADD PRIMARY KEY (`id`),
  ADD UNIQUE KEY `developers_mobile_unique` (`mobile`),
  ADD KEY `developers_user_id_foreign` (`user_id`);

--
-- Indexes for table `dispatcher_location`
--
ALTER TABLE `dispatcher_location`
  ADD PRIMARY KEY (`id`);

--
-- Indexes for table `distance_matrixes`
--
ALTER TABLE `distance_matrixes`
  ADD PRIMARY KEY (`id`);

--
-- Indexes for table `drivers`
--
ALTER TABLE `drivers`
  ADD PRIMARY KEY (`id`),
  ADD KEY `drivers_user_id_foreign` (`user_id`),
  ADD KEY `drivers_car_make_foreign` (`car_make`),
  ADD KEY `drivers_car_model_foreign` (`car_model`),
  ADD KEY `drivers_country_foreign` (`country`),
  ADD KEY `drivers_vehicle_type_foreign` (`vehicle_type`),
  ADD KEY `drivers_owner_id_foreign` (`owner_id`),
  ADD KEY `drivers_fleet_id_foreign` (`fleet_id`),
  ADD KEY `drivers_subscription_detail_id_foreign` (`subscription_detail_id`),
  ADD KEY `drivers_service_location_id_foreign` (`service_location_id`);

--
-- Indexes for table `drivers_imported`
--
ALTER TABLE `drivers_imported`
  ADD PRIMARY KEY (`id`),
  ADD KEY `drivers_imported_user_id_foreign` (`user_id`);

--
-- Indexes for table `driver_availabilities`
--
ALTER TABLE `driver_availabilities`
  ADD PRIMARY KEY (`id`);

--
-- Indexes for table `driver_bank_infos`
--
ALTER TABLE `driver_bank_infos`
  ADD PRIMARY KEY (`id`),
  ADD KEY `driver_bank_infos_driver_id_foreign` (`driver_id`),
  ADD KEY `driver_bank_infos_method_id_foreign` (`method_id`),
  ADD KEY `driver_bank_infos_field_id_foreign` (`field_id`);

--
-- Indexes for table `driver_details`
--
ALTER TABLE `driver_details`
  ADD PRIMARY KEY (`id`),
  ADD KEY `driver_details_company_foreign` (`company`),
  ADD KEY `driver_details_current_zone_foreign` (`current_zone`),
  ADD KEY `driver_details_driver_id_foreign` (`driver_id`);

--
-- Indexes for table `driver_documents`
--
ALTER TABLE `driver_documents`
  ADD PRIMARY KEY (`id`),
  ADD KEY `driver_documents_driver_id_foreign` (`driver_id`),
  ADD KEY `driver_documents_document_id_foreign` (`document_id`);

--
-- Indexes for table `driver_enabled_routes`
--
ALTER TABLE `driver_enabled_routes`
  ADD PRIMARY KEY (`id`),
  ADD KEY `driver_enabled_routes_driver_id_foreign` (`driver_id`);

--
-- Indexes for table `driver_incentive_histories`
--
ALTER TABLE `driver_incentive_histories`
  ADD PRIMARY KEY (`id`),
  ADD KEY `driver_incentive_histories_driver_id_foreign` (`driver_id`);

--
-- Indexes for table `driver_level_details`
--
ALTER TABLE `driver_level_details`
  ADD PRIMARY KEY (`id`),
  ADD KEY `driver_level_details_driver_id_foreign` (`driver_id`),
  ADD KEY `driver_level_details_level_id_foreign` (`level_id`);

--
-- Indexes for table `driver_level_ups`
--
ALTER TABLE `driver_level_ups`
  ADD PRIMARY KEY (`id`),
  ADD KEY `driver_level_ups_zone_type_id_foreign` (`zone_type_id`);

--
-- Indexes for table `driver_needed_documents`
--
ALTER TABLE `driver_needed_documents`
  ADD PRIMARY KEY (`id`);

--
-- Indexes for table `driver_preferences`
--
ALTER TABLE `driver_preferences`
  ADD PRIMARY KEY (`id`),
  ADD KEY `driver_preferences_preference_id_foreign` (`preference_id`),
  ADD KEY `driver_preferences_driver_id_foreign` (`driver_id`);

--
-- Indexes for table `driver_privileged_vehicles`
--
ALTER TABLE `driver_privileged_vehicles`
  ADD PRIMARY KEY (`id`),
  ADD KEY `driver_privileged_vehicles_owner_id_foreign` (`owner_id`),
  ADD KEY `driver_privileged_vehicles_driver_id_foreign` (`driver_id`),
  ADD KEY `driver_privileged_vehicles_fleet_id_foreign` (`fleet_id`);

--
-- Indexes for table `driver_rejected_requests`
--
ALTER TABLE `driver_rejected_requests`
  ADD PRIMARY KEY (`id`),
  ADD KEY `driver_rejected_requests_request_id_foreign` (`request_id`),
  ADD KEY `driver_rejected_requests_driver_id_foreign` (`driver_id`);

--
-- Indexes for table `driver_subscriptions`
--
ALTER TABLE `driver_subscriptions`
  ADD PRIMARY KEY (`id`),
  ADD KEY `driver_subscriptions_driver_id_foreign` (`driver_id`);

--
-- Indexes for table `driver_vehicle_types`
--
ALTER TABLE `driver_vehicle_types`
  ADD PRIMARY KEY (`id`),
  ADD KEY `driver_vehicle_types_vehicle_type_foreign` (`vehicle_type`),
  ADD KEY `driver_vehicle_types_driver_id_foreign` (`driver_id`);

--
-- Indexes for table `driver_wallet`
--
ALTER TABLE `driver_wallet`
  ADD PRIMARY KEY (`id`),
  ADD KEY `driver_wallet_user_id_foreign` (`user_id`);

--
-- Indexes for table `driver_wallet_history`
--
ALTER TABLE `driver_wallet_history`
  ADD PRIMARY KEY (`id`),
  ADD KEY `driver_wallet_history_card_id_foreign` (`card_id`),
  ADD KEY `driver_wallet_history_user_id_foreign` (`user_id`),
  ADD KEY `driver_wallet_history_admin_id_foreign` (`admin_id`),
  ADD KEY `driver_wallet_history_request_id_foreign` (`request_id`);

--
-- Indexes for table `emails`
--
ALTER TABLE `emails`
  ADD PRIMARY KEY (`id`);

--
-- Indexes for table `failed_jobs`
--
ALTER TABLE `failed_jobs`
  ADD PRIMARY KEY (`id`),
  ADD UNIQUE KEY `failed_jobs_uuid_unique` (`uuid`);

--
-- Indexes for table `faqs`
--
ALTER TABLE `faqs`
  ADD PRIMARY KEY (`id`),
  ADD KEY `faqs_service_location_id_foreign` (`service_location_id`);

--
-- Indexes for table `favorite_places`
--
ALTER TABLE `favorite_places`
  ADD PRIMARY KEY (`id`),
  ADD KEY `favorite_places_user_id_foreign` (`user_id`);

--
-- Indexes for table `favourite_locations`
--
ALTER TABLE `favourite_locations`
  ADD PRIMARY KEY (`id`),
  ADD KEY `favourite_locations_user_id_foreign` (`user_id`);

--
-- Indexes for table `fields`
--
ALTER TABLE `fields`
  ADD PRIMARY KEY (`id`),
  ADD KEY `fields_method_id_foreign` (`method_id`);

--
-- Indexes for table `fleets`
--
ALTER TABLE `fleets`
  ADD PRIMARY KEY (`id`),
  ADD KEY `fleets_owner_id_foreign` (`owner_id`),
  ADD KEY `fleets_vehicle_type_foreign` (`vehicle_type`),
  ADD KEY `fleets_brand_foreign` (`brand`),
  ADD KEY `fleets_model_foreign` (`model`),
  ADD KEY `fleets_driver_id_foreign` (`driver_id`);

--
-- Indexes for table `fleet_documents`
--
ALTER TABLE `fleet_documents`
  ADD PRIMARY KEY (`id`),
  ADD KEY `fleet_documents_fleet_id_foreign` (`fleet_id`),
  ADD KEY `fleet_documents_document_id_foreign` (`document_id`);

--
-- Indexes for table `fleet_needed_documents`
--
ALTER TABLE `fleet_needed_documents`
  ADD PRIMARY KEY (`id`);

--
-- Indexes for table `goods_types`
--
ALTER TABLE `goods_types`
  ADD PRIMARY KEY (`id`);

--
-- Indexes for table `goods_type_translations`
--
ALTER TABLE `goods_type_translations`
  ADD PRIMARY KEY (`id`),
  ADD KEY `goods_type_translations_goods_type_id_foreign` (`goods_type_id`);

--
-- Indexes for table `incentives`
--
ALTER TABLE `incentives`
  ADD PRIMARY KEY (`id`),
  ADD KEY `incentives_zone_type_id_foreign` (`zone_type_id`);

--
-- Indexes for table `invoice_configurations`
--
ALTER TABLE `invoice_configurations`
  ADD PRIMARY KEY (`id`);

--
-- Indexes for table `jobs`
--
ALTER TABLE `jobs`
  ADD PRIMARY KEY (`id`),
  ADD KEY `jobs_queue_reserved_at_index` (`queue`,`reserved_at`);

--
-- Indexes for table `landingpagecms`
--
ALTER TABLE `landingpagecms`
  ADD PRIMARY KEY (`id`);

--
-- Indexes for table `landing_abouts`
--
ALTER TABLE `landing_abouts`
  ADD PRIMARY KEY (`id`);

--
-- Indexes for table `landing_contacts`
--
ALTER TABLE `landing_contacts`
  ADD PRIMARY KEY (`id`);

--
-- Indexes for table `landing_drivers`
--
ALTER TABLE `landing_drivers`
  ADD PRIMARY KEY (`id`);

--
-- Indexes for table `landing_email`
--
ALTER TABLE `landing_email`
  ADD PRIMARY KEY (`id`);

--
-- Indexes for table `landing_headers`
--
ALTER TABLE `landing_headers`
  ADD PRIMARY KEY (`id`);

--
-- Indexes for table `landing_homes`
--
ALTER TABLE `landing_homes`
  ADD PRIMARY KEY (`id`);

--
-- Indexes for table `landing_quicklinks`
--
ALTER TABLE `landing_quicklinks`
  ADD PRIMARY KEY (`id`);

--
-- Indexes for table `landing_users`
--
ALTER TABLE `landing_users`
  ADD PRIMARY KEY (`id`);

--
-- Indexes for table `language`
--
ALTER TABLE `language`
  ADD PRIMARY KEY (`id`);

--
-- Indexes for table `languages`
--
ALTER TABLE `languages`
  ADD PRIMARY KEY (`id`);

--
-- Indexes for table `linked_social_accounts`
--
ALTER TABLE `linked_social_accounts`
  ADD PRIMARY KEY (`id`),
  ADD UNIQUE KEY `linked_social_accounts_provider_id_unique` (`provider_id`);

--
-- Indexes for table `ltm_translations`
--
ALTER TABLE `ltm_translations`
  ADD PRIMARY KEY (`id`);

--
-- Indexes for table `mail_templates`
--
ALTER TABLE `mail_templates`
  ADD PRIMARY KEY (`id`);

--
-- Indexes for table `messages`
--
ALTER TABLE `messages`
  ADD PRIMARY KEY (`id`),
  ADD KEY `messages_conversation_id_foreign` (`conversation_id`);

--
-- Indexes for table `methods`
--
ALTER TABLE `methods`
  ADD PRIMARY KEY (`id`);

--
-- Indexes for table `migrations`
--
ALTER TABLE `migrations`
  ADD PRIMARY KEY (`id`);

--
-- Indexes for table `mobile_app_settings`
--
ALTER TABLE `mobile_app_settings`
  ADD PRIMARY KEY (`id`);

--
-- Indexes for table `mobile_builds`
--
ALTER TABLE `mobile_builds`
  ADD PRIMARY KEY (`id`),
  ADD KEY `mobile_builds_project_id_foreign` (`project_id`),
  ADD KEY `mobile_builds_flavour_id_foreign` (`flavour_id`);

--
-- Indexes for table `notifications`
--
ALTER TABLE `notifications`
  ADD PRIMARY KEY (`id`);

--
-- Indexes for table `notification_channels`
--
ALTER TABLE `notification_channels`
  ADD PRIMARY KEY (`id`);

--
-- Indexes for table `notification_channels_translations`
--
ALTER TABLE `notification_channels_translations`
  ADD PRIMARY KEY (`id`),
  ADD KEY `fk_notification_channel_id` (`notification_channel_id`);

--
-- Indexes for table `onboarding_screen`
--
ALTER TABLE `onboarding_screen`
  ADD PRIMARY KEY (`id`);

--
-- Indexes for table `onboarding_screen_translations`
--
ALTER TABLE `onboarding_screen_translations`
  ADD PRIMARY KEY (`id`),
  ADD KEY `onboarding_screen_translations_onboarding_screen_id_foreign` (`onboarding_screen_id`);

--
-- Indexes for table `owner_bank_infos`
--
ALTER TABLE `owner_bank_infos`
  ADD PRIMARY KEY (`id`),
  ADD KEY `owner_bank_infos_owner_id_foreign` (`owner_id`),
  ADD KEY `owner_bank_infos_method_id_foreign` (`method_id`),
  ADD KEY `owner_bank_infos_field_id_foreign` (`field_id`);

--
-- Indexes for table `owner_documents`
--
ALTER TABLE `owner_documents`
  ADD PRIMARY KEY (`id`),
  ADD KEY `owner_documents_owner_id_foreign` (`owner_id`),
  ADD KEY `owner_documents_document_id_foreign` (`document_id`);

--
-- Indexes for table `owner_hired_drivers`
--
ALTER TABLE `owner_hired_drivers`
  ADD PRIMARY KEY (`id`),
  ADD KEY `owner_hired_drivers_owner_id_foreign` (`owner_id`),
  ADD KEY `owner_hired_drivers_driver_id_foreign` (`driver_id`);

--
-- Indexes for table `owner_needed_documents`
--
ALTER TABLE `owner_needed_documents`
  ADD PRIMARY KEY (`id`);

--
-- Indexes for table `owner_wallets`
--
ALTER TABLE `owner_wallets`
  ADD PRIMARY KEY (`id`),
  ADD KEY `owner_wallets_user_id_foreign` (`user_id`);

--
-- Indexes for table `owner_wallet_histories`
--
ALTER TABLE `owner_wallet_histories`
  ADD PRIMARY KEY (`id`),
  ADD KEY `owner_wallet_histories_card_id_foreign` (`card_id`),
  ADD KEY `owner_wallet_histories_user_id_foreign` (`user_id`),
  ADD KEY `owner_wallet_histories_admin_id_foreign` (`admin_id`),
  ADD KEY `owner_wallet_histories_request_id_foreign` (`request_id`);

--
-- Indexes for table `package_types`
--
ALTER TABLE `package_types`
  ADD PRIMARY KEY (`id`);

--
-- Indexes for table `password_resets`
--
ALTER TABLE `password_resets`
  ADD UNIQUE KEY `password_resets_email_unique` (`email`);

--
-- Indexes for table `password_reset_tokens`
--
ALTER TABLE `password_reset_tokens`
  ADD PRIMARY KEY (`email`);

--
-- Indexes for table `peak_zones`
--
ALTER TABLE `peak_zones`
  ADD PRIMARY KEY (`id`),
  ADD KEY `peak_zones_zone_id_foreign` (`zone_id`);

--
-- Indexes for table `permissions`
--
ALTER TABLE `permissions`
  ADD PRIMARY KEY (`id`),
  ADD UNIQUE KEY `permissions_slug_unique` (`slug`);

--
-- Indexes for table `permission_role`
--
ALTER TABLE `permission_role`
  ADD PRIMARY KEY (`role_id`,`permission_id`),
  ADD KEY `permission_role_permission_id_foreign` (`permission_id`);

--
-- Indexes for table `poc_clients`
--
ALTER TABLE `poc_clients`
  ADD PRIMARY KEY (`id`),
  ADD KEY `poc_clients_user_id_foreign` (`user_id`),
  ADD KEY `poc_clients_project_id_foreign` (`project_id`);

--
-- Indexes for table `preferences`
--
ALTER TABLE `preferences`
  ADD PRIMARY KEY (`id`);

--
-- Indexes for table `preference_prices`
--
ALTER TABLE `preference_prices`
  ADD PRIMARY KEY (`id`),
  ADD KEY `preference_prices_preference_id_foreign` (`preference_id`),
  ADD KEY `preference_prices_zone_type_id_foreign` (`zone_type_id`);

--
-- Indexes for table `pre_payment_datas`
--
ALTER TABLE `pre_payment_datas`
  ADD KEY `pre_payment_datas_driver_id_foreign` (`driver_id`),
  ADD KEY `pre_payment_datas_request_id_foreign` (`request_id`);

--
-- Indexes for table `projects`
--
ALTER TABLE `projects`
  ADD PRIMARY KEY (`id`);

--
-- Indexes for table `project_flavours`
--
ALTER TABLE `project_flavours`
  ADD PRIMARY KEY (`id`),
  ADD KEY `project_flavours_project_id_foreign` (`project_id`);

--
-- Indexes for table `promo`
--
ALTER TABLE `promo`
  ADD PRIMARY KEY (`id`),
  ADD KEY `promo_service_location_id_foreign` (`service_location_id`);

--
-- Indexes for table `promo_code_users`
--
ALTER TABLE `promo_code_users`
  ADD PRIMARY KEY (`id`),
  ADD KEY `promo_code_users_promo_code_id_foreign` (`promo_code_id`),
  ADD KEY `promo_code_users_service_location_id_foreign` (`service_location_id`);

--
-- Indexes for table `promo_users`
--
ALTER TABLE `promo_users`
  ADD PRIMARY KEY (`id`),
  ADD KEY `promo_users_promo_code_id_foreign` (`promo_code_id`),
  ADD KEY `promo_users_user_id_foreign` (`user_id`),
  ADD KEY `promo_users_request_id_foreign` (`request_id`);

--
-- Indexes for table `recent_searches`
--
ALTER TABLE `recent_searches`
  ADD PRIMARY KEY (`id`),
  ADD KEY `recent_searches_user_id_foreign` (`user_id`);

--
-- Indexes for table `recent_searches_stops`
--
ALTER TABLE `recent_searches_stops`
  ADD PRIMARY KEY (`id`),
  ADD KEY `recent_searches_stops_recent_searche_id_foreign` (`recent_searche_id`);

--
-- Indexes for table `requests_meta`
--
ALTER TABLE `requests_meta`
  ADD PRIMARY KEY (`id`),
  ADD KEY `requests_meta_request_id_foreign` (`request_id`),
  ADD KEY `requests_meta_user_id_foreign` (`user_id`),
  ADD KEY `requests_meta_driver_id_foreign` (`driver_id`);

--
-- Indexes for table `request_bills`
--
ALTER TABLE `request_bills`
  ADD PRIMARY KEY (`id`),
  ADD KEY `request_bills_request_id_foreign` (`request_id`);

--
-- Indexes for table `request_cancellation_fees`
--
ALTER TABLE `request_cancellation_fees`
  ADD PRIMARY KEY (`id`),
  ADD KEY `request_cancellation_fees_paid_request_id_foreign` (`paid_request_id`),
  ADD KEY `request_cancellation_fees_request_id_foreign` (`request_id`),
  ADD KEY `request_cancellation_fees_user_id_foreign` (`user_id`),
  ADD KEY `request_cancellation_fees_driver_id_foreign` (`driver_id`);

--
-- Indexes for table `request_delivery_proofs`
--
ALTER TABLE `request_delivery_proofs`
  ADD PRIMARY KEY (`id`),
  ADD KEY `request_delivery_proofs_request_id_foreign` (`request_id`);

--
-- Indexes for table `request_eta`
--
ALTER TABLE `request_eta`
  ADD PRIMARY KEY (`id`),
  ADD KEY `request_eta_request_id_foreign` (`request_id`);

--
-- Indexes for table `request_places`
--
ALTER TABLE `request_places`
  ADD PRIMARY KEY (`id`),
  ADD KEY `request_places_request_id_foreign` (`request_id`);

--
-- Indexes for table `request_preferences`
--
ALTER TABLE `request_preferences`
  ADD PRIMARY KEY (`id`),
  ADD KEY `request_preferences_preference_price_id_foreign` (`preference_price_id`),
  ADD KEY `request_preferences_request_id_foreign` (`request_id`);

--
-- Indexes for table `request_ratings`
--
ALTER TABLE `request_ratings`
  ADD PRIMARY KEY (`id`),
  ADD KEY `request_ratings_request_id_foreign` (`request_id`),
  ADD KEY `request_ratings_user_id_foreign` (`user_id`),
  ADD KEY `request_ratings_driver_id_foreign` (`driver_id`);

--
-- Indexes for table `request_stops`
--
ALTER TABLE `request_stops`
  ADD PRIMARY KEY (`id`),
  ADD KEY `request_stops_request_id_foreign` (`request_id`);

--
-- Indexes for table `reward_histories`
--
ALTER TABLE `reward_histories`
  ADD PRIMARY KEY (`id`),
  ADD KEY `reward_histories_user_id_foreign` (`user_id`),
  ADD KEY `reward_histories_request_id_foreign` (`request_id`);

--
-- Indexes for table `reward_points`
--
ALTER TABLE `reward_points`
  ADD PRIMARY KEY (`id`),
  ADD KEY `reward_points_user_id_foreign` (`user_id`);

--
-- Indexes for table `roles`
--
ALTER TABLE `roles`
  ADD PRIMARY KEY (`id`),
  ADD UNIQUE KEY `roles_slug_unique` (`slug`);

--
-- Indexes for table `role_user`
--
ALTER TABLE `role_user`
  ADD PRIMARY KEY (`user_id`,`role_id`),
  ADD KEY `role_user_role_id_foreign` (`role_id`);

--
-- Indexes for table `service_locations`
--
ALTER TABLE `service_locations`
  ADD PRIMARY KEY (`id`),
  ADD KEY `service_locations_country_foreign` (`country`);

--
-- Indexes for table `service_location_translations`
--
ALTER TABLE `service_location_translations`
  ADD PRIMARY KEY (`id`),
  ADD KEY `service_location_translations_service_location_id_foreign` (`service_location_id`);

--
-- Indexes for table `sessions`
--
ALTER TABLE `sessions`
  ADD PRIMARY KEY (`id`),
  ADD KEY `sessions_user_id_index` (`user_id`),
  ADD KEY `sessions_last_activity_index` (`last_activity`);

--
-- Indexes for table `settings`
--
ALTER TABLE `settings`
  ADD PRIMARY KEY (`id`);

--
-- Indexes for table `sos`
--
ALTER TABLE `sos`
  ADD PRIMARY KEY (`id`),
  ADD KEY `sos_service_location_id_foreign` (`service_location_id`),
  ADD KEY `sos_created_by_foreign` (`created_by`);

--
-- Indexes for table `states`
--
ALTER TABLE `states`
  ADD PRIMARY KEY (`id`),
  ADD UNIQUE KEY `states_slug_unique` (`slug`);

--
-- Indexes for table `subscriptions`
--
ALTER TABLE `subscriptions`
  ADD PRIMARY KEY (`id`),
  ADD KEY `subscriptions_vehicle_type_id_foreign` (`vehicle_type_id`);

--
-- Indexes for table `subscription_details`
--
ALTER TABLE `subscription_details`
  ADD PRIMARY KEY (`id`),
  ADD KEY `subscription_details_driver_id_foreign` (`driver_id`),
  ADD KEY `subscription_details_subscription_id_foreign` (`subscription_id`);

--
-- Indexes for table `sub_vehicle_types`
--
ALTER TABLE `sub_vehicle_types`
  ADD PRIMARY KEY (`id`),
  ADD KEY `sub_vehicle_types_vehicle_type_id_foreign` (`vehicle_type_id`),
  ADD KEY `sub_vehicle_types_sub_vehicle_type_id_foreign` (`sub_vehicle_type_id`);

--
-- Indexes for table `support_tickets`
--
ALTER TABLE `support_tickets`
  ADD PRIMARY KEY (`id`),
  ADD KEY `support_tickets_title_id_foreign` (`title_id`),
  ADD KEY `support_tickets_users_id_foreign` (`users_id`),
  ADD KEY `support_tickets_service_location_id_foreign` (`service_location_id`);

--
-- Indexes for table `support_ticket_categories`
--
ALTER TABLE `support_ticket_categories`
  ADD PRIMARY KEY (`id`);

--
-- Indexes for table `support_ticket_messages`
--
ALTER TABLE `support_ticket_messages`
  ADD PRIMARY KEY (`id`),
  ADD KEY `support_ticket_messages_ticket_id_foreign` (`ticket_id`),
  ADD KEY `support_ticket_messages_user_id_foreign` (`user_id`);

--
-- Indexes for table `support_ticket_multi_files`
--
ALTER TABLE `support_ticket_multi_files`
  ADD PRIMARY KEY (`id`),
  ADD KEY `support_ticket_multi_files_ticket_id_foreign` (`ticket_id`);

--
-- Indexes for table `support_ticket_titles`
--
ALTER TABLE `support_ticket_titles`
  ADD PRIMARY KEY (`id`);

--
-- Indexes for table `support_ticket_titles_translations`
--
ALTER TABLE `support_ticket_titles_translations`
  ADD PRIMARY KEY (`id`),
  ADD KEY `support_ticket_titles_translations_ticket_title_id_foreign` (`ticket_title_id`);

--
-- Indexes for table `tests`
--
ALTER TABLE `tests`
  ADD PRIMARY KEY (`id`);

--
-- Indexes for table `third_party_settings`
--
ALTER TABLE `third_party_settings`
  ADD PRIMARY KEY (`id`);

--
-- Indexes for table `time_zones`
--
ALTER TABLE `time_zones`
  ADD PRIMARY KEY (`id`);

--
-- Indexes for table `users_bank_info`
--
ALTER TABLE `users_bank_info`
  ADD PRIMARY KEY (`id`),
  ADD KEY `users_bank_info_user_id_foreign` (`user_id`);

--
-- Indexes for table `users_imported`
--
ALTER TABLE `users_imported`
  ADD PRIMARY KEY (`id`),
  ADD KEY `users_imported_user_id_foreign` (`user_id`);

--
-- Indexes for table `user_details`
--
ALTER TABLE `user_details`
  ADD PRIMARY KEY (`id`),
  ADD KEY `user_details_user_id_foreign` (`user_id`),
  ADD KEY `user_details_country_foreign` (`country`);

--
-- Indexes for table `user_driver_notifications`
--
ALTER TABLE `user_driver_notifications`
  ADD PRIMARY KEY (`id`),
  ADD KEY `user_driver_notifications_notify_id_foreign` (`notify_id`),
  ADD KEY `user_driver_notifications_user_id_foreign` (`user_id`),
  ADD KEY `user_driver_notifications_driver_id_foreign` (`driver_id`);

--
-- Indexes for table `user_wallet`
--
ALTER TABLE `user_wallet`
  ADD PRIMARY KEY (`id`),
  ADD KEY `user_wallet_user_id_foreign` (`user_id`);

--
-- Indexes for table `user_wallet_history`
--
ALTER TABLE `user_wallet_history`
  ADD PRIMARY KEY (`id`),
  ADD KEY `user_wallet_history_card_id_foreign` (`card_id`),
  ADD KEY `user_wallet_history_user_id_foreign` (`user_id`),
  ADD KEY `user_wallet_history_admin_id_foreign` (`admin_id`),
  ADD KEY `user_wallet_history_request_id_foreign` (`request_id`);

--
-- Indexes for table `vehicle_types`
--
ALTER TABLE `vehicle_types`
  ADD PRIMARY KEY (`id`);

--
-- Indexes for table `vehicle_type_translations`
--
ALTER TABLE `vehicle_type_translations`
  ADD PRIMARY KEY (`id`),
  ADD KEY `vehicle_type_translations_vehicle_type_id_foreign` (`vehicle_type_id`);

--
-- Indexes for table `wallet_withdrawal_requests`
--
ALTER TABLE `wallet_withdrawal_requests`
  ADD PRIMARY KEY (`id`),
  ADD KEY `wallet_withdrawal_requests_driver_id_foreign` (`driver_id`),
  ADD KEY `wallet_withdrawal_requests_user_id_foreign` (`user_id`),
  ADD KEY `wallet_withdrawal_requests_owner_id_foreign` (`owner_id`);

--
-- Indexes for table `websockets_statistics_entries`
--
ALTER TABLE `websockets_statistics_entries`
  ADD PRIMARY KEY (`id`);

--
-- Indexes for table `zones`
--
ALTER TABLE `zones`
  ADD PRIMARY KEY (`id`),
  ADD KEY `zones_service_location_id_foreign` (`service_location_id`);

--
-- Indexes for table `zone_bounds`
--
ALTER TABLE `zone_bounds`
  ADD PRIMARY KEY (`id`),
  ADD KEY `zone_bounds_zone_id_foreign` (`zone_id`);

--
-- Indexes for table `zone_surge_prices`
--
ALTER TABLE `zone_surge_prices`
  ADD PRIMARY KEY (`id`),
  ADD KEY `zone_surge_prices_zone_type_id_foreign` (`zone_type_id`);

--
-- Indexes for table `zone_translations`
--
ALTER TABLE `zone_translations`
  ADD PRIMARY KEY (`id`),
  ADD KEY `zone_translations_zone_id_foreign` (`zone_id`);

--
-- Indexes for table `zone_types`
--
ALTER TABLE `zone_types`
  ADD PRIMARY KEY (`id`),
  ADD KEY `zone_types_zone_id_foreign` (`zone_id`),
  ADD KEY `zone_types_type_id_foreign` (`type_id`);

--
-- Indexes for table `zone_type_package_prices`
--
ALTER TABLE `zone_type_package_prices`
  ADD PRIMARY KEY (`id`),
  ADD KEY `zone_type_package_prices_zone_type_id_foreign` (`zone_type_id`),
  ADD KEY `zone_type_package_prices_zone_id_foreign` (`zone_id`);

--
-- Indexes for table `zone_type_price`
--
ALTER TABLE `zone_type_price`
  ADD PRIMARY KEY (`id`),
  ADD KEY `zone_type_price_zone_type_id_foreign` (`zone_type_id`);

--
-- AUTO_INCREMENT for dumped tables
--

--
-- AUTO_INCREMENT for table `adhocs`
--
ALTER TABLE `adhocs`
  MODIFY `id` bigint(20) UNSIGNED NOT NULL AUTO_INCREMENT;

--
-- AUTO_INCREMENT for table `adhoc_users`
--
ALTER TABLE `adhoc_users`
  MODIFY `id` int(10) UNSIGNED NOT NULL AUTO_INCREMENT;

--
-- AUTO_INCREMENT for table `cancellation_reason_translations`
--
ALTER TABLE `cancellation_reason_translations`
  MODIFY `id` int(10) UNSIGNED NOT NULL AUTO_INCREMENT, AUTO_INCREMENT=17;

--
-- AUTO_INCREMENT for table `car_makes`
--
ALTER TABLE `car_makes`
  MODIFY `id` int(10) UNSIGNED NOT NULL AUTO_INCREMENT;

--
-- AUTO_INCREMENT for table `car_models`
--
ALTER TABLE `car_models`
  MODIFY `id` int(10) UNSIGNED NOT NULL AUTO_INCREMENT;

--
-- AUTO_INCREMENT for table `chat_messages`
--
ALTER TABLE `chat_messages`
  MODIFY `id` bigint(20) UNSIGNED NOT NULL AUTO_INCREMENT;

--
-- AUTO_INCREMENT for table `complaint_title_translations`
--
ALTER TABLE `complaint_title_translations`
  MODIFY `id` int(10) UNSIGNED NOT NULL AUTO_INCREMENT;

--
-- AUTO_INCREMENT for table `countries`
--
ALTER TABLE `countries`
  MODIFY `id` int(10) UNSIGNED NOT NULL AUTO_INCREMENT, AUTO_INCREMENT=247;

--
-- AUTO_INCREMENT for table `dispatcher_location`
--
ALTER TABLE `dispatcher_location`
  MODIFY `id` bigint(20) UNSIGNED NOT NULL AUTO_INCREMENT;

--
-- AUTO_INCREMENT for table `distance_matrixes`
--
ALTER TABLE `distance_matrixes`
  MODIFY `id` int(10) UNSIGNED NOT NULL AUTO_INCREMENT;

--
-- AUTO_INCREMENT for table `drivers`
--
ALTER TABLE `drivers`
  MODIFY `id` int(10) UNSIGNED NOT NULL AUTO_INCREMENT, AUTO_INCREMENT=28;

--
-- AUTO_INCREMENT for table `drivers_imported`
--
ALTER TABLE `drivers_imported`
  MODIFY `id` bigint(20) UNSIGNED NOT NULL AUTO_INCREMENT;

--
-- AUTO_INCREMENT for table `driver_availabilities`
--
ALTER TABLE `driver_availabilities`
  MODIFY `id` int(10) UNSIGNED NOT NULL AUTO_INCREMENT, AUTO_INCREMENT=140;

--
-- AUTO_INCREMENT for table `driver_enabled_routes`
--
ALTER TABLE `driver_enabled_routes`
  MODIFY `id` int(10) UNSIGNED NOT NULL AUTO_INCREMENT;

--
-- AUTO_INCREMENT for table `driver_needed_documents`
--
ALTER TABLE `driver_needed_documents`
  MODIFY `id` int(10) UNSIGNED NOT NULL AUTO_INCREMENT, AUTO_INCREMENT=2;

--
-- AUTO_INCREMENT for table `driver_preferences`
--
ALTER TABLE `driver_preferences`
  MODIFY `id` int(10) UNSIGNED NOT NULL AUTO_INCREMENT;

--
-- AUTO_INCREMENT for table `driver_privileged_vehicles`
--
ALTER TABLE `driver_privileged_vehicles`
  MODIFY `id` bigint(20) UNSIGNED NOT NULL AUTO_INCREMENT;

--
-- AUTO_INCREMENT for table `driver_rejected_requests`
--
ALTER TABLE `driver_rejected_requests`
  MODIFY `id` int(10) UNSIGNED NOT NULL AUTO_INCREMENT, AUTO_INCREMENT=18;

--
-- AUTO_INCREMENT for table `driver_vehicle_types`
--
ALTER TABLE `driver_vehicle_types`
  MODIFY `id` int(10) UNSIGNED NOT NULL AUTO_INCREMENT, AUTO_INCREMENT=16;

--
-- AUTO_INCREMENT for table `failed_jobs`
--
ALTER TABLE `failed_jobs`
  MODIFY `id` bigint(20) UNSIGNED NOT NULL AUTO_INCREMENT;

--
-- AUTO_INCREMENT for table `favorite_places`
--
ALTER TABLE `favorite_places`
  MODIFY `id` int(10) UNSIGNED NOT NULL AUTO_INCREMENT;

--
-- AUTO_INCREMENT for table `favourite_locations`
--
ALTER TABLE `favourite_locations`
  MODIFY `id` int(10) UNSIGNED NOT NULL AUTO_INCREMENT, AUTO_INCREMENT=13;

--
-- AUTO_INCREMENT for table `fields`
--
ALTER TABLE `fields`
  MODIFY `id` int(10) UNSIGNED NOT NULL AUTO_INCREMENT, AUTO_INCREMENT=2;

--
-- AUTO_INCREMENT for table `fleet_needed_documents`
--
ALTER TABLE `fleet_needed_documents`
  MODIFY `id` int(10) UNSIGNED NOT NULL AUTO_INCREMENT;

--
-- AUTO_INCREMENT for table `goods_types`
--
ALTER TABLE `goods_types`
  MODIFY `id` int(10) UNSIGNED NOT NULL AUTO_INCREMENT, AUTO_INCREMENT=19;

--
-- AUTO_INCREMENT for table `goods_type_translations`
--
ALTER TABLE `goods_type_translations`
  MODIFY `id` int(10) UNSIGNED NOT NULL AUTO_INCREMENT, AUTO_INCREMENT=19;

--
-- AUTO_INCREMENT for table `jobs`
--
ALTER TABLE `jobs`
  MODIFY `id` bigint(20) UNSIGNED NOT NULL AUTO_INCREMENT;

--
-- AUTO_INCREMENT for table `landingpagecms`
--
ALTER TABLE `landingpagecms`
  MODIFY `id` int(11) NOT NULL AUTO_INCREMENT;

--
-- AUTO_INCREMENT for table `landing_email`
--
ALTER TABLE `landing_email`
  MODIFY `id` bigint(20) UNSIGNED NOT NULL AUTO_INCREMENT;

--
-- AUTO_INCREMENT for table `language`
--
ALTER TABLE `language`
  MODIFY `id` bigint(20) UNSIGNED NOT NULL AUTO_INCREMENT;

--
-- AUTO_INCREMENT for table `languages`
--
ALTER TABLE `languages`
  MODIFY `id` bigint(20) UNSIGNED NOT NULL AUTO_INCREMENT, AUTO_INCREMENT=5;

--
-- AUTO_INCREMENT for table `linked_social_accounts`
--
ALTER TABLE `linked_social_accounts`
  MODIFY `id` int(10) UNSIGNED NOT NULL AUTO_INCREMENT;

--
-- AUTO_INCREMENT for table `ltm_translations`
--
ALTER TABLE `ltm_translations`
  MODIFY `id` bigint(20) UNSIGNED NOT NULL AUTO_INCREMENT;

--
-- AUTO_INCREMENT for table `methods`
--
ALTER TABLE `methods`
  MODIFY `id` int(10) UNSIGNED NOT NULL AUTO_INCREMENT, AUTO_INCREMENT=2;

--
-- AUTO_INCREMENT for table `migrations`
--
ALTER TABLE `migrations`
  MODIFY `id` int(10) UNSIGNED NOT NULL AUTO_INCREMENT, AUTO_INCREMENT=363;

--
-- AUTO_INCREMENT for table `mobile_builds`
--
ALTER TABLE `mobile_builds`
  MODIFY `id` int(10) UNSIGNED NOT NULL AUTO_INCREMENT;

--
-- AUTO_INCREMENT for table `notification_channels_translations`
--
ALTER TABLE `notification_channels_translations`
  MODIFY `id` int(10) UNSIGNED NOT NULL AUTO_INCREMENT, AUTO_INCREMENT=149;

--
-- AUTO_INCREMENT for table `onboarding_screen_translations`
--
ALTER TABLE `onboarding_screen_translations`
  MODIFY `id` int(10) UNSIGNED NOT NULL AUTO_INCREMENT, AUTO_INCREMENT=11;

--
-- AUTO_INCREMENT for table `owner_hired_drivers`
--
ALTER TABLE `owner_hired_drivers`
  MODIFY `id` bigint(20) UNSIGNED NOT NULL AUTO_INCREMENT;

--
-- AUTO_INCREMENT for table `owner_needed_documents`
--
ALTER TABLE `owner_needed_documents`
  MODIFY `id` int(10) UNSIGNED NOT NULL AUTO_INCREMENT;

--
-- AUTO_INCREMENT for table `package_types`
--
ALTER TABLE `package_types`
  MODIFY `id` int(10) UNSIGNED NOT NULL AUTO_INCREMENT, AUTO_INCREMENT=3;

--
-- AUTO_INCREMENT for table `permissions`
--
ALTER TABLE `permissions`
  MODIFY `id` int(10) UNSIGNED NOT NULL AUTO_INCREMENT, AUTO_INCREMENT=297;

--
-- AUTO_INCREMENT for table `preferences`
--
ALTER TABLE `preferences`
  MODIFY `id` int(10) UNSIGNED NOT NULL AUTO_INCREMENT;

--
-- AUTO_INCREMENT for table `preference_prices`
--
ALTER TABLE `preference_prices`
  MODIFY `id` int(10) UNSIGNED NOT NULL AUTO_INCREMENT;

--
-- AUTO_INCREMENT for table `projects`
--
ALTER TABLE `projects`
  MODIFY `id` int(10) UNSIGNED NOT NULL AUTO_INCREMENT;

--
-- AUTO_INCREMENT for table `project_flavours`
--
ALTER TABLE `project_flavours`
  MODIFY `id` int(10) UNSIGNED NOT NULL AUTO_INCREMENT;

--
-- AUTO_INCREMENT for table `promo_code_users`
--
ALTER TABLE `promo_code_users`
  MODIFY `id` int(10) UNSIGNED NOT NULL AUTO_INCREMENT;

--
-- AUTO_INCREMENT for table `promo_users`
--
ALTER TABLE `promo_users`
  MODIFY `id` int(10) UNSIGNED NOT NULL AUTO_INCREMENT, AUTO_INCREMENT=2;

--
-- AUTO_INCREMENT for table `recent_searches`
--
ALTER TABLE `recent_searches`
  MODIFY `id` int(10) UNSIGNED NOT NULL AUTO_INCREMENT, AUTO_INCREMENT=33;

--
-- AUTO_INCREMENT for table `recent_searches_stops`
--
ALTER TABLE `recent_searches_stops`
  MODIFY `id` int(10) UNSIGNED NOT NULL AUTO_INCREMENT, AUTO_INCREMENT=2;

--
-- AUTO_INCREMENT for table `requests_meta`
--
ALTER TABLE `requests_meta`
  MODIFY `id` int(10) UNSIGNED NOT NULL AUTO_INCREMENT, AUTO_INCREMENT=88;

--
-- AUTO_INCREMENT for table `request_bills`
--
ALTER TABLE `request_bills`
  MODIFY `id` int(10) UNSIGNED NOT NULL AUTO_INCREMENT, AUTO_INCREMENT=41;

--
-- AUTO_INCREMENT for table `request_cancellation_fees`
--
ALTER TABLE `request_cancellation_fees`
  MODIFY `id` int(10) UNSIGNED NOT NULL AUTO_INCREMENT, AUTO_INCREMENT=6;

--
-- AUTO_INCREMENT for table `request_delivery_proofs`
--
ALTER TABLE `request_delivery_proofs`
  MODIFY `id` int(10) UNSIGNED NOT NULL AUTO_INCREMENT, AUTO_INCREMENT=5;

--
-- AUTO_INCREMENT for table `request_eta`
--
ALTER TABLE `request_eta`
  MODIFY `id` bigint(20) UNSIGNED NOT NULL AUTO_INCREMENT, AUTO_INCREMENT=126;

--
-- AUTO_INCREMENT for table `request_places`
--
ALTER TABLE `request_places`
  MODIFY `id` int(10) UNSIGNED NOT NULL AUTO_INCREMENT, AUTO_INCREMENT=127;

--
-- AUTO_INCREMENT for table `request_preferences`
--
ALTER TABLE `request_preferences`
  MODIFY `id` int(10) UNSIGNED NOT NULL AUTO_INCREMENT;

--
-- AUTO_INCREMENT for table `request_ratings`
--
ALTER TABLE `request_ratings`
  MODIFY `id` int(10) UNSIGNED NOT NULL AUTO_INCREMENT, AUTO_INCREMENT=77;

--
-- AUTO_INCREMENT for table `request_stops`
--
ALTER TABLE `request_stops`
  MODIFY `id` int(10) UNSIGNED NOT NULL AUTO_INCREMENT, AUTO_INCREMENT=7;

--
-- AUTO_INCREMENT for table `roles`
--
ALTER TABLE `roles`
  MODIFY `id` int(10) UNSIGNED NOT NULL AUTO_INCREMENT, AUTO_INCREMENT=8;

--
-- AUTO_INCREMENT for table `service_location_translations`
--
ALTER TABLE `service_location_translations`
  MODIFY `id` int(10) UNSIGNED NOT NULL AUTO_INCREMENT, AUTO_INCREMENT=4;

--
-- AUTO_INCREMENT for table `settings`
--
ALTER TABLE `settings`
  MODIFY `id` int(10) UNSIGNED NOT NULL AUTO_INCREMENT, AUTO_INCREMENT=128;

--
-- AUTO_INCREMENT for table `subscriptions`
--
ALTER TABLE `subscriptions`
  MODIFY `id` int(10) UNSIGNED NOT NULL AUTO_INCREMENT;

--
-- AUTO_INCREMENT for table `sub_vehicle_types`
--
ALTER TABLE `sub_vehicle_types`
  MODIFY `id` int(10) UNSIGNED NOT NULL AUTO_INCREMENT;

--
-- AUTO_INCREMENT for table `support_ticket_multi_files`
--
ALTER TABLE `support_ticket_multi_files`
  MODIFY `id` bigint(20) UNSIGNED NOT NULL AUTO_INCREMENT;

--
-- AUTO_INCREMENT for table `support_ticket_titles_translations`
--
ALTER TABLE `support_ticket_titles_translations`
  MODIFY `id` int(10) UNSIGNED NOT NULL AUTO_INCREMENT;

--
-- AUTO_INCREMENT for table `tests`
--
ALTER TABLE `tests`
  MODIFY `id` bigint(20) UNSIGNED NOT NULL AUTO_INCREMENT;

--
-- AUTO_INCREMENT for table `users_imported`
--
ALTER TABLE `users_imported`
  MODIFY `id` bigint(20) UNSIGNED NOT NULL AUTO_INCREMENT;

--
-- AUTO_INCREMENT for table `vehicle_type_translations`
--
ALTER TABLE `vehicle_type_translations`
  MODIFY `id` int(10) UNSIGNED NOT NULL AUTO_INCREMENT;

--
-- AUTO_INCREMENT for table `wallet_withdrawal_requests`
--
ALTER TABLE `wallet_withdrawal_requests`
  MODIFY `id` int(10) UNSIGNED NOT NULL AUTO_INCREMENT;

--
-- AUTO_INCREMENT for table `websockets_statistics_entries`
--
ALTER TABLE `websockets_statistics_entries`
  MODIFY `id` int(10) UNSIGNED NOT NULL AUTO_INCREMENT;

--
-- AUTO_INCREMENT for table `zone_surge_prices`
--
ALTER TABLE `zone_surge_prices`
  MODIFY `id` bigint(20) UNSIGNED NOT NULL AUTO_INCREMENT;

--
-- AUTO_INCREMENT for table `zone_translations`
--
ALTER TABLE `zone_translations`
  MODIFY `id` int(10) UNSIGNED NOT NULL AUTO_INCREMENT, AUTO_INCREMENT=5;

--
-- Constraints for dumped tables
--

--
-- Constraints for table `adhoc_users`
--
ALTER TABLE `adhoc_users`
  ADD CONSTRAINT `adhoc_users_request_id_foreign` FOREIGN KEY (`request_id`) REFERENCES `requests` (`id`) ON DELETE CASCADE;

--
-- Constraints for table `admin_details`
--
ALTER TABLE `admin_details`
  ADD CONSTRAINT `admin_details_service_location_id_foreign` FOREIGN KEY (`service_location_id`) REFERENCES `service_locations` (`id`) ON DELETE CASCADE,
  ADD CONSTRAINT `admin_details_user_id_foreign` FOREIGN KEY (`user_id`) REFERENCES `users` (`id`) ON DELETE CASCADE;

--
-- Constraints for table `admin_notifications`
--
ALTER TABLE `admin_notifications`
  ADD CONSTRAINT `admin_notifications_user_id_foreign` FOREIGN KEY (`user_id`) REFERENCES `users` (`id`) ON DELETE CASCADE;

--
-- Constraints for table `airports`
--
ALTER TABLE `airports`
  ADD CONSTRAINT `airports_service_location_id_foreign` FOREIGN KEY (`service_location_id`) REFERENCES `service_locations` (`id`) ON DELETE CASCADE;

--
-- Constraints for table `cancellation_reason_translations`
--
ALTER TABLE `cancellation_reason_translations`
  ADD CONSTRAINT `cancellation_reason_translations_cancellation_reason_id_foreign` FOREIGN KEY (`cancellation_reason_id`) REFERENCES `cancellation_reasons` (`id`) ON DELETE CASCADE;

--
-- Constraints for table `card_info`
--
ALTER TABLE `card_info`
  ADD CONSTRAINT `card_info_user_id_foreign` FOREIGN KEY (`user_id`) REFERENCES `users` (`id`) ON DELETE CASCADE;

--
-- Constraints for table `car_models`
--
ALTER TABLE `car_models`
  ADD CONSTRAINT `car_models_make_id_foreign` FOREIGN KEY (`make_id`) REFERENCES `car_makes` (`id`) ON DELETE CASCADE;

--
-- Constraints for table `chats`
--
ALTER TABLE `chats`
  ADD CONSTRAINT `chats_request_id_foreign` FOREIGN KEY (`request_id`) REFERENCES `requests` (`id`) ON DELETE CASCADE,
  ADD CONSTRAINT `chats_user_id_foreign` FOREIGN KEY (`user_id`) REFERENCES `users` (`id`) ON DELETE CASCADE;

--
-- Constraints for table `chat_messages`
--
ALTER TABLE `chat_messages`
  ADD CONSTRAINT `chat_messages_chat_id_foreign` FOREIGN KEY (`chat_id`) REFERENCES `chat` (`id`) ON DELETE CASCADE;

--
-- Constraints for table `companies`
--
ALTER TABLE `companies`
  ADD CONSTRAINT `companies_admin_id_foreign` FOREIGN KEY (`admin_id`) REFERENCES `users` (`id`) ON DELETE CASCADE,
  ADD CONSTRAINT `companies_country_foreign` FOREIGN KEY (`country`) REFERENCES `countries` (`id`) ON DELETE CASCADE;

--
-- Constraints for table `complaints`
--
ALTER TABLE `complaints`
  ADD CONSTRAINT `complaints_complaint_title_id_foreign` FOREIGN KEY (`complaint_title_id`) REFERENCES `complaint_titles` (`id`) ON DELETE CASCADE,
  ADD CONSTRAINT `complaints_driver_id_foreign` FOREIGN KEY (`driver_id`) REFERENCES `drivers` (`id`) ON DELETE CASCADE,
  ADD CONSTRAINT `complaints_owner_id_foreign` FOREIGN KEY (`owner_id`) REFERENCES `owners` (`id`) ON DELETE CASCADE,
  ADD CONSTRAINT `complaints_user_id_foreign` FOREIGN KEY (`user_id`) REFERENCES `users` (`id`) ON DELETE CASCADE;

--
-- Constraints for table `complaint_title_translations`
--
ALTER TABLE `complaint_title_translations`
  ADD CONSTRAINT `complaint_title_translations_complaint_title_id_foreign` FOREIGN KEY (`complaint_title_id`) REFERENCES `complaint_titles` (`id`) ON DELETE CASCADE;

--
-- Constraints for table `conversations`
--
ALTER TABLE `conversations`
  ADD CONSTRAINT `conversations_admin_id_foreign` FOREIGN KEY (`admin_id`) REFERENCES `admin_details` (`id`) ON DELETE CASCADE,
  ADD CONSTRAINT `conversations_user_id_foreign` FOREIGN KEY (`user_id`) REFERENCES `users` (`id`) ON DELETE CASCADE;

--
-- Constraints for table `developers`
--
ALTER TABLE `developers`
  ADD CONSTRAINT `developers_user_id_foreign` FOREIGN KEY (`user_id`) REFERENCES `users` (`id`) ON DELETE CASCADE;

--
-- Constraints for table `drivers`
--
ALTER TABLE `drivers`
  ADD CONSTRAINT `drivers_car_make_foreign` FOREIGN KEY (`car_make`) REFERENCES `car_makes` (`id`) ON DELETE CASCADE,
  ADD CONSTRAINT `drivers_car_model_foreign` FOREIGN KEY (`car_model`) REFERENCES `car_models` (`id`) ON DELETE CASCADE,
  ADD CONSTRAINT `drivers_country_foreign` FOREIGN KEY (`country`) REFERENCES `countries` (`id`) ON DELETE CASCADE,
  ADD CONSTRAINT `drivers_fleet_id_foreign` FOREIGN KEY (`fleet_id`) REFERENCES `fleets` (`id`) ON DELETE CASCADE,
  ADD CONSTRAINT `drivers_owner_id_foreign` FOREIGN KEY (`owner_id`) REFERENCES `owners` (`id`) ON DELETE CASCADE,
  ADD CONSTRAINT `drivers_service_location_id_foreign` FOREIGN KEY (`service_location_id`) REFERENCES `service_locations` (`id`),
  ADD CONSTRAINT `drivers_user_id_foreign` FOREIGN KEY (`user_id`) REFERENCES `users` (`id`) ON DELETE CASCADE,
  ADD CONSTRAINT `drivers_vehicle_type_foreign` FOREIGN KEY (`vehicle_type`) REFERENCES `vehicle_types` (`id`) ON DELETE CASCADE;

--
-- Constraints for table `drivers_imported`
--
ALTER TABLE `drivers_imported`
  ADD CONSTRAINT `drivers_imported_user_id_foreign` FOREIGN KEY (`user_id`) REFERENCES `users` (`id`) ON DELETE CASCADE;

--
-- Constraints for table `driver_bank_infos`
--
ALTER TABLE `driver_bank_infos`
  ADD CONSTRAINT `driver_bank_infos_driver_id_foreign` FOREIGN KEY (`driver_id`) REFERENCES `drivers` (`id`) ON DELETE CASCADE,
  ADD CONSTRAINT `driver_bank_infos_field_id_foreign` FOREIGN KEY (`field_id`) REFERENCES `fields` (`id`) ON DELETE CASCADE,
  ADD CONSTRAINT `driver_bank_infos_method_id_foreign` FOREIGN KEY (`method_id`) REFERENCES `methods` (`id`) ON DELETE CASCADE;

--
-- Constraints for table `driver_details`
--
ALTER TABLE `driver_details`
  ADD CONSTRAINT `driver_details_company_foreign` FOREIGN KEY (`company`) REFERENCES `companies` (`id`) ON DELETE SET NULL,
  ADD CONSTRAINT `driver_details_current_zone_foreign` FOREIGN KEY (`current_zone`) REFERENCES `zones` (`id`) ON DELETE SET NULL,
  ADD CONSTRAINT `driver_details_driver_id_foreign` FOREIGN KEY (`driver_id`) REFERENCES `drivers` (`id`) ON DELETE CASCADE;

--
-- Constraints for table `driver_documents`
--
ALTER TABLE `driver_documents`
  ADD CONSTRAINT `driver_documents_document_id_foreign` FOREIGN KEY (`document_id`) REFERENCES `driver_needed_documents` (`id`) ON DELETE CASCADE,
  ADD CONSTRAINT `driver_documents_driver_id_foreign` FOREIGN KEY (`driver_id`) REFERENCES `drivers` (`id`) ON DELETE CASCADE;

--
-- Constraints for table `driver_enabled_routes`
--
ALTER TABLE `driver_enabled_routes`
  ADD CONSTRAINT `driver_enabled_routes_driver_id_foreign` FOREIGN KEY (`driver_id`) REFERENCES `drivers` (`id`) ON DELETE CASCADE;

--
-- Constraints for table `driver_incentive_histories`
--
ALTER TABLE `driver_incentive_histories`
  ADD CONSTRAINT `driver_incentive_histories_driver_id_foreign` FOREIGN KEY (`driver_id`) REFERENCES `drivers` (`id`) ON DELETE CASCADE;

--
-- Constraints for table `driver_level_details`
--
ALTER TABLE `driver_level_details`
  ADD CONSTRAINT `driver_level_details_driver_id_foreign` FOREIGN KEY (`driver_id`) REFERENCES `drivers` (`id`) ON DELETE CASCADE,
  ADD CONSTRAINT `driver_level_details_level_id_foreign` FOREIGN KEY (`level_id`) REFERENCES `driver_level_ups` (`id`) ON DELETE CASCADE;

--
-- Constraints for table `driver_level_ups`
--
ALTER TABLE `driver_level_ups`
  ADD CONSTRAINT `driver_level_ups_zone_type_id_foreign` FOREIGN KEY (`zone_type_id`) REFERENCES `zone_types` (`id`) ON DELETE CASCADE;

--
-- Constraints for table `driver_preferences`
--
ALTER TABLE `driver_preferences`
  ADD CONSTRAINT `driver_preferences_driver_id_foreign` FOREIGN KEY (`driver_id`) REFERENCES `drivers` (`id`) ON DELETE CASCADE,
  ADD CONSTRAINT `driver_preferences_preference_id_foreign` FOREIGN KEY (`preference_id`) REFERENCES `preferences` (`id`) ON DELETE CASCADE;

--
-- Constraints for table `driver_privileged_vehicles`
--
ALTER TABLE `driver_privileged_vehicles`
  ADD CONSTRAINT `driver_privileged_vehicles_driver_id_foreign` FOREIGN KEY (`driver_id`) REFERENCES `drivers` (`id`) ON DELETE CASCADE,
  ADD CONSTRAINT `driver_privileged_vehicles_fleet_id_foreign` FOREIGN KEY (`fleet_id`) REFERENCES `fleets` (`id`) ON DELETE CASCADE,
  ADD CONSTRAINT `driver_privileged_vehicles_owner_id_foreign` FOREIGN KEY (`owner_id`) REFERENCES `owners` (`id`) ON DELETE CASCADE;

--
-- Constraints for table `driver_rejected_requests`
--
ALTER TABLE `driver_rejected_requests`
  ADD CONSTRAINT `driver_rejected_requests_driver_id_foreign` FOREIGN KEY (`driver_id`) REFERENCES `drivers` (`id`) ON DELETE CASCADE,
  ADD CONSTRAINT `driver_rejected_requests_request_id_foreign` FOREIGN KEY (`request_id`) REFERENCES `requests` (`id`) ON DELETE CASCADE;

--
-- Constraints for table `driver_subscriptions`
--
ALTER TABLE `driver_subscriptions`
  ADD CONSTRAINT `driver_subscriptions_driver_id_foreign` FOREIGN KEY (`driver_id`) REFERENCES `drivers` (`id`) ON DELETE CASCADE;

--
-- Constraints for table `driver_vehicle_types`
--
ALTER TABLE `driver_vehicle_types`
  ADD CONSTRAINT `driver_vehicle_types_driver_id_foreign` FOREIGN KEY (`driver_id`) REFERENCES `drivers` (`id`) ON DELETE CASCADE,
  ADD CONSTRAINT `driver_vehicle_types_vehicle_type_foreign` FOREIGN KEY (`vehicle_type`) REFERENCES `vehicle_types` (`id`) ON DELETE CASCADE;

--
-- Constraints for table `driver_wallet`
--
ALTER TABLE `driver_wallet`
  ADD CONSTRAINT `driver_wallet_user_id_foreign` FOREIGN KEY (`user_id`) REFERENCES `drivers` (`id`) ON DELETE CASCADE;

--
-- Constraints for table `driver_wallet_history`
--
ALTER TABLE `driver_wallet_history`
  ADD CONSTRAINT `driver_wallet_history_admin_id_foreign` FOREIGN KEY (`admin_id`) REFERENCES `admin_details` (`id`) ON DELETE CASCADE,
  ADD CONSTRAINT `driver_wallet_history_card_id_foreign` FOREIGN KEY (`card_id`) REFERENCES `card_info` (`id`) ON DELETE CASCADE,
  ADD CONSTRAINT `driver_wallet_history_request_id_foreign` FOREIGN KEY (`request_id`) REFERENCES `requests` (`id`) ON DELETE CASCADE,
  ADD CONSTRAINT `driver_wallet_history_user_id_foreign` FOREIGN KEY (`user_id`) REFERENCES `drivers` (`id`) ON DELETE CASCADE;

--
-- Constraints for table `favorite_places`
--
ALTER TABLE `favorite_places`
  ADD CONSTRAINT `favorite_places_user_id_foreign` FOREIGN KEY (`user_id`) REFERENCES `users` (`id`) ON DELETE CASCADE;

--
-- Constraints for table `favourite_locations`
--
ALTER TABLE `favourite_locations`
  ADD CONSTRAINT `favourite_locations_user_id_foreign` FOREIGN KEY (`user_id`) REFERENCES `users` (`id`) ON DELETE CASCADE;

--
-- Constraints for table `fields`
--
ALTER TABLE `fields`
  ADD CONSTRAINT `fields_method_id_foreign` FOREIGN KEY (`method_id`) REFERENCES `methods` (`id`) ON DELETE CASCADE;

--
-- Constraints for table `fleets`
--
ALTER TABLE `fleets`
  ADD CONSTRAINT `fleets_brand_foreign` FOREIGN KEY (`brand`) REFERENCES `car_makes` (`id`) ON DELETE CASCADE,
  ADD CONSTRAINT `fleets_driver_id_foreign` FOREIGN KEY (`driver_id`) REFERENCES `drivers` (`id`) ON DELETE CASCADE,
  ADD CONSTRAINT `fleets_model_foreign` FOREIGN KEY (`model`) REFERENCES `car_models` (`id`) ON DELETE CASCADE,
  ADD CONSTRAINT `fleets_owner_id_foreign` FOREIGN KEY (`owner_id`) REFERENCES `users` (`id`) ON DELETE CASCADE,
  ADD CONSTRAINT `fleets_vehicle_type_foreign` FOREIGN KEY (`vehicle_type`) REFERENCES `vehicle_types` (`id`) ON DELETE CASCADE;

--
-- Constraints for table `fleet_documents`
--
ALTER TABLE `fleet_documents`
  ADD CONSTRAINT `fleet_documents_document_id_foreign` FOREIGN KEY (`document_id`) REFERENCES `fleet_needed_documents` (`id`) ON DELETE CASCADE,
  ADD CONSTRAINT `fleet_documents_fleet_id_foreign` FOREIGN KEY (`fleet_id`) REFERENCES `fleets` (`id`) ON DELETE CASCADE;

--
-- Constraints for table `goods_type_translations`
--
ALTER TABLE `goods_type_translations`
  ADD CONSTRAINT `goods_type_translations_goods_type_id_foreign` FOREIGN KEY (`goods_type_id`) REFERENCES `goods_types` (`id`) ON DELETE CASCADE;

--
-- Constraints for table `incentives`
--
ALTER TABLE `incentives`
  ADD CONSTRAINT `incentives_zone_type_id_foreign` FOREIGN KEY (`zone_type_id`) REFERENCES `zone_types` (`id`) ON DELETE CASCADE;

--
-- Constraints for table `messages`
--
ALTER TABLE `messages`
  ADD CONSTRAINT `messages_conversation_id_foreign` FOREIGN KEY (`conversation_id`) REFERENCES `conversations` (`id`) ON DELETE CASCADE;

--
-- Constraints for table `mobile_builds`
--
ALTER TABLE `mobile_builds`
  ADD CONSTRAINT `mobile_builds_flavour_id_foreign` FOREIGN KEY (`flavour_id`) REFERENCES `project_flavours` (`id`) ON DELETE CASCADE,
  ADD CONSTRAINT `mobile_builds_project_id_foreign` FOREIGN KEY (`project_id`) REFERENCES `projects` (`id`) ON DELETE CASCADE;

--
-- Constraints for table `notification_channels_translations`
--
ALTER TABLE `notification_channels_translations`
  ADD CONSTRAINT `fk_notification_channel_id` FOREIGN KEY (`notification_channel_id`) REFERENCES `notification_channels` (`id`) ON DELETE CASCADE;

--
-- Constraints for table `onboarding_screen_translations`
--
ALTER TABLE `onboarding_screen_translations`
  ADD CONSTRAINT `onboarding_screen_translations_onboarding_screen_id_foreign` FOREIGN KEY (`onboarding_screen_id`) REFERENCES `onboarding_screen` (`id`) ON DELETE CASCADE;

--
-- Constraints for table `owner_bank_infos`
--
ALTER TABLE `owner_bank_infos`
  ADD CONSTRAINT `owner_bank_infos_field_id_foreign` FOREIGN KEY (`field_id`) REFERENCES `fields` (`id`) ON DELETE CASCADE,
  ADD CONSTRAINT `owner_bank_infos_method_id_foreign` FOREIGN KEY (`method_id`) REFERENCES `methods` (`id`) ON DELETE CASCADE,
  ADD CONSTRAINT `owner_bank_infos_owner_id_foreign` FOREIGN KEY (`owner_id`) REFERENCES `owners` (`id`) ON DELETE CASCADE;

--
-- Constraints for table `owner_documents`
--
ALTER TABLE `owner_documents`
  ADD CONSTRAINT `owner_documents_document_id_foreign` FOREIGN KEY (`document_id`) REFERENCES `owner_needed_documents` (`id`) ON DELETE CASCADE,
  ADD CONSTRAINT `owner_documents_owner_id_foreign` FOREIGN KEY (`owner_id`) REFERENCES `owners` (`id`) ON DELETE CASCADE;

--
-- Constraints for table `owner_hired_drivers`
--
ALTER TABLE `owner_hired_drivers`
  ADD CONSTRAINT `owner_hired_drivers_driver_id_foreign` FOREIGN KEY (`driver_id`) REFERENCES `drivers` (`id`) ON DELETE CASCADE,
  ADD CONSTRAINT `owner_hired_drivers_owner_id_foreign` FOREIGN KEY (`owner_id`) REFERENCES `owners` (`id`) ON DELETE CASCADE;

--
-- Constraints for table `owner_wallets`
--
ALTER TABLE `owner_wallets`
  ADD CONSTRAINT `owner_wallets_user_id_foreign` FOREIGN KEY (`user_id`) REFERENCES `owners` (`id`) ON DELETE CASCADE;

--
-- Constraints for table `owner_wallet_histories`
--
ALTER TABLE `owner_wallet_histories`
  ADD CONSTRAINT `owner_wallet_histories_admin_id_foreign` FOREIGN KEY (`admin_id`) REFERENCES `admin_details` (`id`) ON DELETE CASCADE,
  ADD CONSTRAINT `owner_wallet_histories_card_id_foreign` FOREIGN KEY (`card_id`) REFERENCES `card_info` (`id`) ON DELETE CASCADE,
  ADD CONSTRAINT `owner_wallet_histories_request_id_foreign` FOREIGN KEY (`request_id`) REFERENCES `requests` (`id`) ON DELETE CASCADE,
  ADD CONSTRAINT `owner_wallet_histories_user_id_foreign` FOREIGN KEY (`user_id`) REFERENCES `owners` (`id`) ON DELETE CASCADE;

--
-- Constraints for table `peak_zones`
--
ALTER TABLE `peak_zones`
  ADD CONSTRAINT `peak_zones_zone_id_foreign` FOREIGN KEY (`zone_id`) REFERENCES `zones` (`id`) ON DELETE CASCADE;

--
-- Constraints for table `permission_role`
--
ALTER TABLE `permission_role`
  ADD CONSTRAINT `permission_role_permission_id_foreign` FOREIGN KEY (`permission_id`) REFERENCES `permissions` (`id`) ON DELETE CASCADE,
  ADD CONSTRAINT `permission_role_role_id_foreign` FOREIGN KEY (`role_id`) REFERENCES `roles` (`id`) ON DELETE CASCADE;

--
-- Constraints for table `poc_clients`
--
ALTER TABLE `poc_clients`
  ADD CONSTRAINT `poc_clients_project_id_foreign` FOREIGN KEY (`project_id`) REFERENCES `projects` (`id`) ON DELETE CASCADE,
  ADD CONSTRAINT `poc_clients_user_id_foreign` FOREIGN KEY (`user_id`) REFERENCES `users` (`id`) ON DELETE CASCADE;

--
-- Constraints for table `preference_prices`
--
ALTER TABLE `preference_prices`
  ADD CONSTRAINT `preference_prices_preference_id_foreign` FOREIGN KEY (`preference_id`) REFERENCES `preferences` (`id`) ON DELETE CASCADE,
  ADD CONSTRAINT `preference_prices_zone_type_id_foreign` FOREIGN KEY (`zone_type_id`) REFERENCES `zone_types` (`id`) ON DELETE CASCADE;

--
-- Constraints for table `pre_payment_datas`
--
ALTER TABLE `pre_payment_datas`
  ADD CONSTRAINT `pre_payment_datas_driver_id_foreign` FOREIGN KEY (`driver_id`) REFERENCES `drivers` (`id`) ON DELETE CASCADE,
  ADD CONSTRAINT `pre_payment_datas_request_id_foreign` FOREIGN KEY (`request_id`) REFERENCES `requests` (`id`) ON DELETE CASCADE;

--
-- Constraints for table `project_flavours`
--
ALTER TABLE `project_flavours`
  ADD CONSTRAINT `project_flavours_project_id_foreign` FOREIGN KEY (`project_id`) REFERENCES `projects` (`id`) ON DELETE CASCADE;

--
-- Constraints for table `promo`
--
ALTER TABLE `promo`
  ADD CONSTRAINT `promo_service_location_id_foreign` FOREIGN KEY (`service_location_id`) REFERENCES `service_locations` (`id`) ON DELETE CASCADE;

--
-- Constraints for table `promo_code_users`
--
ALTER TABLE `promo_code_users`
  ADD CONSTRAINT `promo_code_users_promo_code_id_foreign` FOREIGN KEY (`promo_code_id`) REFERENCES `promo` (`id`) ON DELETE CASCADE,
  ADD CONSTRAINT `promo_code_users_service_location_id_foreign` FOREIGN KEY (`service_location_id`) REFERENCES `service_locations` (`id`) ON DELETE CASCADE;

--
-- Constraints for table `promo_users`
--
ALTER TABLE `promo_users`
  ADD CONSTRAINT `promo_users_promo_code_id_foreign` FOREIGN KEY (`promo_code_id`) REFERENCES `promo` (`id`) ON DELETE CASCADE,
  ADD CONSTRAINT `promo_users_request_id_foreign` FOREIGN KEY (`request_id`) REFERENCES `requests` (`id`) ON DELETE CASCADE,
  ADD CONSTRAINT `promo_users_user_id_foreign` FOREIGN KEY (`user_id`) REFERENCES `users` (`id`) ON DELETE CASCADE;

--
-- Constraints for table `recent_searches`
--
ALTER TABLE `recent_searches`
  ADD CONSTRAINT `recent_searches_user_id_foreign` FOREIGN KEY (`user_id`) REFERENCES `users` (`id`) ON DELETE CASCADE;

--
-- Constraints for table `recent_searches_stops`
--
ALTER TABLE `recent_searches_stops`
  ADD CONSTRAINT `recent_searches_stops_recent_searche_id_foreign` FOREIGN KEY (`recent_searche_id`) REFERENCES `recent_searches` (`id`) ON DELETE CASCADE;

--
-- Constraints for table `requests_meta`
--
ALTER TABLE `requests_meta`
  ADD CONSTRAINT `requests_meta_driver_id_foreign` FOREIGN KEY (`driver_id`) REFERENCES `drivers` (`id`) ON DELETE CASCADE,
  ADD CONSTRAINT `requests_meta_request_id_foreign` FOREIGN KEY (`request_id`) REFERENCES `requests` (`id`) ON DELETE CASCADE,
  ADD CONSTRAINT `requests_meta_user_id_foreign` FOREIGN KEY (`user_id`) REFERENCES `users` (`id`) ON DELETE CASCADE;

--
-- Constraints for table `request_bills`
--
ALTER TABLE `request_bills`
  ADD CONSTRAINT `request_bills_request_id_foreign` FOREIGN KEY (`request_id`) REFERENCES `requests` (`id`) ON DELETE CASCADE;

--
-- Constraints for table `request_cancellation_fees`
--
ALTER TABLE `request_cancellation_fees`
  ADD CONSTRAINT `request_cancellation_fees_driver_id_foreign` FOREIGN KEY (`driver_id`) REFERENCES `drivers` (`id`) ON DELETE CASCADE,
  ADD CONSTRAINT `request_cancellation_fees_paid_request_id_foreign` FOREIGN KEY (`paid_request_id`) REFERENCES `requests` (`id`) ON DELETE CASCADE,
  ADD CONSTRAINT `request_cancellation_fees_request_id_foreign` FOREIGN KEY (`request_id`) REFERENCES `requests` (`id`) ON DELETE CASCADE,
  ADD CONSTRAINT `request_cancellation_fees_user_id_foreign` FOREIGN KEY (`user_id`) REFERENCES `users` (`id`) ON DELETE CASCADE;

--
-- Constraints for table `request_delivery_proofs`
--
ALTER TABLE `request_delivery_proofs`
  ADD CONSTRAINT `request_delivery_proofs_request_id_foreign` FOREIGN KEY (`request_id`) REFERENCES `requests` (`id`) ON DELETE CASCADE;

--
-- Constraints for table `request_eta`
--
ALTER TABLE `request_eta`
  ADD CONSTRAINT `request_eta_request_id_foreign` FOREIGN KEY (`request_id`) REFERENCES `requests` (`id`) ON DELETE CASCADE;

--
-- Constraints for table `request_places`
--
ALTER TABLE `request_places`
  ADD CONSTRAINT `request_places_request_id_foreign` FOREIGN KEY (`request_id`) REFERENCES `requests` (`id`) ON DELETE CASCADE;

--
-- Constraints for table `request_preferences`
--
ALTER TABLE `request_preferences`
  ADD CONSTRAINT `request_preferences_preference_price_id_foreign` FOREIGN KEY (`preference_price_id`) REFERENCES `preference_prices` (`id`) ON DELETE CASCADE,
  ADD CONSTRAINT `request_preferences_request_id_foreign` FOREIGN KEY (`request_id`) REFERENCES `requests` (`id`) ON DELETE CASCADE;

--
-- Constraints for table `request_ratings`
--
ALTER TABLE `request_ratings`
  ADD CONSTRAINT `request_ratings_driver_id_foreign` FOREIGN KEY (`driver_id`) REFERENCES `drivers` (`id`) ON DELETE CASCADE,
  ADD CONSTRAINT `request_ratings_request_id_foreign` FOREIGN KEY (`request_id`) REFERENCES `requests` (`id`) ON DELETE CASCADE,
  ADD CONSTRAINT `request_ratings_user_id_foreign` FOREIGN KEY (`user_id`) REFERENCES `users` (`id`) ON DELETE CASCADE;

--
-- Constraints for table `request_stops`
--
ALTER TABLE `request_stops`
  ADD CONSTRAINT `request_stops_request_id_foreign` FOREIGN KEY (`request_id`) REFERENCES `requests` (`id`) ON DELETE CASCADE;

--
-- Constraints for table `reward_histories`
--
ALTER TABLE `reward_histories`
  ADD CONSTRAINT `reward_histories_request_id_foreign` FOREIGN KEY (`request_id`) REFERENCES `requests` (`id`) ON DELETE CASCADE,
  ADD CONSTRAINT `reward_histories_user_id_foreign` FOREIGN KEY (`user_id`) REFERENCES `users` (`id`) ON DELETE CASCADE;

--
-- Constraints for table `reward_points`
--
ALTER TABLE `reward_points`
  ADD CONSTRAINT `reward_points_user_id_foreign` FOREIGN KEY (`user_id`) REFERENCES `users` (`id`) ON DELETE CASCADE;

--
-- Constraints for table `role_user`
--
ALTER TABLE `role_user`
  ADD CONSTRAINT `role_user_role_id_foreign` FOREIGN KEY (`role_id`) REFERENCES `roles` (`id`) ON DELETE CASCADE,
  ADD CONSTRAINT `role_user_user_id_foreign` FOREIGN KEY (`user_id`) REFERENCES `users` (`id`) ON DELETE CASCADE;

--
-- Constraints for table `service_locations`
--
ALTER TABLE `service_locations`
  ADD CONSTRAINT `service_locations_country_foreign` FOREIGN KEY (`country`) REFERENCES `countries` (`id`) ON DELETE CASCADE;

--
-- Constraints for table `service_location_translations`
--
ALTER TABLE `service_location_translations`
  ADD CONSTRAINT `service_location_translations_service_location_id_foreign` FOREIGN KEY (`service_location_id`) REFERENCES `service_locations` (`id`) ON DELETE CASCADE;

--
-- Constraints for table `sos`
--
ALTER TABLE `sos`
  ADD CONSTRAINT `sos_created_by_foreign` FOREIGN KEY (`created_by`) REFERENCES `users` (`id`) ON DELETE CASCADE,
  ADD CONSTRAINT `sos_service_location_id_foreign` FOREIGN KEY (`service_location_id`) REFERENCES `service_locations` (`id`) ON DELETE CASCADE;

--
-- Constraints for table `subscriptions`
--
ALTER TABLE `subscriptions`
  ADD CONSTRAINT `subscriptions_vehicle_type_id_foreign` FOREIGN KEY (`vehicle_type_id`) REFERENCES `vehicle_types` (`id`) ON DELETE CASCADE;

--
-- Constraints for table `subscription_details`
--
ALTER TABLE `subscription_details`
  ADD CONSTRAINT `subscription_details_driver_id_foreign` FOREIGN KEY (`driver_id`) REFERENCES `drivers` (`id`) ON DELETE CASCADE,
  ADD CONSTRAINT `subscription_details_subscription_id_foreign` FOREIGN KEY (`subscription_id`) REFERENCES `subscriptions` (`id`) ON DELETE CASCADE;

--
-- Constraints for table `sub_vehicle_types`
--
ALTER TABLE `sub_vehicle_types`
  ADD CONSTRAINT `sub_vehicle_types_sub_vehicle_type_id_foreign` FOREIGN KEY (`sub_vehicle_type_id`) REFERENCES `vehicle_types` (`id`) ON DELETE CASCADE,
  ADD CONSTRAINT `sub_vehicle_types_vehicle_type_id_foreign` FOREIGN KEY (`vehicle_type_id`) REFERENCES `vehicle_types` (`id`) ON DELETE CASCADE;

--
-- Constraints for table `support_tickets`
--
ALTER TABLE `support_tickets`
  ADD CONSTRAINT `support_tickets_service_location_id_foreign` FOREIGN KEY (`service_location_id`) REFERENCES `service_locations` (`id`) ON DELETE CASCADE,
  ADD CONSTRAINT `support_tickets_title_id_foreign` FOREIGN KEY (`title_id`) REFERENCES `support_ticket_titles` (`id`) ON DELETE CASCADE,
  ADD CONSTRAINT `support_tickets_users_id_foreign` FOREIGN KEY (`users_id`) REFERENCES `users` (`id`) ON DELETE CASCADE;

--
-- Constraints for table `support_ticket_messages`
--
ALTER TABLE `support_ticket_messages`
  ADD CONSTRAINT `support_ticket_messages_ticket_id_foreign` FOREIGN KEY (`ticket_id`) REFERENCES `support_tickets` (`id`) ON DELETE CASCADE,
  ADD CONSTRAINT `support_ticket_messages_user_id_foreign` FOREIGN KEY (`user_id`) REFERENCES `users` (`id`);

--
-- Constraints for table `support_ticket_multi_files`
--
ALTER TABLE `support_ticket_multi_files`
  ADD CONSTRAINT `support_ticket_multi_files_ticket_id_foreign` FOREIGN KEY (`ticket_id`) REFERENCES `support_tickets` (`id`) ON DELETE CASCADE;

--
-- Constraints for table `support_ticket_titles_translations`
--
ALTER TABLE `support_ticket_titles_translations`
  ADD CONSTRAINT `support_ticket_titles_translations_ticket_title_id_foreign` FOREIGN KEY (`ticket_title_id`) REFERENCES `support_ticket_titles` (`id`) ON DELETE CASCADE;

--
-- Constraints for table `users_bank_info`
--
ALTER TABLE `users_bank_info`
  ADD CONSTRAINT `users_bank_info_user_id_foreign` FOREIGN KEY (`user_id`) REFERENCES `users` (`id`) ON DELETE CASCADE;

--
-- Constraints for table `users_imported`
--
ALTER TABLE `users_imported`
  ADD CONSTRAINT `users_imported_user_id_foreign` FOREIGN KEY (`user_id`) REFERENCES `users` (`id`) ON DELETE CASCADE;

--
-- Constraints for table `user_details`
--
ALTER TABLE `user_details`
  ADD CONSTRAINT `user_details_country_foreign` FOREIGN KEY (`country`) REFERENCES `countries` (`id`) ON DELETE CASCADE,
  ADD CONSTRAINT `user_details_user_id_foreign` FOREIGN KEY (`user_id`) REFERENCES `users` (`id`) ON DELETE CASCADE;

--
-- Constraints for table `user_driver_notifications`
--
ALTER TABLE `user_driver_notifications`
  ADD CONSTRAINT `user_driver_notifications_driver_id_foreign` FOREIGN KEY (`driver_id`) REFERENCES `drivers` (`id`) ON DELETE CASCADE,
  ADD CONSTRAINT `user_driver_notifications_notify_id_foreign` FOREIGN KEY (`notify_id`) REFERENCES `notifications` (`id`) ON DELETE CASCADE,
  ADD CONSTRAINT `user_driver_notifications_user_id_foreign` FOREIGN KEY (`user_id`) REFERENCES `users` (`id`) ON DELETE CASCADE;

--
-- Constraints for table `user_wallet`
--
ALTER TABLE `user_wallet`
  ADD CONSTRAINT `user_wallet_user_id_foreign` FOREIGN KEY (`user_id`) REFERENCES `users` (`id`) ON DELETE CASCADE;

--
-- Constraints for table `user_wallet_history`
--
ALTER TABLE `user_wallet_history`
  ADD CONSTRAINT `user_wallet_history_admin_id_foreign` FOREIGN KEY (`admin_id`) REFERENCES `admin_details` (`id`) ON DELETE CASCADE,
  ADD CONSTRAINT `user_wallet_history_card_id_foreign` FOREIGN KEY (`card_id`) REFERENCES `card_info` (`id`) ON DELETE CASCADE,
  ADD CONSTRAINT `user_wallet_history_request_id_foreign` FOREIGN KEY (`request_id`) REFERENCES `requests` (`id`) ON DELETE CASCADE,
  ADD CONSTRAINT `user_wallet_history_user_id_foreign` FOREIGN KEY (`user_id`) REFERENCES `users` (`id`) ON DELETE CASCADE;

--
-- Constraints for table `vehicle_type_translations`
--
ALTER TABLE `vehicle_type_translations`
  ADD CONSTRAINT `vehicle_type_translations_vehicle_type_id_foreign` FOREIGN KEY (`vehicle_type_id`) REFERENCES `vehicle_types` (`id`) ON DELETE CASCADE;

--
-- Constraints for table `wallet_withdrawal_requests`
--
ALTER TABLE `wallet_withdrawal_requests`
  ADD CONSTRAINT `wallet_withdrawal_requests_driver_id_foreign` FOREIGN KEY (`driver_id`) REFERENCES `drivers` (`id`) ON DELETE CASCADE,
  ADD CONSTRAINT `wallet_withdrawal_requests_owner_id_foreign` FOREIGN KEY (`owner_id`) REFERENCES `owners` (`id`) ON DELETE CASCADE,
  ADD CONSTRAINT `wallet_withdrawal_requests_user_id_foreign` FOREIGN KEY (`user_id`) REFERENCES `users` (`id`) ON DELETE CASCADE;

--
-- Constraints for table `zones`
--
ALTER TABLE `zones`
  ADD CONSTRAINT `zones_service_location_id_foreign` FOREIGN KEY (`service_location_id`) REFERENCES `service_locations` (`id`) ON DELETE CASCADE;

--
-- Constraints for table `zone_bounds`
--
ALTER TABLE `zone_bounds`
  ADD CONSTRAINT `zone_bounds_zone_id_foreign` FOREIGN KEY (`zone_id`) REFERENCES `zones` (`id`) ON DELETE CASCADE;

--
-- Constraints for table `zone_surge_prices`
--
ALTER TABLE `zone_surge_prices`
  ADD CONSTRAINT `zone_surge_prices_zone_type_id_foreign` FOREIGN KEY (`zone_type_id`) REFERENCES `zone_types` (`id`) ON DELETE CASCADE;

--
-- Constraints for table `zone_translations`
--
ALTER TABLE `zone_translations`
  ADD CONSTRAINT `zone_translations_zone_id_foreign` FOREIGN KEY (`zone_id`) REFERENCES `zones` (`id`) ON DELETE CASCADE;

--
-- Constraints for table `zone_types`
--
ALTER TABLE `zone_types`
  ADD CONSTRAINT `zone_types_type_id_foreign` FOREIGN KEY (`type_id`) REFERENCES `vehicle_types` (`id`) ON DELETE CASCADE,
  ADD CONSTRAINT `zone_types_zone_id_foreign` FOREIGN KEY (`zone_id`) REFERENCES `zones` (`id`) ON DELETE CASCADE;

--
-- Constraints for table `zone_type_package_prices`
--
ALTER TABLE `zone_type_package_prices`
  ADD CONSTRAINT `zone_type_package_prices_zone_id_foreign` FOREIGN KEY (`zone_id`) REFERENCES `zones` (`id`) ON DELETE CASCADE,
  ADD CONSTRAINT `zone_type_package_prices_zone_type_id_foreign` FOREIGN KEY (`zone_type_id`) REFERENCES `zone_types` (`id`) ON DELETE CASCADE;

--
-- Constraints for table `zone_type_price`
--
ALTER TABLE `zone_type_price`
  ADD CONSTRAINT `zone_type_price_zone_type_id_foreign` FOREIGN KEY (`zone_type_id`) REFERENCES `zone_types` (`id`) ON DELETE CASCADE;
COMMIT;

