-- Table structure for table `landing_users`
--

CREATE TABLE `landing_users` (
  `id` char(36) NOT NULL,
  `hero_title` text DEFAULT NULL,
  `user_heading_1` text DEFAULT NULL,
  `user_para` text DEFAULT NULL,
  `user_img_1` text DEFAULT NULL,
  `user_title_1` text DEFAULT NULL,
  `user_para_1` longtext DEFAULT NULL,
  `user_img_2` text DEFAULT NULL,
  `user_title_2` text DEFAULT NULL,
  `user_para_2` longtext DEFAULT NULL,
  `user_img_3` text DEFAULT NULL,
  `user_title_3` text DEFAULT NULL,
  `user_para_3` longtext DEFAULT NULL,
  `how_it_work_heading` text DEFAULT NULL,
  `how_it_work_title_1` text DEFAULT NULL,
  `how_it_work_para_1` longtext DEFAULT NULL,
  `how_it_work_img_1` text DEFAULT NULL,
  `how_it_work_title_2` text DEFAULT NULL,
  `how_it_work_para_2` longtext DEFAULT NULL,
  `how_it_work_img_2` text DEFAULT NULL,
  `how_it_work_title_3` text DEFAULT NULL,
  `how_it_work_para_3` longtext DEFAULT NULL,
  `how_it_work_img_3` text DEFAULT NULL,
  `how_it_work_title_4` text DEFAULT NULL,
  `how_it_work_para_4` longtext DEFAULT NULL,
  `how_it_work_img_4` text DEFAULT NULL,
  `how_it_work_title_5` text DEFAULT NULL,
  `how_it_work_para_5` longtext DEFAULT NULL,
  `how_it_work_img_5` text DEFAULT NULL,
  `how_it_work_title_6` text DEFAULT NULL,
  `how_it_work_para_6` longtext DEFAULT NULL,
  `how_it_work_img_6` text DEFAULT NULL,
  `locale` text DEFAULT NULL,
  `language` text DEFAULT NULL,
  `direction` text DEFAULT NULL,
  `created_at` timestamp NULL DEFAULT NULL,
  `updated_at` timestamp NULL DEFAULT NULL
) ENGINE=InnoDB DEFAULT CHARSET=utf8mb4 COLLATE=utf8mb4_unicode_ci;

--
-- Dumping data for table `landing_users`
--

INSERT INTO `landing_users` (`id`, `hero_title`, `user_heading_1`, `user_para`, `user_img_1`, `user_title_1`, `user_para_1`, `user_img_2`, `user_title_2`, `user_para_2`, `user_img_3`, `user_title_3`, `user_para_3`, `how_it_work_heading`, `how_it_work_title_1`, `how_it_work_para_1`, `how_it_work_img_1`, `how_it_work_title_2`, `how_it_work_para_2`, `how_it_work_img_2`, `how_it_work_title_3`, `how_it_work_para_3`, `how_it_work_img_3`, `how_it_work_title_4`, `how_it_work_para_4`, `how_it_work_img_4`, `how_it_work_title_5`, `how_it_work_para_5`, `how_it_work_img_5`, `how_it_work_title_6`, `how_it_work_para_6`, `how_it_work_img_6`, `locale`, `language`, `direction`, `created_at`, `updated_at`) VALUES
('8ea3879a-307e-46de-b15c-d68c3d7ae74d', 'Usuario', 'Sé tu propio viaje', 'LAS HORAS SON TOTALMENTE It is a long established fact that a reader will be distracted by the readable DURANTE LA SEMANA O LOS FINES DE SEMANA.', 'app-download.png', 'Descargar', 'Descarga la It is a long established fact that a reader will be distracted by the readable inteligente.', '2.jpg', 'Iniciar sesión', 'Regístrate It is a long established fact that a reader will be distracted by the readable móvil.', 'drive.png', 'Conducir', '¡Conduce a donde quieras ir!', 'Cómo funciona', 'Obtén la aplicación', 'Obtén la It is a long established fact that a reader will be distracted by the readable Play', 'u1.png', 'Regístrate para conducir', 'Puedes It is a long established fact that a reader will be distracted by the readable User', 'u2.png', 'Selecciona ubicación', 'Después del rIt is a long established fact that a reader will be distracted by the readable para tu viaje.', 'u3.png', 'Seleccionar vehículo', 'Elige tu vehículo.', 'u4.png', 'Viajar', '¡Feliz It is a It is a long established fact that a reader will be distracted by the readable readable!', 'u5.png', 'Pagar y calificar', 'Después de It is a long established fact that a reader will be distracted by the readable de viaje.', 'u6.png', 'es', 'Spanish', 'ltr', NULL, NULL),
('d304dfab-15fe-46e2-af81-b24e14aa33f0', 'المستخدم', 'كن رحلتك الخاصة', 'الساعات مرنة تمامًا. It is a long established fact that a reader will be distracted by the readableعطلات نهاية الأسبوع.', 'app-download.png', 'تحميل', 'قم بتنزيل تطبيق It is a long established fact that a reader will be distracted by the readable', '2.jpg', 'تسجيل الدخول', 'سجل باستخدام It is a long established fact that a reader will be distracted by the readable', 'drive.png', 'الركوب', 'اركب إلى حيث تريد أن تذهب!', 'كيف يعمل', 'الحصول على التطبيق', 'احصل علIt is a long established fact that a reader will be distracted by the readablele Play', 'u1.png', 'التسجيل للركوب', 'يIt is a long established fact that a reader will be distracted by the readableفي تطبيق MXDrive User', 'u2.png', 'حدد الموقع', 'بعد التسجيل، It is a long established fact that a reader will be distracted by the readable لرحلتك.', 'u3.png', 'اختيار المركبة', 'اIt is a long established fact that a reader will be distracted by the readableتك.', 'u4.png', 'الركوب', 'رحIt is a long established fact that a reader will be distracted by the readableهتك!', 'u5.png', 'الدفع والتقييم', 'بعدIt is a long established fact that a reader will be distracted by the readableة رحلتك!', 'u6.png', 'ar', 'Arabic', 'rtl', NULL, NULL),
('dafc1bc7-6d62-4cfb-bdc6-88e5f5cf6272', 'User', 'Be your own ride', '<p>Download MXDrive now and start your adventure on the road in just a few simple steps!</p>', 'app-download.png', 'Download', '<p>Download MXDrive now and start your adventure on the road in just a few simple steps!</p>', '2.jpg', 'Sign In', '<p>Upload your preferences and let MXDrive tailor the perfect ride experience just for you!</p>', 'drive.png', 'Ride', '<p>Hit the road with MXDrive and experience the freedom of driving on your own terms!</p>', 'How It Works', 'Get the App', '<p>Get the MXDrive app today and unlock a world of personalized driving experiences!</p>', 'NQEcwgqlZo0UAulJGwHB8glgSA3DuqobeXL0mNxf.png', 'Signup to Ride', '<p>Sign up to ride with MXDrive and start your journey in minutes!</p>', 'eUYplslJktftWIvE9YMiEEuwulaufRar0pUEo26T.png', 'Select Location', '<p>Select your location and choose the perfect ride for your next adventure!</p>', '7iDn9gnG0CQatC5Zf85fqSD183rAN9X9TnyZco5v.png', 'Select Vehicle', '<p>Browse and select the vehicle that suits your style and get ready to hit the road!</p>', 'sJlrLJfe5TRsCc5OnUyLpJUVbUaKrMNDvBrwiCYu.png', 'Ride', '<p>Enjoy the ride and experience the road like never before with MXDrive!</p>', 'Os5zZmgAZiKaTewsV9ZNiNC89nKxJhelSPDqYwZ1.png', 'Pay & Rating', '<p>Complete your ride with a seamless payment process and leave a rating to share your experience!</p>', '7SRzmSGbSEXWwRe4RdJyQcYc5He2D1NLlGIUUL3l.png', 'En', 'English', 'ltr', NULL, '2025-09-26 09:20:41'),
('e405b33d-729a-4171-99a6-21822454ce7c', 'Utilisateur', 'Soyez votre propre trajet', 'LES HEURES SONT It is a long established fact that a reader will be distracted by the readableLE WEEK-END.', 'app-download.png', 'Télécharger', 'Téléchargez It is a long established fact that a reader will be distracted by the readablesmartphone.', '2.jpg', 'Se connecter', 'InscrivezIt is a long established fact that a reader will be distracted by the readable mobile.', 'drive.png', 'Conduire', 'RoulezIt is a long established fact that a reader will be distracted by the readablealler!', 'Comment ça marche', 'Obtenez l\'application', 'ObtenezIt is a long established fact that a reader will be distracted by the readable Google Play', 'u1.png', 'Inscrivez-vous pour conduire', 'Vous pouvez It is a long established fact that a reader will be distracted by the readable MXDrive User', 'u2.png', 'Sélectionnez un emplacement', 'Après l\'It is a long established fact that a reader will be distracted by the readablepour votre trajet.', 'u3.png', 'Sélectionnez un véhicule', 'It is a long established fact that a reader will be distracted by the readable.', 'u4.png', 'Rouler', 'Bon It is a long established fact that a reader will be distracted by the readable!', 'u5.png', 'Payer et noter', 'AprèsIt is a long established fact that a reader will be distracted by the readableconduite!', 'u6.png', 'fr', 'French', 'ltr', NULL, NULL);

-- --------------------------------------------------------

--
-- Table structure for table `language`
--

CREATE TABLE `language` (
  `id` bigint(20) UNSIGNED NOT NULL,
  `name` varchar(191) NOT NULL,
  `code` varchar(191) NOT NULL,
  `direction` varchar(191) NOT NULL,
  `status` int(11) NOT NULL DEFAULT 0,
  `default_status` int(11) NOT NULL DEFAULT 0,
  `created_at` timestamp NULL DEFAULT NULL,
  `updated_at` timestamp NULL DEFAULT NULL
) ENGINE=InnoDB DEFAULT CHARSET=utf8mb4 COLLATE=utf8mb4_unicode_ci;

-- --------------------------------------------------------

--
-- Table structure for table `languages`
--

CREATE TABLE `languages` (
  `id` bigint(20) UNSIGNED NOT NULL,
  `name` varchar(191) NOT NULL,
  `code` varchar(191) NOT NULL,
  `direction` enum('ltr','rtl') NOT NULL DEFAULT 'ltr',
  `active` tinyint(1) NOT NULL DEFAULT 1,
  `default_status` tinyint(1) NOT NULL DEFAULT 0,
  `created_at` timestamp NULL DEFAULT NULL,
  `updated_at` timestamp NULL DEFAULT NULL
) ENGINE=InnoDB DEFAULT CHARSET=utf8mb4 COLLATE=utf8mb4_unicode_ci;

--
-- Dumping data for table `languages`
--

INSERT INTO `languages` (`id`, `name`, `code`, `direction`, `active`, `default_status`, `created_at`, `updated_at`) VALUES
(1, 'English', 'en', 'ltr', 1, 1, '2025-09-26 07:06:09', '2025-09-26 07:06:09'),
(2, 'Arabic', 'ar', 'rtl', 1, 0, '2025-09-26 07:06:09', '2025-09-26 07:06:09'),
(3, 'French', 'fr', 'ltr', 1, 0, '2025-09-26 07:06:09', '2025-09-26 07:06:09'),
(4, 'Spanish', 'es', 'ltr', 1, 0, '2025-09-26 07:06:09', '2025-09-26 07:06:09');

-- --------------------------------------------------------

--
-- Table structure for table `linked_social_accounts`
--

CREATE TABLE `linked_social_accounts` (
  `id` int(10) UNSIGNED NOT NULL,
  `user_id` int(10) UNSIGNED NOT NULL,
  `provider_name` varchar(191) DEFAULT NULL,
  `provider_id` varchar(191) DEFAULT NULL,
  `created_at` timestamp NULL DEFAULT NULL,
  `updated_at` timestamp NULL DEFAULT NULL
) ENGINE=InnoDB DEFAULT CHARSET=utf8mb4 COLLATE=utf8mb4_unicode_ci;

-- --------------------------------------------------------

--
-- Table structure for table `ltm_translations`
--

CREATE TABLE `ltm_translations` (
  `id` bigint(20) UNSIGNED NOT NULL,
  `status` int(11) NOT NULL DEFAULT 0,
  `locale` varchar(191) NOT NULL,
  `group` varchar(191) NOT NULL,
  `key` text NOT NULL,
  `value` text DEFAULT NULL,
  `created_at` timestamp NULL DEFAULT NULL,
  `updated_at` timestamp NULL DEFAULT NULL
) ENGINE=InnoDB DEFAULT CHARSET=utf8mb4 COLLATE=utf8mb4_bin;

-- --------------------------------------------------------

--
-- Table structure for table `mail_templates`
--

CREATE TABLE `mail_templates` (
  `id` char(36) NOT NULL,
  `mail_type` varchar(191) NOT NULL,
  `description` text NOT NULL,
  `translation_dataset` longtext CHARACTER SET utf8mb4 COLLATE utf8mb4_bin DEFAULT NULL CHECK (json_valid(`translation_dataset`)),
  `active` tinyint(1) NOT NULL DEFAULT 1,
  `created_at` timestamp NULL DEFAULT NULL,
  `updated_at` timestamp NULL DEFAULT NULL
) ENGINE=InnoDB DEFAULT CHARSET=utf8mb4 COLLATE=utf8mb4_unicode_ci;

--
-- Dumping data for table `mail_templates`
--

INSERT INTO `mail_templates` (`id`, `mail_type`, `description`, `translation_dataset`, `active`, `created_at`, `updated_at`) VALUES
('21f33ce6-1043-43d2-86b1-6eab4dace418', 'welcome_mail', '----', '[{\"subject\":\"welcome_mail\",\"lang_code\":\"en\",\"code\":\"en\",\"description\":\"<p>Hello $user_name<\\/p>\\n\\n            <p>Thank you for joining MXDrive! We are thrilled to have you as a part of our community.<\\/p>\\n\\n            <p>Our mission is to mobility. We hope that you will find our products\\/services to be useful and enjoyable.<\\/p>\\n\\n            <p>To get started, please take a few moments to explore our website and familiarize yourself with our offerings. If you have any questions or concerns, our customer support team is always here to help.<\\/p>\\n\\n            <p>We look forward to working with you and providing you with a top-notch experience.<\\/p>\\n\\n            <p>Best regards,<\\/p>\\n\\n            <p>MXDrive<\\/p>\",\"facebook\":1,\"twitter\":1,\"linkedin\":1,\"googleplus\":1,\"button_enable\":0,\"banner_enable\":0,\"footer_content\":\"Please contact us for any queries; we\\u2019re always happy to help.\",\"footer_copyrights\":\"\\u00a9 2023 6amMart. All rights reserved.\"}]', 1, '2025-09-26 07:06:10', '2025-09-26 07:06:10'),
('a301e494-4d2c-4e10-ac04-1bce37861876', 'welcome_mail_driver', '---', '[{\"subject\":\"welcome_mail_driver\",\"lang_code\":\"en\",\"code\":\"en\",\"description\":\"<p>Dear $user_name,<\\/p>\\n\\n        <p>Congratulations on becoming a newly registered driver! We are excited to welcome you to the world of driving and wanted to take a moment to extend our warmest greetings.<\\/p>\\n\\n        <p>As a registered driver, you now have the opportunity to explore new destinations, embrace independence, and experience the joys of the open road. We hope this new chapter brings you many memorable adventures and experiences.<\\/p>\\n\\n        <p>Please remember to prioritize safety as you embark on your driving journey. Observe traffic laws, wear your seatbelt, and remain attentive at all times. Safe driving not only protects you but also ensures the well-being of others around you.<\\/p>\\n\\n        <p>If you ever have any questions or need assistance along the way, our team is here to support you. Don&#39;t hesitate to reach out to us; we&#39;re more than happy to help.<\\/p>\\n\\n        <p>Once again, congratulations on your registration! Enjoy the freedom and excitement that driving offers. We wish you safe travels and an incredible journey ahead.<\\/p>\\n\\n        <p>Best regards,<\\/p>\\n\\n        <p>MXDrive<\\/p>\",\"facebook\":1,\"twitter\":1,\"linkedin\":1,\"googleplus\":1,\"button_enable\":0,\"banner_enable\":0,\"footer_content\":\"Please contact us for any queries; we\\u2019re always happy to help.\",\"footer_copyrights\":\"\\u00a9 2023 6amMart. All rights reserved.\"}]', 1, '2025-09-26 07:06:10', '2025-09-26 07:06:10');

-- --------------------------------------------------------

--
-- Table structure for table `messages`
--

CREATE TABLE `messages` (
  `id` char(36) NOT NULL,
  `conversation_id` char(36) NOT NULL,
  `sender_id` varchar(191) NOT NULL,
  `unseen_count` tinyint(1) NOT NULL DEFAULT 0,
  `sender_type` varchar(191) NOT NULL,
  `content` text NOT NULL,
  `created_at` timestamp NULL DEFAULT NULL,
  `updated_at` timestamp NULL DEFAULT NULL
) ENGINE=InnoDB DEFAULT CHARSET=utf8mb4 COLLATE=utf8mb4_unicode_ci;

--
-- Dumping data for table `messages`
--

INSERT INTO `messages` (`id`, `conversation_id`, `sender_id`, `unseen_count`, `sender_type`, `content`, `created_at`, `updated_at`) VALUES
('0cf674c3-e183-4a4e-9f33-5bbc74d0441d', 'fb13093d-c05d-44fe-a569-30f483cd3c29', '26', 0, 'user', 'hii', '2025-10-08 05:14:33', '2025-10-16 09:09:17'),
('133a3d67-1802-4f4f-88b1-771f57f5d4f0', '4fa5b816-e7a0-43c6-865b-e527b601ff31', '3', 0, 'user', 'hello', '2025-10-01 11:53:23', '2025-10-16 09:09:21'),
('24d05c36-65fb-45fa-bcfe-929203771efc', 'fb13093d-c05d-44fe-a569-30f483cd3c29', '26', 0, 'user', 'yes', '2025-10-08 05:14:38', '2025-10-16 09:09:17'),
('5fbb85a3-e7ad-460e-b222-6d3744727148', 'bb003040-37b5-4a8f-84fa-0c79ae5d6fe1', '2', 0, 'user', 'hello admiin', '2025-10-13 09:11:03', '2025-10-16 09:02:14'),
('80336fc6-0b53-4c11-b4bf-1b1e9448949b', 'bb003040-37b5-4a8f-84fa-0c79ae5d6fe1', '2', 0, 'user', 'hello', '2025-10-09 10:19:53', '2025-10-16 09:02:14'),
('9b85b0e7-d7e6-4225-a34f-7277c79d4f45', '5a8c061e-b7ba-4beb-b269-046db5459e9e', '20', 0, 'user', 'hey there !', '2025-09-30 11:09:29', '2025-10-16 09:09:24'),
('a2744cf1-eb04-403c-a2ec-99f40f65eae0', 'bb003040-37b5-4a8f-84fa-0c79ae5d6fe1', '1', 0, 'admin', 'Hello', '2025-10-16 09:02:17', '2025-10-16 09:02:17'),
('a7b99b28-cbce-43de-863e-5685029f4edb', 'fb13093d-c05d-44fe-a569-30f483cd3c29', '1', 0, 'admin', 'hello', '2025-10-17 04:18:03', '2025-10-17 04:18:03'),
('d29834f8-1fc7-40c7-8b66-6d9acf5eb310', 'bb003040-37b5-4a8f-84fa-0c79ae5d6fe1', '2', 0, 'user', 'hii', '2025-10-10 11:57:29', '2025-10-16 09:02:14'),
('f451b1b3-85aa-4ccf-ab80-d8f76e78991a', '4fa5b816-e7a0-43c6-865b-e527b601ff31', '3', 0, 'user', 'hello Admin', '2025-10-13 08:53:48', '2025-10-16 09:09:21');

-- --------------------------------------------------------

--
-- Table structure for table `methods`
--

CREATE TABLE `methods` (
  `id` int(10) UNSIGNED NOT NULL,
  `method_name` varchar(191) NOT NULL,
  `active` tinyint(1) NOT NULL DEFAULT 1,
  `created_at` timestamp NULL DEFAULT NULL,
  `updated_at` timestamp NULL DEFAULT NULL
) ENGINE=InnoDB DEFAULT CHARSET=utf8mb4 COLLATE=utf8mb4_unicode_ci;

--
-- Dumping data for table `methods`
--

INSERT INTO `methods` (`id`, `method_name`, `active`, `created_at`, `updated_at`) VALUES
(1, 'test', 0, '2025-10-16 08:51:29', '2025-10-16 08:53:22');

-- --------------------------------------------------------

--
-- Table structure for table `migrations`
--

CREATE TABLE `migrations` (
  `id` int(10) UNSIGNED NOT NULL,
  `migration` varchar(191) NOT NULL,
  `batch` int(11) NOT NULL
) ENGINE=InnoDB DEFAULT CHARSET=utf8mb4 COLLATE=utf8mb4_unicode_ci;

--
-- Dumping data for table `migrations`
--

INSERT INTO `migrations` (`id`, `migration`, `batch`) VALUES
(1, '2014_04_02_193005_create_translations_table', 1),
(2, '2014_10_12_100000_create_password_reset_tokens_table', 1),
(3, '2016_09_21_000013_create_countries_table', 1),
(4, '2017_12_28_000000_create_jobs_table', 1),
(5, '2017_12_29_000000_create_users_table', 1),
(6, '2017_12_30_000000_create_failed_jobs_table', 1),
(7, '2017_12_30_000000_create_roles_and_permissions_table', 1),
(8, '2017_12_30_000001_create_password_resets_table', 1),
(9, '2017_12_30_000001_create_settings_table', 1),
(10, '2017_12_30_000002_create_mobile_otp_verifications_table', 1),
(11, '2017_12_30_000003_create_car_make_table', 1),
(12, '2017_12_30_000004_create_car_model_table', 1),
(13, '2018_09_21_000014_create_states_table', 1),
(14, '2018_09_21_000015_create_cities_table', 1),
(15, '2018_09_21_062905_create_service_locations_table', 1),
(16, '2018_11_12_000016_create_timezones_table', 1),
(17, '2018_11_13_000017_create_admin_details_table', 1),
(18, '2018_11_16_000018_create_vehicle_types_table', 1),
(19, '2018_11_28_000019_create_company_table', 1),
(20, '2018_12_05_000020_create_owners_table', 1),
(21, '2018_12_05_000020_create_zones_table', 1),
(22, '2018_12_05_000021_create_drivers_table', 1),
(23, '2018_12_05_000022_create_driver_details_table', 1),
(24, '2018_12_11_000023_create_driver_needed_documents_table', 1),
(25, '2018_12_11_000024_create_driver_documents_table', 1),
(26, '2018_12_16_000025_create_websockets_statistics_entries_table', 1),
(27, '2019_01_30_000026_create_linked_social_accounts_table', 1),
(28, '2019_02_07_000027_create_zone_bounds_table', 1),
(29, '2019_02_08_000028_create_zone_types_table', 1),
(30, '2019_03_07_000029_create_card_info_table', 1),
(31, '2019_09_02_061132_create_user_details_table', 1),
(32, '2019_09_12_110700_create_sos_table', 1),
(33, '2019_10_09_152444_create_zone_type_price_table', 1),
(34, '2019_12_14_000001_create_personal_access_tokens_table', 1),
(35, '2020_02_07_063156_create_promo_table', 1),
(36, '2020_02_08_063156_create_requests_table', 1),
(37, '2020_02_08_070239_create_requests_meta_table', 1),
(38, '2020_02_13_121546_create_distance_matrixes_table', 1),
(39, '2020_02_26_094511_create_request_places_table', 1),
(40, '2020_03_08_071438_update_typesandtypeprice_table', 1),
(41, '2020_04_08_134813_create_projects_table', 1),
(42, '2020_04_09_060321_create_developers_table', 1),
(43, '2020_04_09_134236_create_poc_clients_table', 1),
(44, '2020_04_10_080607_create_project_flavours_table', 1),
(45, '2020_04_11_134819_create_mobile_builds_table', 1),
(46, '2020_06_08_174227_create_user_wallet_table', 1),
(47, '2020_08_02_065414_create_faqs_table', 1),
(48, '2020_08_02_085836_create_complaint_titles_table', 1),
(49, '2020_08_02_094044_create_cancellation_reasons_table', 1),
(50, '2020_08_02_102914_create_complaints_table', 1),
(51, '2020_08_05_163747_create_request_bills_table', 1),
(52, '2020_08_09_030027_create_request_ratings_table', 1),
(53, '2020_08_17_101931_update_users_table', 1),
(54, '2020_08_17_133227_create_zone_surge_prices_table', 1),
(55, '2020_08_18_065839_update_driver_columns_table', 1),
(56, '2020_08_26_123414_update_requests_for_dispatcher_columns_table', 1),
(57, '2020_08_26_125832_create_adhoc_users_table', 1),
(58, '2020_08_30_113935_create_user_wallet_history', 1),
(59, '2020_08_30_114603_create_driver_wallet', 1),
(60, '2020_08_30_114743_create_driver_wallet_history', 1),
(61, '2020_08_30_123505_update_requests_table', 1),
(62, '2020_08_31_171017_update_request_table_for_ride_later', 1),
(63, '2020_09_01_063348_update_countries_table_for_currency', 1),
(64, '2020_09_01_081006_update_service_locations_table_currency_code', 1),
(65, '2020_09_01_133422_update_request_bills_table', 1),
(66, '2020_09_01_174718_update_driver_wallet_history_table', 1),
(67, '2020_09_04_073340_update_wallet_histories_table', 1),
(68, '2020_09_04_101745_update_requests_for_service_location_updates', 1),
(69, '2020_09_06_090712_update_users_table_for_refferal', 1),
(70, '2020_09_12_065514_create_notifications_table', 1),
(71, '2020_09_12_065553_create_user_driver_notifications', 1),
(72, '2020_09_12_123929_update_users_for_referral_table', 1),
(73, '2020_10_06_170942_update_users_table_for_company_key', 1),
(74, '2020_10_14_134549_update_columns_for_company_key_updates', 1),
(75, '2020_10_15_122136_update_driver_decline_reason_column', 1),
(76, '2020_10_26_064203_create_favorite_places_table', 1),
(77, '2020_10_28_153950_update_faq_sos_table', 1),
(78, '2020_10_28_161747_update_sos_table', 1),
(79, '2020_11_06_065342_create_promo_users_table', 1),
(80, '2020_11_06_103337_update_users_table_for_language', 1),
(81, '2020_11_06_133358_create_driver_availabilities_table', 1),
(82, '2020_11_07_121107_update_requests_table_for_promo', 1),
(83, '2020_11_12_064123_update_driver_availabilities_table', 1),
(84, '2020_11_17_072402_create_owner_needed_documents_table', 1),
(85, '2020_11_17_072445_create_owner_documents_table', 1),
(86, '2020_11_27_093556_create_fleets_table', 1),
(87, '2020_11_27_094652_create_fleet_documents_table', 1),
(88, '2021_01_12_114548_create_owner_hired_drivers_table', 1),
(89, '2021_01_13_103647_create_driver_privileged_vehicles_table', 1),
(90, '2021_02_06_172857_update_driver_needed_doc_table_doc_type_column', 1),
(91, '2021_04_12_065445_create_chats_table', 1),
(92, '2021_04_17_121220_update_zone_table_for_lat_lng', 1),
(93, '2021_04_23_051520_create_package_types_table', 1),
(94, '2021_04_23_063315_create_zone_type_package_prices_table', 1),
(95, '2021_04_29_081407_create_adhocs_table', 1),
(96, '2021_05_06_134745_update_drivers_table', 1),
(97, '2021_05_06_140618_update_owners_table', 1),
(98, '2021_05_23_032638_create_request_cancellation_fees_table', 1),
(99, '2021_05_27_095307_update_owner_needed_doc_table', 1),
(100, '2021_05_31_073050_update_drivers_country_table', 1),
(101, '2021_06_11_051347_create_favourite_locations_table', 1),
(102, '2021_06_16_050813_update_package_types_table', 1),
(103, '2021_06_30_130444_update_vehicle_types_table', 1),
(104, '2021_07_14_060523_update_types_for_short_description', 1),
(105, '2021_07_14_073830_update_request_for_book_other_features', 1),
(106, '2021_07_15_061940_update_requests_table_for_instant_ride', 1),
(107, '2021_07_23_065242_update_requests_for_ride_otp', 1),
(108, '2021_07_30_065843_update_requests_for_rental_out_station', 1),
(109, '2021_08_13_052221_create_airports_table', 1),
(110, '2021_08_14_162720_update_requests_bill_for_airport_fee', 1),
(111, '2021_10_29_095020_update_package_type_table', 1),
(112, '2021_10_30_084900_update_zone_type_for_sorting_table', 1),
(113, '2021_11_15_064009_create_users_bank_info_table', 1),
(114, '2021_11_25_114027_create_wallet_withdrawal_requests_table', 1),
(115, '2021_12_01_154530_update_drivers_fleet_id_column', 1),
(116, '2022_01_24_120705_update_countries_table', 1),
(117, '2022_02_03_061635_update_requests_table_for_eta_amount', 1),
(118, '2022_03_21_162059_create_driver_subscriptions_table', 1),
(119, '2022_04_04_125459_update_zone_type_price_table_for_waiting_fare', 1),
(120, '2022_04_05_054928_create_driver_rejected_requests_table', 1),
(121, '2022_04_06_071240_update_drivers_for_vehicle_year', 1),
(122, '2022_04_07_120855_update_requests_bill_table_for_waiting_time', 1),
(123, '2022_04_08_134043_update_requests_bills_for_waiting_time_updates', 1),
(124, '2022_05_04_073201_update_request_place_for_poc_info', 1),
(125, '2022_05_09_125226_create_request_stops_table', 1),
(126, '2022_05_09_133120_update_vehicle_types_for_weight_and_size', 1),
(127, '2022_05_09_164553_update_requests_for_goods_type_quantity_table', 1),
(128, '2022_05_09_165210_create_request_delivery_proofs_table', 1),
(129, '2022_05_21_122431_update_is_taxi_to_vehicle_types_table', 1),
(130, '2022_05_23_100457_update_requests_place_for_instructions_table', 1),
(131, '2022_06_27_094446_update_requests_for_surge_price_fixes_table', 1),
(132, '2022_07_04_143548_create_owner_wallets_table', 1),
(133, '2022_07_04_143845_create_owner_wallet_histories_table', 1),
(134, '2022_08_04_123301_update_fleets_table_for_color', 1),
(135, '2022_08_08_065316_update_fleets_for_driver_id', 1),
(136, '2022_08_08_112328_create_fleet_needed_documents_table', 1),
(137, '2022_08_09_053759_update_is_individual_to_driver_needed_documents_table', 1),
(138, '2022_08_10_045240_update_document_id_to_fleet_documents_table', 1),
(139, '2022_08_10_052655_update_document_status_to_fleet_documents_table', 1),
(140, '2022_08_10_130638_update_comment_to_fleet_documents_table', 1),
(141, '2022_08_11_105802_update_fleet_documents_for_identify_number', 1),
(142, '2022_08_11_114109_update_request_for_owner_and_fleet_id', 1),
(143, '2022_08_11_123449_update_withdrawal_request_table_for_owner_id', 1),
(144, '2022_08_11_124534_update_complaints_table_for_owner', 1),
(145, '2022_08_12_073010_create_frontpage_header_table', 1),
(146, '2022_08_29_065448_create_goods_types_table', 1),
(147, '2022_09_01_062700_update_goods_type_id_to_requests_table', 1),
(148, '2022_09_01_085940_update_transport_type_to_car_makes_table', 1),
(149, '2022_09_01_105353_update_transport_type_to_drivers_table', 1),
(150, '2022_09_06_085406_update_transport_type_to_zone_types_table', 1),
(151, '2022_09_06_091610_update_transport_type_to_package_types_table', 1),
(152, '2022_09_06_104037_update_transport_type_to_cancellation_reasons_table', 1),
(153, '2022_09_06_111317_update_transport_type_to_complaint_titles_table', 1),
(154, '2022_09_06_125854_update_transport_type_to_requests_table', 1),
(155, '2022_09_06_140237_update_transport_type_to_faqs_table', 1),
(156, '2022_09_14_120844_update_zones_for_default_type_for_delivery_table', 1),
(157, '2022_09_14_121853_update_owners_for_transport_type_table', 1),
(158, '2022_09_15_135622_add_goods_type_id_to_requests_table', 1),
(159, '2022_11_07_063319_update_icon_types_for_vehicle_types_table', 1),
(160, '2022_11_16_101502_update_vehicle_make_for_to_car_makes_table', 1),
(161, '2022_11_22_134606_update_zone_type_package_prices_table_for_zone_id', 1),
(162, '2022_11_29_101158_update_goods_types_for_to_goods_types_table', 1),
(163, '2022_12_14_074823_update_transport_type_to_promo_table', 1),
(164, '2022_12_14_111401_remove_transport_type_to_faqs_table', 1),
(165, '2022_12_14_111621_remove_transport_type_to_complaint_titles_table', 1),
(166, '2022_12_14_120547_remove_is_individual_to_driver_needed_documents_table', 1),
(167, '2022_12_14_120748_update_account_type_to_driver_needed_documents_table', 1),
(168, '2022_12_23_124713_create_reward_histories_table', 1),
(169, '2022_12_23_125928_create_reward_points_table', 1),
(170, '2023_02_07_101637_update_drivers_for_my_route_booking_table', 1),
(171, '2023_02_08_101417_create_driver_enabled_routes_table', 1),
(172, '2023_04_17_062137_create_banner_images_table', 1),
(173, '2023_04_26_105819_update_request_meta_table', 1),
(174, '2023_05_15_095252_update_requests_for_offerred_ride_fare_update_users_for_bidd_ride_table', 1),
(175, '2023_05_19_075601_create_request_eta_table', 1),
(176, '2023_06_09_122855_create_mail_otp_verifications_table', 1),
(177, '2023_06_09_123132_create_mail_templates_table', 1),
(178, '2023_06_12_123725_create_driver_vehicle_types_table', 1),
(179, '2023_06_15_084150_update_dispatch_type_to_vehicle_types_table', 1),
(180, '2023_09_06_050045_create_sessions_table', 1),
(181, '2023_11_03_014933_update_request_bill_for_admin_commission_for_driver', 1),
(182, '2023_11_15_123447_create_languages_table', 1),
(183, '2023_11_29_065226_update_drivers_for_custom_make_model_table', 1),
(184, '2023_11_29_082037_create_chat_table', 1),
(185, '2023_11_29_082059_create_chat_messages_table', 1),
(186, '2023_11_29_085930_update_fleet_for_custom_make_and_model', 1),
(187, '2023_12_01_073916_update_user_driver_notifications_table', 1),
(188, '2023_12_15_111736_update_users_table_nullable_name', 1),
(189, '2023_12_26_073714_update_email_templates', 1),
(190, '2024_01_23_064728_update_request_table_for_out_station_ride', 1),
(191, '2024_01_24_075121_update_request_for_out_station_one_way_table', 1),
(192, '2024_01_24_123726_create_mobile_app_settings_table', 1),
(193, '2024_02_03_080042_update_discounted_total_to_requests_table', 1),
(194, '2024_02_26_072016_user_authorized_code', 1),
(195, '2024_03_14_092051_create_peak_zones_table', 1),
(196, '2024_03_15_114733_update_manual_assign', 1),
(197, '2024_03_20_101011_update_promo_code_service_null', 1),
(198, '2024_03_20_104927_create_promo_code_users', 1),
(199, '2024_03_20_105102_update_promo_code_user', 1),
(200, '2024_03_20_114202_update_is_deleted_at_to_users_table', 1),
(201, '2024_03_21_112456_create_third_party_settings_table', 1),
(202, '2024_03_22_072853_update_web_booking_cms_landingpagecms', 1),
(203, '2024_03_29_105642_updata_web_booking_to_requests_table', 1),
(204, '2024_04_02_091422_update_on_search_to_requests_table', 1),
(205, '2024_04_03_110555_add_web_booking_track_to_landingpagecms', 1),
(206, '2024_04_09_140636_update_poly_line_to_requests_table', 1),
(207, '2024_05_06_134124_update_day_to_zone_surge_prices_table', 1),
(208, '2024_05_07_110915_update_invoice_cms', 1),
(209, '2024_05_23_085739_create_onboarding_screen', 1),
(210, '2024_05_28_074708_update_gender_to_users_table', 1),
(211, '2024_05_29_110318_update_request_gender_to_requests_table', 1),
(212, '2024_06_03_104401_update_s_no_to_onboarding_screen_table', 1),
(213, '2024_06_14_061042__create_subscription_table_', 1),
(214, '2024_06_14_062104__create_subscription_detail_table', 1),
(215, '2024_06_27_124121_create_tests_table', 1),
(216, '2024_06_28_111926_update_faqs_location_table', 1),
(217, '2024_06_29_073209__update_vehicle_icon_column', 1),
(218, '2024_06_29_084802_create_languages_table', 1),
(219, '2024_07_15_095015_create_service_location_translations_table', 1),
(220, '2024_07_15_101437_update_service_locations_table_for_translation', 1),
(221, '2024_07_19_055152_create_landing_homes_table', 1),
(222, '2024_07_24_053942_update_completed_at_to_requests_stops_table', 1),
(223, '2024_07_24_095449_update_gender_to_users_table', 1),
(224, '2024_08_01_064658_create_landing_headers_table', 1),
(225, '2024_08_01_064908_create_landing_drivers_table', 1),
(226, '2024_08_01_064920_create_landing_users_table', 1),
(227, '2024_08_01_064939_create_landing_contacts_table', 1),
(228, '2024_08_07_063723_update_commission_to_zone_types_table', 1),
(229, '2024_08_07_101916_create_landing_quicklinks_table', 1),
(230, '2024_08_10_113233_create_goods_type_translations_table', 1),
(231, '2024_08_10_113233_create_vehicle_type_translations_table', 1),
(232, '2024_08_10_113233_create_zone_translations_table', 1),
(233, '2024_08_11_113233_create_cancellation_reason_translations_table', 1),
(234, '2024_08_11_113233_create_complaint_title_translations_table', 1),
(235, '2024_08_12_061333_create_landing_email_table', 1),
(236, '2024_08_16_100602_update_order_to_zone_types_table', 1),
(237, '2024_08_21_061543_update_commissions_to_zone_types_table', 1),
(238, '2024_08_21_070051_update_service_loction_to_drivers_table', 1),
(239, '2024_08_27_074033_update_expires_at_to_personal_access_tokes_table', 1),
(240, '2024_08_27_123822_create_invoice_configurations_table', 1),
(241, '2024_08_29_052809_update_currency_location_to_service_locations_table', 1),
(242, '2024_08_29_065608_update_airport_surge_to_zone_types_table', 1),
(243, '2024_08_31_053912_create_admin_notifications_table', 1),
(244, '2024_09_02_090913__update_service_location_in_promo_table', 1),
(245, '2024_09_03_065503_update_direction_to_landing_headers', 1),
(246, '2024_09_03_075201_update_direction_to_landing_homes', 1),
(247, '2024_09_03_093548_update_direction_to_landing_drivers', 1),
(248, '2024_09_03_100306_update_direction_to_landing_users', 1),
(249, '2024_09_03_102250_update_direction_to_landing_contacts', 1),
(250, '2024_09_03_103939_update_direction_to_landing_quicklinks', 1),
(251, '2024_09_09_100738_update_goods_type_in_goods_types_table', 1),
(252, '2024_09_10_060927_update_owners_nullable_columns', 1),
(253, '2024_09_10_064135_update_users_bank_info_nullable_columns', 1),
(254, '2024_09_16_051345_update_fleets_id_in_fleets_table', 1),
(255, '2024_09_16_135309_update_permission_number_null_to_fleets_table', 1),
(256, '2024_09_21_054905_update_image_type_to_driver_needed_documents_table', 1),
(257, '2024_09_21_063544_update_back_image_to_driver_documents_table', 1),
(258, '2024_09_21_090048_update_image_type_to_owner_needed_documents_table', 1),
(259, '2024_09_21_090858_update_back_image_to_owner_documents_table', 1),
(260, '2024_09_21_102621_update_image_type_to_fleet_needed_documents_table', 1),
(261, '2024_09_21_110802_update_back_image_to_fleet_documents_table', 1),
(262, '2024_09_23_102102_update_current_lat_lng_to_users_table', 1),
(263, '2024_09_24_122018_create_incentives_table', 1),
(264, '2024_09_25_100356_update_is_air_port_to_requests_table', 1),
(265, '2024_09_25_160024_create_driver_incentive_histories_table', 1),
(266, '2024_09_26_062005_update_status_to_fleets_table', 1),
(267, '2024_09_26_112938_update_ride_otp_too_users_table', 1),
(268, '2024_09_30_092344_update_aboutus_to_landing_headers', 1),
(269, '2024_09_30_115619_create_landing_abouts_table', 1),
(270, '2024_09_30_120321_add_uuid_to_failed_jobs_table', 1),
(271, '2024_10_01_100458_update_price_per_distance_to_drivers_table', 1),
(272, '2024_10_02_091950_create_driver_level_ups_table', 1),
(273, '2024_10_02_100122_update_is_parcel_to_requests_table', 1),
(274, '2024_10_02_103243_create_pre_payment_datas_table', 1),
(275, '2024_10_02_142515_update_paid_at_to_requests_table', 1),
(276, '2024_10_05_061635_update_owner_commission_from_owner_in_zone_types_table', 1),
(277, '2024_10_06_180838_create_get_driver_online_offline_duration_procedure', 1),
(278, '2024_10_10_055106_create_recent_searches_table', 1),
(279, '2024_10_10_061605_create_recent_searches_stops_table', 1),
(280, '2024_10_15_055045_update_online_offline_report_procedure', 1),
(281, '2024_10_15_063110_update_transport_type_to_recent_searches_table', 1),
(282, '2024_10_16_064132_create_conversations_table', 1),
(283, '2024_10_16_065511_create_messages_table', 1),
(284, '2024_10_17_062525_create_emails_table', 1),
(285, '2024_10_18_052941_update_unseen_count_to_messages_table', 1),
(286, '2024_10_24_132355_create_methods_table', 1),
(287, '2024_10_24_132403_create_fields_table', 1),
(288, '2024_10_26_090225_create_driver_bank_infos_table', 1),
(289, '2024_10_26_124901_update_driver_level_up_id_to_drivers_table', 1),
(290, '2024_10_29_053841_create_driver_level_details_table', 1),
(291, '2024_11_04_064152_update_screen_to_onboarding_screen', 1),
(292, '2024_11_12_092641_update_faq_service_location', 1),
(293, '2024_11_21_065224_update_payment_status_to_wallet_withdrawal_requests_table', 1),
(294, '2024_11_21_080717_update_users_for_stripe_key_table', 1),
(295, '2024_11_21_134218_create_owner_bank_infos_table', 1),
(296, '2024_11_23_063134_update_booked_by_to_requests_table', 1),
(297, '2024_11_23_112322_delete_user_role_from_cards_info_table', 1),
(298, '2024_11_27_052923_update_active_to_admin_details_table', 1),
(299, '2024_12_04_051742_update_ride_count_in_driver_incentive_history_table', 1),
(300, '2024_12_16_064949_create_notification_channels_table', 1),
(301, '2024_12_17_055735_create_notification_channels_translations_table', 1),
(302, '2024_12_20_055934_update_created_by_to_roles_table', 1),
(303, '2024_12_23_063912_update_admin_commission_from_driver_in_request_bills_table', 1),
(304, '2024_12_23_151753_update_unit_in_zones_table', 1),
(305, '2024_12_25_073939_update_softdeletes_in_users_table', 1),
(306, '2024_12_28_034801_update_role_to_notification_channels', 1),
(307, '2024_12_28_062530_update_map_type_in_users_table', 1),
(308, '2024_12_30_052712_update_show_button_to_notification_channels', 1),
(309, '2024_12_30_054813_create_onboard_screens_translations_table', 1),
(310, '2024_12_30_060242_update_translation_dataset_to_onboard_screen_table', 1),
(311, '2025_01_08_054523_update_push_title_body_to_notification_channels', 1),
(312, '2025_01_08_060254_update_push_title_body_to_notification_channels_translations', 1),
(313, '2025_01_11_074934_update_additional_charges_to_requests_table', 1),
(314, '2025_01_18_120555_update_signed_vehicle_to_driver_vehicle_types_table', 1),
(315, '2025_01_18_122930_create_sub_vehicle_types_table', 1),
(316, '2025_02_18_054913_update_needed_documents_for_front_and_back_image_type', 1),
(317, '2025_02_19_043909_update_trip_meter_rate_in_requests_table', 1),
(318, '2025_02_20_070051_update_zone_type_in_incentives_and_level_table', 1),
(319, '2025_02_27_050832_update_zone_type_in_zone_surge_prices_table', 1),
(320, '2025_03_06_084110_update_driver_tips_in_request_bills_table', 1),
(321, '2025_03_07_073053_create_support_ticket_categories_table', 1),
(322, '2025_03_08_054733_create_support_ticket_titles_table', 1),
(323, '2025_03_08_060306_create_support_ticket_titles_translations_table', 1),
(324, '2025_03_10_094657_update_category_type_to_table_admin_details', 1),
(325, '2025_03_11_063038_create_support_tickets_table', 1),
(326, '2025_03_11_093917_update_title_type_to_support_ticket_titles_table', 1),
(327, '2025_03_13_101349_create_support_ticket_multi_files_table', 1),
(328, '2025_03_19_102740_create_support_ticket_messages_table', 1),
(329, '2025_03_21_051656_update_document_required_to_driver_needed_documents_table', 1),
(330, '2025_03_21_071629_update_document_required_to_fleet_needed_documents_table', 1),
(331, '2025_03_21_085453_update_document_required_to_owner_needed_documents_table', 1),
(332, '2025_03_22_062935_update_user_type_to_support_ticket_titles_table', 1),
(333, '2025_03_22_065505_update_service_location_to_support_tickets_table', 1),
(334, '2025_03_22_101703_update_sender_id_to_support_ticket_messages', 1),
(335, '2025_03_26_065052_update_zone_id_in_users_table', 1),
(336, '2025_03_28_054859_update_enable_airport_outstation_to_zone_types_table', 1),
(337, '2025_03_28_061410_update_outstation_price_to_zone_type_price_table', 1),
(338, '2025_04_03_092828_update_requests_for_card_token_table', 1),
(339, '2025_04_10_121124_create_dispatcher_locations', 1),
(340, '2025_04_10_132424_update_subscription_detail_id_to_drivers', 1),
(341, '2025_04_16_051433_update_for_owner_to_notifications_table', 1),
(342, '2025_04_19_081522_update_value_length_in_third_party_settings_table', 1),
(343, '2025_05_05_055245_update_address_length__in_request_places_table', 1),
(344, '2025_05_07_055825_update_parcel_type_to_request_table', 1),
(345, '2025_05_12_124033_update_cancellation_fee_to_zone_type_price_table', 1),
(346, '2025_05_13_121920_update_compensate_from_user_driver_to_cancellation_reasons_table', 1),
(347, '2025_05_16_093717_update_payment_id_in_requests_table', 1),
(348, '2025_05_22_064458_update_users_table_for_service_location', 1),
(349, '2025_05_26_053632_update_maximum_distances_in_zones_table', 1),
(350, '2025_05_29_120349_add_audio_url_to_chat_messages_table', 1),
(351, '2025_05_30_120409_update_is_without_destination_in_requests_table', 1),
(352, '2025_07_30_115720_update_users_id_to_support_ticket_messages', 1),
(353, '2025_08_05_104424_update_order_number_in_zone_types_table', 1),
(354, '2025_08_20_101917_create_preferences_table', 1),
(355, '2025_08_20_102330_create_preference_prices_table', 1),
(356, '2025_08_20_102346_create_request_preferences_table', 1),
(357, '2025_08_22_105610_create_driver_preferences_table', 1),
(358, '2025_08_23_043411_update_nullable_icon_types_for_in_mobile_app_settings_table', 1),
(359, '2025_08_23_065040_update_preference_price_total_in_request_bills_table', 1),
(360, '2025_08_30_053622_update_peak_zones_settings_to_zones_table', 1),
(361, '2025_09_12_111201_create_users_imported_table', 1),
(362, '2025_09_16_123541_create_drivers_imported_table', 1);

-- --------------------------------------------------------

--
-- Table structure for table `mobile_app_settings`
--

CREATE TABLE `mobile_app_settings` (
  `id` char(36) NOT NULL,
  `name` varchar(191) NOT NULL,
  `transport_type` varchar(191) NOT NULL,
  `service_type` varchar(191) NOT NULL,
  `icon_types_for` varchar(191) DEFAULT NULL,
  `order_by` int(11) DEFAULT NULL,
  `short_description` varchar(191) DEFAULT NULL,
  `description` text DEFAULT NULL,
  `mobile_menu_icon` varchar(191) DEFAULT NULL,
  `mobile_menu_cover_image` varchar(191) DEFAULT NULL,
  `active` tinyint(1) NOT NULL DEFAULT 0,
  `created_at` timestamp NULL DEFAULT NULL,
  `updated_at` timestamp NULL DEFAULT NULL
) ENGINE=InnoDB DEFAULT CHARSET=utf8mb4 COLLATE=utf8mb4_unicode_ci;

--
-- Dumping data for table `mobile_app_settings`
--

INSERT INTO `mobile_app_settings` (`id`, `name`, `transport_type`, `service_type`, `icon_types_for`, `order_by`, `short_description`, `description`, `mobile_menu_icon`, `mobile_menu_cover_image`, `active`, `created_at`, `updated_at`) VALUES
('03b4a18f-6368-4327-9c9b-d5ce6676e200', 'Taxi', 'taxi', 'normal', NULL, 1, 'Normal Taxi', 'Normal Taxi', 'fQH0LXrlTKczSFy9GUntpUck4xcwMhCxVbNqiyvA.png', NULL, 1, '2025-09-26 07:06:11', '2025-09-26 10:59:28'),
('29a0fd0f-398e-4a81-9246-fa99541a9b74', 'Outstation', 'taxi', 'outstation', NULL, 5, 'Outstation Taxi', 'Outstation Taxi', 'WEg430i0yTQYqYzjfEjVYQDpfesNbhkQajYxoHCA.png', NULL, 1, '2025-09-26 07:06:11', '2025-09-26 11:01:17'),
('4276feae-d257-4ef1-92ce-019645a40305', 'Delivery Rental', 'delivery', 'rental', NULL, 4, 'Rental Delivery', 'Rental Delivery', 'MQ3n2S4M98wVYHIhTuawBot9tWeBxDKJJ5ezLzun.png', NULL, 1, '2025-09-26 07:06:11', '2025-09-26 11:00:54'),
('57cfc4ef-97b7-4ac0-8938-451d7f000d80', 'Rental', 'taxi', 'rental', NULL, 3, 'Rental Taxi', 'rental Taxi', 'eRvYOYLsMdUkMGnZRfhDL79oihcqmY9QBZAvxTuf.png', NULL, 1, '2025-09-26 07:06:11', '2025-09-26 11:00:26'),
('9ebd7102-50b9-49d0-8b6f-e80ac48ccbc2', 'Delivery Outstation', 'delivery', 'outstation', NULL, 6, 'Outstation Delivery', 'Outstation Delivery', 'O7oAMYo21RXpDoWc8P7t8oicKW4323TNu0WvGEWs.png', NULL, 1, '2025-09-26 07:06:11', '2025-09-26 11:01:33'),
('a9d11d19-6260-4390-9ae2-a3b15cafd51e', 'Delivery', 'delivery', 'normal', NULL, 2, 'Normal Delivery', 'Normal Delivery', 'eXLqn5gde5yGRSWWZNdyPwQOiUaU4HCtp3OeZ1dc.png', NULL, 1, '2025-09-26 07:06:11', '2025-09-26 11:00:06');

-- --------------------------------------------------------

--
-- Table structure for table `mobile_builds`
--

CREATE TABLE `mobile_builds` (
  `id` int(10) UNSIGNED NOT NULL,
  `project_name` varchar(191) NOT NULL,
  `build_number` varchar(191) NOT NULL,
  `project_id` int(10) UNSIGNED NOT NULL,
  `flavour_id` int(10) UNSIGNED NOT NULL,
  `team` enum('android','ios') NOT NULL,
  `version` varchar(191) NOT NULL,
  `environment` varchar(191) NOT NULL,
  `file_size` varchar(191) NOT NULL,
  `download_link` varchar(191) NOT NULL,
  `uploaded_by` varchar(191) DEFAULT NULL,
  `additional_comments` varchar(191) DEFAULT NULL,
  `active` tinyint(1) NOT NULL DEFAULT 1,
  `created_at` timestamp NULL DEFAULT NULL,
  `updated_at` timestamp NULL DEFAULT NULL
) ENGINE=InnoDB DEFAULT CHARSET=utf8mb4 COLLATE=utf8mb4_unicode_ci;

-- --------------------------------------------------------

--
-- Table structure for table `notifications`
--

CREATE TABLE `notifications` (
  `id` char(36) NOT NULL,
  `push_enum` varchar(191) NOT NULL,
  `title` varchar(191) NOT NULL,
  `body` longtext NOT NULL,
  `image` varchar(191) DEFAULT NULL,
  `data` longtext DEFAULT NULL,
  `for_user` tinyint(1) NOT NULL DEFAULT 0,
  `for_driver` tinyint(1) NOT NULL DEFAULT 0,
  `for_owner` tinyint(1) NOT NULL DEFAULT 0,
  `created_at` timestamp NULL DEFAULT NULL,
  `updated_at` timestamp NULL DEFAULT NULL,
  `deleted_at` timestamp NULL DEFAULT NULL
) ENGINE=InnoDB DEFAULT CHARSET=utf8mb4 COLLATE=utf8mb4_unicode_ci;

-- --------------------------------------------------------

--
-- Table structure for table `notification_channels`
--

CREATE TABLE `notification_channels` (
  `id` char(36) NOT NULL,
  `role` text DEFAULT NULL,
  `topics` text DEFAULT NULL,
  `topics_content` text DEFAULT NULL,
  `push_notification` tinyint(1) DEFAULT NULL,
  `mail` tinyint(1) DEFAULT NULL,
  `sms` tinyint(1) DEFAULT NULL,
  `email_subject` text DEFAULT NULL,
  `logo_img` longtext DEFAULT NULL,
  `mail_body` longtext DEFAULT NULL,
  `button_name` text DEFAULT NULL,
  `button_url` text DEFAULT NULL,
  `show_button` tinyint(1) NOT NULL,
  `banner_img` longtext DEFAULT NULL,
  `show_img` tinyint(1) NOT NULL,
  `footer` text DEFAULT NULL,
  `footer_content` text DEFAULT NULL,
  `footer_copyrights` text DEFAULT NULL,
  `show_fbicon` tinyint(1) NOT NULL,
  `show_instaicon` tinyint(1) NOT NULL,
  `show_twittericon` tinyint(1) NOT NULL,
  `show_linkedinicon` tinyint(1) NOT NULL,
  `push_title` text NOT NULL,
  `push_body` text NOT NULL,
  `translation_dataset` text DEFAULT NULL,
  `created_at` timestamp NULL DEFAULT NULL,
  `updated_at` timestamp NULL DEFAULT NULL
) ENGINE=InnoDB DEFAULT CHARSET=utf8mb4 COLLATE=utf8mb4_unicode_ci;


INSERT INTO `notification_channels` (`id`, `role`, `topics`, `topics_content`, `push_notification`, `mail`, `sms`, `email_subject`, `logo_img`, `mail_body`, `button_name`, `button_url`, `show_button`, `banner_img`, `show_img`, `footer`, `footer_content`, `footer_copyrights`, `show_fbicon`, `show_instaicon`, `show_twittericon`, `show_linkedinicon`, `push_title`, `push_body`, `translation_dataset`, `created_at`, `updated_at`) VALUES
('198fcd9f-4a6d-43ef-b9ce-374e77787279', 'driver', 'Driver Ride Confirmation', 'Choose how Driver will get notified about Sent notification on Ride Confirmation', 1, 0, 0, 'Ride Confirmed By Customer', 'logo-light.png', '\n                                    <p>Hello {name}</p>\n                                    <p>We are writing to confirm that you have successfully transferred an amount from your wallet.</p>\n                                    <p><strong>Transaction Details</strong></p>\n                                    <p><strong>Transaction Id:</strong> {transaction_id}</p>\n                                    <p><strong>Amount:</strong> {currency}{amount}</p>\n                                    <p><strong>Current Balance:</strong>{currency}{current_balance}</p>\n                                    <p>If you did not initiate this transfer, please contact our support team immediately.</p>\n                                    <p>Thank you for using our services!</p>\n                                    <p>Best regards, </p>         \n                                    <p>MXDrive</p>', 'View Details', 'https://play.google.com/store/apps/details?id=mxdrive.bidding.user', 0, 'profile-bg.jpg', 0, '{\"footer_fblink\":\"https:\\/\\/www.facebook.com\\/\",\"footer_instalink\":\"https:\\/\\/www.instagram.com\\/\",\"footer_twitterlink\":\"https:\\/\\/x.com\\/\",\"footer_linkedinlink\":\"https:\\/\\/in.linkedin.com\\/\"}', '<p>If you have any queries , Please email us support@gmail.com.They will answer the question and help you out.</p>', '2021 MXDrive & Rights Reserved', 1, 1, 1, 1, 'Ride Confirmed By Customer', 'Ride Confirmed By Customer, Please Reach the customer pickup location on time', '{\"email_subject\":\"Ride Confirmed By Customer\",\"mail_body\":\"\\n                                    <p>Hello {name}<\\/p>\\n                                    <p>We are writing to confirm that you have successfully transferred an amount from your wallet.<\\/p>\\n                                    <p><strong>Transaction Details<\\/strong><\\/p>\\n                                    <p><strong>Transaction Id:<\\/strong> {transaction_id}<\\/p>\\n                                    <p><strong>Amount:<\\/strong> {currency}{amount}<\\/p>\\n                                    <p><strong>Current Balance:<\\/strong>{currency}{current_balance}<\\/p>\\n                                    <p>If you did not initiate this transfer, please contact our support team immediately.<\\/p>\\n                                    <p>Thank you for using our services!<\\/p>\\n                                    <p>Best regards, <\\/p>         \\n                                    <p>MXDrive<\\/p>\",\"button_name\":\"View Details\",\"footer_content\":\"<p>If you have any queries , Please email us support@gmail.com.They will answer the question and help you out.<\\/p>\",\"footer_copyrights\":\"2021 MXDrive & Rights Reserved\",\"push_title\":\"Ride Confirmed By Customer\",\"push_body\":\"Ride Confirmed By Customer, Please Reach the customer pickup location on time\",\"locale\":\"en\",\"notification_channel_id\":\"198fcd9f-4a6d-43ef-b9ce-374e77787279\",\"fr\":\"{\\\"email_subject\\\":\\\"Trajet confirm\\\\u00e9 par le client\\\",\\\"mail_body\\\":\\\"<p>Bonjour {name}<\\\\\\/p>\\\\n                                                <p>Malheureusement, votre demande de retrait a \\\\u00e9t\\\\u00e9 refus\\\\u00e9e.<\\\\\\/p>\\\\n                                                <p>Si vous rencontrez des probl\\\\u00e8mes avec le paiement, veuillez r\\\\u00e9pondre \\\\u00e0 cet e-mail ou envoyer un e-mail \\\\u00e0 support@gmail.com<\\\\\\/p>\\\\n                                                <p>Merci d\'utiliser nos services !<\\\\\\/p>\\\\n                                                <p>Cordialement, <\\\\\\/p>         \\\\n                                                <p>Logiciels MI<\\\\\\/p>\\\",\\\"button_name\\\":\\\"Bouton\\\",\\\"footer_content\\\":\\\"<p>Si vous avez des questions, veuillez nous envoyer un e-mail \\\\u00e0 support@gmail.com. Ils r\\\\u00e9pondront \\\\u00e0 la question et vous aideront.<\\\\\\/p>\\\",\\\"footer_copyrights\\\":\\\"MXDrive 2021 et droits r\\\\u00e9serv\\\\u00e9s\\\",\\\"push_title\\\":\\\"Trajet confirm\\\\u00e9 par le client\\\",\\\"push_body\\\":\\\"Trajet confirm\\\\u00e9 par le client, veuillez atteindre le lieu de prise en charge du client \\\\u00e0 temps\\\",\\\"locale\\\":\\\"fr\\\",\\\"notification_channel_id\\\":\\\"198fcd9f-4a6d-43ef-b9ce-374e77787279\\\"}\",\"es\":\"{\\\"email_subject\\\":\\\"Viaje confirmado por el cliente\\\",\\\"mail_body\\\":\\\"<p>Hola {name}<\\\\\\/p>\\\\n                                                <p>Lamentablemente, su solicitud de retiro ha sido rechazada.<\\\\\\/p>\\\\n                                                <p>Si tiene alg\\\\u00fan problema con el pago, responda amablemente a este correo electr\\\\u00f3nico o env\\\\u00ede un correo electr\\\\u00f3nico a support@gmail.com<\\\\\\/p>\\\\n                                                <p>\\\\u00a1Gracias por utilizar nuestros servicios!<\\\\\\/p>\\\\n                                                <p>Atentamente,<\\\\\\/p>         \\\\n                                                <p>Software MI<\\\\\\/p>\\\",\\\"button_name\\\":\\\"Bot\\\\u00f3n\\\",\\\"footer_content\\\":\\\"<p>Si tiene alguna consulta, env\\\\u00edenos un correo electr\\\\u00f3nico a support@gmail.com. Ellos responder\\\\u00e1n la pregunta y lo ayudar\\\\u00e1n.<\\\\\\/p>\\\",\\\"footer_copyrights\\\":\\\"2021 MXDrive y derechos reservados\\\",\\\"push_title\\\":\\\"Viaje confirmado por el cliente\\\",\\\"push_body\\\":\\\"Viaje confirmado por el cliente. Llegue al lugar de recogida del cliente a tiempo.\\\",\\\"locale\\\":\\\"es\\\",\\\"notification_channel_id\\\":\\\"198fcd9f-4a6d-43ef-b9ce-374e77787279\\\"}\",\"ar\":\"{\\\"email_subject\\\":\\\"\\\\u062a\\\\u0645 \\\\u062a\\\\u0623\\\\u0643\\\\u064a\\\\u062f \\\\u0627\\\\u0644\\\\u0631\\\\u062d\\\\u0644\\\\u0629 \\\\u0645\\\\u0646 \\\\u0642\\\\u0628\\\\u0644 \\\\u0627\\\\u0644\\\\u0639\\\\u0645\\\\u064a\\\\u0644\\\",\\\"mail_body\\\":\\\"<p>\\\\u0645\\\\u0631\\\\u062d\\\\u0628\\\\u064b\\\\u0627 {name}<\\\\\\/p>\\\\n                                                <p>\\\\u0644\\\\u0644\\\\u0623\\\\u0633\\\\u0641\\\\u060c \\\\u062a\\\\u0645 \\\\u0631\\\\u0641\\\\u0636 \\\\u0637\\\\u0644\\\\u0628 \\\\u0627\\\\u0644\\\\u0633\\\\u062d\\\\u0628 \\\\u0627\\\\u0644\\\\u062e\\\\u0627\\\\u0635 \\\\u0628\\\\u0643.<\\\\\\/p>\\\\n                                                <p>\\\\u0625\\\\u0630\\\\u0627 \\\\u0643\\\\u0627\\\\u0646\\\\u062a \\\\u0644\\\\u062f\\\\u064a\\\\u0643 \\\\u0623\\\\u064a\\\\u0629 \\\\u0645\\\\u0634\\\\u0643\\\\u0644\\\\u0627\\\\u062a \\\\u062a\\\\u062a\\\\u0639\\\\u0644\\\\u0642 \\\\u0628\\\\u0627\\\\u0644\\\\u062f\\\\u0641\\\\u0639\\\\u060c \\\\u0641\\\\u064a\\\\u0631\\\\u062c\\\\u0649 \\\\u0627\\\\u0644\\\\u0631\\\\u062f \\\\u0639\\\\u0644\\\\u0649 \\\\u0647\\\\u0630\\\\u0627 \\\\u0627\\\\u0644\\\\u0628\\\\u0631\\\\u064a\\\\u062f \\\\u0627\\\\u0644\\\\u0625\\\\u0644\\\\u0643\\\\u062a\\\\u0631\\\\u0648\\\\u0646\\\\u064a \\\\u0623\\\\u0648 \\\\u0625\\\\u0631\\\\u0633\\\\u0627\\\\u0644 \\\\u0628\\\\u0631\\\\u064a\\\\u062f \\\\u0625\\\\u0644\\\\u0643\\\\u062a\\\\u0631\\\\u0648\\\\u0646\\\\u064a \\\\u0625\\\\u0644\\\\u0649 support@gmail.com<\\\\\\/p>\\\\n                                                <p>\\\\u0634\\\\u0643\\\\u0631\\\\u0627 \\\\u0644\\\\u0643 \\\\u0639\\\\u0644\\\\u0649 \\\\u0627\\\\u0633\\\\u062a\\\\u062e\\\\u062f\\\\u0627\\\\u0645 \\\\u062e\\\\u062f\\\\u0645\\\\u0627\\\\u062a\\\\u0646\\\\u0627!<\\\\\\/p>\\\\n                                                <p>\\\\u0623\\\\u0637\\\\u064a\\\\u0628 \\\\u0627\\\\u0644\\\\u062a\\\\u062d\\\\u064a\\\\u0627\\\\u062a\\\\u060c<\\\\\\/p>         \\\\n                                                <p>\\\\u0628\\\\u0631\\\\u0627\\\\u0645\\\\u062c MI<\\\\\\/p>\\\",\\\"button_name\\\":\\\"\\\\u0632\\\\u0631\\\",\\\"footer_content\\\":\\\"<p>\\\\u0625\\\\u0630\\\\u0627 \\\\u0643\\\\u0627\\\\u0646\\\\u062a \\\\u0644\\\\u062f\\\\u064a\\\\u0643 \\\\u0623\\\\u064a\\\\u0629 \\\\u0627\\\\u0633\\\\u062a\\\\u0641\\\\u0633\\\\u0627\\\\u0631\\\\u0627\\\\u062a\\\\u060c \\\\u064a\\\\u0631\\\\u062c\\\\u0649 \\\\u0645\\\\u0631\\\\u0627\\\\u0633\\\\u0644\\\\u062a\\\\u0646\\\\u0627 \\\\u0639\\\\u0628\\\\u0631 \\\\u0627\\\\u0644\\\\u0628\\\\u0631\\\\u064a\\\\u062f \\\\u0627\\\\u0644\\\\u0625\\\\u0644\\\\u0643\\\\u062a\\\\u0631\\\\u0648\\\\u0646\\\\u064a support@gmail.com. \\\\u0648\\\\u0633\\\\u0648\\\\u0641 \\\\u064a\\\\u062c\\\\u064a\\\\u0628\\\\u0648\\\\u0646 \\\\u0639\\\\u0644\\\\u0649 \\\\u0627\\\\u0644\\\\u0633\\\\u0624\\\\u0627\\\\u0644 \\\\u0648\\\\u064a\\\\u0633\\\\u0627\\\\u0639\\\\u062f\\\\u0648\\\\u0646\\\\u0643.<\\\\\\/p>\\\",\\\"footer_copyrights\\\":\\\"2021 \\\\u0628\\\\u0631\\\\u0627\\\\u0645\\\\u062c MXDrive \\\\u0648\\\\u0627\\\\u0644\\\\u062d\\\\u0642\\\\u0648\\\\u0642 \\\\u0645\\\\u062d\\\\u0641\\\\u0648\\\\u0638\\\\u0629\\\",\\\"push_title\\\":\\\"\\\\u062a\\\\u0645 \\\\u062a\\\\u0623\\\\u0643\\\\u064a\\\\u062f \\\\u0627\\\\u0644\\\\u0631\\\\u062d\\\\u0644\\\\u0629 \\\\u0645\\\\u0646 \\\\u0642\\\\u0628\\\\u0644 \\\\u0627\\\\u0644\\\\u0639\\\\u0645\\\\u064a\\\\u0644\\\",\\\"push_body\\\":\\\"\\\\u062a\\\\u0645 \\\\u062a\\\\u0623\\\\u0643\\\\u064a\\\\u062f \\\\u0627\\\\u0644\\\\u0631\\\\u062d\\\\u0644\\\\u0629 \\\\u0645\\\\u0646 \\\\u0642\\\\u0628\\\\u0644 \\\\u0627\\\\u0644\\\\u0639\\\\u0645\\\\u064a\\\\u0644\\\\u060c \\\\u064a\\\\u0631\\\\u062c\\\\u0649 \\\\u0627\\\\u0644\\\\u0648\\\\u0635\\\\u0648\\\\u0644 \\\\u0625\\\\u0644\\\\u0649 \\\\u0645\\\\u0648\\\\u0642\\\\u0639 \\\\u0627\\\\u0644\\\\u0627\\\\u0644\\\\u062a\\\\u0642\\\\u0627\\\\u0621 \\\\u0628\\\\u0627\\\\u0644\\\\u0639\\\\u0645\\\\u064a\\\\u0644 \\\\u0641\\\\u064a \\\\u0627\\\\u0644\\\\u0648\\\\u0642\\\\u062a \\\\u0627\\\\u0644\\\\u0645\\\\u062d\\\\u062f\\\\u062f\\\",\\\"locale\\\":\\\"ar\\\",\\\"notification_channel_id\\\":\\\"198fcd9f-4a6d-43ef-b9ce-374e77787279\\\"}\"}', '2025-09-26 07:06:10', '2025-09-26 07:06:10'),
('22f6f264-5e6f-4567-946c-25c3e2f58aa5', 'user', 'User Referral', 'Choose how Customer will get notified about Sent notification on referral code', 1, 1, 1, 'Referral Code User', 'logo-light.png', '\n                                    <p>Hello {name}</p>\n                                    <p>Thanks you! We are excited to offer you a referral code that you can share with your friends,\n                                    family, or colleagues.</p>\n                                    <p>When they use this referral code, they will receive a discount on their first ride, and you will earn rewards as well.</p>\n                                    <p>Share this code with others, and start earning rewards today! The more you refer, the more you can earn!</p>\n                                    <p>To use the referral code, simply share it with the person you refer,\n                                     and they can enter it during the booking process on our app.</p>\n                                     <p>Best regards, </p>         \n                                    <p>MXDrive</p>', 'Share', 'https://play.google.com/store/apps/details?id=mxdrive.bidding.user', 0, 'profile-bg.jpg', 0, '{\"footer_fblink\":\"https:\\/\\/www.facebook.com\\/\",\"footer_instalink\":\"https:\\/\\/www.instagram.com\\/\",\"footer_twitterlink\":\"https:\\/\\/x.com\\/\",\"footer_linkedinlink\":\"https:\\/\\/in.linkedin.com\\/\"}', '<p>If you have any queries , Please email us support@gmail.com.They will answer the question and help you out.</p>', '2021 MXDrive & Rights Reserved', 1, 1, 1, 1, 'You have Earned with your Referral code 😊️', 'We are happy to inform you that you have earned money with your referral code', '{\"email_subject\":\"Referral Code User\",\"mail_body\":\"\\n                                    <p>Hello {name}<\\/p>\\n                                    <p>Thanks you! We are excited to offer you a referral code that you can share with your friends,\\n                                    family, or colleagues.<\\/p>\\n                                    <p>When they use this referral code, they will receive a discount on their first ride, and you will earn rewards as well.<\\/p>\\n                                    <p>Share this code with others, and start earning rewards today! The more you refer, the more you can earn!<\\/p>\\n                                    <p>To use the referral code, simply share it with the person you refer,\\n                                     and they can enter it during the booking process on our app.<\\/p>\\n                                     <p>Best regards, <\\/p>         \\n                                    <p>MXDrive<\\/p>\",\"button_name\":\"Share\",\"footer_content\":\"<p>If you have any queries , Please email us support@gmail.com.They will answer the question and help you out.<\\/p>\",\"footer_copyrights\":\"2021 MXDrive & Rights Reserved\",\"push_title\":\"You have Earned with your Referral code \\ud83d\\ude0a\\ufe0f\",\"push_body\":\"We are happy to inform you that you have earned money with your referral code\",\"locale\":\"en\",\"notification_channel_id\":\"22f6f264-5e6f-4567-946c-25c3e2f58aa5\",\"fr\":\"{\\\"email_subject\\\":\\\"Utilisateur du code de r\\\\u00e9f\\\\u00e9rence\\\",\\\"mail_body\\\":\\\"<p>Bonjour {name}<\\\\\\/p>\\\\n                                                <p>Merci! Nous sommes ravis de vous proposer un code de parrainage que vous pouvez partager avec vos amis, votre famille ou vos coll\\\\u00e8gues.<\\\\\\/p>\\\\n                                                <p>Lorsqu\'ils utiliseront ce code de parrainage, ils b\\\\u00e9n\\\\u00e9ficieront d\'une r\\\\u00e9duction sur leur premier trajet et vous gagnerez \\\\u00e9galement des r\\\\u00e9compenses.<\\\\\\/p>\\\\n                                                <p>Partagez ce code avec d\'autres et commencez \\\\u00e0 gagner des r\\\\u00e9compenses d\\\\u00e8s aujourd\'hui ! Plus vous parrainez, plus vous pouvez gagner !<\\\\\\/p>\\\\n                                                <p>Pour utiliser le code de parrainage, partagez-le simplement avec la personne que vous parrainez, et elle pourra le saisir lors du processus de r\\\\u00e9servation sur notre application.<\\\\\\/p>\\\\n                                                <p>Cordialement, <\\\\\\/p>         \\\\n                                                <p>Logiciels MI<\\\\\\/p>\\\",\\\"button_name\\\":\\\"Bouton\\\",\\\"footer_content\\\":\\\"<p>Si vous avez des questions, veuillez nous envoyer un e-mail \\\\u00e0 support@gmail.com. Ils r\\\\u00e9pondront \\\\u00e0 la question et vous aideront.<\\\\\\/p>\\\",\\\"footer_copyrights\\\":\\\"MXDrive 2021 et droits r\\\\u00e9serv\\\\u00e9s\\\",\\\"push_title\\\":\\\"Vous avez gagn\\\\u00e9 avec votre code de parrainage \\\\ud83d\\\\ude0a\\\\ufe0f\\\",\\\"push_body\\\":\\\"Nous sommes heureux de vous informer que vous avez gagn\\\\u00e9 de l\'argent avec votre code de parrainage\\\",\\\"locale\\\":\\\"fr\\\",\\\"notification_channel_id\\\":\\\"22f6f264-5e6f-4567-946c-25c3e2f58aa5\\\"}\",\"es\":\"{\\\"email_subject\\\":\\\"Usuario del c\\\\u00f3digo de referencia\\\",\\\"mail_body\\\":\\\"<p>Hola {name}<\\\\\\/p>\\\\n                                                <p>\\\\u00a1Gracias! Nos complace ofrecerle un c\\\\u00f3digo de referencia que puede compartir con sus amigos, familiares o colegas.<\\\\\\/p>\\\\n                                                <p>Cuando utilicen este c\\\\u00f3digo de referencia, recibir\\\\u00e1n un descuento en su primer viaje y usted tambi\\\\u00e9n obtendr\\\\u00e1 recompensas.<\\\\\\/p>\\\\n                                                <p>\\\\u00a1Comparta este c\\\\u00f3digo con otras personas y comience a ganar recompensas hoy! \\\\u00a1Cuanto m\\\\u00e1s recomiendes, m\\\\u00e1s podr\\\\u00e1s ganar!<\\\\\\/p>\\\\n                                                <p>Para usar el c\\\\u00f3digo de referencia, simplemente comp\\\\u00e1rtelo con la persona que recomiendas y podr\\\\u00e1 ingresarlo durante el proceso de reserva en nuestra aplicaci\\\\u00f3n.<\\\\\\/p>\\\\n                                                <p>Atentamente,<\\\\\\/p>         \\\\n                                                <p>Software MI<\\\\\\/p>\\\",\\\"button_name\\\":\\\"Bot\\\\u00f3n\\\",\\\"footer_content\\\":\\\"<p>Si tiene alguna consulta, env\\\\u00edenos un correo electr\\\\u00f3nico a support@gmail.com. Ellos responder\\\\u00e1n la pregunta y lo ayudar\\\\u00e1n.<\\\\\\/p>\\\",\\\"footer_copyrights\\\":\\\"2021 MXDrive y derechos reservados\\\",\\\"push_title\\\":\\\"Has ganado con tu c\\\\u00f3digo de referencia \\\\ud83d\\\\ude0a\\\\ufe0f\\\",\\\"push_body\\\":\\\"Nos complace informarle que ha ganado dinero con su c\\\\u00f3digo de referencia.\\\",\\\"locale\\\":\\\"es\\\",\\\"notification_channel_id\\\":\\\"22f6f264-5e6f-4567-946c-25c3e2f58aa5\\\"}\",\"ar\":\"{\\\"email_subject\\\":\\\"\\\\u0645\\\\u0633\\\\u062a\\\\u062e\\\\u062f\\\\u0645 \\\\u0631\\\\u0645\\\\u0632 \\\\u0627\\\\u0644\\\\u0625\\\\u062d\\\\u0627\\\\u0644\\\\u0629\\\",\\\"mail_body\\\":\\\"<p>\\\\u0645\\\\u0631\\\\u062d\\\\u0628\\\\u064b\\\\u0627 {name}<\\\\\\/p>\\\\n                                                <p>\\\\u064a\\\\u0634\\\\u0643\\\\u0631\\\\u0643\\\\u0645! \\\\u064a\\\\u0633\\\\u0639\\\\u062f\\\\u0646\\\\u0627 \\\\u0623\\\\u0646 \\\\u0646\\\\u0642\\\\u062f\\\\u0645 \\\\u0644\\\\u0643 \\\\u0631\\\\u0645\\\\u0632 \\\\u0627\\\\u0644\\\\u0625\\\\u062d\\\\u0627\\\\u0644\\\\u0629 \\\\u0627\\\\u0644\\\\u0630\\\\u064a \\\\u064a\\\\u0645\\\\u0643\\\\u0646\\\\u0643 \\\\u0645\\\\u0634\\\\u0627\\\\u0631\\\\u0643\\\\u062a\\\\u0647 \\\\u0645\\\\u0639 \\\\u0623\\\\u0635\\\\u062f\\\\u0642\\\\u0627\\\\u0626\\\\u0643 \\\\u0623\\\\u0648 \\\\u0639\\\\u0627\\\\u0626\\\\u0644\\\\u062a\\\\u0643 \\\\u0623\\\\u0648 \\\\u0632\\\\u0645\\\\u0644\\\\u0627\\\\u0626\\\\u0643.<\\\\\\/p>\\\\n                                                <p>\\\\u0639\\\\u0646\\\\u062f\\\\u0645\\\\u0627 \\\\u064a\\\\u0633\\\\u062a\\\\u062e\\\\u062f\\\\u0645\\\\u0648\\\\u0646 \\\\u0631\\\\u0645\\\\u0632 \\\\u0627\\\\u0644\\\\u0625\\\\u062d\\\\u0627\\\\u0644\\\\u0629 \\\\u0647\\\\u0630\\\\u0627\\\\u060c \\\\u0633\\\\u064a\\\\u062d\\\\u0635\\\\u0644\\\\u0648\\\\u0646 \\\\u0639\\\\u0644\\\\u0649 \\\\u062e\\\\u0635\\\\u0645 \\\\u0639\\\\u0644\\\\u0649 \\\\u0631\\\\u062d\\\\u0644\\\\u062a\\\\u0647\\\\u0645 \\\\u0627\\\\u0644\\\\u0623\\\\u0648\\\\u0644\\\\u0649\\\\u060c \\\\u0648\\\\u0633\\\\u062a\\\\u0643\\\\u0633\\\\u0628 \\\\u0623\\\\u0646\\\\u062a \\\\u0623\\\\u064a\\\\u0636\\\\u064b\\\\u0627 \\\\u0645\\\\u0643\\\\u0627\\\\u0641\\\\u0622\\\\u062a.<\\\\\\/p>\\\\n                                                <p>\\\\u0634\\\\u0627\\\\u0631\\\\u0643 \\\\u0647\\\\u0630\\\\u0627 \\\\u0627\\\\u0644\\\\u0631\\\\u0645\\\\u0632 \\\\u0645\\\\u0639 \\\\u0627\\\\u0644\\\\u0622\\\\u062e\\\\u0631\\\\u064a\\\\u0646 \\\\u0648\\\\u0627\\\\u0628\\\\u062f\\\\u0623 \\\\u0641\\\\u064a \\\\u0643\\\\u0633\\\\u0628 \\\\u0627\\\\u0644\\\\u0645\\\\u0643\\\\u0627\\\\u0641\\\\u0622\\\\u062a \\\\u0627\\\\u0644\\\\u064a\\\\u0648\\\\u0645! \\\\u0643\\\\u0644\\\\u0645\\\\u0627 \\\\u0642\\\\u0645\\\\u062a \\\\u0628\\\\u0627\\\\u0644\\\\u0625\\\\u062d\\\\u0627\\\\u0644\\\\u0629 \\\\u0623\\\\u0643\\\\u062b\\\\u0631\\\\u060c \\\\u0643\\\\u0644\\\\u0645\\\\u0627 \\\\u0632\\\\u0627\\\\u062f\\\\u062a \\\\u0623\\\\u0631\\\\u0628\\\\u0627\\\\u062d\\\\u0643!<\\\\\\/p>\\\\n                                                <p>\\\\u0644\\\\u0627\\\\u0633\\\\u062a\\\\u062e\\\\u062f\\\\u0627\\\\u0645 \\\\u0631\\\\u0645\\\\u0632 \\\\u0627\\\\u0644\\\\u0625\\\\u062d\\\\u0627\\\\u0644\\\\u0629\\\\u060c \\\\u0645\\\\u0627 \\\\u0639\\\\u0644\\\\u064a\\\\u0643 \\\\u0633\\\\u0648\\\\u0649 \\\\u0645\\\\u0634\\\\u0627\\\\u0631\\\\u0643\\\\u062a\\\\u0647 \\\\u0645\\\\u0639 \\\\u0627\\\\u0644\\\\u0634\\\\u062e\\\\u0635 \\\\u0627\\\\u0644\\\\u0630\\\\u064a \\\\u062a\\\\u062d\\\\u064a\\\\u0644\\\\u0647\\\\u060c \\\\u0648\\\\u064a\\\\u0645\\\\u0643\\\\u0646\\\\u0647 \\\\u0625\\\\u062f\\\\u062e\\\\u0627\\\\u0644\\\\u0647 \\\\u0623\\\\u062b\\\\u0646\\\\u0627\\\\u0621 \\\\u0639\\\\u0645\\\\u0644\\\\u064a\\\\u0629 \\\\u0627\\\\u0644\\\\u062d\\\\u062c\\\\u0632 \\\\u0639\\\\u0644\\\\u0649 \\\\u062a\\\\u0637\\\\u0628\\\\u064a\\\\u0642\\\\u0646\\\\u0627.<\\\\\\/p>\\\\n                                                <p>\\\\u0623\\\\u0637\\\\u064a\\\\u0628 \\\\u0627\\\\u0644\\\\u062a\\\\u062d\\\\u064a\\\\u0627\\\\u062a\\\\u060c <\\\\\\/p>         \\\\n                                                <p>\\\\u0628\\\\u0631\\\\u0627\\\\u0645\\\\u062c MI<\\\\\\/p>\\\",\\\"button_name\\\":\\\"\\\\u0632\\\\u0631\\\",\\\"footer_content\\\":\\\"<p>\\\\u0625\\\\u0630\\\\u0627 \\\\u0643\\\\u0627\\\\u0646\\\\u062a \\\\u0644\\\\u062f\\\\u064a\\\\u0643 \\\\u0623\\\\u064a\\\\u0629 \\\\u0627\\\\u0633\\\\u062a\\\\u0641\\\\u0633\\\\u0627\\\\u0631\\\\u0627\\\\u062a\\\\u060c \\\\u064a\\\\u0631\\\\u062c\\\\u0649 \\\\u0645\\\\u0631\\\\u0627\\\\u0633\\\\u0644\\\\u062a\\\\u0646\\\\u0627 \\\\u0639\\\\u0628\\\\u0631 \\\\u0627\\\\u0644\\\\u0628\\\\u0631\\\\u064a\\\\u062f \\\\u0627\\\\u0644\\\\u0625\\\\u0644\\\\u0643\\\\u062a\\\\u0631\\\\u0648\\\\u0646\\\\u064a support@gmail.com. \\\\u0648\\\\u0633\\\\u0648\\\\u0641 \\\\u064a\\\\u062c\\\\u064a\\\\u0628\\\\u0648\\\\u0646 \\\\u0639\\\\u0644\\\\u0649 \\\\u0627\\\\u0644\\\\u0633\\\\u0624\\\\u0627\\\\u0644 \\\\u0648\\\\u064a\\\\u0633\\\\u0627\\\\u0639\\\\u062f\\\\u0648\\\\u0646\\\\u0643.<\\\\\\/p>\\\",\\\"footer_copyrights\\\":\\\"2021 \\\\u0628\\\\u0631\\\\u0627\\\\u0645\\\\u062c MXDrive \\\\u0648\\\\u0627\\\\u0644\\\\u062d\\\\u0642\\\\u0648\\\\u0642 \\\\u0645\\\\u062d\\\\u0641\\\\u0648\\\\u0638\\\\u0629\\\",\\\"push_title\\\":\\\"\\\\u0644\\\\u0642\\\\u062f \\\\u0631\\\\u0628\\\\u062d\\\\u062a \\\\u0628\\\\u0627\\\\u0633\\\\u062a\\\\u062e\\\\u062f\\\\u0627\\\\u0645 \\\\u0631\\\\u0645\\\\u0632 \\\\u0627\\\\u0644\\\\u0625\\\\u062d\\\\u0627\\\\u0644\\\\u0629 \\\\u0627\\\\u0644\\\\u062e\\\\u0627\\\\u0635 \\\\u0628\\\\u0643 \\\\ud83d\\\\ude0a\\\\ufe0f\\\",\\\"push_body\\\":\\\"\\\\u064a\\\\u0633\\\\u0639\\\\u062f\\\\u0646\\\\u0627 \\\\u0623\\\\u0646 \\\\u0646\\\\u0639\\\\u0644\\\\u0645\\\\u0643 \\\\u0623\\\\u0646\\\\u0643 \\\\u0631\\\\u0628\\\\u062d\\\\u062a \\\\u0627\\\\u0644\\\\u0645\\\\u0627\\\\u0644 \\\\u0645\\\\u0646 \\\\u062e\\\\u0644\\\\u0627\\\\u0644 \\\\u0631\\\\u0645\\\\u0632 \\\\u0627\\\\u0644\\\\u0625\\\\u062d\\\\u0627\\\\u0644\\\\u0629 \\\\u0627\\\\u0644\\\\u062e\\\\u0627\\\\u0635 \\\\u0628\\\\u0643\\\",\\\"locale\\\":\\\"ar\\\",\\\"notification_channel_id\\\":\\\"22f6f264-5e6f-4567-946c-25c3e2f58aa5\\\"}\"}', '2025-09-26 07:06:10', '2025-09-26 07:06:10'),
('2e22cd0a-2923-4dea-87d4-a4c67d17fc23', 'driver', 'Driver Tips', 'Choose how Driver will get notified about Sent notification on Driver added tips Successfully', 1, 0, 0, 'Tips added Succesfully', 'logo-light.png', '\n                                    <p>Hello {name}</p>\n                                    <p>We are writing to confirm that you have successfully transferred an amount from your wallet.</p>\n                                    <p><strong>Transaction Details</strong></p>\n                                    <p><strong>Transaction Id:</strong> {transaction_id}</p>\n                                    <p><strong>Amount:</strong> {currency}{amount}</p>\n                                    <p><strong>Current Balance:</strong>{currency}{current_balance}</p>\n                                    <p>If you did not initiate this transfer, please contact our support team immediately.</p>\n                                    <p>Thank you for using our services!</p>\n                                    <p>Best regards, </p>         \n                                    <p>MXDrive</p>', 'View Details', 'https://play.google.com/store/apps/details?id=mxdrive.bidding.user', 0, 'profile-bg.jpg', 0, '{\"footer_fblink\":\"https:\\/\\/www.facebook.com\\/\",\"footer_instalink\":\"https:\\/\\/www.instagram.com\\/\",\"footer_twitterlink\":\"https:\\/\\/x.com\\/\",\"footer_linkedinlink\":\"https:\\/\\/in.linkedin.com\\/\"}', '<p>If you have any queries , Please email us support@gmail.com.They will answer the question and help you out.</p>', '2021 MXDrive & Rights Reserved', 1, 1, 1, 1, 'You have Earned with your Tips 😊️', 'We are happy to inform you that you have earned money with your Tips', '{\"email_subject\":\"Tips added Succesfully\",\"mail_body\":\"\\n                                    <p>Hello {name}<\\/p>\\n                                    <p>We are writing to confirm that you have successfully transferred an amount from your wallet.<\\/p>\\n                                    <p><strong>Transaction Details<\\/strong><\\/p>\\n                                    <p><strong>Transaction Id:<\\/strong> {transaction_id}<\\/p>\\n                                    <p><strong>Amount:<\\/strong> {currency}{amount}<\\/p>\\n                                    <p><strong>Current Balance:<\\/strong>{currency}{current_balance}<\\/p>\\n                                    <p>If you did not initiate this transfer, please contact our support team immediately.<\\/p>\\n                                    <p>Thank you for using our services!<\\/p>\\n                                    <p>Best regards, <\\/p>         \\n                                    <p>MXDrive<\\/p>\",\"button_name\":\"View Details\",\"footer_content\":\"<p>If you have any queries , Please email us support@gmail.com.They will answer the question and help you out.<\\/p>\",\"footer_copyrights\":\"2021 MXDrive & Rights Reserved\",\"push_title\":\"You have Earned with your Tips \\ud83d\\ude0a\\ufe0f\",\"push_body\":\"We are happy to inform you that you have earned money with your Tips\",\"locale\":\"en\",\"notification_channel_id\":\"2e22cd0a-2923-4dea-87d4-a4c67d17fc23\",\"fr\":\"{\\\"email_subject\\\":\\\"Courrier d\'inscription\\\",\\\"mail_body\\\":\\\"<p>Bonjour {name}<\\\\\\/p>\\\\n                                                <p>Merci de vous \\\\u00eatre inscrit aupr\\\\u00e8s de nous, votre application de taxi de confiance. Votre inscription a r\\\\u00e9ussi et nous sommes ravis de vous compter parmi nous.<\\\\\\/p>\\\\n                                                <p>D\\\\u00e9tails de votre compte<\\\\\\/p>\\\\n                                                <p>E-mail : {email}<\\\\\\/p>\\\\n                                                <p>Num\\\\u00e9ro de mobile : {mobile}<\\\\\\/p>\\\\n                                                <p>Nous sommes maintenant pr\\\\u00eats \\\\u00e0 vous aider avec vos besoins de transport ! Pour commencer, cliquez simplement sur le bouton ci-dessous pour vous connecter \\\\u00e0 votre compte :<\\\\\\/p> \\\\n                                                <p>Meilleures salutations, <\\\\\\/p>         \\\\n                                                <p>Logiciels MI<\\\\\\/p>\\\",\\\"button_name\\\":\\\"Bouton\\\",\\\"footer_content\\\":\\\"<p>Si vous avez des questions, veuillez nous envoyer un e-mail \\\\u00e0 support@gmail.com. Ils r\\\\u00e9pondront \\\\u00e0 la question et vous aideront.<\\\\\\/p>\\\",\\\"footer_copyrights\\\":\\\"MXDrive 2021 et droits r\\\\u00e9serv\\\\u00e9s\\\",\\\"push_title\\\":\\\"Vous avez gagn\\\\u00e9 avec vos pourboires \\\\ud83d\\\\ude0a\\\\ufe0f\\\",\\\"push_body\\\":\\\"Nous sommes heureux de vous informer que vous avez gagn\\\\u00e9 de l argent gr\\\\u00e2ce \\\\u00e0 vos pourboires\\\",\\\"locale\\\":\\\"fr\\\",\\\"notification_channel_id\\\":\\\"2e22cd0a-2923-4dea-87d4-a4c67d17fc23\\\"}\",\"es\":\"{\\\"email_subject\\\":\\\"Correo de registro\\\",\\\"mail_body\\\":\\\"<p>Hola {name}<\\\\\\/p>\\\\n                                                <p>Gracias por registrarte con nosotros, tu aplicaci\\\\u00f3n de taxis de confianza. Su registro fue exitoso y estamos emocionados de tenerlo a bordo.<\\\\\\/p>\\\\n                                                <p>Detalles de su cuenta<\\\\\\/p>\\\\n                                                <p>Correo electr\\\\u00f3nico: {email}<\\\\\\/p>\\\\n                                                <p>N\\\\u00famero de m\\\\u00f3vil: {mobile}<\\\\\\/p>\\\\n                                                <p>\\\\u00a1Ahora estamos listos para ayudarle con sus necesidades de transporte! Para comenzar, simplemente haga clic en el bot\\\\u00f3n a continuaci\\\\u00f3n para iniciar sesi\\\\u00f3n en su cuenta:<\\\\\\/p> \\\\n                                                <p>Saludos cordiales,<\\\\\\/p>         \\\\n                                                <p>Software MI<\\\\\\/p>\\\",\\\"button_name\\\":\\\"Bot\\\\u00f3n\\\",\\\"footer_content\\\":\\\"<p>Si tiene alguna consulta, env\\\\u00edenos un correo electr\\\\u00f3nico a support@gmail.com. Ellos responder\\\\u00e1n la pregunta y lo ayudar\\\\u00e1n.<\\\\\\/p>\\\",\\\"footer_copyrights\\\":\\\"2021 MXDrive y derechos reservados\\\",\\\"push_title\\\":\\\"Has Ganado con tus Propinas \\\\ud83d\\\\ude0a\\\\ufe0f\\\",\\\"push_body\\\":\\\"Nos alegra informarte que has ganado dinero con tus Tips\\\",\\\"locale\\\":\\\"es\\\",\\\"notification_channel_id\\\":\\\"2e22cd0a-2923-4dea-87d4-a4c67d17fc23\\\"}\",\"ar\":\"{\\\"email_subject\\\":\\\"\\\\u0628\\\\u0631\\\\u064a\\\\u062f \\\\u0627\\\\u0644\\\\u062a\\\\u0633\\\\u062c\\\\u064a\\\\u0644\\\",\\\"mail_body\\\":\\\"<p>{\\\\u0645\\\\u0631\\\\u062d\\\\u0628\\\\u064b\\\\u0627 {\\\\u0627\\\\u0644\\\\u0627\\\\u0633\\\\u0645<\\\\\\/p>\\\\n                                                <p>\\\\u0646\\\\u0634\\\\u0643\\\\u0631\\\\u0643 \\\\u0639\\\\u0644\\\\u0649 \\\\u0627\\\\u0644\\\\u0627\\\\u0634\\\\u062a\\\\u0631\\\\u0627\\\\u0643 \\\\u0645\\\\u0639\\\\u0646\\\\u0627\\\\u060c \\\\u062a\\\\u0637\\\\u0628\\\\u064a\\\\u0642 \\\\u0633\\\\u064a\\\\u0627\\\\u0631\\\\u0627\\\\u062a \\\\u0627\\\\u0644\\\\u0623\\\\u062c\\\\u0631\\\\u0629 \\\\u0627\\\\u0644\\\\u0645\\\\u0648\\\\u062b\\\\u0648\\\\u0642 \\\\u0628\\\\u0647. \\\\u062a\\\\u0645 \\\\u062a\\\\u0633\\\\u062c\\\\u064a\\\\u0644\\\\u0643 \\\\u0628\\\\u0646\\\\u062c\\\\u0627\\\\u062d\\\\u060c \\\\u0648\\\\u0646\\\\u062d\\\\u0646 \\\\u0645\\\\u062a\\\\u062d\\\\u0645\\\\u0633\\\\u0648\\\\u0646 \\\\u0644\\\\u0627\\\\u0646\\\\u0636\\\\u0645\\\\u0627\\\\u0645\\\\u0643 \\\\u0625\\\\u0644\\\\u064a\\\\u0646\\\\u0627.<\\\\\\/p>\\\\n                                                <p>\\\\u062a\\\\u0641\\\\u0627\\\\u0635\\\\u064a\\\\u0644 \\\\u062d\\\\u0633\\\\u0627\\\\u0628\\\\u0643<\\\\\\/p>\\\\n                                                <p>\\\\u0627\\\\u0644\\\\u0628\\\\u0631\\\\u064a\\\\u062f \\\\u0627\\\\u0644\\\\u0625\\\\u0644\\\\u0643\\\\u062a\\\\u0631\\\\u0648\\\\u0646\\\\u064a: {email}<\\\\\\/p>\\\\n                                                <p>\\\\u0631\\\\u0642\\\\u0645 \\\\u0627\\\\u0644\\\\u062c\\\\u0648\\\\u0627\\\\u0644: {mobile}<\\\\\\/p>\\\\n                                                <p>\\\\u0646\\\\u062d\\\\u0646 \\\\u0627\\\\u0644\\\\u0622\\\\u0646 \\\\u0639\\\\u0644\\\\u0649 \\\\u0627\\\\u0633\\\\u062a\\\\u0639\\\\u062f\\\\u0627\\\\u062f \\\\u0644\\\\u0645\\\\u0633\\\\u0627\\\\u0639\\\\u062f\\\\u062a\\\\u0643 \\\\u0641\\\\u064a \\\\u062a\\\\u0644\\\\u0628\\\\u064a\\\\u0629 \\\\u0627\\\\u062d\\\\u062a\\\\u064a\\\\u0627\\\\u062c\\\\u0627\\\\u062a \\\\u0627\\\\u0644\\\\u0646\\\\u0642\\\\u0644 \\\\u0627\\\\u0644\\\\u062e\\\\u0627\\\\u0635\\\\u0629 \\\\u0628\\\\u0643! \\\\u0644\\\\u0644\\\\u0628\\\\u062f\\\\u0621\\\\u060c \\\\u0645\\\\u0627 \\\\u0639\\\\u0644\\\\u064a\\\\u0643 \\\\u0633\\\\u0648\\\\u0649 \\\\u0627\\\\u0644\\\\u0646\\\\u0642\\\\u0631 \\\\u0639\\\\u0644\\\\u0649 \\\\u0627\\\\u0644\\\\u0632\\\\u0631 \\\\u0623\\\\u062f\\\\u0646\\\\u0627\\\\u0647 \\\\u0644\\\\u062a\\\\u0633\\\\u062c\\\\u064a\\\\u0644 \\\\u0627\\\\u0644\\\\u062f\\\\u062e\\\\u0648\\\\u0644 \\\\u0625\\\\u0644\\\\u0649 \\\\u062d\\\\u0633\\\\u0627\\\\u0628\\\\u0643:<\\\\\\/p> \\\\n                                                <p>\\\\u0645\\\\u0639 \\\\u0623\\\\u0637\\\\u064a\\\\u0628 \\\\u0627\\\\u0644\\\\u062a\\\\u062d\\\\u064a\\\\u0627\\\\u062a<\\\\\\/p>         \\\\n                                                \\\",\\\"button_name\\\":\\\"\\\\u0632\\\\u0631\\\",\\\"footer_content\\\":\\\"<p>\\\\u0625\\\\u0630\\\\u0627 \\\\u0643\\\\u0627\\\\u0646\\\\u062a \\\\u0644\\\\u062f\\\\u064a\\\\u0643 \\\\u0623\\\\u064a\\\\u0629 \\\\u0627\\\\u0633\\\\u062a\\\\u0641\\\\u0633\\\\u0627\\\\u0631\\\\u0627\\\\u062a\\\\u060c \\\\u064a\\\\u0631\\\\u062c\\\\u0649 \\\\u0645\\\\u0631\\\\u0627\\\\u0633\\\\u0644\\\\u062a\\\\u0646\\\\u0627 \\\\u0639\\\\u0628\\\\u0631 \\\\u0627\\\\u0644\\\\u0628\\\\u0631\\\\u064a\\\\u062f \\\\u0627\\\\u0644\\\\u0625\\\\u0644\\\\u0643\\\\u062a\\\\u0631\\\\u0648\\\\u0646\\\\u064a support@gmail.com. \\\\u0648\\\\u0633\\\\u0648\\\\u0641 \\\\u064a\\\\u062c\\\\u064a\\\\u0628\\\\u0648\\\\u0646 \\\\u0639\\\\u0644\\\\u0649 \\\\u0627\\\\u0644\\\\u0633\\\\u0624\\\\u0627\\\\u0644 \\\\u0648\\\\u064a\\\\u0633\\\\u0627\\\\u0639\\\\u062f\\\\u0648\\\\u0646\\\\u0643.<\\\\\\/p>\\\",\\\"footer_copyrights\\\":\\\"2021 \\\\u0628\\\\u0631\\\\u0627\\\\u0645\\\\u062c MXDrive \\\\u0648\\\\u0627\\\\u0644\\\\u062d\\\\u0642\\\\u0648\\\\u0642 \\\\u0645\\\\u062d\\\\u0641\\\\u0648\\\\u0638\\\\u0629\\\",\\\"push_title\\\":\\\"\\\\u0644\\\\u0642\\\\u062f \\\\u0631\\\\u0628\\\\u062d\\\\u062a \\\\u0628\\\\u0646\\\\u0635\\\\u0627\\\\u0626\\\\u062d\\\\u0643 \\\\ud83d\\\\ude0a\\\\ufe0f\\\",\\\"push_body\\\":\\\"\\\\u064a\\\\u0633\\\\u0639\\\\u062f\\\\u0646\\\\u0627 \\\\u0623\\\\u0646 \\\\u0646\\\\u0639\\\\u0644\\\\u0645\\\\u0643 \\\\u0623\\\\u0646\\\\u0643 \\\\u0643\\\\u0633\\\\u0628\\\\u062a \\\\u0627\\\\u0644\\\\u0645\\\\u0627\\\\u0644 \\\\u0645\\\\u0646 \\\\u062e\\\\u0644\\\\u0627\\\\u0644 \\\\u0627\\\\u0644\\\\u0646\\\\u0635\\\\u0627\\\\u0626\\\\u062d \\\\u0627\\\\u0644\\\\u062e\\\\u0627\\\\u0635\\\\u0629 \\\\u0628\\\\u0643\\\",\\\"locale\\\":\\\"ar\\\",\\\"notification_channel_id\\\":\\\"2e22cd0a-2923-4dea-87d4-a4c67d17fc23\\\"}\"}', '2025-09-26 07:06:11', '2025-09-26 07:06:11'),
('32f1ff07-736b-4ea8-985c-24da128950b7', 'driver', 'Driver Subscription', 'Choose how Driver will get notified about Sent notification on Driver Subscription Successfully', 1, 0, 0, 'Subscribed Succesfully', 'logo-light.png', '\n                                    <p>Hello {name}</p>\n                                    <p>We are writing to confirm that you have successfully transferred an amount from your wallet.</p>\n                                    <p><strong>Transaction Details</strong></p>\n                                    <p><strong>Transaction Id:</strong> {transaction_id}</p>\n                                    <p><strong>Amount:</strong> {currency}{amount}</p>\n                                    <p><strong>Current Balance:</strong>{currency}{current_balance}</p>\n                                    <p>If you did not initiate this transfer, please contact our support team immediately.</p>\n                                    <p>Thank you for using our services!</p>\n                                    <p>Best regards, </p>         \n                                    <p>MXDrive</p>', 'View Details', 'https://play.google.com/store/apps/details?id=mxdrive.bidding.user', 0, 'profile-bg.jpg', 0, '{\"footer_fblink\":\"https:\\/\\/www.facebook.com\\/\",\"footer_instalink\":\"https:\\/\\/www.instagram.com\\/\",\"footer_twitterlink\":\"https:\\/\\/x.com\\/\",\"footer_linkedinlink\":\"https:\\/\\/in.linkedin.com\\/\"}', '<p>If you have any queries , Please email us support@gmail.com.They will answer the question and help you out.</p>', '2021 MXDrive & Rights Reserved', 1, 1, 1, 1, 'Subscribed Succesfully', 'You have subscribed successfully', '{\"email_subject\":\"Subscribed Succesfully\",\"mail_body\":\"\\n                                    <p>Hello {name}<\\/p>\\n                                    <p>We are writing to confirm that you have successfully transferred an amount from your wallet.<\\/p>\\n                                    <p><strong>Transaction Details<\\/strong><\\/p>\\n                                    <p><strong>Transaction Id:<\\/strong> {transaction_id}<\\/p>\\n                                    <p><strong>Amount:<\\/strong> {currency}{amount}<\\/p>\\n                                    <p><strong>Current Balance:<\\/strong>{currency}{current_balance}<\\/p>\\n                                    <p>If you did not initiate this transfer, please contact our support team immediately.<\\/p>\\n                                    <p>Thank you for using our services!<\\/p>\\n                                    <p>Best regards, <\\/p>         \\n                                    <p>MXDrive<\\/p>\",\"button_name\":\"View Details\",\"footer_content\":\"<p>If you have any queries , Please email us support@gmail.com.They will answer the question and help you out.<\\/p>\",\"footer_copyrights\":\"2021 MXDrive & Rights Reserved\",\"push_title\":\"Subscribed Succesfully\",\"push_body\":\"You have subscribed successfully\",\"locale\":\"en\",\"notification_channel_id\":\"32f1ff07-736b-4ea8-985c-24da128950b7\",\"fr\":\"{\\\"email_subject\\\":\\\"Abonnement du pilote\\\",\\\"mail_body\\\":\\\"<p>Bonjour {name}<\\\\\\/p>\\\\n                                                <p>Malheureusement, votre demande de retrait a \\\\u00e9t\\\\u00e9 refus\\\\u00e9e.<\\\\\\/p>\\\\n                                                <p>Si vous rencontrez des probl\\\\u00e8mes avec le paiement, veuillez r\\\\u00e9pondre \\\\u00e0 cet e-mail ou envoyer un e-mail \\\\u00e0 support@gmail.com<\\\\\\/p>\\\\n                                                <p>Merci d\'utiliser nos services !<\\\\\\/p>\\\\n                                                <p>Cordialement, <\\\\\\/p>         \\\\n                                                <p>Logiciels MI<\\\\\\/p>\\\",\\\"button_name\\\":\\\"Bouton\\\",\\\"footer_content\\\":\\\"<p>Si vous avez des questions, veuillez nous envoyer un e-mail \\\\u00e0 support@gmail.com. Ils r\\\\u00e9pondront \\\\u00e0 la question et vous aideront.<\\\\\\/p>\\\",\\\"footer_copyrights\\\":\\\"MXDrive 2021 et droits r\\\\u00e9serv\\\\u00e9s\\\",\\\"push_title\\\":\\\"Abonn\\\\u00e9 avec succ\\\\u00e8s\\\",\\\"push_body\\\":\\\"Vous vous \\\\u00eates abonn\\\\u00e9 avec succ\\\\u00e8s\\\",\\\"locale\\\":\\\"fr\\\",\\\"notification_channel_id\\\":\\\"32f1ff07-736b-4ea8-985c-24da128950b7\\\"}\",\"es\":\"{\\\"email_subject\\\":\\\"Suscripci\\\\u00f3n de conductor\\\",\\\"mail_body\\\":\\\"<p>Hola {name}<\\\\\\/p>\\\\n                                                <p>Lamentablemente, su solicitud de retiro ha sido rechazada.<\\\\\\/p>\\\\n                                                <p>Si tiene alg\\\\u00fan problema con el pago, responda amablemente a este correo electr\\\\u00f3nico o env\\\\u00ede un correo electr\\\\u00f3nico a support@gmail.com<\\\\\\/p>\\\\n                                                <p>\\\\u00a1Gracias por utilizar nuestros servicios!<\\\\\\/p>\\\\n                                                <p>Atentamente,<\\\\\\/p>         \\\\n                                                <p>Software MI<\\\\\\/p>\\\",\\\"button_name\\\":\\\"Bot\\\\u00f3n\\\",\\\"footer_content\\\":\\\"<p>Si tiene alguna consulta, env\\\\u00edenos un correo electr\\\\u00f3nico a support@gmail.com. Ellos responder\\\\u00e1n la pregunta y lo ayudar\\\\u00e1n.<\\\\\\/p>\\\",\\\"footer_copyrights\\\":\\\"2021 MXDrive y derechos reservados\\\",\\\"push_title\\\":\\\"Suscrito con \\\\u00e9xito\\\",\\\"push_body\\\":\\\"Te has suscrito exitosamente\\\",\\\"locale\\\":\\\"es\\\",\\\"notification_channel_id\\\":\\\"32f1ff07-736b-4ea8-985c-24da128950b7\\\"}\",\"ar\":\"{\\\"email_subject\\\":\\\"\\\\u0627\\\\u0634\\\\u062a\\\\u0631\\\\u0627\\\\u0643 \\\\u0627\\\\u0644\\\\u0633\\\\u0627\\\\u0626\\\\u0642\\\",\\\"mail_body\\\":\\\"<p>\\\\u0645\\\\u0631\\\\u062d\\\\u0628\\\\u064b\\\\u0627 {name}<\\\\\\/p>\\\\n                                                <p>\\\\u0644\\\\u0644\\\\u0623\\\\u0633\\\\u0641\\\\u060c \\\\u062a\\\\u0645 \\\\u0631\\\\u0641\\\\u0636 \\\\u0637\\\\u0644\\\\u0628 \\\\u0627\\\\u0644\\\\u0633\\\\u062d\\\\u0628 \\\\u0627\\\\u0644\\\\u062e\\\\u0627\\\\u0635 \\\\u0628\\\\u0643.<\\\\\\/p>\\\\n                                                <p>\\\\u0625\\\\u0630\\\\u0627 \\\\u0643\\\\u0627\\\\u0646\\\\u062a \\\\u0644\\\\u062f\\\\u064a\\\\u0643 \\\\u0623\\\\u064a\\\\u0629 \\\\u0645\\\\u0634\\\\u0643\\\\u0644\\\\u0627\\\\u062a \\\\u062a\\\\u062a\\\\u0639\\\\u0644\\\\u0642 \\\\u0628\\\\u0627\\\\u0644\\\\u062f\\\\u0641\\\\u0639\\\\u060c \\\\u0641\\\\u064a\\\\u0631\\\\u062c\\\\u0649 \\\\u0627\\\\u0644\\\\u0631\\\\u062f \\\\u0639\\\\u0644\\\\u0649 \\\\u0647\\\\u0630\\\\u0627 \\\\u0627\\\\u0644\\\\u0628\\\\u0631\\\\u064a\\\\u062f \\\\u0627\\\\u0644\\\\u0625\\\\u0644\\\\u0643\\\\u062a\\\\u0631\\\\u0648\\\\u0646\\\\u064a \\\\u0623\\\\u0648 \\\\u0625\\\\u0631\\\\u0633\\\\u0627\\\\u0644 \\\\u0628\\\\u0631\\\\u064a\\\\u062f \\\\u0625\\\\u0644\\\\u0643\\\\u062a\\\\u0631\\\\u0648\\\\u0646\\\\u064a \\\\u0625\\\\u0644\\\\u0649 support@gmail.com<\\\\\\/p>\\\\n                                                <p>\\\\u0634\\\\u0643\\\\u0631\\\\u0627 \\\\u0644\\\\u0643 \\\\u0639\\\\u0644\\\\u0649 \\\\u0627\\\\u0633\\\\u062a\\\\u062e\\\\u062f\\\\u0627\\\\u0645 \\\\u062e\\\\u062f\\\\u0645\\\\u0627\\\\u062a\\\\u0646\\\\u0627!<\\\\\\/p>\\\\n                                                <p>\\\\u0623\\\\u0637\\\\u064a\\\\u0628 \\\\u0627\\\\u0644\\\\u062a\\\\u062d\\\\u064a\\\\u0627\\\\u062a\\\\u060c<\\\\\\/p>         \\\\n                                                <p>\\\\u0628\\\\u0631\\\\u0627\\\\u0645\\\\u062c MI<\\\\\\/p>\\\",\\\"button_name\\\":\\\"\\\\u0632\\\\u0631\\\",\\\"footer_content\\\":\\\"<p>\\\\u0625\\\\u0630\\\\u0627 \\\\u0643\\\\u0627\\\\u0646\\\\u062a \\\\u0644\\\\u062f\\\\u064a\\\\u0643 \\\\u0623\\\\u064a\\\\u0629 \\\\u0627\\\\u0633\\\\u062a\\\\u0641\\\\u0633\\\\u0627\\\\u0631\\\\u0627\\\\u062a\\\\u060c \\\\u064a\\\\u0631\\\\u062c\\\\u0649 \\\\u0645\\\\u0631\\\\u0627\\\\u0633\\\\u0644\\\\u062a\\\\u0646\\\\u0627 \\\\u0639\\\\u0628\\\\u0631 \\\\u0627\\\\u0644\\\\u0628\\\\u0631\\\\u064a\\\\u062f \\\\u0627\\\\u0644\\\\u0625\\\\u0644\\\\u0643\\\\u062a\\\\u0631\\\\u0648\\\\u0646\\\\u064a support@gmail.com. \\\\u0648\\\\u0633\\\\u0648\\\\u0641 \\\\u064a\\\\u062c\\\\u064a\\\\u0628\\\\u0648\\\\u0646 \\\\u0639\\\\u0644\\\\u0649 \\\\u0627\\\\u0644\\\\u0633\\\\u0624\\\\u0627\\\\u0644 \\\\u0648\\\\u064a\\\\u0633\\\\u0627\\\\u0639\\\\u062f\\\\u0648\\\\u0646\\\\u0643.<\\\\\\/p>\\\",\\\"footer_copyrights\\\":\\\"2021 \\\\u0628\\\\u0631\\\\u0627\\\\u0645\\\\u062c MXDrive \\\\u0648\\\\u0627\\\\u0644\\\\u062d\\\\u0642\\\\u0648\\\\u0642 \\\\u0645\\\\u062d\\\\u0641\\\\u0648\\\\u0638\\\\u0629\\\",\\\"push_title\\\":\\\"\\\\u062a\\\\u0645 \\\\u0627\\\\u0644\\\\u0627\\\\u0634\\\\u062a\\\\u0631\\\\u0627\\\\u0643 \\\\u0628\\\\u0646\\\\u062c\\\\u0627\\\\u062d\\\",\\\"push_body\\\":\\\"\\\\u0644\\\\u0642\\\\u062f \\\\u0642\\\\u0645\\\\u062a \\\\u0628\\\\u0627\\\\u0644\\\\u0627\\\\u0634\\\\u062a\\\\u0631\\\\u0627\\\\u0643 \\\\u0628\\\\u0646\\\\u062c\\\\u0627\\\\u062d\\\",\\\"locale\\\":\\\"ar\\\",\\\"notification_channel_id\\\":\\\"32f1ff07-736b-4ea8-985c-24da128950b7\\\"}\"}', '2025-09-26 07:06:11', '2025-09-26 07:06:11');





INSERT INTO `notification_channels` (`id`, `role`, `topics`, `topics_content`, `push_notification`, `mail`, `sms`, `email_subject`, `logo_img`, `mail_body`, `button_name`, `button_url`, `show_button`, `banner_img`, `show_img`, `footer`, `footer_content`, `footer_copyrights`, `show_fbicon`, `show_instaicon`, `show_twittericon`, `show_linkedinicon`, `push_title`, `push_body`, `translation_dataset`, `created_at`, `updated_at`) VALUES
('f54b4789-b3e9-4e29-b3b3-2705bff2905d', 'driver', 'Driver Payment Received', 'Choose how Driver will get notified about Sent notification on Payment Received', 1, 0, 0, 'Payment Received', 'logo-light.png', '\n                                    <p>Hello {name}</p>\n                                    <p>We are writing to confirm that you have successfully transferred an amount from your wallet.</p>\n                                    <p><strong>Transaction Details</strong></p>\n                                    <p><strong>Transaction Id:</strong> {transaction_id}</p>\n                                    <p><strong>Amount:</strong> {currency}{amount}</p>\n                                    <p><strong>Current Balance:</strong>{currency}{current_balance}</p>\n                                    <p>If you did not initiate this transfer, please contact our support team immediately.</p>\n                                    <p>Thank you for using our services!</p>\n                                    <p>Best regards, </p>         \n                                    <p>MXDrive</p>', 'View Details', 'https://play.google.com/store/apps/details?id=mxdrive.bidding.user', 0, 'profile-bg.jpg', 0, '{\"footer_fblink\":\"https:\\/\\/www.facebook.com\\/\",\"footer_instalink\":\"https:\\/\\/www.instagram.com\\/\",\"footer_twitterlink\":\"https:\\/\\/x.com\\/\",\"footer_linkedinlink\":\"https:\\/\\/in.linkedin.com\\/\"}', '<p>If you have any queries , Please email us support@gmail.com.They will answer the question and help you out.</p>', '2021 MXDrive & Rights Reserved', 1, 1, 1, 1, 'Payment Received', 'Payment Received from customer', '{\"email_subject\":\"Payment Received\",\"mail_body\":\"\\n                                    <p>Hello {name}<\\/p>\\n                                    <p>We are writing to confirm that you have successfully transferred an amount from your wallet.<\\/p>\\n                                    <p><strong>Transaction Details<\\/strong><\\/p>\\n                                    <p><strong>Transaction Id:<\\/strong> {transaction_id}<\\/p>\\n                                    <p><strong>Amount:<\\/strong> {currency}{amount}<\\/p>\\n                                    <p><strong>Current Balance:<\\/strong>{currency}{current_balance}<\\/p>\\n                                    <p>If you did not initiate this transfer, please contact our support team immediately.<\\/p>\\n                                    <p>Thank you for using our services!<\\/p>\\n                                    <p>Best regards, <\\/p>         \\n                                    <p>MXDrive<\\/p>\",\"button_name\":\"View Details\",\"footer_content\":\"<p>If you have any queries , Please email us support@gmail.com.They will answer the question and help you out.<\\/p>\",\"footer_copyrights\":\"2021 MXDrive & Rights Reserved\",\"push_title\":\"Payment Received\",\"push_body\":\"Payment Received from customer\",\"locale\":\"en\",\"notification_channel_id\":\"f54b4789-b3e9-4e29-b3b3-2705bff2905d\",\"fr\":\"{\\\"email_subject\\\":\\\"Paiement re\\\\u00e7u\\\",\\\"mail_body\\\":\\\"<p>Bonjour {name}<\\\\\\/p>\\\\n                                                <p>Malheureusement, votre demande de retrait a \\\\u00e9t\\\\u00e9 refus\\\\u00e9e.<\\\\\\/p>\\\\n                                                <p>Si vous rencontrez des probl\\\\u00e8mes avec le paiement, veuillez r\\\\u00e9pondre \\\\u00e0 cet e-mail ou envoyer un e-mail \\\\u00e0 support@gmail.com<\\\\\\/p>\\\\n                                                <p>Merci d\'utiliser nos services !<\\\\\\/p>\\\\n                                                <p>Cordialement, <\\\\\\/p>         \\\\n                                                <p>Logiciels MI<\\\\\\/p>\\\",\\\"button_name\\\":\\\"Bouton\\\",\\\"footer_content\\\":\\\"<p>Si vous avez des questions, veuillez nous envoyer un e-mail \\\\u00e0 support@gmail.com. Ils r\\\\u00e9pondront \\\\u00e0 la question et vous aideront.<\\\\\\/p>\\\",\\\"footer_copyrights\\\":\\\"MXDrive 2021 et droits r\\\\u00e9serv\\\\u00e9s\\\",\\\"push_title\\\":\\\"Paiement re\\\\u00e7u\\\",\\\"push_body\\\":\\\"Paiement re\\\\u00e7u du client\\\",\\\"locale\\\":\\\"fr\\\",\\\"notification_channel_id\\\":\\\"f54b4789-b3e9-4e29-b3b3-2705bff2905d\\\"}\",\"es\":\"{\\\"email_subject\\\":\\\"Pago recibido\\\",\\\"mail_body\\\":\\\"<p>Hola {name}<\\\\\\/p>\\\\n                                                <p>Lamentablemente, su solicitud de retiro ha sido rechazada.<\\\\\\/p>\\\\n                                                <p>Si tiene alg\\\\u00fan problema con el pago, responda amablemente a este correo electr\\\\u00f3nico o env\\\\u00ede un correo electr\\\\u00f3nico a support@gmail.com<\\\\\\/p>\\\\n                                                <p>\\\\u00a1Gracias por utilizar nuestros servicios!<\\\\\\/p>\\\\n                                                <p>Atentamente,<\\\\\\/p>         \\\\n                                                <p>Software MI<\\\\\\/p>\\\",\\\"button_name\\\":\\\"Bot\\\\u00f3n\\\",\\\"footer_content\\\":\\\"<p>Si tiene alguna consulta, env\\\\u00edenos un correo electr\\\\u00f3nico a support@gmail.com. Ellos responder\\\\u00e1n la pregunta y lo ayudar\\\\u00e1n.<\\\\\\/p>\\\",\\\"footer_copyrights\\\":\\\"2021 MXDrive y derechos reservados\\\",\\\"push_title\\\":\\\"Pago recibido\\\",\\\"push_body\\\":\\\"Pago recibido del cliente\\\",\\\"locale\\\":\\\"es\\\",\\\"notification_channel_id\\\":\\\"f54b4789-b3e9-4e29-b3b3-2705bff2905d\\\"}\",\"ar\":\"{\\\"email_subject\\\":\\\"\\\\u062a\\\\u0645 \\\\u0627\\\\u0633\\\\u062a\\\\u0644\\\\u0627\\\\u0645 \\\\u0627\\\\u0644\\\\u062f\\\\u0641\\\\u0639\\\",\\\"mail_body\\\":\\\"<p>\\\\u0645\\\\u0631\\\\u062d\\\\u0628\\\\u064b\\\\u0627 {name}<\\\\\\/p>\\\\n                                                <p>\\\\u0644\\\\u0644\\\\u0623\\\\u0633\\\\u0641\\\\u060c \\\\u062a\\\\u0645 \\\\u0631\\\\u0641\\\\u0636 \\\\u0637\\\\u0644\\\\u0628 \\\\u0627\\\\u0644\\\\u0633\\\\u062d\\\\u0628 \\\\u0627\\\\u0644\\\\u062e\\\\u0627\\\\u0635 \\\\u0628\\\\u0643.<\\\\\\/p>\\\\n                                                <p>\\\\u0625\\\\u0630\\\\u0627 \\\\u0643\\\\u0627\\\\u0646\\\\u062a \\\\u0644\\\\u062f\\\\u064a\\\\u0643 \\\\u0623\\\\u064a\\\\u0629 \\\\u0645\\\\u0634\\\\u0643\\\\u0644\\\\u0627\\\\u062a \\\\u062a\\\\u062a\\\\u0639\\\\u0644\\\\u0642 \\\\u0628\\\\u0627\\\\u0644\\\\u062f\\\\u0641\\\\u0639\\\\u060c \\\\u0641\\\\u064a\\\\u0631\\\\u062c\\\\u0649 \\\\u0627\\\\u0644\\\\u0631\\\\u062f \\\\u0639\\\\u0644\\\\u0649 \\\\u0647\\\\u0630\\\\u0627 \\\\u0627\\\\u0644\\\\u0628\\\\u0631\\\\u064a\\\\u062f \\\\u0627\\\\u0644\\\\u0625\\\\u0644\\\\u0643\\\\u062a\\\\u0631\\\\u0648\\\\u0646\\\\u064a \\\\u0623\\\\u0648 \\\\u0625\\\\u0631\\\\u0633\\\\u0627\\\\u0644 \\\\u0628\\\\u0631\\\\u064a\\\\u062f \\\\u0625\\\\u0644\\\\u0643\\\\u062a\\\\u0631\\\\u0648\\\\u0646\\\\u064a \\\\u0625\\\\u0644\\\\u0649 support@gmail.com<\\\\\\/p>\\\\n                                                <p>\\\\u0634\\\\u0643\\\\u0631\\\\u0627 \\\\u0644\\\\u0643 \\\\u0639\\\\u0644\\\\u0649 \\\\u0627\\\\u0633\\\\u062a\\\\u062e\\\\u062f\\\\u0627\\\\u0645 \\\\u062e\\\\u062f\\\\u0645\\\\u0627\\\\u062a\\\\u0646\\\\u0627!<\\\\\\/p>\\\\n                                                <p>\\\\u0623\\\\u0637\\\\u064a\\\\u0628 \\\\u0627\\\\u0644\\\\u062a\\\\u062d\\\\u064a\\\\u0627\\\\u062a\\\\u060c<\\\\\\/p>         \\\\n                                                <p>\\\\u0628\\\\u0631\\\\u0627\\\\u0645\\\\u062c MI<\\\\\\/p>\\\",\\\"button_name\\\":\\\"\\\\u0632\\\\u0631\\\",\\\"footer_content\\\":\\\"<p>\\\\u0625\\\\u0630\\\\u0627 \\\\u0643\\\\u0627\\\\u0646\\\\u062a \\\\u0644\\\\u062f\\\\u064a\\\\u0643 \\\\u0623\\\\u064a\\\\u0629 \\\\u0627\\\\u0633\\\\u062a\\\\u0641\\\\u0633\\\\u0627\\\\u0631\\\\u0627\\\\u062a\\\\u060c \\\\u064a\\\\u0631\\\\u062c\\\\u0649 \\\\u0645\\\\u0631\\\\u0627\\\\u0633\\\\u0644\\\\u062a\\\\u0646\\\\u0627 \\\\u0639\\\\u0628\\\\u0631 \\\\u0627\\\\u0644\\\\u0628\\\\u0631\\\\u064a\\\\u062f \\\\u0627\\\\u0644\\\\u0625\\\\u0644\\\\u0643\\\\u062a\\\\u0631\\\\u0648\\\\u0646\\\\u064a support@gmail.com. \\\\u0648\\\\u0633\\\\u0648\\\\u0641 \\\\u064a\\\\u062c\\\\u064a\\\\u0628\\\\u0648\\\\u0646 \\\\u0639\\\\u0644\\\\u0649 \\\\u0627\\\\u0644\\\\u0633\\\\u0624\\\\u0627\\\\u0644 \\\\u0648\\\\u064a\\\\u0633\\\\u0627\\\\u0639\\\\u062f\\\\u0648\\\\u0646\\\\u0643.<\\\\\\/p>\\\",\\\"footer_copyrights\\\":\\\"2021 \\\\u0628\\\\u0631\\\\u0627\\\\u0645\\\\u062c MXDrive \\\\u0648\\\\u0627\\\\u0644\\\\u062d\\\\u0642\\\\u0648\\\\u0642 \\\\u0645\\\\u062d\\\\u0641\\\\u0648\\\\u0638\\\\u0629\\\",\\\"push_title\\\":\\\"\\\\u062a\\\\u0645 \\\\u0627\\\\u0633\\\\u062a\\\\u0644\\\\u0627\\\\u0645 \\\\u0627\\\\u0644\\\\u062f\\\\u0641\\\\u0639\\\",\\\"push_body\\\":\\\"\\\\u0627\\\\u0644\\\\u062f\\\\u0641\\\\u0639 \\\\u0627\\\\u0644\\\\u0645\\\\u0633\\\\u062a\\\\u0644\\\\u0645 \\\\u0645\\\\u0646 \\\\u0627\\\\u0644\\\\u0639\\\\u0645\\\\u064a\\\\u0644\\\",\\\"locale\\\":\\\"ar\\\",\\\"notification_channel_id\\\":\\\"f54b4789-b3e9-4e29-b3b3-2705bff2905d\\\"}\"}', '2025-09-26 07:06:10', '2025-09-26 07:06:10'),
('f712f25c-1306-48ca-9876-19b2ab020df1', 'driver', 'Driver Withdrawal Request Decline', 'Choose how Driver will get notified about Sent notification on request decline', 1, 1, 1, 'Withdrawal Request Decline', 'logo-light.png', '\n                                    <p>Hello {name}</p>\n                                    <p>Unfortunately, your withdrawal request has been declined.</p>   \n                                    <p>If you have any issues with payment, kindly reply to this email or send an email to support@gmail.com</p>\n                                    <p>Thank you for using our services!</p>', 'View Details', 'https://play.google.com/store/apps/details?id=mxdrive.bidding.user', 0, 'profile-bg.jpg', 0, '{\"footer_fblink\":\"https:\\/\\/www.facebook.com\\/\",\"footer_instalink\":\"https:\\/\\/www.instagram.com\\/\",\"footer_twitterlink\":\"https:\\/\\/x.com\\/\",\"footer_linkedinlink\":\"https:\\/\\/in.linkedin.com\\/\"}', '<p>If you have any queries , Please email us support@gmail.com.They will answer the question and help you out.</p>', '2021 MXDrive & Rights Reserved', 1, 1, 1, 1, 'Payment Declained ', 'Your Payment Declained', '{\"email_subject\":\"Withdrawal Request Decline\",\"mail_body\":\"\\n                                    <p>Hello {name}<\\/p>\\n                                    <p>Unfortunately, your withdrawal request has been declined.<\\/p>   \\n                                    <p>If you have any issues with payment, kindly reply to this email or send an email to support@gmail.com<\\/p>\\n                                    <p>Thank you for using our services!<\\/p>\",\"button_name\":\"View Details\",\"footer_content\":\"<p>If you have any queries , Please email us support@gmail.com.They will answer the question and help you out.<\\/p>\",\"footer_copyrights\":\"2021 MXDrive & Rights Reserved\",\"push_title\":\"Payment Declained \",\"push_body\":\"Your Payment Declained\",\"locale\":\"en\",\"notification_channel_id\":\"f712f25c-1306-48ca-9876-19b2ab020df1\",\"fr\":\"{\\\"email_subject\\\":\\\"Refus de la demande de retrait\\\",\\\"mail_body\\\":\\\"<p>Bonjour {name}<\\\\\\/p>\\\\n                                                <p>Malheureusement, votre demande de retrait a \\\\u00e9t\\\\u00e9 refus\\\\u00e9e.<\\\\\\/p>\\\\n                                                <p>Si vous rencontrez des probl\\\\u00e8mes avec le paiement, veuillez r\\\\u00e9pondre \\\\u00e0 cet e-mail ou envoyer un e-mail \\\\u00e0 support@gmail.com<\\\\\\/p>\\\\n                                                <p>Merci d\'utiliser nos services !<\\\\\\/p>\\\\n                                                <p>Cordialement, <\\\\\\/p>         \\\\n                                                <p>Logiciels MI<\\\\\\/p>\\\",\\\"button_name\\\":\\\"Bouton\\\",\\\"footer_content\\\":\\\"<p>Si vous avez des questions, veuillez nous envoyer un e-mail \\\\u00e0 support@gmail.com. Ils r\\\\u00e9pondront \\\\u00e0 la question et vous aideront.<\\\\\\/p>\\\",\\\"footer_copyrights\\\":\\\"MXDrive 2021 et droits r\\\\u00e9serv\\\\u00e9s\\\",\\\"push_title\\\":\\\"Paiement refus\\\\u00e9\\\",\\\"push_body\\\":\\\"Votre paiement refus\\\\u00e9\\\",\\\"locale\\\":\\\"fr\\\",\\\"notification_channel_id\\\":\\\"f712f25c-1306-48ca-9876-19b2ab020df1\\\"}\",\"es\":\"{\\\"email_subject\\\":\\\"Rechazo de solicitud de retiro\\\",\\\"mail_body\\\":\\\"<p>Hola {name}<\\\\\\/p>\\\\n                                                <p>Lamentablemente, su solicitud de retiro ha sido rechazada.<\\\\\\/p>\\\\n                                                <p>Si tiene alg\\\\u00fan problema con el pago, responda amablemente a este correo electr\\\\u00f3nico o env\\\\u00ede un correo electr\\\\u00f3nico a support@gmail.com<\\\\\\/p>\\\\n                                                <p>\\\\u00a1Gracias por utilizar nuestros servicios!<\\\\\\/p>\\\\n                                                <p>Atentamente,<\\\\\\/p>         \\\\n                                                <p>Software MI<\\\\\\/p>\\\",\\\"button_name\\\":\\\"Bot\\\\u00f3n\\\",\\\"footer_content\\\":\\\"<p>Si tiene alguna consulta, env\\\\u00edenos un correo electr\\\\u00f3nico a support@gmail.com. Ellos responder\\\\u00e1n la pregunta y lo ayudar\\\\u00e1n.<\\\\\\/p>\\\",\\\"footer_copyrights\\\":\\\"2021 MXDrive y derechos reservados\\\",\\\"push_title\\\":\\\"Pago rechazado\\\",\\\"push_body\\\":\\\"Su pago rechazado\\\",\\\"locale\\\":\\\"es\\\",\\\"notification_channel_id\\\":\\\"f712f25c-1306-48ca-9876-19b2ab020df1\\\"}\",\"ar\":\"{\\\"email_subject\\\":\\\"\\\\u0628\\\\u0631\\\\u064a\\\\u062f \\\\u0627\\\\u0644\\\\u062a\\\\u0633\\\\u062c\\\\u064a\\\\u0644\\\",\\\"mail_body\\\":\\\"<p>{\\\\u0645\\\\u0631\\\\u062d\\\\u0628\\\\u064b\\\\u0627 {\\\\u0627\\\\u0644\\\\u0627\\\\u0633\\\\u0645<\\\\\\/p>\\\\n                                                <p>\\\\u0646\\\\u0634\\\\u0643\\\\u0631\\\\u0643 \\\\u0639\\\\u0644\\\\u0649 \\\\u0627\\\\u0644\\\\u0627\\\\u0634\\\\u062a\\\\u0631\\\\u0627\\\\u0643 \\\\u0645\\\\u0639\\\\u0646\\\\u0627\\\\u060c \\\\u062a\\\\u0637\\\\u0628\\\\u064a\\\\u0642 \\\\u0633\\\\u064a\\\\u0627\\\\u0631\\\\u0627\\\\u062a \\\\u0627\\\\u0644\\\\u0623\\\\u062c\\\\u0631\\\\u0629 \\\\u0627\\\\u0644\\\\u0645\\\\u0648\\\\u062b\\\\u0648\\\\u0642 \\\\u0628\\\\u0647. \\\\u062a\\\\u0645 \\\\u062a\\\\u0633\\\\u062c\\\\u064a\\\\u0644\\\\u0643 \\\\u0628\\\\u0646\\\\u062c\\\\u0627\\\\u062d\\\\u060c \\\\u0648\\\\u0646\\\\u062d\\\\u0646 \\\\u0645\\\\u062a\\\\u062d\\\\u0645\\\\u0633\\\\u0648\\\\u0646 \\\\u0644\\\\u0627\\\\u0646\\\\u0636\\\\u0645\\\\u0627\\\\u0645\\\\u0643 \\\\u0625\\\\u0644\\\\u064a\\\\u0646\\\\u0627.<\\\\\\/p>\\\\n                                                <p>\\\\u062a\\\\u0641\\\\u0627\\\\u0635\\\\u064a\\\\u0644 \\\\u062d\\\\u0633\\\\u0627\\\\u0628\\\\u0643<\\\\\\/p>\\\\n                                                <p>\\\\u0627\\\\u0644\\\\u0628\\\\u0631\\\\u064a\\\\u062f \\\\u0627\\\\u0644\\\\u0625\\\\u0644\\\\u0643\\\\u062a\\\\u0631\\\\u0648\\\\u0646\\\\u064a: {email}<\\\\\\/p>\\\\n                                                <p>\\\\u0631\\\\u0642\\\\u0645 \\\\u0627\\\\u0644\\\\u062c\\\\u0648\\\\u0627\\\\u0644: {mobile}<\\\\\\/p>\\\\n                                                <p>\\\\u0646\\\\u062d\\\\u0646 \\\\u0627\\\\u0644\\\\u0622\\\\u0646 \\\\u0639\\\\u0644\\\\u0649 \\\\u0627\\\\u0633\\\\u062a\\\\u0639\\\\u062f\\\\u0627\\\\u062f \\\\u0644\\\\u0645\\\\u0633\\\\u0627\\\\u0639\\\\u062f\\\\u062a\\\\u0643 \\\\u0641\\\\u064a \\\\u062a\\\\u0644\\\\u0628\\\\u064a\\\\u0629 \\\\u0627\\\\u062d\\\\u062a\\\\u064a\\\\u0627\\\\u062c\\\\u0627\\\\u062a \\\\u0627\\\\u0644\\\\u0646\\\\u0642\\\\u0644 \\\\u0627\\\\u0644\\\\u062e\\\\u0627\\\\u0635\\\\u0629 \\\\u0628\\\\u0643! \\\\u0644\\\\u0644\\\\u0628\\\\u062f\\\\u0621\\\\u060c \\\\u0645\\\\u0627 \\\\u0639\\\\u0644\\\\u064a\\\\u0643 \\\\u0633\\\\u0648\\\\u0649 \\\\u0627\\\\u0644\\\\u0646\\\\u0642\\\\u0631 \\\\u0639\\\\u0644\\\\u0649 \\\\u0627\\\\u0644\\\\u0632\\\\u0631 \\\\u0623\\\\u062f\\\\u0646\\\\u0627\\\\u0647 \\\\u0644\\\\u062a\\\\u0633\\\\u062c\\\\u064a\\\\u0644 \\\\u0627\\\\u0644\\\\u062f\\\\u062e\\\\u0648\\\\u0644 \\\\u0625\\\\u0644\\\\u0649 \\\\u062d\\\\u0633\\\\u0627\\\\u0628\\\\u0643:<\\\\\\/p> \\\\n                                                <p>\\\\u0645\\\\u0639 \\\\u0623\\\\u0637\\\\u064a\\\\u0628 \\\\u0627\\\\u0644\\\\u062a\\\\u062d\\\\u064a\\\\u0627\\\\u062a<\\\\\\/p>         \\\\n                                                \\\",\\\"button_name\\\":\\\"\\\\u0632\\\\u0631\\\",\\\"footer_content\\\":\\\"<p>\\\\u0625\\\\u0630\\\\u0627 \\\\u0643\\\\u0627\\\\u0646\\\\u062a \\\\u0644\\\\u062f\\\\u064a\\\\u0643 \\\\u0623\\\\u064a\\\\u0629 \\\\u0627\\\\u0633\\\\u062a\\\\u0641\\\\u0633\\\\u0627\\\\u0631\\\\u0627\\\\u062a\\\\u060c \\\\u064a\\\\u0631\\\\u062c\\\\u0649 \\\\u0645\\\\u0631\\\\u0627\\\\u0633\\\\u0644\\\\u062a\\\\u0646\\\\u0627 \\\\u0639\\\\u0628\\\\u0631 \\\\u0627\\\\u0644\\\\u0628\\\\u0631\\\\u064a\\\\u062f \\\\u0627\\\\u0644\\\\u0625\\\\u0644\\\\u0643\\\\u062a\\\\u0631\\\\u0648\\\\u0646\\\\u064a support@gmail.com. \\\\u0648\\\\u0633\\\\u0648\\\\u0641 \\\\u064a\\\\u062c\\\\u064a\\\\u0628\\\\u0648\\\\u0646 \\\\u0639\\\\u0644\\\\u0649 \\\\u0627\\\\u0644\\\\u0633\\\\u0624\\\\u0627\\\\u0644 \\\\u0648\\\\u064a\\\\u0633\\\\u0627\\\\u0639\\\\u062f\\\\u0648\\\\u0646\\\\u0643.<\\\\\\/p>\\\",\\\"footer_copyrights\\\":\\\"2021 \\\\u0628\\\\u0631\\\\u0627\\\\u0645\\\\u062c MXDrive \\\\u0648\\\\u0627\\\\u0644\\\\u062d\\\\u0642\\\\u0648\\\\u0642 \\\\u0645\\\\u062d\\\\u0641\\\\u0648\\\\u0638\\\\u0629\\\",\\\"push_title\\\":\\\"Benachrichtigungstitel auf Deutsch\\\",\\\"push_body\\\":\\\"Benachrichtigungstext auf Deutsch\\\",\\\"locale\\\":\\\"ar\\\",\\\"notification_channel_id\\\":\\\"f712f25c-1306-48ca-9876-19b2ab020df1\\\"}\"}', '2025-09-26 07:06:10', '2025-09-26 07:06:10'),
('fd520313-96b5-4026-802b-2cf5315eb1f1', 'driver', 'Driver Document Expired', 'Choose how Driver will get notified about Sent notification on Document Expired', 1, 0, 0, 'Document Expired', 'logo-light.png', '\n                                    <p>Hello {name}</p>\n                                    <p>Document Expired, Kindly Update your documents</p>\n                                     <p>Best regards, </p>         \n                                    <p>MXDrive</p>', 'Share', 'https://play.google.com/store/apps/details?id=mxdrive.bidding.user', 0, 'profile-bg.jpg', 0, '{\"footer_fblink\":\"https:\\/\\/www.facebook.com\\/\",\"footer_instalink\":\"https:\\/\\/www.instagram.com\\/\",\"footer_twitterlink\":\"https:\\/\\/x.com\\/\",\"footer_linkedinlink\":\"https:\\/\\/in.linkedin.com\\/\"}', '<p>If you have any queries , Please email us support@gmail.com.They will answer the question and help you out.</p>', '2021 MXDrive & Rights Reserved', 1, 1, 1, 1, 'Document Expires', 'Document Expired', '{\"email_subject\":\"Document Expired\",\"mail_body\":\"\\n                                    <p>Hello {name}<\\/p>\\n                                    <p>Document Expired, Kindly Update your documents<\\/p>\\n                                     <p>Best regards, <\\/p>         \\n                                    <p>MXDrive<\\/p>\",\"button_name\":\"Share\",\"footer_content\":\"<p>If you have any queries , Please email us support@gmail.com.They will answer the question and help you out.<\\/p>\",\"footer_copyrights\":\"2021 MXDrive & Rights Reserved\",\"push_title\":\"Document Expires\",\"push_body\":\"Document Expired\",\"locale\":\"en\",\"notification_channel_id\":\"fd520313-96b5-4026-802b-2cf5315eb1f1\",\"fr\":\"{\\\"email_subject\\\":\\\"Document expir\\\\u00e9\\\",\\\"mail_body\\\":\\\"<p>Bonjour {name}<\\\\\\/p>\\\\n                                                <p>Document expir\\\\u00e9, veuillez mettre \\\\u00e0 jour vos documents<\\\\\\/p>\\\\n                                                <p>Cordialement, <\\\\\\/p>         \\\\n                                                <p>Logiciels MI<\\\\\\/p>\\\",\\\"button_name\\\":\\\"Bouton\\\",\\\"footer_content\\\":\\\"<p>Si vous avez des questions, veuillez nous envoyer un e-mail \\\\u00e0 support@gmail.com. Ils r\\\\u00e9pondront \\\\u00e0 la question et vous aideront.<\\\\\\/p>\\\",\\\"footer_copyrights\\\":\\\"MXDrive 2021 et droits r\\\\u00e9serv\\\\u00e9s\\\",\\\"push_title\\\":\\\"Le document expire\\\",\\\"push_body\\\":\\\"Document expir\\\\u00e9\\\",\\\"locale\\\":\\\"fr\\\",\\\"notification_channel_id\\\":\\\"fd520313-96b5-4026-802b-2cf5315eb1f1\\\"}\",\"es\":\"{\\\"email_subject\\\":\\\"Documento caducado\\\",\\\"mail_body\\\":\\\"<p>Hola {name}<\\\\\\/p>\\\\n                                                <p>Documento vencido, por favor actualice sus documentos<\\\\\\/p>\\\\n                                                <p>Atentamente,<\\\\\\/p>         \\\\n                                                <p>Software MI<\\\\\\/p>\\\",\\\"button_name\\\":\\\"Bot\\\\u00f3n\\\",\\\"footer_content\\\":\\\"<p>Si tiene alguna consulta, env\\\\u00edenos un correo electr\\\\u00f3nico a support@gmail.com. Ellos responder\\\\u00e1n la pregunta y lo ayudar\\\\u00e1n.<\\\\\\/p>\\\",\\\"footer_copyrights\\\":\\\"2021 MXDrive y derechos reservados\\\",\\\"push_title\\\":\\\"El documento vence\\\",\\\"push_body\\\":\\\"Documento caducado\\\",\\\"locale\\\":\\\"es\\\",\\\"notification_channel_id\\\":\\\"fd520313-96b5-4026-802b-2cf5315eb1f1\\\"}\",\"ar\":\"{\\\"email_subject\\\":\\\"\\\\u0627\\\\u0646\\\\u062a\\\\u0647\\\\u062a \\\\u0635\\\\u0644\\\\u0627\\\\u062d\\\\u064a\\\\u0629 \\\\u0627\\\\u0644\\\\u0648\\\\u062b\\\\u064a\\\\u0642\\\\u0629\\\",\\\"mail_body\\\":\\\"<p>\\\\u0645\\\\u0631\\\\u062d\\\\u0628\\\\u064b\\\\u0627 {name}<\\\\\\/p>\\\\n                                                <p>\\\\u0627\\\\u0646\\\\u062a\\\\u0647\\\\u062a \\\\u0635\\\\u0644\\\\u0627\\\\u062d\\\\u064a\\\\u0629 \\\\u0627\\\\u0644\\\\u0648\\\\u062b\\\\u064a\\\\u0642\\\\u0629\\\\u060c \\\\u064a\\\\u0631\\\\u062c\\\\u0649 \\\\u062a\\\\u062d\\\\u062f\\\\u064a\\\\u062b \\\\u0627\\\\u0644\\\\u0645\\\\u0633\\\\u062a\\\\u0646\\\\u062f\\\\u0627\\\\u062a \\\\u0627\\\\u0644\\\\u062e\\\\u0627\\\\u0635\\\\u0629 \\\\u0628\\\\u0643<\\\\\\/p>\\\\n                                                <p>\\\\u0623\\\\u0637\\\\u064a\\\\u0628 \\\\u0627\\\\u0644\\\\u062a\\\\u062d\\\\u064a\\\\u0627\\\\u062a\\\\u060c<\\\\\\/p>         \\\\n                                                <p>\\\\u0628\\\\u0631\\\\u0627\\\\u0645\\\\u062c MI<\\\\\\/p>\\\",\\\"button_name\\\":\\\"\\\\u0632\\\\u0631\\\",\\\"footer_content\\\":\\\"<p>\\\\u0625\\\\u0630\\\\u0627 \\\\u0643\\\\u0627\\\\u0646\\\\u062a \\\\u0644\\\\u062f\\\\u064a\\\\u0643 \\\\u0623\\\\u064a\\\\u0629 \\\\u0627\\\\u0633\\\\u062a\\\\u0641\\\\u0633\\\\u0627\\\\u0631\\\\u0627\\\\u062a\\\\u060c \\\\u064a\\\\u0631\\\\u062c\\\\u0649 \\\\u0645\\\\u0631\\\\u0627\\\\u0633\\\\u0644\\\\u062a\\\\u0646\\\\u0627 \\\\u0639\\\\u0628\\\\u0631 \\\\u0627\\\\u0644\\\\u0628\\\\u0631\\\\u064a\\\\u062f \\\\u0627\\\\u0644\\\\u0625\\\\u0644\\\\u0643\\\\u062a\\\\u0631\\\\u0648\\\\u0646\\\\u064a support@gmail.com. \\\\u0648\\\\u0633\\\\u0648\\\\u0641 \\\\u064a\\\\u062c\\\\u064a\\\\u0628\\\\u0648\\\\u0646 \\\\u0639\\\\u0644\\\\u0649 \\\\u0627\\\\u0644\\\\u0633\\\\u0624\\\\u0627\\\\u0644 \\\\u0648\\\\u064a\\\\u0633\\\\u0627\\\\u0639\\\\u062f\\\\u0648\\\\u0646\\\\u0643.<\\\\\\/p>\\\",\\\"footer_copyrights\\\":\\\"2021 \\\\u0628\\\\u0631\\\\u0627\\\\u0645\\\\u062c MXDrive \\\\u0648\\\\u0627\\\\u0644\\\\u062d\\\\u0642\\\\u0648\\\\u0642 \\\\u0645\\\\u062d\\\\u0641\\\\u0648\\\\u0638\\\\u0629\\\",\\\"push_title\\\":\\\"\\\\u0627\\\\u0646\\\\u062a\\\\u0647\\\\u0627\\\\u0621 \\\\u0635\\\\u0644\\\\u0627\\\\u062d\\\\u064a\\\\u0629 \\\\u0627\\\\u0644\\\\u0645\\\\u0633\\\\u062a\\\\u0646\\\\u062f\\\",\\\"push_body\\\":\\\"\\\\u0627\\\\u0646\\\\u062a\\\\u0647\\\\u062a \\\\u0635\\\\u0644\\\\u0627\\\\u062d\\\\u064a\\\\u0629 \\\\u0627\\\\u0644\\\\u0648\\\\u062b\\\\u064a\\\\u0642\\\\u0629\\\",\\\"locale\\\":\\\"ar\\\",\\\"notification_channel_id\\\":\\\"fd520313-96b5-4026-802b-2cf5315eb1f1\\\"}\"}', '2025-09-26 07:06:10', '2025-09-26 07:06:10');

-- --------------------------------------------------------

--
-- Table structure for table `notification_channels_translations`
--

CREATE TABLE `notification_channels_translations` (
  `id` int(10) UNSIGNED NOT NULL,
  `notification_channel_id` char(36) NOT NULL,
  `email_subject` varchar(191) DEFAULT NULL,
  `mail_body` text DEFAULT NULL,
  `button_name` varchar(191) DEFAULT NULL,
  `footer_content` text DEFAULT NULL,
  `footer_copyrights` text DEFAULT NULL,
  `push_title` text NOT NULL,
  `push_body` text NOT NULL,
  `locale` varchar(191) NOT NULL,
  `created_at` timestamp NULL DEFAULT NULL,
  `updated_at` timestamp NULL DEFAULT NULL
) ENGINE=InnoDB DEFAULT CHARSET=utf8mb4 COLLATE=utf8mb4_unicode_ci;



INSERT INTO `notification_channels_translations` (`id`, `notification_channel_id`, `email_subject`, `mail_body`, `button_name`, `footer_content`, `footer_copyrights`, `push_title`, `push_body`, `locale`, `created_at`, `updated_at`) VALUES
(114, 'c62aaf5b-840b-40dc-b8c0-299608bf22ef', 'Le conducteur est en route vers le ramassage', '<p>Bonjour {name}</p>\n                                                <p>Malheureusement, votre demande de retrait a été refusée.</p>\n                                                <p>Si vous rencontrez des problèmes avec le paiement, veuillez répondre à cet e-mail ou envoyer un e-mail à support@gmail.com</p>\n                                                <p>Merci d\'utiliser nos services !</p>\n                                                <p>Cordialement, </p>         \n                                                <p>Logiciels MI</p>', 'Bouton', '<p>Si vous avez des questions, veuillez nous envoyer un e-mail à support@gmail.com. Ils répondront à la question et vous aideront.</p>', 'MXDrive 2021 et droits réservés', 'Le conducteur est en route vers le ramassage', 'Le conducteur est en route vers le ramassage', 'fr', NULL, NULL),
(115, 'c62aaf5b-840b-40dc-b8c0-299608bf22ef', 'La conductora está en camino de recogida', '<p>Hola {name}</p>\n                                                <p>Lamentablemente, su solicitud de retiro ha sido rechazada.</p>\n                                                <p>Si tiene algún problema con el pago, responda amablemente a este correo electrónico o envíe un correo electrónico a support@gmail.com</p>\n                                                <p>¡Gracias por utilizar nuestros servicios!</p>\n                                                <p>Atentamente,</p>         \n                                                <p>Software MI</p>', 'Botón', '<p>Si tiene alguna consulta, envíenos un correo electrónico a support@gmail.com. Ellos responderán la pregunta y lo ayudarán.</p>', '2021 MXDrive y derechos reservados', 'La conductora está en camino de recogida', 'La conductora está en camino de recogida', 'es', NULL, NULL),
(116, 'c62aaf5b-840b-40dc-b8c0-299608bf22ef', 'السائق في طريقه للالتقاط', '<p>مرحبًا {name}</p>\n                                                <p>للأسف، تم رفض طلب السحب الخاص بك.</p>\n                                                <p>إذا كانت لديك أية مشكلات تتعلق بالدفع، فيرجى الرد على هذا البريد الإلكتروني أو إرسال بريد إلكتروني إلى support@gmail.com</p>\n                                                <p>شكرا لك على استخدام خدماتنا!</p>\n                                                <p>أطيب التحيات،</p>         \n                                                <p>برامج MI</p>', 'زر', '<p>إذا كانت لديك أية استفسارات، يرجى مراسلتنا عبر البريد الإلكتروني support@gmail.com. وسوف يجيبون على السؤال ويساعدونك.</p>', '2021 برامج MXDrive والحقوق محفوظة', 'السائق في طريقه للالتقاط', 'السائق في طريقه للالتقاط', 'ar', NULL, NULL),
(117, 'a85d6530-e97c-4e89-b67c-7a63311328a7', 'Trip Started', '\n                                    <p>Hello {name}</p>\n                                    <p>We are writing to confirm that you have successfully transferred an amount from your wallet.</p>\n                                    <p><strong>Transaction Details</strong></p>\n                                    <p><strong>Transaction Id:</strong> {transaction_id}</p>\n                                    <p><strong>Amount:</strong> {currency}{amount}</p>\n                                    <p><strong>Current Balance:</strong>{currency}{current_balance}</p>\n                                    <p>If you did not initiate this transfer, please contact our support team immediately.</p>\n                                    <p>Thank you for using our services!</p>\n                                    <p>Best regards, </p>         \n                                    <p>MXDrive</p>', 'View Details', '<p>If you have any queries , Please email us support@gmail.com.They will answer the question and help you out.</p>', '2021 MXDrive & Rights Reserved', 'Trip Started', 'Trip started towards the drop location', 'en', NULL, NULL),
(118, 'a85d6530-e97c-4e89-b67c-7a63311328a7', 'Voyage commencé', '<p>Bonjour {name}</p>\n                                                <p>Malheureusement, votre demande de retrait a été refusée.</p>\n                                                <p>Si vous rencontrez des problèmes avec le paiement, veuillez répondre à cet e-mail ou envoyer un e-mail à support@gmail.com</p>\n                                                <p>Merci d\'utiliser nos services !</p>\n                                                <p>Cordialement, </p>         \n                                                <p>Logiciels MI</p>', 'Bouton', '<p>Si vous avez des questions, veuillez nous envoyer un e-mail à support@gmail.com. Ils répondront à la question et vous aideront.</p>', 'MXDrive 2021 et droits réservés', 'Voyage commencé', 'Le voyage a commencé vers le lieu de dépôt', 'fr', NULL, NULL),
(119, 'a85d6530-e97c-4e89-b67c-7a63311328a7', 'Viaje iniciado', '<p>Hola {name}</p>\n                                                <p>Lamentablemente, su solicitud de retiro ha sido rechazada.</p>\n                                                <p>Si tiene algún problema con el pago, responda amablemente a este correo electrónico o envíe un correo electrónico a support@gmail.com</p>\n                                                <p>¡Gracias por utilizar nuestros servicios!</p>\n                                                <p>Atentamente,</p>         \n                                                <p>Software MI</p>', 'Botón', '<p>Si tiene alguna consulta, envíenos un correo electrónico a support@gmail.com. Ellos responderán la pregunta y lo ayudarán.</p>', '2021 MXDrive y derechos reservados', 'Viaje iniciado', 'El viaje comenzó hacia el lugar de entrega.', 'es', NULL, NULL),
(120, 'a85d6530-e97c-4e89-b67c-7a63311328a7', 'بدأت الرحلة', '<p>مرحبًا {name}</p>\n                                                <p>للأسف، تم رفض طلب السحب الخاص بك.</p>\n                                                <p>إذا كانت لديك أية مشكلات تتعلق بالدفع، فيرجى الرد على هذا البريد الإلكتروني أو إرسال بريد إلكتروني إلى support@gmail.com</p>\n                                                <p>شكرا لك على استخدام خدماتنا!</p>\n                                                <p>أطيب التحيات،</p>         \n                                                <p>برامج MI</p>', 'زر', '<p>إذا كانت لديك أية استفسارات، يرجى مراسلتنا عبر البريد الإلكتروني support@gmail.com. وسوف يجيبون على السؤال ويساعدونك.</p>', '2021 برامج MXDrive والحقوق محفوظة', 'بدأت الرحلة', 'بدأت الرحلة نحو موقع الهبوط', 'ar', NULL, NULL),
(121, 'c2f363b4-c989-42c1-8cb7-943b4eaa9e68', 'Trip Request Accepted', '\n                                    <p>Hello {name}</p>\n                                    <p>We are writing to confirm that you have successfully transferred an amount from your wallet.</p>\n                                    <p><strong>Transaction Details</strong></p>\n                                    <p><strong>Transaction Id:</strong> {transaction_id}</p>\n                                    <p><strong>Amount:</strong> {currency}{amount}</p>\n                                    <p><strong>Current Balance:</strong>{currency}{current_balance}</p>\n                                    <p>If you did not initiate this transfer, please contact our support team immediately.</p>\n                                    <p>Thank you for using our services!</p>\n                                    <p>Best regards, </p>         \n                                    <p>MXDrive</p>', 'View Details', '<p>If you have any queries , Please email us support@gmail.com.They will answer the question and help you out.</p>', '2021 MXDrive & Rights Reserved', 'Trip Request Accepted', 'The Driver is coming to pick you', 'en', NULL, NULL),
(122, 'c2f363b4-c989-42c1-8cb7-943b4eaa9e68', 'Demande de voyage acceptée', '<p>Bonjour {name}</p>\n                                                <p>Malheureusement, votre demande de retrait a été refusée.</p>\n                                                <p>Si vous rencontrez des problèmes avec le paiement, veuillez répondre à cet e-mail ou envoyer un e-mail à support@gmail.com</p>\n                                                <p>Merci d\'utiliser nos services !</p>\n                                                <p>Cordialement, </p>         \n                                                <p>Logiciels MI</p>', 'Bouton', '<p>Si vous avez des questions, veuillez nous envoyer un e-mail à support@gmail.com. Ils répondront à la question et vous aideront.</p>', 'MXDrive 2021 et droits réservés', 'Demande de voyage acceptée', 'Le Chauffeur vient vous chercher', 'fr', NULL, NULL),
(123, 'c2f363b4-c989-42c1-8cb7-943b4eaa9e68', 'Solicitud de viaje aceptada', '<p>Hola {name}</p>\n                                                <p>Lamentablemente, su solicitud de retiro ha sido rechazada.</p>\n                                                <p>Si tiene algún problema con el pago, responda amablemente a este correo electrónico o envíe un correo electrónico a support@gmail.com</p>\n                                                <p>¡Gracias por utilizar nuestros servicios!</p>\n                                                <p>Atentamente,</p>         \n                                                <p>Software MI</p>', 'Botón', '<p>Si tiene alguna consulta, envíenos un correo electrónico a support@gmail.com. Ellos responderán la pregunta y lo ayudarán.</p>', '2021 MXDrive y derechos reservados', 'Solicitud de viaje aceptada', 'El conductor viene a recogerte.', 'es', NULL, NULL),
(124, 'c2f363b4-c989-42c1-8cb7-943b4eaa9e68', 'لم يتم العثور على برنامج التشغيل', '<p>مرحبًا {name}</p>\n                                                <p>للأسف، تم رفض طلب السحب الخاص بك.</p>\n                                                <p>إذا كانت لديك أية مشكلات تتعلق بالدفع، فيرجى الرد على هذا البريد الإلكتروني أو إرسال بريد إلكتروني إلى support@gmail.com</p>\n                                                <p>شكرا لك على استخدام خدماتنا!</p>\n                                                <p>أطيب التحيات،</p>         \n                                                <p>برامج MI</p>', 'زر', '<p>إذا كانت لديك أية استفسارات، يرجى مراسلتنا عبر البريد الإلكتروني support@gmail.com. وسوف يجيبون على السؤال ويساعدونك.</p>', '2021 برامج MXDrive والحقوق محفوظة', 'تم قبول طلب الرحلة', 'السائق قادم لاصطحابك', 'ar', NULL, NULL),
(125, 'eda89996-e85d-4fdd-95ba-71bd9a3a6c70', 'Driver not Found', '\n                                    <p>Hello {name}</p>\n                                    <p>We are writing to confirm that you have successfully transferred an amount from your wallet.</p>\n                                    <p><strong>Transaction Details</strong></p>\n                                    <p><strong>Transaction Id:</strong> {transaction_id}</p>\n                                    <p><strong>Amount:</strong> {currency}{amount}</p>\n                                    <p><strong>Current Balance:</strong>{currency}{current_balance}</p>\n                                    <p>If you did not initiate this transfer, please contact our support team immediately.</p>\n                                    <p>Thank you for using our services!</p>\n                                    <p>Best regards, </p>         \n                                    <p>MXDrive</p>', 'View Details', '<p>If you have any queries , Please email us support@gmail.com.They will answer the question and help you out.</p>', '2021 MXDrive & Rights Reserved', 'No Driver Found Around You 🙁️', 'Sorry plese try again after some times,there is no driver available for your ride now', 'en', NULL, NULL),
(126, 'eda89996-e85d-4fdd-95ba-71bd9a3a6c70', 'Pilote introuvable', '<p>Bonjour {name}</p>\n                                                <p>Malheureusement, votre demande de retrait a été refusée.</p>\n                                                <p>Si vous rencontrez des problèmes avec le paiement, veuillez répondre à cet e-mail ou envoyer un e-mail à support@gmail.com</p>\n                                                <p>Merci d\'utiliser nos services !</p>\n                                                <p>Cordialement, </p>         \n                                                <p>Logiciels MI</p>', 'Bouton', '<p>Si vous avez des questions, veuillez nous envoyer un e-mail à support@gmail.com. Ils répondront à la question et vous aideront.</p>', 'MXDrive 2021 et droits réservés', 'Aucun chauffeur trouvé autour de vous 🙁️', 'Désolé, veuillez réessayer après quelques instants. Aucun chauffeur n\'est disponible pour votre trajet pour le moment.', 'fr', NULL, NULL),
(127, 'eda89996-e85d-4fdd-95ba-71bd9a3a6c70', 'Controlador no encontrado', '<p>Hola {name}</p>\n                                                <p>Lamentablemente, su solicitud de retiro ha sido rechazada.</p>\n                                                <p>Si tiene algún problema con el pago, responda amablemente a este correo electrónico o envíe un correo electrónico a support@gmail.com</p>\n                                                <p>¡Gracias por utilizar nuestros servicios!</p>\n                                                <p>Atentamente,</p>         \n                                                <p>Software MI</p>', 'Botón', '<p>Si tiene alguna consulta, envíenos un correo electrónico a support@gmail.com. Ellos responderán la pregunta y lo ayudarán.</p>', '2021 MXDrive y derechos reservados', 'No se encontró ningún conductor a tu alrededor 🙁️', 'Lo sentimos, inténtelo de nuevo después de algunas veces. No hay ningún conductor disponible para su viaje en este momento.', 'es', NULL, NULL),
(128, 'eda89996-e85d-4fdd-95ba-71bd9a3a6c70', 'لم يتم العثور على برنامج التشغيل', '<p>مرحبًا {name}</p>\n                                                <p>للأسف، تم رفض طلب السحب الخاص بك.</p>\n                                                <p>إذا كانت لديك أية مشكلات تتعلق بالدفع، فيرجى الرد على هذا البريد الإلكتروني أو إرسال بريد إلكتروني إلى support@gmail.com</p>\n                                                <p>شكرا لك على استخدام خدماتنا!</p>\n                                                <p>أطيب التحيات،</p>         \n                                                <p>برامج MI</p>', 'زر', '<p>إذا كانت لديك أية استفسارات، يرجى مراسلتنا عبر البريد الإلكتروني support@gmail.com. وسوف يجيبون على السؤال ويساعدونك.</p>', '2021 برامج MXDrive والحقوق محفوظة', 'لم يتم العثور على سائق من حولك 🙁️', 'عذرًا، يرجى المحاولة مرة أخرى بعد مرور بعض الوقت، لا يوجد سائق متاح لرحلتك الآن', 'ar', NULL, NULL),
(129, '32f1ff07-736b-4ea8-985c-24da128950b7', 'Subscribed Succesfully', '\n                                    <p>Hello {name}</p>\n                                    <p>We are writing to confirm that you have successfully transferred an amount from your wallet.</p>\n                                    <p><strong>Transaction Details</strong></p>\n                                    <p><strong>Transaction Id:</strong> {transaction_id}</p>\n                                    <p><strong>Amount:</strong> {currency}{amount}</p>\n                                    <p><strong>Current Balance:</strong>{currency}{current_balance}</p>\n                                    <p>If you did not initiate this transfer, please contact our support team immediately.</p>\n                                    <p>Thank you for using our services!</p>\n                                    <p>Best regards, </p>         \n                                    <p>MXDrive</p>', 'View Details', '<p>If you have any queries , Please email us support@gmail.com.They will answer the question and help you out.</p>', '2021 MXDrive & Rights Reserved', 'Subscribed Succesfully', 'You have subscribed successfully', 'en', NULL, NULL),
(130, '32f1ff07-736b-4ea8-985c-24da128950b7', 'Abonnement du pilote', '<p>Bonjour {name}</p>\n                                                <p>Malheureusement, votre demande de retrait a été refusée.</p>\n                                                <p>Si vous rencontrez des problèmes avec le paiement, veuillez répondre à cet e-mail ou envoyer un e-mail à support@gmail.com</p>\n                                                <p>Merci d\'utiliser nos services !</p>\n                                                <p>Cordialement, </p>         \n                                                <p>Logiciels MI</p>', 'Bouton', '<p>Si vous avez des questions, veuillez nous envoyer un e-mail à support@gmail.com. Ils répondront à la question et vous aideront.</p>', 'MXDrive 2021 et droits réservés', 'Abonné avec succès', 'Vous vous êtes abonné avec succès', 'fr', NULL, NULL),
(131, '32f1ff07-736b-4ea8-985c-24da128950b7', 'Suscripción de conductor', '<p>Hola {name}</p>\n                                                <p>Lamentablemente, su solicitud de retiro ha sido rechazada.</p>\n                                                <p>Si tiene algún problema con el pago, responda amablemente a este correo electrónico o envíe un correo electrónico a support@gmail.com</p>\n                                                <p>¡Gracias por utilizar nuestros servicios!</p>\n                                                <p>Atentamente,</p>         \n                                                <p>Software MI</p>', 'Botón', '<p>Si tiene alguna consulta, envíenos un correo electrónico a support@gmail.com. Ellos responderán la pregunta y lo ayudarán.</p>', '2021 MXDrive y derechos reservados', 'Suscrito con éxito', 'Te has suscrito exitosamente', 'es', NULL, NULL),
(132, '32f1ff07-736b-4ea8-985c-24da128950b7', 'اشتراك السائق', '<p>مرحبًا {name}</p>\n                                                <p>للأسف، تم رفض طلب السحب الخاص بك.</p>\n                                                <p>إذا كانت لديك أية مشكلات تتعلق بالدفع، فيرجى الرد على هذا البريد الإلكتروني أو إرسال بريد إلكتروني إلى support@gmail.com</p>\n                                                <p>شكرا لك على استخدام خدماتنا!</p>\n                                                <p>أطيب التحيات،</p>         \n                                                <p>برامج MI</p>', 'زر', '<p>إذا كانت لديك أية استفسارات، يرجى مراسلتنا عبر البريد الإلكتروني support@gmail.com. وسوف يجيبون على السؤال ويساعدونك.</p>', '2021 برامج MXDrive والحقوق محفوظة', 'تم الاشتراك بنجاح', 'لقد قمت بالاشتراك بنجاح', 'ar', NULL, NULL),
(133, 'ba4ff256-8fc5-4187-bbea-af6cc253a4a0', 'Subscribed Succesfully', '\n                                    <p>Hello {name}</p>\n                                    <p>We are writing to confirm that you have successfully transferred an amount from your wallet.</p>\n                                    <p><strong>Transaction Details</strong></p>\n                                    <p><strong>Transaction Id:</strong> {transaction_id}</p>\n                                    <p><strong>Amount:</strong> {currency}{amount}</p>\n                                    <p><strong>Current Balance:</strong>{currency}{current_balance}</p>\n                                    <p>If you did not initiate this transfer, please contact our support team immediately.</p>\n                                    <p>Thank you for using our services!</p>\n                                    <p>Best regards, </p>         \n                                    <p>MXDrive</p>', 'View Details', '<p>If you have any queries , Please email us support@gmail.com.They will answer the question and help you out.</p>', '2021 MXDrive & Rights Reserved', 'You are Ready to Take a Ride', 'You are Ready to Take a Ride', 'en', NULL, NULL),
(134, 'ba4ff256-8fc5-4187-bbea-af6cc253a4a0', 'Courrier d\'inscription', '<p>Bonjour {name}</p>\n                                                <p>Merci de vous être inscrit auprès de nous, votre application de taxi de confiance. Votre inscription a réussi et nous sommes ravis de vous compter parmi nous.</p>\n                                                <p>Détails de votre compte</p>\n                                                <p>E-mail : {email}</p>\n                                                <p>Numéro de mobile : {mobile}</p>\n                                                <p>Nous sommes maintenant prêts à vous aider avec vos besoins de transport ! Pour commencer, cliquez simplement sur le bouton ci-dessous pour vous connecter à votre compte :</p> \n                                                <p>Meilleures salutations, </p>         \n                                                <p>Logiciels MI</p>', 'Bouton', '<p>Si vous avez des questions, veuillez nous envoyer un e-mail à support@gmail.com. Ils répondront à la question et vous aideront.</p>', 'MXDrive 2021 et droits réservés', 'Vous êtes prêt à faire un tour', 'Vous êtes prêt à faire un tour', 'fr', NULL, NULL),
(135, 'ba4ff256-8fc5-4187-bbea-af6cc253a4a0', 'Correo de registro', '<p>Hola {name}</p>\n                                                <p>Gracias por registrarte con nosotros, tu aplicación de taxis de confianza. Su registro fue exitoso y estamos emocionados de tenerlo a bordo.</p>\n                                                <p>Detalles de su cuenta</p>\n                                                <p>Correo electrónico: {email}</p>\n                                                <p>Número de móvil: {mobile}</p>\n                                                <p>¡Ahora estamos listos para ayudarle con sus necesidades de transporte! Para comenzar, simplemente haga clic en el botón a continuación para iniciar sesión en su cuenta:</p> \n                                                <p>Saludos cordiales,</p>         \n                                                <p>Software MI</p>', 'Botón', '<p>Si tiene alguna consulta, envíenos un correo electrónico a support@gmail.com. Ellos responderán la pregunta y lo ayudarán.</p>', '2021 MXDrive y derechos reservados', 'Estás listo para dar un paseo', 'Estás listo para dar un paseo', 'es', NULL, NULL),
(136, 'ba4ff256-8fc5-4187-bbea-af6cc253a4a0', 'بريد التسجيل', '<p>{مرحبًا {الاسم</p>\n                                                <p>نشكرك على الاشتراك معنا، تطبيق سيارات الأجرة الموثوق به. تم تسجيلك بنجاح، ونحن متحمسون لانضمامك إلينا.</p>\n                                                <p>تفاصيل حسابك</p>\n                                                <p>البريد الإلكتروني: {email}</p>\n                                                <p>رقم الجوال: {mobile}</p>\n                                                <p>نحن الآن على استعداد لمساعدتك في تلبية احتياجات النقل الخاصة بك! للبدء، ما عليك سوى النقر على الزر أدناه لتسجيل الدخول إلى حسابك:</p> \n                                                <p>مع أطيب التحيات</p>         \n                                                ', 'زر', '<p>إذا كانت لديك أية استفسارات، يرجى مراسلتنا عبر البريد الإلكتروني support@gmail.com. وسوف يجيبون على السؤال ويساعدونك.</p>', '2021 برامج MXDrive والحقوق محفوظة', 'أنت جاهز للقيام بالرحلة', 'أنت جاهز للقيام بالرحلة', 'ar', NULL, NULL),
(137, '2e22cd0a-2923-4dea-87d4-a4c67d17fc23', 'Tips added Succesfully', '\n                                    <p>Hello {name}</p>\n                                    <p>We are writing to confirm that you have successfully transferred an amount from your wallet.</p>\n                                    <p><strong>Transaction Details</strong></p>\n                                    <p><strong>Transaction Id:</strong> {transaction_id}</p>\n                                    <p><strong>Amount:</strong> {currency}{amount}</p>\n                                    <p><strong>Current Balance:</strong>{currency}{current_balance}</p>\n                                    <p>If you did not initiate this transfer, please contact our support team immediately.</p>\n                                    <p>Thank you for using our services!</p>\n                                    <p>Best regards, </p>         \n                                    <p>MXDrive</p>', 'View Details', '<p>If you have any queries , Please email us support@gmail.com.They will answer the question and help you out.</p>', '2021 MXDrive & Rights Reserved', 'You have Earned with your Tips 😊️', 'We are happy to inform you that you have earned money with your Tips', 'en', NULL, NULL),
(138, '2e22cd0a-2923-4dea-87d4-a4c67d17fc23', 'Courrier d\'inscription', '<p>Bonjour {name}</p>\n                                                <p>Merci de vous être inscrit auprès de nous, votre application de taxi de confiance. Votre inscription a réussi et nous sommes ravis de vous compter parmi nous.</p>\n                                                <p>Détails de votre compte</p>\n                                                <p>E-mail : {email}</p>\n                                                <p>Numéro de mobile : {mobile}</p>\n                                                <p>Nous sommes maintenant prêts à vous aider avec vos besoins de transport ! Pour commencer, cliquez simplement sur le bouton ci-dessous pour vous connecter à votre compte :</p> \n                                                <p>Meilleures salutations, </p>         \n                                                <p>Logiciels MI</p>', 'Bouton', '<p>Si vous avez des questions, veuillez nous envoyer un e-mail à support@gmail.com. Ils répondront à la question et vous aideront.</p>', 'MXDrive 2021 et droits réservés', 'Vous avez gagné avec vos pourboires 😊️', 'Nous sommes heureux de vous informer que vous avez gagné de l argent grâce à vos pourboires', 'fr', NULL, NULL),
(139, '2e22cd0a-2923-4dea-87d4-a4c67d17fc23', 'Correo de registro', '<p>Hola {name}</p>\n                                                <p>Gracias por registrarte con nosotros, tu aplicación de taxis de confianza. Su registro fue exitoso y estamos emocionados de tenerlo a bordo.</p>\n                                                <p>Detalles de su cuenta</p>\n                                                <p>Correo electrónico: {email}</p>\n                                                <p>Número de móvil: {mobile}</p>\n                                                <p>¡Ahora estamos listos para ayudarle con sus necesidades de transporte! Para comenzar, simplemente haga clic en el botón a continuación para iniciar sesión en su cuenta:</p> \n                                                <p>Saludos cordiales,</p>         \n                                                <p>Software MI</p>', 'Botón', '<p>Si tiene alguna consulta, envíenos un correo electrónico a support@gmail.com. Ellos responderán la pregunta y lo ayudarán.</p>', '2021 MXDrive y derechos reservados', 'Has Ganado con tus Propinas 😊️', 'Nos alegra informarte que has ganado dinero con tus Tips', 'es', NULL, NULL),
(140, '2e22cd0a-2923-4dea-87d4-a4c67d17fc23', 'بريد التسجيل', '<p>{مرحبًا {الاسم</p>\n                                                <p>نشكرك على الاشتراك معنا، تطبيق سيارات الأجرة الموثوق به. تم تسجيلك بنجاح، ونحن متحمسون لانضمامك إلينا.</p>\n                                                <p>تفاصيل حسابك</p>\n                                                <p>البريد الإلكتروني: {email}</p>\n                                                <p>رقم الجوال: {mobile}</p>\n                                                <p>نحن الآن على استعداد لمساعدتك في تلبية احتياجات النقل الخاصة بك! للبدء، ما عليك سوى النقر على الزر أدناه لتسجيل الدخول إلى حسابك:</p> \n                                                <p>مع أطيب التحيات</p>         \n                                                ', 'زر', '<p>إذا كانت لديك أية استفسارات، يرجى مراسلتنا عبر البريد الإلكتروني support@gmail.com. وسوف يجيبون على السؤال ويساعدونك.</p>', '2021 برامج MXDrive والحقوق محفوظة', 'لقد ربحت بنصائحك 😊️', 'يسعدنا أن نعلمك أنك كسبت المال من خلال النصائح الخاصة بك', 'ar', NULL, NULL),
(141, 'cb35a3f7-76d8-42ef-8917-7651bb7b7238', 'New Chat Message', '\n                                    <p>Hello {name}</p>\n                                    <p>New Chat Mesage</p>\n                                    <p>Thank you for using our services!</p>\n                                    <p>Best regards, </p>         \n                                    <p>MXDrive</p>', 'View Details', '<p>If you have any queries , Please email us support@gmail.com.They will answer the question and help you out.</p>', '2021 MXDrive & Rights Reserved', 'New Chat Message', 'New Chat Message', 'en', NULL, NULL),
(142, 'cb35a3f7-76d8-42ef-8917-7651bb7b7238', 'Nouveau message de discussion', '<p>Bonjour {name}</p>\n                                                <p>Nouveau message de discussion</p>\n                                                <p>Merci d\'utiliser nos services !</p>\n                                                <p>Cordialement, </p>         \n                                                <p>Logiciels MI</p>', 'Bouton', '<p>Si vous avez des questions, veuillez nous envoyer un e-mail à support@gmail.com. Ils répondront à la question et vous aideront.</p>', 'MXDrive 2021 et droits réservés', 'Nouveau message de discussion', 'Nouveau message de discussion', 'fr', NULL, NULL),
(143, 'cb35a3f7-76d8-42ef-8917-7651bb7b7238', 'Nuevo mensaje de chat', '<p>Hola {name}</p>\n                                                <p>Nuevo mensaje de chat</p> \n                                                <p>Saludos cordiales,</p>         \n                                                <p>Software MI</p>', 'Botón', '<p>Si tiene alguna consulta, envíenos un correo electrónico a support@gmail.com. Ellos responderán la pregunta y lo ayudarán.</p>', '2021 MXDrive y derechos reservados', 'Nuevo mensaje de chat', 'Nuevo mensaje de chat', 'es', NULL, NULL),
(144, 'cb35a3f7-76d8-42ef-8917-7651bb7b7238', 'رسالة دردشة جديدة', '<p>{مرحبًا {الاسم</p>\n                                                <p>نشكرك على الاشتراك معنا، تطبيق سيارات الأجرة الموثوق به. تم تسجيلك بنجاح، ونحن متحمسون لانضمامك إلينا.</p>\n                                                <p>تفاصيل حسابك</p>\n                                                <p>البريد الإلكتروني: {email}</p>\n                                                <p>رقم الجوال: {mobile}</p>\n                                                <p>نحن الآن على استعداد لمساعدتك في تلبية احتياجات النقل الخاصة بك! للبدء، ما عليك سوى النقر على الزر أدناه لتسجيل الدخول إلى حسابك:</p> \n                                                <p>مع أطيب التحيات</p>         \n                                                ', 'زر', '<p>إذا كانت لديك أية استفسارات، يرجى مراسلتنا عبر البريد الإلكتروني support@gmail.com. وسوف يجيبون على السؤال ويساعدونك.</p>', '2021 برامج MXDrive والحقوق محفوظة', 'رسالة دردشة جديدة', 'رسالة دردشة جديدة', 'ar', NULL, NULL),
(145, 'b0cf434d-a8c9-4577-bd6b-092d46f72e39', 'Change Drop Destination', '\n                                    <p>Hello {name}</p>\n                                    <p>The drop location has been changed</p>\n                                    <p>Thank you for using our services!</p>\n                                    <p>Best regards, </p>         \n                                    <p>MXDrive</p>', 'View Details', '<p>If you have any queries , Please email us support@gmail.com.They will answer the question and help you out.</p>', '2021 MXDrive & Rights Reserved', 'Drop has been changed', 'Drop has been changed', 'en', NULL, NULL),
(146, 'b0cf434d-a8c9-4577-bd6b-092d46f72e39', 'Changer la destination de dépôt', '<p>Bonjour {name}</p>\n                                                <p>La destination a été modifiée</p>\n                                                <p>Merci d\'utiliser nos services !</p>\n                                                <p>Cordialement, </p>         \n                                                <p>MXDrive</p>', 'Bouton', '<p>Si vous avez des questions, veuillez nous envoyer un e-mail à support@gmail.com. Ils répondront à la question et vous aideront.</p>', 'MXDrive 2021 & Droits réservés', 'Le drop a été modifié', 'La destination de dépôt a été modifiéeyy', 'fr', NULL, NULL),
(147, 'b0cf434d-a8c9-4577-bd6b-092d46f72e39', 'Cambiar destino de entrega', '<p>Hola {name}</p>\n                                                <p>El destino ha cambiado</p>\n                                                <p>¡Gracias por usar nuestros servicios!</p>\n                                                <p>Atentamente,</p> \n                                                <p>MXDrive</p>', 'Botón', '<p>Si tiene alguna pregunta, envíenos un correo electrónico a support@gmail.com. Le responderemos y le ayudaremos.</p>', '2021 MXDrive y derechos reservados', 'El destino de descarga ha cambiado', 'El destino de descarga ha cambiado', 'es', NULL, NULL),
(148, 'b0cf434d-a8c9-4577-bd6b-092d46f72e39', 'تغيير وجهة الإسقاط للسائق', '<p>مرحبًا {name}\n                                                <p>تم تغيير الوجهة</p>\n                                                <p>شكرًا لاستخدامك خدماتنا!</p>\n                                                <p>مع أطيب التحيات،</p>\n                                                <p>MXDrive</p>', 'زر', '<p>إذا كانت لديك أي استفسارات، يُرجى مراسلتنا عبر البريد الإلكتروني support@gmail.com. سنجيب على استفسارك ونساعدك.</p>', '2021 برامج MXDrive والحقوق محفوظة', 'تم تغيير وجهة الإسقاط', 'تم تغيير وجهة الإسقاط', 'ar', NULL, NULL);

-- --------------------------------------------------------

--
-- Table structure for table `onboarding_screen`
--

CREATE TABLE `onboarding_screen` (
  `id` char(36) NOT NULL,
  `sn_o` int(11) NOT NULL DEFAULT 0,
  `screen` enum('driver','user','owner') NOT NULL,
  `order` int(11) NOT NULL DEFAULT 0,
  `title` varchar(191) NOT NULL,
  `onboarding_image` varchar(191) NOT NULL,
  `description` text NOT NULL,
  `translation_dataset` text DEFAULT NULL,
  `active` tinyint(1) NOT NULL DEFAULT 1,
  `created_at` timestamp NULL DEFAULT NULL,
  `updated_at` timestamp NULL DEFAULT NULL
) ENGINE=InnoDB DEFAULT CHARSET=utf8mb4 COLLATE=utf8mb4_unicode_ci;

--
-- Dumping data for table `onboarding_screen`
--

INSERT INTO `onboarding_screen` (`id`, `sn_o`, `screen`, `order`, `title`, `onboarding_image`, `description`, `translation_dataset`, `active`, `created_at`, `updated_at`) VALUES
('007740eb-d583-42fe-bff9-33e7eee8f725', 5, 'driver', 1, 'Assurance', 'driverOnboard1.png', 'Customer safety first, Always and forever our pledge, Your well-being, our priority, With you every step, edge to edge.', '{\"en\":{\"locale\":\"en\",\"title\":\"Assurance\",\"description\":\"Customer safety first, Always and forever our pledge, Your well-being, our priority, With you every step, edge to edge.\"}}', 1, NULL, '2025-09-26 07:06:10'),
('22634854-933f-4e25-ab38-df1d49e79532', 9, 'owner', 2, 'Assurance', 'ownerOnboard2.png', 'Customer safety first, Always and forever our pledge, Your well-being, our priority, With you every step, edge to edge.', '{\"en\":{\"locale\":\"en\",\"title\":\"Assurance\",\"description\":\"Customer safety first, Always and forever our pledge, Your well-being, our priority, With you every step, edge to edge.\"}}', 1, NULL, '2025-09-26 07:06:10'),
('38a7a553-0845-43f4-8218-10279b84d91d', 7, 'driver', 3, 'Intuitive', 'driverOnboard3.png', 'Seamless journeys, Just a tap away, Explore hassle-free, Every step of the way.', '{\"en\":{\"locale\":\"en\",\"title\":\"Intuitive\",\"description\":\"Seamless journeys, Just a tap away, Explore hassle-free, Every step of the way.\"}}', 1, NULL, '2025-09-26 07:06:10'),
('706f2dc8-8a25-4efe-94e9-69e55a0d0ca8', 8, 'owner', 1, 'Intuitive', 'ownerOnboard1.png', 'Seamless journeys, Just a tap away, Explore hassle-free, Every step of the way.', '{\"en\":{\"locale\":\"en\",\"title\":\"Intuitive\",\"description\":\"Seamless journeys, Just a tap away, Explore hassle-free, Every step of the way.\"}}', 1, NULL, '2025-09-26 07:06:10'),
('70ac86ed-b592-4b1c-b46a-0a0518de114a', 4, 'user', 4, 'Support', 'onboard4.jpg', 'Embark on your journey with confidence, knowing that our commitment to your satisfaction is unwavering', '{\"en\":{\"locale\":\"en\",\"title\":\"Support\",\"description\":\"Embark on your journey with confidence, knowing that our commitment to your satisfaction is unwavering\"}}', 1, NULL, '2025-09-26 07:06:10'),
('74e9d4b0-749c-4a32-b8b3-624bfe63325f', 2, 'user', 2, 'Clarity', 'onboard2.jpg', 'Fair pricing, crystal clear, Your trust, our promise sincere. With us, youll find no hidden fee, Transparency is our guarantee.', '{\"en\":{\"locale\":\"en\",\"title\":\"Clarity\",\"description\":\"Fair pricing, crystal clear, Your trust, our promise sincere. With us, youll find no hidden fee, Transparency is our guarantee.\"}}', 1, NULL, '2025-09-26 07:06:10'),
('8e08ca5c-2e93-43bb-b219-afea24dbbcba', 3, 'user', 3, 'Intuitive', 'onboard3.jpg', 'Seamless journeys, Just a tap away, Explore hassle-free, Every step of the way.', '{\"en\":{\"locale\":\"en\",\"title\":\"Intuitive\",\"description\":\"Seamless journeys, Just a tap away, Explore hassle-free, Every step of the way.\"}}', 1, NULL, '2025-09-26 07:06:10'),
('9ad20578-1c74-4dff-a9c9-69d9bba9c52a', 1, 'user', 1, 'Assurance', 'onboard1.jpg', 'Customer safety first, Always and forever our pledge, Your well-being, our priority, With you every step, edge to edge.', '{\"en\":{\"locale\":\"en\",\"title\":\"Assurance\",\"description\":\"Customer safety first, Always and forever our pledge, Your well-being, our priority, With you every step, edge to edge.\"}}', 1, NULL, '2025-09-26 07:06:10'),
('e7b619d0-9949-4fff-b2bf-0282bcd0ac3d', 6, 'driver', 2, 'Clarity', 'driverOnboard2.png', 'Fair pricing, crystal clear, Your trust, our promise sincere. With us, youll find no hidden fee, Transparency is our guarantee.', '{\"en\":{\"locale\":\"en\",\"title\":\"Clarity\",\"description\":\"Fair pricing, crystal clear, Your trust, our promise sincere. With us, youll find no hidden fee, Transparency is our guarantee.\"}}', 1, NULL, '2025-09-26 07:06:10'),
('e9721104-e6b1-40a6-b959-d559bb34db91', 10, 'owner', 3, 'Clarity', 'ownerOnboard3.png', 'Fair pricing, crystal clear, Your trust, our promise sincere. With us, youll find no hidden fee, Transparency is our guarantee.', '{\"en\":{\"locale\":\"en\",\"title\":\"Clarity\",\"description\":\"Fair pricing, crystal clear, Your trust, our promise sincere. With us, youll find no hidden fee, Transparency is our guarantee.\"}}', 1, NULL, '2025-09-26 07:06:10');

-- --------------------------------------------------------

--
-- Table structure for table `onboarding_screen_translations`
--

CREATE TABLE `onboarding_screen_translations` (
  `id` int(10) UNSIGNED NOT NULL,
  `onboarding_screen_id` char(36) NOT NULL,
  `title` varchar(191) NOT NULL,
  `description` longtext NOT NULL,
  `locale` varchar(191) NOT NULL,
  `created_at` timestamp NULL DEFAULT NULL,
  `updated_at` timestamp NULL DEFAULT NULL
) ENGINE=InnoDB DEFAULT CHARSET=utf8mb4 COLLATE=utf8mb4_unicode_ci;

--
-- Dumping data for table `onboarding_screen_translations`
--

INSERT INTO `onboarding_screen_translations` (`id`, `onboarding_screen_id`, `title`, `description`, `locale`, `created_at`, `updated_at`) VALUES
(1, '007740eb-d583-42fe-bff9-33e7eee8f725', 'Assurance', 'Customer safety first, Always and forever our pledge, Your well-being, our priority, With you every step, edge to edge.', 'en', '2025-09-26 07:06:10', '2025-09-26 07:06:10'),
(2, '22634854-933f-4e25-ab38-df1d49e79532', 'Assurance', 'Customer safety first, Always and forever our pledge, Your well-being, our priority, With you every step, edge to edge.', 'en', '2025-09-26 07:06:10', '2025-09-26 07:06:10'),
(3, '38a7a553-0845-43f4-8218-10279b84d91d', 'Intuitive', 'Seamless journeys, Just a tap away, Explore hassle-free, Every step of the way.', 'en', '2025-09-26 07:06:10', '2025-09-26 07:06:10'),
(4, '706f2dc8-8a25-4efe-94e9-69e55a0d0ca8', 'Intuitive', 'Seamless journeys, Just a tap away, Explore hassle-free, Every step of the way.', 'en', '2025-09-26 07:06:10', '2025-09-26 07:06:10'),
(5, '70ac86ed-b592-4b1c-b46a-0a0518de114a', 'Support', 'Embark on your journey with confidence, knowing that our commitment to your satisfaction is unwavering', 'en', '2025-09-26 07:06:10', '2025-09-26 07:06:10'),
(6, '74e9d4b0-749c-4a32-b8b3-624bfe63325f', 'Clarity', 'Fair pricing, crystal clear, Your trust, our promise sincere. With us, youll find no hidden fee, Transparency is our guarantee.', 'en', '2025-09-26 07:06:10', '2025-09-26 07:06:10'),
(7, '8e08ca5c-2e93-43bb-b219-afea24dbbcba', 'Intuitive', 'Seamless journeys, Just a tap away, Explore hassle-free, Every step of the way.', 'en', '2025-09-26 07:06:10', '2025-09-26 07:06:10'),
(8, '9ad20578-1c74-4dff-a9c9-69d9bba9c52a', 'Assurance', 'Customer safety first, Always and forever our pledge, Your well-being, our priority, With you every step, edge to edge.', 'en', '2025-09-26 07:06:10', '2025-09-26 07:06:10'),
(9, 'e7b619d0-9949-4fff-b2bf-0282bcd0ac3d', 'Clarity', 'Fair pricing, crystal clear, Your trust, our promise sincere. With us, youll find no hidden fee, Transparency is our guarantee.', 'en', '2025-09-26 07:06:10', '2025-09-26 07:06:10'),
(10, 'e9721104-e6b1-40a6-b959-d559bb34db91', 'Clarity', 'Fair pricing, crystal clear, Your trust, our promise sincere. With us, youll find no hidden fee, Transparency is our guarantee.', 'en', '2025-09-26 07:06:10', '2025-09-26 07:06:10');

-- --------------------------------------------------------

--
-- Table structure for table `owner_bank_infos`
--

CREATE TABLE `owner_bank_infos` (
  `id` char(36) NOT NULL,
  `owner_id` char(36) NOT NULL,
  `method_id` int(10) UNSIGNED NOT NULL,
  `field_id` int(10) UNSIGNED NOT NULL,
  `value` varchar(191) DEFAULT NULL,
  `created_at` timestamp NULL DEFAULT NULL,
  `updated_at` timestamp NULL DEFAULT NULL
) ENGINE=InnoDB DEFAULT CHARSET=utf8mb4 COLLATE=utf8mb4_unicode_ci;

-- --------------------------------------------------------

--
-- Table structure for table `owner_documents`
--

CREATE TABLE `owner_documents` (
  `id` char(36) NOT NULL,
  `owner_id` char(36) NOT NULL,
  `document_id` int(10) UNSIGNED NOT NULL,
  `image` varchar(191) NOT NULL,
  `back_image` varchar(191) DEFAULT NULL,
  `identify_number` varchar(191) DEFAULT NULL,
  `expiry_date` timestamp NULL DEFAULT NULL,
  `comment` text DEFAULT NULL,
  `document_status` int(11) NOT NULL DEFAULT 2,
  `created_at` timestamp NULL DEFAULT NULL,
  `updated_at` timestamp NULL DEFAULT NULL,
  `deleted_at` timestamp NULL DEFAULT NULL
) ENGINE=InnoDB DEFAULT CHARSET=utf8mb4 COLLATE=utf8mb4_unicode_ci;

-- --------------------------------------------------------

--
-- Table structure for table `owner_hired_drivers`
--

CREATE TABLE `owner_hired_drivers` (
  `id` bigint(20) UNSIGNED NOT NULL,
  `owner_id` char(36) NOT NULL,
  `driver_id` int(10) UNSIGNED NOT NULL,
  `created_at` timestamp NULL DEFAULT NULL,
  `updated_at` timestamp NULL DEFAULT NULL
) ENGINE=InnoDB DEFAULT CHARSET=utf8mb4 COLLATE=utf8mb4_unicode_ci;

-- --------------------------------------------------------

--
-- Table structure for table `owner_needed_documents`
--

CREATE TABLE `owner_needed_documents` (
  `id` int(10) UNSIGNED NOT NULL,
  `name` varchar(191) NOT NULL,
  `document_name_front` varchar(191) DEFAULT NULL,
  `document_name_back` varchar(191) DEFAULT NULL,
  `image_type` varchar(191) DEFAULT NULL,
  `is_editable` tinyint(1) NOT NULL DEFAULT 1,
  `doc_type` varchar(191) NOT NULL DEFAULT 'image',
  `has_identify_number` tinyint(1) NOT NULL DEFAULT 0,
  `identify_number_locale_key` varchar(191) DEFAULT NULL,
  `has_expiry_date` tinyint(1) NOT NULL DEFAULT 0,
  `is_required` tinyint(1) NOT NULL DEFAULT 1,
  `active` tinyint(1) NOT NULL DEFAULT 0,
  `created_at` timestamp NULL DEFAULT NULL,
  `updated_at` timestamp NULL DEFAULT NULL
) ENGINE=InnoDB DEFAULT CHARSET=utf8mb4 COLLATE=utf8mb4_unicode_ci;

-- --------------------------------------------------------

--
-- Table structure for table `owner_wallets`
--

CREATE TABLE `owner_wallets` (
  `id` char(36) NOT NULL,
  `user_id` char(36) NOT NULL,
  `amount_added` double(10,2) NOT NULL DEFAULT 0.00,
  `amount_balance` double(10,2) NOT NULL DEFAULT 0.00,
  `amount_spent` double(10,2) NOT NULL DEFAULT 0.00,
  `created_at` timestamp NULL DEFAULT NULL,
  `updated_at` timestamp NULL DEFAULT NULL,
  `deleted_at` timestamp NULL DEFAULT NULL
) ENGINE=InnoDB DEFAULT CHARSET=utf8mb4 COLLATE=utf8mb4_unicode_ci;

--
-- Dumping data for table `owner_wallets`
--

INSERT INTO `owner_wallets` (`id`, `user_id`, `amount_added`, `amount_balance`, `amount_spent`, `created_at`, `updated_at`, `deleted_at`) VALUES
('1111fc14-b8b1-45fe-9ac9-3647e0fb220a', 'd07485b5-74f6-4fd0-b770-4a82bed44bc6', 0.00, 0.00, 0.00, '2025-10-17 06:22:18', '2025-10-17 06:22:18', NULL),
('33069fb5-c2d8-49fd-93f1-f95d7b23cbd6', '9a00028a-36a3-4c76-90c7-9bdf44f05c36', 0.00, 0.00, 0.00, '2025-10-17 11:11:45', '2025-10-17 11:11:45', NULL),
('879d1c8a-4085-4a34-8d81-7665a60074af', '68ad3f48-fa97-47f4-962c-737b78865822', 0.00, 0.00, 0.00, '2025-09-26 10:30:54', '2025-09-26 10:30:54', NULL);

-- --------------------------------------------------------

--
-- Table structure for table `owner_wallet_histories`
--

CREATE TABLE `owner_wallet_histories` (
  `id` char(36) NOT NULL,
  `user_id` char(36) NOT NULL,
  `card_id` char(36) DEFAULT NULL,
  `request_id` char(36) DEFAULT NULL,
  `transaction_id` varchar(191) DEFAULT NULL,
  `amount` double(10,2) NOT NULL DEFAULT 0.00,
  `conversion` varchar(191) DEFAULT NULL,
  `merchant` varchar(191) DEFAULT NULL,
  `remarks` varchar(191) DEFAULT NULL,
  `is_credit` tinyint(1) NOT NULL DEFAULT 0,
  `admin_id` char(36) DEFAULT NULL,
  `created_at` timestamp NULL DEFAULT NULL,
  `updated_at` timestamp NULL DEFAULT NULL
) ENGINE=InnoDB DEFAULT CHARSET=utf8mb4 COLLATE=utf8mb4_unicode_ci;

-- --------------------------------------------------------

--
-- Table structure for table `package_types`
--

CREATE TABLE `package_types` (
  `id` int(10) UNSIGNED NOT NULL,
  `name` varchar(191) DEFAULT NULL,
  `transport_type` enum('taxi','delivery','both') DEFAULT NULL,
  `active` tinyint(1) NOT NULL DEFAULT 1,
  `short_description` varchar(191) DEFAULT NULL,
  `description` varchar(191) DEFAULT NULL,
  `created_at` timestamp NULL DEFAULT NULL,
  `updated_at` timestamp NULL DEFAULT NULL
) ENGINE=InnoDB DEFAULT CHARSET=utf8mb4 COLLATE=utf8mb4_unicode_ci;

--
-- Dumping data for table `package_types`
--

INSERT INTO `package_types` (`id`, `name`, `transport_type`, `active`, `short_description`, `description`, `created_at`, `updated_at`) VALUES
(1, 'Olive new', 'both', 1, 'Reliable and efficient transport service for all your travel and logistics needs.', 'Olive New offers a versatile and dependable transport solution for passengers and goods alike. Whether it’s a short city commute, long-distance travel, or cargo delivery, Olive New ensures ti', '2025-09-26 10:14:57', '2025-09-26 10:14:57'),
(2, 'Van', 'taxi', 1, 'Spacious and comfortable van for group travel or airport transfers.', 'Van provides a reliable and comfortable taxi option for families, groups, or travelers with extra luggage. With roomy interiors and ample seating, it can accommodate multiple passengers along', '2025-09-26 10:15:29', '2025-09-26 10:15:29');

-- --------------------------------------------------------

--
-- Table structure for table `password_resets`
--

CREATE TABLE `password_resets` (
  `email` varchar(191) NOT NULL,
  `token` varchar(191) NOT NULL,
  `created_at` timestamp NULL DEFAULT NULL
) ENGINE=InnoDB DEFAULT CHARSET=utf8mb4 COLLATE=utf8mb4_unicode_ci;

-- --------------------------------------------------------

--
-- Table structure for table `password_reset_tokens`
--

CREATE TABLE `password_reset_tokens` (
  `email` varchar(191) NOT NULL,
  `token` varchar(191) NOT NULL,
  `created_at` timestamp NULL DEFAULT NULL
) ENGINE=InnoDB DEFAULT CHARSET=utf8mb4 COLLATE=utf8mb4_unicode_ci;

-- --------------------------------------------------------

--
-- Table structure for table `peak_zones`
--

CREATE TABLE `peak_zones` (
  `id` char(36) NOT NULL,
  `zone_id` char(36) NOT NULL,
  `lat` double(15,8) DEFAULT NULL,
  `lng` double(15,8) DEFAULT NULL,
  `name` varchar(191) DEFAULT NULL,
  `coordinates` multipolygon DEFAULT NULL,
  `start_time` time NOT NULL,
  `end_time` time NOT NULL,
  `distance_price_percentage` int(11) NOT NULL COMMENT 'In percentage',
  `active` tinyint(1) NOT NULL DEFAULT 1,
  `created_at` timestamp NULL DEFAULT NULL,
  `updated_at` timestamp NULL DEFAULT NULL
) ENGINE=InnoDB DEFAULT CHARSET=utf8mb4 COLLATE=utf8mb4_unicode_ci;

-- --------------------------------------------------------

--
-- Table structure for table `permissions`
--

CREATE TABLE `permissions` (
  `id` int(10) UNSIGNED NOT NULL,
  `slug` varchar(50) NOT NULL,
  `name` varchar(50) NOT NULL,
  `description` varchar(150) DEFAULT NULL,
  `main_menu` varchar(191) DEFAULT NULL,
  `sub_menu` varchar(191) DEFAULT NULL,
  `main_link` varchar(191) DEFAULT NULL,
  `sub_link` varchar(191) DEFAULT NULL,
  `sort` int(11) DEFAULT NULL,
  `icon` varchar(191) DEFAULT NULL,
  `created_at` timestamp NULL DEFAULT NULL,
  `updated_at` timestamp NULL DEFAULT NULL
) ENGINE=InnoDB DEFAULT CHARSET=utf8mb4 COLLATE=utf8mb4_unicode_ci;

--
-- Dumping data for table `permissions`
--

INSERT INTO `permissions` (`id`, `slug`, `name`, `description`, `main_menu`, `sub_menu`, `main_link`, `sub_link`, `sort`, `icon`, `created_at`, `updated_at`) VALUES
(1, 'access-home', 'access-home', 'Access Home', 'dashboard', NULL, 'dashboard', NULL, NULL, NULL, '2025-09-26 07:06:08', '2025-09-26 07:06:08'),
(2, 'access-user-nav-list', 'access-user-nav-list', 'Access Home', 'dashboard', NULL, 'dashboard', NULL, NULL, NULL, '2025-09-26 07:06:08', '2025-09-26 07:06:08'),
(3, 'access-settings-nav-list', 'access-settings-nav-list', 'Access Home', 'dashboard', NULL, 'dashboard', NULL, NULL, NULL, '2025-09-26 07:06:08', '2025-09-26 07:06:08'),
(4, 'access-master-nav-list', 'access-master-nav-list', 'Access Home', 'dashboard', NULL, 'dashboard', NULL, NULL, NULL, '2025-09-26 07:06:08', '2025-09-26 07:06:08'),
(5, 'chat', 'chat', 'chat', 'chat', NULL, 'chat', NULL, NULL, NULL, '2025-09-26 07:06:08', '2025-09-26 07:06:08'),
(6, 'access-dashboard', 'access-dashboard', 'Access Dashboard', 'dashboard', NULL, 'dashboard', NULL, NULL, NULL, '2025-09-26 07:06:08', '2025-09-26 07:06:08'),
(7, 'access-notifications', 'access-notifications', 'Access Notifications', 'Notifications', NULL, 'Notifications', NULL, NULL, NULL, '2025-09-26 07:06:08', '2025-09-26 07:06:08'),
(8, 'access-owner-dashboard', 'access-owner-dashboard', 'Access Owner Dashboard', 'owner-management', NULL, 'owner-dashboard', NULL, NULL, NULL, '2025-09-26 07:06:08', '2025-09-26 07:06:08'),
(9, 'dispatcher', 'dispatcher', 'Dispatcher', 'dispatcher', NULL, 'dispatcher', NULL, NULL, NULL, '2025-09-26 07:06:08', '2025-09-26 07:06:08'),
(10, 'promotion-management', 'promotion-management', 'promotion management', 'promotion-management', NULL, 'promotion-management', NULL, NULL, NULL, '2025-09-26 07:06:08', '2025-09-26 07:06:08'),
(11, 'manage-promo', 'manage-promo', 'View Promo code', 'promotion-management', NULL, 'promo', NULL, NULL, NULL, '2025-09-26 07:06:08', '2025-09-26 07:06:08'),
(12, 'add-promo', 'add-promo', 'add Promo code', 'promotion-management', NULL, 'promo', NULL, NULL, NULL, '2025-09-26 07:06:08', '2025-09-26 07:06:08'),
(13, 'edit-promo', 'edit-promo', 'edit promo', 'promotion-management', NULL, 'promo', NULL, NULL, NULL, '2025-09-26 07:06:08', '2025-09-26 07:06:08'),
(14, 'delete-promo', 'delete-promo', 'delete promo', 'promotion-management', NULL, 'promo', NULL, NULL, NULL, '2025-09-26 07:06:08', '2025-09-26 07:06:08'),
(15, 'toggle-promo', 'toggle-promo', 'toggle-promo', 'promotion-management', NULL, 'promo', NULL, NULL, NULL, '2025-09-26 07:06:08', '2025-09-26 07:06:08'),
(16, 'banner_image', 'banner_image', 'banner image', 'promotion-management', NULL, 'banner_image', NULL, NULL, NULL, '2025-09-26 07:06:08', '2025-09-26 07:06:08'),
(17, 'add_banner_image', 'add_banner_image', 'Add banner image', 'promotion-management', NULL, 'banner_image', NULL, NULL, NULL, '2025-09-26 07:06:08', '2025-09-26 07:06:08'),
(18, 'edit_banner_image', 'edit_banner_image', 'Edit banner image', 'promotion-management', NULL, 'banner_image', NULL, NULL, NULL, '2025-09-26 07:06:08', '2025-09-26 07:06:08'),
(19, 'delete_banner_image', 'delete_banner_image', 'delete banner image', 'promotion-management', NULL, 'banner_image', NULL, NULL, NULL, '2025-09-26 07:06:08', '2025-09-26 07:06:08'),
(20, 'toggle_banner_image', 'toggle_banner_image', 'toggle banner image', 'promotion-management', NULL, 'banner_image', NULL, NULL, NULL, '2025-09-26 07:06:08', '2025-09-26 07:06:08'),
(21, 'price-management', 'price-management', 'price-management', 'price-management', NULL, 'null', NULL, NULL, NULL, '2025-09-26 07:06:08', '2025-09-26 07:06:08'),
(22, 'service-location', 'service-Location', 'Available location for app', 'price-management', NULL, 'service-location', NULL, NULL, NULL, '2025-09-26 07:06:08', '2025-09-26 07:06:08'),
(23, 'add_service_Location', 'add_service_Location', 'Add location for app', 'price-management', NULL, 'service-location', NULL, NULL, NULL, '2025-09-26 07:06:08', '2025-09-26 07:06:08'),
(24, 'edit_service_Location', 'edit_service_Location', 'Edit location for app', 'price-management', NULL, 'service-location', NULL, NULL, NULL, '2025-09-26 07:06:08', '2025-09-26 07:06:08'),
(25, 'delete_service_Location', 'delete_service_Location', 'Delete location for app', 'price-management', NULL, 'service-location', NULL, NULL, NULL, '2025-09-26 07:06:08', '2025-09-26 07:06:08'),
(26, 'toggle_service_Location', 'toggle_service_Location', 'toggle location for app', 'price-management', NULL, 'service-location', NULL, NULL, NULL, '2025-09-26 07:06:08', '2025-09-26 07:06:08'),
(27, 'view-zone', 'view-zone', 'View all zones', 'price-management', NULL, 'zone', NULL, NULL, NULL, '2025-09-26 07:06:08', '2025-09-26 07:06:08'),
(28, 'view-zone-map', 'view-zone-map', 'map-view', 'price-management', NULL, 'zone', NULL, NULL, NULL, '2025-09-26 07:06:08', '2025-09-26 07:06:08'),
(29, 'add-zone', 'add-zones', 'Add zones', 'price-management', NULL, 'zone', NULL, NULL, NULL, '2025-09-26 07:06:08', '2025-09-26 07:06:08'),
(30, 'edit-zone', 'edit-zones', 'Edit zones', 'price-management', NULL, 'zone', NULL, NULL, NULL, '2025-09-26 07:06:08', '2025-09-26 07:06:08'),
(31, 'delete-zone', 'delete-zones', 'Get all zones', 'price-management', NULL, 'zone', NULL, NULL, NULL, '2025-09-26 07:06:08', '2025-09-26 07:06:08'),
(32, 'toggle-zone', 'toggle-zone', 'Toggle Status Zones', 'price-management', NULL, 'zone', NULL, NULL, NULL, '2025-09-26 07:06:08', '2025-09-26 07:06:08'),
(33, 'zone-surge', 'zone-surge', 'zone Surge', 'price-management', NULL, 'zone', NULL, NULL, NULL, '2025-09-26 07:06:08', '2025-09-26 07:06:08'),
(34, 'update-zone-surge', 'update-zone-surge', 'Update zone Surge', 'price-management', NULL, 'zone', NULL, NULL, NULL, '2025-09-26 07:06:08', '2025-09-26 07:06:08'),
(35, 'vehicle-types', 'view-vehicle-types', 'Get all types', 'price-management', 'null', 'vehicle-type', NULL, NULL, NULL, '2025-09-26 07:06:08', '2025-09-26 07:06:08'),
(36, 'add-vehicle-types', 'add-vehicle-types', 'Get all types', 'price-management', 'null', 'vehicle-type', NULL, NULL, NULL, '2025-09-26 07:06:08', '2025-09-26 07:06:08'),
(37, 'edit-vehicle-types', 'edit-vehicle-types', 'Get all types', 'price-management', 'null', 'vehicle-type', NULL, NULL, NULL, '2025-09-26 07:06:08', '2025-09-26 07:06:08'),
(38, 'delete-vehicle-types', 'delete-vehicle-types', 'Get all types', 'price-management', 'null', 'vehicle-type', NULL, NULL, NULL, '2025-09-26 07:06:08', '2025-09-26 07:06:08'),
(39, 'toggle-vehicle-types', 'toggle-vehicle-types', 'Get all types', 'price-management', 'null', 'vehicle-type', NULL, NULL, NULL, '2025-09-26 07:06:08', '2025-09-26 07:06:08'),
(40, 'rental-package', 'rental-package', 'rental-package', 'price-management', NULL, 'rental-package', NULL, NULL, NULL, '2025-09-26 07:06:08', '2025-09-26 07:06:08'),
(41, 'add-rental-package', 'add-rental-package', 'add-rental-package', 'price-management', NULL, 'rental-package', NULL, NULL, NULL, '2025-09-26 07:06:08', '2025-09-26 07:06:08'),
(42, 'edit-rental-package', 'edit-rental-package', 'edit-rental-package', 'price-management', NULL, 'rental-package', NULL, NULL, NULL, '2025-09-26 07:06:08', '2025-09-26 07:06:08'),
(43, 'delete-rental-package', 'delete-rental-package', 'delete-rental-package', 'price-management', NULL, 'rental-package', NULL, NULL, NULL, '2025-09-26 07:06:08', '2025-09-26 07:06:08'),
(44, 'toggle-rental-package', 'toggle-rental-package', 'toggle-rental-package', 'price-management', NULL, 'rental-package', NULL, NULL, NULL, '2025-09-26 07:06:08', '2025-09-26 07:06:08'),
(45, 'vehicle-fare', 'vehicle-fare', 'view-vehicle_fare', 'price-management', NULL, 'vehicle-fare', NULL, NULL, NULL, '2025-09-26 07:06:08', '2025-09-26 07:06:08'),
(46, 'add-price', 'add-price', 'add price', 'price-management', NULL, 'vehicle-fare', NULL, NULL, NULL, '2025-09-26 07:06:08', '2025-09-26 07:06:08'),
(47, 'edit-price', 'edit-price', 'edit price', 'price-management', NULL, 'vehicle-fare', NULL, NULL, NULL, '2025-09-26 07:06:08', '2025-09-26 07:06:08'),
(48, 'delete-price', 'delete-price', 'delete price', 'price-management', NULL, 'vehicle-fare', NULL, NULL, NULL, '2025-09-26 07:06:08', '2025-09-26 07:06:08'),
(49, 'toggle-price', 'toggle-price', 'toggle price', 'price-management', NULL, 'vehicle-fare', NULL, NULL, NULL, '2025-09-26 07:06:08', '2025-09-26 07:06:08'),
(50, 'add-package-price', 'add-package-price', 'package price adding', 'price-management', NULL, 'vehicle-fare', NULL, NULL, NULL, '2025-09-26 07:06:08', '2025-09-26 07:06:08'),
(51, 'manage-goods-types', 'manage-goods-types', 'List Package Type', 'price-management', 'goods_types', NULL, 'goods_types', NULL, NULL, '2025-09-26 07:06:08', '2025-09-26 07:06:08'),
(52, 'add-goods-types', 'add-goods-types', 'Add Goods Types', 'price-management', 'goods_types', NULL, 'goods_types', NULL, NULL, '2025-09-26 07:06:08', '2025-09-26 07:06:08'),
(53, 'edit-goods-types', 'edit-goods-types', 'Edit Goods Types', 'price-management', 'goods_types', NULL, 'goods_types', NULL, NULL, '2025-09-26 07:06:08', '2025-09-26 07:06:08'),
(54, 'delete-goods-types', 'delete-goods-types', 'Delete Goods Types', 'price-management', 'goods_types', NULL, 'goods_types', NULL, NULL, '2025-09-26 07:06:08', '2025-09-26 07:06:08'),
(55, 'toggle-goods-types', 'toggle-goods-types', 'toggle Goods Types', 'price-management', 'goods_types', NULL, 'goods_types', NULL, NULL, '2025-09-26 07:06:08', '2025-09-26 07:06:08'),
(56, 'geo-fencing', 'geo-fencing', 'geo-fencing', 'geo-fencing', NULL, 'geo-fencing', NULL, NULL, NULL, '2025-09-26 07:06:08', '2025-09-26 07:06:08'),
(57, 'gods-eye', 'gods-eye', 'gods-eye', 'geo-fencing', NULL, 'gods-eye', NULL, NULL, NULL, '2025-09-26 07:06:08', '2025-09-26 07:06:08'),
(58, 'heat-map', 'heat-map', 'View Heat Map', 'geo-fencing', NULL, 'heat-map', NULL, NULL, NULL, '2025-09-26 07:06:08', '2025-09-26 07:06:08'),
(59, 'others', 'others', 'Access others', 'others', NULL, 'others', NULL, NULL, NULL, '2025-09-26 07:06:08', '2025-09-26 07:06:08'),
(60, 'view-sos', 'view-sos', 'Emergency Numbers', 'others', NULL, 'sos', NULL, NULL, NULL, '2025-09-26 07:06:08', '2025-09-26 07:06:08'),
(61, 'add-sos', 'add-sos', 'add sos', 'others', NULL, 'sos', NULL, NULL, NULL, '2025-09-26 07:06:08', '2025-09-26 07:06:08'),
(62, 'edit-sos', 'edit-sos', 'edit sos', 'others', NULL, 'sos', NULL, NULL, NULL, '2025-09-26 07:06:08', '2025-09-26 07:06:08'),
(63, 'delete-sos', 'delete-sos', 'delete sos', 'others', NULL, 'sos', NULL, NULL, NULL, '2025-09-26 07:06:08', '2025-09-26 07:06:08'),
(64, 'toggle-sos', 'toggle-sos', 'toggle-sos', 'others', NULL, 'sos', NULL, NULL, NULL, '2025-09-26 07:06:08', '2025-09-26 07:06:08'),
(65, 'view-notifications', 'view-notifications', 'view notifications', 'promotion-management', NULL, 'notifications', NULL, NULL, NULL, '2025-09-26 07:06:08', '2025-09-26 07:06:08'),
(66, 'add-notifications', 'add-notifications', 'view notifications', 'promotion-management', NULL, 'notifications', NULL, NULL, NULL, '2025-09-26 07:06:08', '2025-09-26 07:06:08'),
(67, 'edit-notifications', 'edit-notifications', 'edit notifications', 'promotion-management', NULL, 'notifications', NULL, NULL, NULL, '2025-09-26 07:06:08', '2025-09-26 07:06:08'),
(68, 'delete-notifications', 'delete-notification', 'delete notifications', 'promotion-management', NULL, 'notifications', NULL, NULL, NULL, '2025-09-26 07:06:08', '2025-09-26 07:06:08'),
(69, 'view-cancellation', 'view-cancellation', 'View Cancellation Reason', 'others', NULL, 'cancellation', NULL, NULL, NULL, '2025-09-26 07:06:08', '2025-09-26 07:06:08'),
(70, 'add-cancellation', 'add-cancellation', 'add cancellation', 'others', NULL, 'cancellation', NULL, NULL, NULL, '2025-09-26 07:06:08', '2025-09-26 07:06:08'),
(71, 'edit-cancellation', 'edit-cancellation', 'edit cancellation', 'others', NULL, 'cancellation', NULL, NULL, NULL, '2025-09-26 07:06:08', '2025-09-26 07:06:08'),
(72, 'delete-cancellation', 'delete-cancellation', 'delete cancellation', 'others', NULL, 'cancellation', NULL, NULL, NULL, '2025-09-26 07:06:08', '2025-09-26 07:06:08'),
(73, 'toggle-cancellation', 'toggle-cancellation', 'toggle cancellation', 'others', NULL, 'cancellation', NULL, NULL, NULL, '2025-09-26 07:06:08', '2025-09-26 07:06:08'),
(74, 'view-faq', 'view-faq', 'View FAQ', 'others', NULL, 'faq', NULL, NULL, NULL, '2025-09-26 07:06:08', '2025-09-26 07:06:08'),
(75, 'add-faq', 'add-faq', 'add FAQ', 'others', NULL, 'faq', NULL, NULL, NULL, '2025-09-26 07:06:08', '2025-09-26 07:06:08'),
(76, 'edit-faq', 'edit-faq', 'edit FAQ', 'others', NULL, 'faq', NULL, NULL, NULL, '2025-09-26 07:06:08', '2025-09-26 07:06:08'),
(77, 'delete-faq', 'delete-faq', 'delete FAQ', 'others', NULL, 'faq', NULL, NULL, NULL, '2025-09-26 07:06:08', '2025-09-26 07:06:08'),
(78, 'toggle-faq', 'toggle-faq', 'toggle FAQ', 'others', NULL, 'faq', NULL, NULL, NULL, '2025-09-26 07:06:08', '2025-09-26 07:06:08'),
(79, 'user-management', 'user-management', 'View all user related menus', 'user-management', NULL, NULL, NULL, NULL, NULL, '2025-09-26 07:06:08', '2025-09-26 07:06:08'),
(80, 'view-users', 'view-users', 'Get all Users', 'user-management', NULL, 'users', NULL, NULL, NULL, '2025-09-26 07:06:08', '2025-09-26 07:06:08'),
(81, 'add-user', 'add-user', 'add user', 'user-management', NULL, 'add-user', NULL, NULL, NULL, '2025-09-26 07:06:08', '2025-09-26 07:06:08'),
(82, 'edit-user', 'edit-user', 'edit user', 'user-management', NULL, 'edit-user', NULL, NULL, NULL, '2025-09-26 07:06:08', '2025-09-26 07:06:08'),
(83, 'delete-user', 'delete-user', 'delete user', 'user-management', NULL, 'delete-user', NULL, NULL, NULL, '2025-09-26 07:06:08', '2025-09-26 07:06:08'),
(84, 'toggle-user', 'toggle-user', 'toggle-user', 'user-management', NULL, 'toggle-user', NULL, NULL, NULL, '2025-09-26 07:06:08', '2025-09-26 07:06:08'),
(85, 'view-user-profile', 'view-user-profile', 'view Users profile', 'user-management', NULL, 'view-user-profile', NULL, NULL, NULL, '2025-09-26 07:06:08', '2025-09-26 07:06:08'),
(86, 'view-delete-user', 'view-delete-user', 'view Deleted Users', 'user-management', NULL, 'view-delete-user', NULL, NULL, NULL, '2025-09-26 07:06:08', '2025-09-26 07:06:08'),
(87, 'drivers-management', 'drivers-management', 'drivers management', 'drivers-management', NULL, NULL, NULL, NULL, NULL, '2025-09-26 07:06:08', '2025-09-26 07:06:08'),
(88, 'view-approval-pending-drivers', 'view-approval-pending-drivers', 'Get-All-approval-pending-Drivers', 'drivers-management', NULL, 'view-approval-pending-drivers', NULL, NULL, NULL, '2025-09-26 07:06:08', '2025-09-26 07:06:08'),
(89, 'view-approved-drivers', 'view-approved-drivers', 'Get all approved drivers', 'drivers-management', NULL, 'view-approved-drivers', NULL, NULL, NULL, '2025-09-26 07:06:08', '2025-09-26 07:06:08'),
(90, 'add-driver', 'add-driver', 'add drivers', 'drivers-management', NULL, 'add-driver', NULL, NULL, NULL, '2025-09-26 07:06:08', '2025-09-26 07:06:08'),
(91, 'edit-driver', 'edit-driver', 'edit drivers', 'drivers-management', NULL, 'edit-driver', NULL, NULL, NULL, '2025-09-26 07:06:08', '2025-09-26 07:06:08'),
(92, 'delete-driver', 'delete-driver', 'delete drivers', 'drivers-management', NULL, 'delete-driver', NULL, NULL, NULL, '2025-09-26 07:06:08', '2025-09-26 07:06:08'),
(93, 'view-driver-profile', 'view-driver-profile', 'View drivers Profile', 'drivers-management', NULL, 'view-driver-profile', NULL, NULL, NULL, '2025-09-26 07:06:08', '2025-09-26 07:06:08'),
(94, 'driver-approval', 'driver-approval', 'drivers approval', 'drivers-management', NULL, 'driver-approval', NULL, NULL, NULL, '2025-09-26 07:06:08', '2025-09-26 07:06:08'),
(95, 'driver-disapproval', 'driver-disapproval', 'drivers disapproval', 'drivers-management', NULL, 'driver-disapproval', NULL, NULL, NULL, '2025-09-26 07:06:08', '2025-09-26 07:06:08'),
(96, 'driver-upload-documents', 'driver-upload-documents', 'drivers documents upload', 'drivers-management', NULL, 'driver-upload-documents', NULL, NULL, NULL, '2025-09-26 07:06:08', '2025-09-26 07:06:08'),
(97, 'driver-rating-list', 'driver-rating-list', 'drivers rating list', 'drivers-management', NULL, 'driver-rating-list', NULL, NULL, NULL, '2025-09-26 07:06:08', '2025-09-26 07:06:08'),
(98, 'driver-rating-view', 'driver-rating-view', 'drivers rating view', 'drivers-management', NULL, 'driver-rating-view', NULL, NULL, NULL, '2025-09-26 07:06:08', '2025-09-26 07:06:08'),
(99, 'driver-wallet', 'driver-wallet', 'drivers rating view', 'drivers-management', NULL, 'driver-wallet', NULL, NULL, NULL, '2025-09-26 07:06:08', '2025-09-26 07:06:08'),
(100, 'negetive-balance-drivers', 'negetive-balance-drivers', 'drivers rating view', 'drivers-management', NULL, 'driver-wallet', 'negetive-balance-drivers', NULL, NULL, '2025-09-26 07:06:08', '2025-09-26 07:06:08'),
(101, 'withdrawal-request-drivers', 'withdrawal-request-drivers', 'drivers rating view', 'drivers-management', NULL, 'driver-wallet', 'withdrawal-request-drivers', NULL, NULL, '2025-09-26 07:06:08', '2025-09-26 07:06:08'),
(102, 'delete-request-drivers', 'delete-request-drivers', 'deleted drivers view', 'drivers-management', NULL, 'delete-request-drivers', NULL, NULL, NULL, '2025-09-26 07:06:08', '2025-09-26 07:06:08'),
(103, 'manage-driver-needed-document', 'manage-driver-needed-document', 'List driver needed documents', 'drivers-management', 'needed_doc', NULL, 'needed_doc', NULL, NULL, '2025-09-26 07:06:08', '2025-09-26 07:06:08'),
(104, 'add-driver-needed-document', 'add-driver-needed-document', 'Add driver needed documents', 'drivers-management', 'needed_doc', NULL, 'needed_doc', NULL, NULL, '2025-09-26 07:06:08', '2025-09-26 07:06:08'),
(105, 'edit-driver-needed-document', 'edit-driver-needed-document', 'Edit driver needed documents', 'drivers-management', 'needed_doc', NULL, 'needed_doc', NULL, NULL, '2025-09-26 07:06:08', '2025-09-26 07:06:08'),
(106, 'delete-driver-needed-document', 'delete-driver-needed-document', 'Delete driver needed documents', 'drivers-management', 'needed_doc', NULL, 'needed_doc', NULL, NULL, '2025-09-26 07:06:08', '2025-09-26 07:06:08'),
(107, 'toggle-driver-needed-document', 'toggle-driver-needed-documentt', 'toggle-driver-needed-document', 'drivers-management', 'needed_doc', NULL, 'needed_doc', NULL, NULL, '2025-09-26 07:06:08', '2025-09-26 07:06:08'),
(108, 'manage-driver-bank-info', 'manage-driver-bank-info', 'List driver bank info', 'drivers-management', 'bank_info', NULL, 'bank_info', NULL, NULL, '2025-09-26 07:06:08', '2025-09-26 07:06:08'),
(109, 'toggle-bank-info', 'toggle-bank-info', 'List driver bank info', 'drivers-management', 'bank_info', NULL, 'bank_info', NULL, NULL, '2025-09-26 07:06:08', '2025-09-26 07:06:08'),
(110, 'manage-subscription', 'manage-subscription', 'View Promo code', 'drivers-management', NULL, 'subscription', NULL, NULL, NULL, '2025-09-26 07:06:08', '2025-09-26 07:06:08'),
(111, 'add-subscription', 'add-subscription', 'add Promo code', 'drivers-management', NULL, 'subscription', NULL, NULL, NULL, '2025-09-26 07:06:08', '2025-09-26 07:06:08'),
(112, 'edit-subscription', 'edit-subscription', 'edit subscription', 'drivers-management', NULL, 'subscription', NULL, NULL, NULL, '2025-09-26 07:06:08', '2025-09-26 07:06:08'),
(113, 'delete-subscription', 'delete-subscription', 'delete subscription', 'drivers-management', NULL, 'subscription', NULL, NULL, NULL, '2025-09-26 07:06:08', '2025-09-26 07:06:08'),
(114, 'toggle-subscription', 'toggle-subscription', 'toggle-subscription', 'drivers-management', NULL, 'subscription', NULL, NULL, NULL, '2025-09-26 07:06:08', '2025-09-26 07:06:08'),
(115, 'loyalty-rewards', 'loyalty-rewards', 'Loyalty Rewards', 'loyalty-rewards', NULL, 'loyalty-rewards', NULL, NULL, NULL, '2025-09-26 07:06:08', '2025-09-26 07:06:08'),
(116, 'incentives', 'incentives', 'incentives', 'loyalty-rewards', NULL, 'incentives', NULL, NULL, NULL, '2025-09-26 07:06:08', '2025-09-26 07:06:08'),
(117, 'update-incentives', 'update-incentives', 'update incentives', 'loyalty-rewards', NULL, 'incentives', NULL, NULL, NULL, '2025-09-26 07:06:08', '2025-09-26 07:06:08'),
(118, 'referral-settings-view', 'referral-settings-view', 'referral settings view lists', 'loyalty-rewards', NULL, 'referral-settings-view', NULL, NULL, NULL, '2025-09-26 07:06:08', '2025-09-26 07:06:08'),
(119, 'view-drivers-levelup', 'view-drivers-levelup', 'View Driver Levelup', 'loyalty-rewards', NULL, 'view-drivers-levelup', NULL, NULL, NULL, '2025-09-26 07:06:08', '2025-09-26 07:06:08'),
(120, 'change-reward-value', 'change-reward-value', 'Change Rward Value', 'loyalty-rewards', NULL, 'change-reward-value', NULL, NULL, NULL, '2025-09-26 07:06:08', '2025-09-26 07:06:08'),
(121, 'add-drivers-levelup', 'add-drivers-levelup', 'add drivers', 'loyalty-rewards', NULL, 'add-drivers-levelup', NULL, NULL, NULL, '2025-09-26 07:06:08', '2025-09-26 07:06:08'),
(122, 'edit-drivers-levelup', 'edit-drivers-levelup', 'edit drivers', 'loyalty-rewards', NULL, 'edit-drivers-levelup', NULL, NULL, NULL, '2025-09-26 07:06:08', '2025-09-26 07:06:08'),
(123, 'delete-drivers-levelup', 'delete-driver', 'delete drivers', 'loyalty-rewards', NULL, 'delete-drivers-levelup', NULL, NULL, NULL, '2025-09-26 07:06:08', '2025-09-26 07:06:08'),
(124, 'admin-management', 'admin-management', 'Admin  List', 'admin', NULL, 'admin', NULL, NULL, NULL, '2025-09-26 07:06:08', '2025-09-26 07:06:08'),
(125, 'admin', 'admin', 'Admin  List', 'admin', NULL, 'admin', NULL, NULL, NULL, '2025-09-26 07:06:08', '2025-09-26 07:06:08'),
(126, 'add-admin', 'add-admin', 'create admin', 'admin', NULL, 'admin', NULL, NULL, NULL, '2025-09-26 07:06:08', '2025-09-26 07:06:08'),
(127, 'edit-admin', 'edit-admin', 'Edit Admin', 'admin', NULL, 'admin', NULL, NULL, NULL, '2025-09-26 07:06:08', '2025-09-26 07:06:08'),
(128, 'delete-admin', 'delete-admin', 'Delete Admin', 'admin', NULL, 'admin', NULL, NULL, NULL, '2025-09-26 07:06:08', '2025-09-26 07:06:08'),
(129, 'toggle-admin', 'toggle-admin', 'toggle status admin', 'admin', NULL, 'admin', NULL, NULL, NULL, '2025-09-26 07:06:08', '2025-09-26 07:06:08'),
(130, 'report-management', 'report-management', 'View reports', 'report-management', NULL, 'report-management', NULL, NULL, NULL, '2025-09-26 07:06:08', '2025-09-26 07:06:08'),
(131, 'user-report', 'user-report', 'Download User Report', 'report-management', NULL, 'user-report', NULL, NULL, NULL, '2025-09-26 07:06:08', '2025-09-26 07:06:08'),
(132, 'driver-report', 'driver-report', 'Download Driver Report', 'report-management', NULL, 'driver-report', NULL, NULL, NULL, '2025-09-26 07:06:08', '2025-09-26 07:06:08'),
(133, 'driver-duty-report', 'driver-duty-report', 'Download Driver Report', 'report-management', NULL, 'driver-duty-report', NULL, NULL, NULL, '2025-09-26 07:06:08', '2025-09-26 07:06:08'),
(134, 'finance-report', 'finance-report', 'Download Finance Report', 'report-management', NULL, 'finance-report', NULL, NULL, NULL, '2025-09-26 07:06:08', '2025-09-26 07:06:08'),
(135, 'owner-report', 'owner-report', 'Download Owner Report', 'report-management', NULL, 'owner-report', NULL, NULL, NULL, '2025-09-26 07:06:08', '2025-09-26 07:06:08'),
(136, 'fleet-report', 'fleet-report', 'Download Finance Report', 'report-management', NULL, 'fleet-report', NULL, NULL, NULL, '2025-09-26 07:06:08', '2025-09-26 07:06:08'),
(137, 'owner-management', 'owner-management', 'Owner management', 'owner-management', NULL, 'owners', NULL, NULL, NULL, '2025-09-26 07:06:08', '2025-09-26 07:06:08'),
(138, 'manage-owner', 'manage-owners', 'Owner list', 'owner-management', 'manage-owners', 'owners', NULL, NULL, NULL, '2025-09-26 07:06:08', '2025-09-26 07:06:08'),
(139, 'add-owner', 'add-owner', 'Add Owner', 'owner-management', 'manage-owners', 'add-owner', NULL, NULL, NULL, '2025-09-26 07:06:08', '2025-09-26 07:06:08'),
(140, 'edit-owner', 'edit-owner', 'Edit Owner', 'owner-management', 'manage-owners', 'edit-owner', NULL, NULL, NULL, '2025-09-26 07:06:08', '2025-09-26 07:06:08'),
(141, 'delete-owner', 'delete-owner', 'Delete Owner', 'owner-management', 'manage-owners', 'delete-owner', NULL, NULL, NULL, '2025-09-26 07:06:08', '2025-09-26 07:06:08'),
(142, 'view-owner-profile', 'view-owner-profile', 'View owner Profile', 'owner-management', NULL, 'view-owner-profile', NULL, NULL, NULL, '2025-09-26 07:06:08', '2025-09-26 07:06:08'),
(143, 'toggle-owner', 'toggle-owner', 'Toggle Owner Status', 'owner-management', 'manage-owners', 'toggle-owner', NULL, NULL, NULL, '2025-09-26 07:06:08', '2025-09-26 07:06:08'),
(144, 'view-owner-document', 'view-owner-document', 'View Owner Document', 'owner-management', 'manage-owners', 'view-owner-document', NULL, NULL, NULL, '2025-09-26 07:06:08', '2025-09-26 07:06:08'),
(145, 'view-delete-owner', 'view-delete-owner', 'View Delete Owner', 'owner-management', 'manage-owners', 'view-delete-owner', NULL, NULL, NULL, '2025-09-26 07:06:08', '2025-09-26 07:06:08'),
(146, 'manage-owner-needed-document', 'manage-owner-needed-document', 'List owner needed documents', 'owner-management', NULL, 'manage-owner-needed-document', NULL, NULL, NULL, '2025-09-26 07:06:08', '2025-09-26 07:06:08'),
(147, 'add-owner-needed-document', 'add-owner-needed-document', 'Add Owner needed documents', 'owner-management', NULL, 'add-owner-needed-document', NULL, NULL, NULL, '2025-09-26 07:06:08', '2025-09-26 07:06:08'),
(148, 'edit-owner-needed-document', 'edit-owner-needed-document', 'Edit Owner needed documents', 'owner-management', NULL, 'edit-owner-needed-document', NULL, NULL, NULL, '2025-09-26 07:06:08', '2025-09-26 07:06:08'),
(149, 'delete-owner-needed-document', 'delete-owner-needed-document', 'Delete Owner needed documents', 'owner-management', NULL, 'delete-owner-needed-document', NULL, NULL, NULL, '2025-09-26 07:06:08', '2025-09-26 07:06:08'),
(150, 'toggle-owner-needed-document', 'toggle-owner-needed-document', 'toggle Owner needed document', 'owner-management', NULL, 'toggle-owner-needed-document', NULL, NULL, NULL, '2025-09-26 07:06:08', '2025-09-26 07:06:08'),
(151, 'view-support-management', 'view-support-management', 'View Support Ticket Management', 'support-management', NULL, 'support-management', NULL, NULL, NULL, '2025-09-26 07:06:08', '2025-09-26 07:06:08'),
(152, 'view-ticket-title', 'view-ticket-title', 'View ticket title', 'support-management', NULL, 'support-management', NULL, NULL, NULL, '2025-09-26 07:06:08', '2025-09-26 07:06:08'),
(153, 'add-ticket-title', 'add-ticket-title', 'Add ticket title', 'support-management', NULL, 'support-management', NULL, NULL, NULL, '2025-09-26 07:06:08', '2025-09-26 07:06:08'),
(154, 'edit-ticket-title', 'edit-ticket-title', 'Edit ticket title', 'support-management', NULL, 'support-management', NULL, NULL, NULL, '2025-09-26 07:06:08', '2025-09-26 07:06:08'),
(155, 'delete-ticket-title', 'delete-ticket-title', 'Delete ticket title', 'support-management', NULL, 'support-management', NULL, NULL, NULL, '2025-09-26 07:06:08', '2025-09-26 07:06:08'),
(156, 'toggle-ticket-title', 'toggle-ticket-title', 'Toggle ticket title', 'support-management', NULL, 'support-management', NULL, NULL, NULL, '2025-09-26 07:06:08', '2025-09-26 07:06:08'),
(157, 'view-support-ticket', 'view-support-ticket', 'View support ticket', 'support-management', NULL, 'support-management', NULL, NULL, NULL, '2025-09-26 07:06:08', '2025-09-26 07:06:08'),
(158, 'manage-fleet', 'manage-fleet', 'Manage fleets', 'owner-management', NULL, 'manage-fleet', NULL, NULL, NULL, '2025-09-26 07:06:08', '2025-09-26 07:06:08'),
(159, 'view-fleet', 'view-fleet', 'view fleets', 'owner-management', NULL, 'view-fleet', NULL, NULL, NULL, '2025-09-26 07:06:08', '2025-09-26 07:06:08'),
(160, 'add-fleet', 'add-fleet', 'Create new fleet', 'owner-management', NULL, 'add-fleet', NULL, NULL, NULL, '2025-09-26 07:06:08', '2025-09-26 07:06:08'),
(161, 'edit-fleet', 'edit-fleet', 'Edit fleet', 'owner-management', NULL, 'edit-fleet', NULL, NULL, NULL, '2025-09-26 07:06:08', '2025-09-26 07:06:08'),
(162, 'delete-fleet', 'delete-fleet', 'Delete fleet', 'owner-management', NULL, 'delete-fleet', NULL, NULL, NULL, '2025-09-26 07:06:08', '2025-09-26 07:06:08'),
(163, 'toggle-fleet', 'toggle-fleet', 'Change status of fleet', 'owner-management', NULL, 'toggle-fleet', NULL, NULL, NULL, '2025-09-26 07:06:08', '2025-09-26 07:06:08'),
(164, 'fleet-approval', 'fleet-approval', 'Change Approve status of fleet', 'owner-management', NULL, 'fleet-approval', NULL, NULL, NULL, '2025-09-26 07:06:08', '2025-09-26 07:06:08'),
(165, 'view-fleet-document', 'view-fleet-document', 'View Fleet Document', 'owner-management', NULL, 'view-fleet-document', NULL, NULL, NULL, '2025-09-26 07:06:08', '2025-09-26 07:06:08'),
(166, 'fleet-drivers-location-filter', 'fleet-drivers-location-filter', 'Get all drivers', 'owner-management', NULL, 'view-approved-drivers', NULL, NULL, NULL, '2025-09-26 07:06:08', '2025-09-26 07:06:08'),
(167, 'fleet-drivers-owner-filter', 'fleet-drivers-owner-filter', 'Get all drivers', 'owner-management', NULL, 'view-approved-drivers', NULL, NULL, NULL, '2025-09-26 07:06:08', '2025-09-26 07:06:08'),
(168, 'view-approved-fleet-drivers', 'view-approved-fleet-drivers', 'Get all approved drivers', 'owner-management', NULL, 'view-approved-fleet-drivers', NULL, NULL, NULL, '2025-09-26 07:06:08', '2025-09-26 07:06:08'),
(169, 'view-pending-fleet-drivers', 'view-pending-fleet-drivers', 'Get all blocked drivers', 'owner-management', NULL, 'view-pending-fleet-drivers', NULL, NULL, NULL, '2025-09-26 07:06:08', '2025-09-26 07:06:08'),
(170, 'add-fleet-drivers', 'add-fleet-drivers', 'add-fleet-drivers', 'owner-management', NULL, 'add-fleet-drivers', NULL, NULL, NULL, '2025-09-26 07:06:08', '2025-09-26 07:06:08'),
(171, 'edit-fleet-drivers', 'edit-fleet-drivers', 'edit-fleet-drivers', 'owner-management', NULL, 'edit-fleet-drivers', NULL, NULL, NULL, '2025-09-26 07:06:08', '2025-09-26 07:06:08'),
(172, 'approve-fleet-drivers', 'approve-fleet-drivers', 'toggle-fleet-drivers', 'owner-management', NULL, 'toggle-fleet-drivers', NULL, NULL, NULL, '2025-09-26 07:06:08', '2025-09-26 07:06:08'),
(173, 'delete-fleet-drivers', 'delete-fleet-drivers', 'delete-fleet-drivers', 'owner-management', NULL, 'delete-fleet-drivers', NULL, NULL, NULL, '2025-09-26 07:06:08', '2025-09-26 07:06:08'),
(174, 'view-fleet-driver-profile', 'view-fleet-driver-profile', 'view-fleet-driver-profile', 'owner-management', NULL, 'view-fleet-driver-profile', NULL, NULL, NULL, '2025-09-26 07:06:08', '2025-09-26 07:06:08'),
(175, 'fleet-driver-document-view', 'fleet-driver-document-view', 'fleet-driver-document-view', 'owner-management', NULL, 'fleet-driver-document-view', NULL, NULL, NULL, '2025-09-26 07:06:08', '2025-09-26 07:06:08'),
(176, 'add-fleet-driver-document', 'add-fleet-driver-document', 'fleet-driver-document-view', 'owner-management', NULL, 'add-fleet-driver-document', NULL, NULL, NULL, '2025-09-26 07:06:08', '2025-09-26 07:06:08'),
(177, 'edit-fleet-driver-document', 'edit-fleet-driver-document', 'fleet-driver-document-edit', 'owner-management', NULL, 'edit-fleet-driver-document', NULL, NULL, NULL, '2025-09-26 07:06:08', '2025-09-26 07:06:08'),
(178, 'delete-fleet-driver-document', 'delete-fleet-driver-document', 'fleet-driver-document-upload', 'owner-management', NULL, 'delete-fleet-driver-document', NULL, NULL, NULL, '2025-09-26 07:06:08', '2025-09-26 07:06:08'),
(179, 'toggle-fleet-driver-document', 'toggle-fleet-driver-document', 'fleet-driver-document-toggle', 'owner-management', NULL, 'toggle-fleet-driver-document', NULL, NULL, NULL, '2025-09-26 07:06:08', '2025-09-26 07:06:08'),
(180, 'trip-request-view', 'trip-request-view', 'trip request view lists', 'trip-request', NULL, 'trip-request-view', NULL, NULL, NULL, '2025-09-26 07:06:08', '2025-09-26 07:06:08'),
(181, 'ongoing-request-view', 'ongoing-request-view', 'ongoing request view lists', 'ongoing-request', NULL, 'ongoing-request-view', NULL, NULL, NULL, '2025-09-26 07:06:08', '2025-09-26 07:06:08'),
(182, 'delivery-request-view', 'delivery-request-view', 'trip request view lists', 'delivery-request', NULL, 'delivery-request-view', NULL, NULL, NULL, '2025-09-26 07:06:08', '2025-09-26 07:06:08'),
(183, 'manage-delivery-request', 'manage-delivery-request', 'trip request view lists', 'delivery-request', NULL, 'manage-delivery-request', NULL, NULL, NULL, '2025-09-26 07:06:08', '2025-09-26 07:06:08'),
(184, 'schedule-delivery-request-view', 'schedule-delivery-request-view', 'trip request view lists', 'delivery-request', NULL, 'schedule-delivery-request-view', NULL, NULL, NULL, '2025-09-26 07:06:08', '2025-09-26 07:06:08'),
(185, 'cancelled-delivery-request-view', 'cancelled-delivery-request-view', 'trip request view lists', 'delivery-request', NULL, 'cancelled-delivery-request-view', NULL, NULL, NULL, '2025-09-26 07:06:08', '2025-09-26 07:06:08'),
(186, 'manage-business-settings', 'manage-business-settings', 'business settings lists', 'business-settings', NULL, 'manage-business-settings', NULL, NULL, NULL, '2025-09-26 07:06:08', '2025-09-26 07:06:08'),
(187, 'general-settings-view', 'general-settings-view', 'general settings view lists', 'business-settings', NULL, 'general-settings-view', NULL, NULL, NULL, '2025-09-26 07:06:08', '2025-09-26 07:06:08'),
(188, 'transport-ride-settings-view', 'transport-ride-settings-view', 'transport ride settings view lists', 'business-settings', NULL, 'transport-ride-settings-view', NULL, NULL, NULL, '2025-09-26 07:06:08', '2025-09-26 07:06:08'),
(189, 'bid-ride-settings-view', 'bid-ride-settings-view', 'Bid ride settings view lists', 'business-settings', NULL, 'bid-ride-settings-view', NULL, NULL, NULL, '2025-09-26 07:06:08', '2025-09-26 07:06:08'),
(190, 'customization-settings-view', 'customization-settings-view', 'customization settings view lists', 'business-settings', NULL, 'customization-settings-view', NULL, NULL, NULL, '2025-09-26 07:06:08', '2025-09-26 07:06:08'),
(191, 'peak-zone-settings-view', 'peak-zone-settings-view', 'Peak Zone settings view', 'peak-zone-view', NULL, 'peak-zone-settings', NULL, NULL, NULL, '2025-09-26 07:06:08', '2025-09-26 07:06:08'),
(192, 'peak-zone-view', 'peak-zone-view', 'Peak Zone view', 'peak-zone-view', NULL, 'peak-zone', NULL, NULL, NULL, '2025-09-26 07:06:08', '2025-09-26 07:06:08'),
(193, 'peak-zone-map-view', 'peak-zone-map-view', 'Peak Zone Map view', 'peak-zone-view', NULL, 'peak-zone', NULL, NULL, NULL, '2025-09-26 07:06:08', '2025-09-26 07:06:08'),
(194, 'peak-zone-toggle', 'peak-zone-toggle', 'Toggle Peak Zone status', 'peak-zone-view', NULL, 'peak-zone', NULL, NULL, NULL, '2025-09-26 07:06:08', '2025-09-26 07:06:08'),
(195, 'delete-peak-zone', 'delete-peak-zone', 'Delete Peak Zone ', 'delete-peak-zone', NULL, 'peak-zone', NULL, NULL, NULL, '2025-09-26 07:06:08', '2025-09-26 07:06:08'),
(196, 'manage-app-settings', 'manage-app-settings', 'app settings lists', 'app-settings', NULL, 'manage-app-settings', NULL, NULL, NULL, '2025-09-26 07:06:08', '2025-09-26 07:06:08'),
(197, 'wallet-settings-view', 'wallet-settings-view', 'wallet settings view lists', 'app-settings', NULL, 'wallet-settings-view', NULL, NULL, NULL, '2025-09-26 07:06:08', '2025-09-26 07:06:08'),
(198, 'tip-settings-view', 'tip-settings-view', 'tips settings view lists', 'app-settings', NULL, 'tip-settings-view', NULL, NULL, NULL, '2025-09-26 07:06:08', '2025-09-26 07:06:08'),
(199, 'onboarding-screen-settings-view', 'onboarding-screen-settings-view', 'onboarding screen settings view lists', 'app-settings', NULL, 'onboarding-screen-settings-view', NULL, NULL, NULL, '2025-09-26 07:06:08', '2025-09-26 07:06:08'),
(200, 'toggle_onboarding', 'toggle_onboarding', 'toggle onboarding', 'app-settings', NULL, 'onboarding', NULL, NULL, NULL, '2025-09-26 07:06:08', '2025-09-26 07:06:08'),
(201, 'edit_onboarding', 'edit_onboarding', 'edit onboarding', 'app-settings', NULL, 'onboarding', NULL, NULL, NULL, '2025-09-26 07:06:08', '2025-09-26 07:06:08'),
(202, 'manage-third-party-settings', 'manage-third-party-settings', 'third party settings lists', 'third-party-settings', NULL, 'manage-third-party-settings', NULL, NULL, NULL, '2025-09-26 07:06:08', '2025-09-26 07:06:08'),
(203, 'payment-gateway-settings-view', 'payment-gateway-settings-view', 'payment gateway settings view lists', 'third-party-settings', NULL, 'payment-gateway-settings-view', NULL, NULL, NULL, '2025-09-26 07:06:08', '2025-09-26 07:06:08'),
(204, 'sms-gateway-settings-view', 'sms-gateway-settings-view', 'sms gateway settings view lists', 'third-party-settings', NULL, 'sms-gateway-settings-view', NULL, NULL, NULL, '2025-09-26 07:06:08', '2025-09-26 07:06:08'),
(205, 'firebase-settings-view', 'firebase-settings-view', 'firebase settings view lists', 'third-party-settings', NULL, 'firebase-settings-view', NULL, NULL, NULL, '2025-09-26 07:06:08', '2025-09-26 07:06:08'),
(206, 'map-settings-view', 'map-settings-view', 'map settings view lists', 'third-party-settings', NULL, 'map-settings-view', NULL, NULL, NULL, '2025-09-26 07:06:08', '2025-09-26 07:06:08'),
(207, 'mail-configuration-view', 'mail-configuration-view', 'mail configuration view lists', 'third-party-settings', NULL, 'mail-configuration-view', NULL, NULL, NULL, '2025-09-26 07:06:08', '2025-09-26 07:06:08'),
(208, 'recaptcha-view', 'recaptcha-view', 'recaptcha view lists', 'third-party-settings', NULL, 'recaptcha-view', NULL, NULL, NULL, '2025-09-26 07:06:08', '2025-09-26 07:06:08'),
(209, 'invoice-configuration-view', 'invoice-configuration-view', 'invoice configuration view lists', 'third-party-settings', NULL, 'invoice-configuration-view', NULL, NULL, NULL, '2025-09-26 07:06:08', '2025-09-26 07:06:08'),
(210, 'notification-channel-view', 'notification-channel-view', 'notification channel view lists', 'third-party-settings', NULL, 'notification-channel-view', NULL, NULL, NULL, '2025-09-26 07:06:08', '2025-09-26 07:06:08'),
(211, 'cms-landing-website', 'cms-landing-website', 'cms-landing-website', 'cms-landing-website', NULL, 'cms-landing-website', NULL, NULL, NULL, '2025-09-26 07:06:08', '2025-09-26 07:06:08'),
(212, 'header_footer', 'header_footer', 'header footer', 'cms-landing-website', NULL, 'header-footer', NULL, NULL, NULL, '2025-09-26 07:06:08', '2025-09-26 07:06:08'),
(213, 'add_header_footer', 'add_header_footer', 'Add header footer', 'cms-landing-website', NULL, 'header-footer', NULL, NULL, NULL, '2025-09-26 07:06:08', '2025-09-26 07:06:08'),
(214, 'edit_header_footer', 'edit_header_footer', 'Edit header footer', 'cms-landing-website', NULL, 'header-footer', NULL, NULL, NULL, '2025-09-26 07:06:08', '2025-09-26 07:06:08'),
(215, 'delete_header_footer', 'delete_header_footer', 'Delete header footer', 'cms-landing-website', NULL, 'header-footer', NULL, NULL, NULL, '2025-09-26 07:06:08', '2025-09-26 07:06:08'),
(216, 'landing_home', 'landing_home', 'landing home', 'cms-landing-website', NULL, 'landing-home', NULL, NULL, NULL, '2025-09-26 07:06:08', '2025-09-26 07:06:08'),
(217, 'add_landing_home', 'add_landing_home', 'Add landing home', 'cms-landing-website', NULL, 'landing-home', NULL, NULL, NULL, '2025-09-26 07:06:08', '2025-09-26 07:06:08'),
(218, 'edit_landing_home', 'edit_landing_home', 'Edit landing home', 'cms-landing-website', NULL, 'landing-home', NULL, NULL, NULL, '2025-09-26 07:06:08', '2025-09-26 07:06:08'),
(219, 'delete_landing_home', 'delete_landing_home', 'Delete landing home', 'cms-landing-website', NULL, 'landing-home', NULL, NULL, NULL, '2025-09-26 07:06:08', '2025-09-26 07:06:08'),
(220, 'landing_driver', 'landing_driver', 'landing driver', 'cms-landing-website', NULL, 'landing-driver', NULL, NULL, NULL, '2025-09-26 07:06:08', '2025-09-26 07:06:08'),
(221, 'add_landing_driver', 'add_landing_driver', 'Add landing driver', 'cms-landing-website', NULL, 'landing-driver', NULL, NULL, NULL, '2025-09-26 07:06:08', '2025-09-26 07:06:08'),
(222, 'edit_landing_driver', 'edit_landing_driver', 'Edit landing driver', 'cms-landing-website', NULL, 'landing-driver', NULL, NULL, NULL, '2025-09-26 07:06:08', '2025-09-26 07:06:08'),
(223, 'delete_landing_driver', 'delete_landing_driver', 'Delete landing driver', 'cms-landing-website', NULL, 'landing-driver', NULL, NULL, NULL, '2025-09-26 07:06:08', '2025-09-26 07:06:08'),
(224, 'landing_aboutus', 'landing_aboutus', 'landing aboutus', 'cms-landing-website', NULL, 'landing-aboutus', NULL, NULL, NULL, '2025-09-26 07:06:08', '2025-09-26 07:06:08'),
(225, 'add_landing_aboutus', 'add_landing_aboutus', 'Add landing aboutus', 'cms-landing-website', NULL, 'landing-aboutus', NULL, NULL, NULL, '2025-09-26 07:06:08', '2025-09-26 07:06:08'),
(226, 'edit_landing_aboutus', 'edit_landing_aboutus', 'Edit landing aboutus', 'cms-landing-website', NULL, 'landing-aboutus', NULL, NULL, NULL, '2025-09-26 07:06:08', '2025-09-26 07:06:08'),
(227, 'delete_landing_aboutus', 'delete_landing_aboutus', 'Delete landing aboutus', 'cms-landing-website', NULL, 'landing-aboutus', NULL, NULL, NULL, '2025-09-26 07:06:08', '2025-09-26 07:06:08'),
(228, 'landing_user', 'landing_user', 'landing user', 'cms-landing-website', NULL, 'landing-user', NULL, NULL, NULL, '2025-09-26 07:06:08', '2025-09-26 07:06:08'),
(229, 'add_landing_user', 'add_landing_user', 'Add landing user', 'cms-landing-website', NULL, 'landing-user', NULL, NULL, NULL, '2025-09-26 07:06:08', '2025-09-26 07:06:08'),
(230, 'edit_landing_user', 'edit_landing_user', 'Edit landing user', 'cms-landing-website', NULL, 'landing-user', NULL, NULL, NULL, '2025-09-26 07:06:08', '2025-09-26 07:06:08'),
(231, 'delete_landing_user', 'delete_landing_user', 'Delete landing user', 'cms-landing-website', NULL, 'landing-user', NULL, NULL, NULL, '2025-09-26 07:06:08', '2025-09-26 07:06:08'),
(232, 'landing_contact', 'landing_contact', 'landing contact', 'cms-landing-website', NULL, 'landing-contact', NULL, NULL, NULL, '2025-09-26 07:06:08', '2025-09-26 07:06:08'),
(233, 'add_landing_contact', 'add_landing_contact', 'Add landing user', 'cms-landing-website', NULL, 'landing-user', NULL, NULL, NULL, '2025-09-26 07:06:08', '2025-09-26 07:06:08'),
(234, 'edit_landing_contact', 'edit_landing_contact', 'Edit landing contact', 'cms-landing-website', NULL, 'landing-contact', NULL, NULL, NULL, '2025-09-26 07:06:08', '2025-09-26 07:06:08'),
(235, 'delete_landing_contact', 'delete_landing_contact', 'Delete landing contact', 'cms-landing-website', NULL, 'landing-contact', NULL, NULL, NULL, '2025-09-26 07:06:08', '2025-09-26 07:06:08'),
(236, 'landing_quicklinks', 'landing_quicklinks', 'landing quicklinks', 'cms-landing-website', NULL, 'landing-quicklinks', NULL, NULL, NULL, '2025-09-26 07:06:08', '2025-09-26 07:06:08'),
(237, 'add_landing_quicklinks', 'add_landing_quicklinks', 'Add landing quicklinks', 'cms-landing-website', NULL, 'landing-quicklinks', NULL, NULL, NULL, '2025-09-26 07:06:08', '2025-09-26 07:06:08'),
(238, 'edit_landing_quicklinks', 'edit_landing_quicklinks', 'Edit landing quicklinks', 'cms-landing-website', NULL, 'landing-quicklinks', NULL, NULL, NULL, '2025-09-26 07:06:08', '2025-09-26 07:06:08'),
(239, 'delete_landing_quicklinks', 'delete_landing_quicklinks', 'Delete landing quicklinks', 'cms-landing-website', NULL, 'landing-quicklinks', NULL, NULL, NULL, '2025-09-26 07:06:08', '2025-09-26 07:06:08'),
(240, 'masters', 'masters', 'masters', 'masters', NULL, 'masters', NULL, NULL, NULL, '2025-09-26 07:06:08', '2025-09-26 07:06:08'),
(241, 'languages', 'languages', 'languages', 'masters', NULL, 'languages', NULL, NULL, NULL, '2025-09-26 07:06:08', '2025-09-26 07:06:08'),
(242, 'add_languages', 'add_languages', 'Add languages', 'masters', NULL, 'languages', NULL, NULL, NULL, '2025-09-26 07:06:08', '2025-09-26 07:06:08'),
(243, 'delete_languages', 'delete_languages', 'delete languages', 'masters', NULL, 'languages', NULL, NULL, NULL, '2025-09-26 07:06:08', '2025-09-26 07:06:08'),
(244, 'browse_languages', 'browse_languages', 'Browse languages', 'masters', NULL, 'languages', NULL, NULL, NULL, '2025-09-26 07:06:08', '2025-09-26 07:06:08'),
(245, 'roles', 'roles', 'roles', 'masters', NULL, 'roles', NULL, NULL, NULL, '2025-09-26 07:06:08', '2025-09-26 07:06:08'),
(246, 'create_roles', 'create_roles', 'create roles', 'masters', NULL, 'roles', NULL, NULL, NULL, '2025-09-26 07:06:08', '2025-09-26 07:06:08'),
(247, 'edit_roles', 'edit_roles', 'Edit roles', 'masters', NULL, 'roles', NULL, NULL, NULL, '2025-09-26 07:06:08', '2025-09-26 07:06:08'),
(248, 'permissions_roles', 'permissions_roles', 'permissions roles', 'masters', NULL, 'roles', NULL, NULL, NULL, '2025-09-26 07:06:08', '2025-09-26 07:06:08'),
(249, 'delete_roles', 'delete_roles', 'delete roles', 'masters', NULL, 'roles', NULL, NULL, NULL, '2025-09-26 07:06:08', '2025-09-26 07:06:08'),
(250, 'dispatcher-dashboard', 'dispatcher-dashboard', 'dispatcher dashboard', 'dispatcher dashboard', NULL, 'dispatcher dashboard', NULL, NULL, NULL, '2025-09-26 07:06:08', '2025-09-26 07:06:08'),
(251, 'dispatcher-drivers', 'dispatcher-drivers', 'dispatcher drivers', 'dispatcher drivers', NULL, 'dispatcher drivers', NULL, NULL, NULL, '2025-09-26 07:06:08', '2025-09-26 07:06:08'),
(252, 'dispatcher-ride', 'dispatcher-ride', 'dispatcher ride', 'dispatcher ride', NULL, 'dispatcher ride', NULL, NULL, NULL, '2025-09-26 07:06:08', '2025-09-26 07:06:08'),
(253, 'dispatcher-ride-request', 'dispatcher-ride-request', 'dispatcher ride request', 'dispatcher ride request', NULL, 'dispatcher ride request', NULL, NULL, NULL, '2025-09-26 07:06:08', '2025-09-26 07:06:08'),
(254, 'dispatcher-ride-request-view', 'dispatcher-ride-request-view', 'dispatcher ride request view', 'dispatcher ride request', NULL, 'dispatcher ride request view', NULL, NULL, NULL, '2025-09-26 07:06:08', '2025-09-26 07:06:08'),
(255, 'dispatcher-ride-request-cancel', 'dispatcher-ride-request-cancel', 'dispatcher ride request cancel', 'dispatcher ride request', NULL, 'dispatcher ride request cancel', NULL, NULL, NULL, '2025-09-26 07:06:08', '2025-09-26 07:06:08'),
(256, 'dispatcher-ride-request-assign', 'dispatcher-ride-request-assign', 'dispatcher ride request assign', 'dispatcher ride request', NULL, 'dispatcher ride request assign', NULL, NULL, NULL, '2025-09-26 07:06:08', '2025-09-26 07:06:08'),
(257, 'dispatcher-ongoing-request', 'dispatcher-ongoing-request', 'dispatcher ongoing request', 'dispatcher ongoing request', NULL, 'dispatcher ongoing request', NULL, NULL, NULL, '2025-09-26 07:06:08', '2025-09-26 07:06:08'),
(258, 'dispatcher-ongoing-request-view', 'dispatcher-ongoing-request-view', 'dispatcher ongoing request view', 'dispatcher ongoing request', NULL, 'dispatcher ongoing request view', NULL, NULL, NULL, '2025-09-26 07:06:08', '2025-09-26 07:06:08'),
(259, 'dispatcher-ongoing-request-cancel', 'dispatcher-ongoing-request-cancel', 'dispatcher ongoing request cancel', 'dispatcher ongoing request', NULL, 'dispatcher ongoing request cancel', NULL, NULL, NULL, '2025-09-26 07:06:08', '2025-09-26 07:06:08'),
(260, 'dispatcher-ongoing-request-assign', 'dispatcher-ongoing-request-assign', 'dispatcher ongoing request assign', 'dispatcher ongoing request', NULL, 'dispatcher ongoing request assign', NULL, NULL, NULL, '2025-09-26 07:06:08', '2025-09-26 07:06:08'),
(261, 'manage-country', 'manage-country', 'View Country', 'settings', 'country', 'settings', 'country', NULL, NULL, '2025-09-26 07:06:08', '2025-09-26 07:06:08'),
(262, 'add-country', 'add-country', 'add Country', 'settings', 'country', 'settings', 'country', NULL, NULL, '2025-09-26 07:06:08', '2025-09-26 07:06:08'),
(263, 'edit-country', 'edit-country', 'edit country', 'settings', 'country', 'settings', 'country', NULL, NULL, '2025-09-26 07:06:08', '2025-09-26 07:06:08'),
(264, 'delete-country', 'delete-country', 'delete country', 'settings', 'country', 'settings', 'country', NULL, NULL, '2025-09-26 07:06:08', '2025-09-26 07:06:08'),
(265, 'toggle-country', 'toggle-country', 'toggle-country', 'settings', 'country', 'settings', 'country', NULL, NULL, '2025-09-26 07:06:08', '2025-09-26 07:06:08'),
(266, 'view-airport', 'view-airport', 'View all airport', 'price-management', NULL, 'airport', NULL, NULL, NULL, '2025-09-26 07:06:08', '2025-09-26 07:06:08'),
(267, 'Map-view-Airport', 'view-airport-map', 'map-view', 'price-management', NULL, 'airport', NULL, NULL, NULL, '2025-09-26 07:06:08', '2025-09-26 07:06:08'),
(268, 'Add-Airport', 'add-airport', 'Add airport', 'price-management', NULL, 'airport', NULL, NULL, NULL, '2025-09-26 07:06:08', '2025-09-26 07:06:08'),
(269, 'Edit-airport', 'edit-airport', 'Edit airport', 'price-management', NULL, 'airport', NULL, NULL, NULL, '2025-09-26 07:06:08', '2025-09-26 07:06:08'),
(270, 'Delete-Airport', 'delete-airport', 'Get all airport', 'price-management', NULL, 'airport', NULL, NULL, NULL, '2025-09-26 07:06:08', '2025-09-26 07:06:08'),
(271, 'Toggle-Airport', 'toggle-airport', 'Toggle Status Zones', 'price-management', NULL, 'airport', NULL, NULL, NULL, '2025-09-26 07:06:08', '2025-09-26 07:06:08'),
(272, 'web-create-booking', 'web-create-booking', 'Create Web Booking Ride', 'web_booking', NULL, 'web_booking', NULL, NULL, NULL, '2025-09-26 07:06:08', '2025-09-26 07:06:08'),
(273, 'view-web-profile', 'view-web-profile', 'View Web Booking Profile', 'web_booking', NULL, 'web_booking', NULL, NULL, NULL, '2025-09-26 07:06:08', '2025-09-26 07:06:08'),
(274, 'view-web-history', 'view-web-history', 'View Web booking Ride history', 'web_booking', NULL, 'web_booking', NULL, NULL, NULL, '2025-09-26 07:06:08', '2025-09-26 07:06:08'),
(275, 'view-web-history-detail', 'view-web-history-detail', 'View Web booking Ride history In Detail', 'web_booking', NULL, 'web_booking', NULL, NULL, NULL, '2025-09-26 07:06:08', '2025-09-26 07:06:08'),
(276, 'view-web-support', 'view-web-support', 'View Support Tickets', 'web_booking', NULL, 'web_booking', NULL, NULL, NULL, '2025-09-26 07:06:08', '2025-09-26 07:06:08'),
(277, 'create-web-support-ticket', 'create-web-support-ticket', 'Create Support Ticket', 'web_booking', NULL, 'web_booking', NULL, NULL, NULL, '2025-09-26 07:06:08', '2025-09-26 07:06:08'),
(278, 'view-web-support-ticket-detail', 'view-web-support-ticket-detail', 'View Support Ticket Detail in Web Booking', 'web_booking', NULL, 'web_booking', NULL, NULL, NULL, '2025-09-26 07:06:08', '2025-09-26 07:06:08'),
(279, 'app_modules_view', 'app_modules_view', 'View App Module', 'settings', 'app_modules_view', 'settings', NULL, NULL, NULL, '2025-09-26 07:06:08', '2025-09-26 07:06:08'),
(280, 'add_app_modules', 'add_app_modules', 'add App Module', 'settings', 'add_app_modules', 'settings', NULL, NULL, NULL, '2025-09-26 07:06:08', '2025-09-26 07:06:08');
INSERT INTO `permissions` (`id`, `slug`, `name`, `description`, `main_menu`, `sub_menu`, `main_link`, `sub_link`, `sort`, `icon`, `created_at`, `updated_at`) VALUES
(281, 'toggle_app_modules', 'toggle_app_modules', 'Toggle App Module', 'settings', NULL, 'settings', NULL, NULL, NULL, '2025-09-26 07:06:08', '2025-09-26 07:06:08'),
(282, 'edit_app_modules', 'edit_app_modules', 'Edit App Module', 'edit_app_modules', NULL, 'settings', NULL, NULL, NULL, '2025-09-26 07:06:08', '2025-09-26 07:06:08'),
(283, 'delete_app_modules', 'delete_app_modules', 'Delete App Module', 'delete_app_modules', NULL, 'settings', NULL, NULL, NULL, '2025-09-26 07:06:08', '2025-09-26 07:06:08'),
(284, 'preference_view', 'preference_view', 'View Preference', 'others', 'preference_view', 'preference_view', NULL, NULL, NULL, '2025-09-26 07:06:08', '2025-09-26 07:06:08'),
(285, 'create_preference', 'add_preference', 'add Preference', 'others', 'add_preference', 'add_preference', NULL, NULL, NULL, '2025-09-26 07:06:08', '2025-09-26 07:06:08'),
(286, 'toggle_preference', 'toggle_preference', 'Toggle Preference', 'others', NULL, 'toggle_preference', NULL, NULL, NULL, '2025-09-26 07:06:08', '2025-09-26 07:06:08'),
(287, 'edit_preference', 'edit_preference', 'Edit Preference', 'edit_preference', NULL, 'edit_preference', NULL, NULL, NULL, '2025-09-26 07:06:08', '2025-09-26 07:06:08'),
(288, 'delete_preference', 'delete_preference', 'Delete Preference', 'others', NULL, 'delete_preference', NULL, NULL, NULL, '2025-09-26 07:06:08', '2025-09-26 07:06:08'),
(289, 'bulk_upload', 'bulk_upload', 'Bulk upload', 'masters', 'bulk_upload', 'bulk_upload', NULL, NULL, NULL, '2025-09-26 07:06:08', '2025-09-26 07:06:08'),
(290, 'upload_bulk_file', 'upload_bulk_file', 'upload bulk file', 'masters', 'upload_bulk_file', 'upload_bulk_file', NULL, NULL, NULL, '2025-09-26 07:06:08', '2025-09-26 07:06:08'),
(291, 'download_bulk_file', 'download_bulk_file', 'download bulk file', 'masters', NULL, 'download_bulk_file', NULL, NULL, NULL, '2025-09-26 07:06:08', '2025-09-26 07:06:08'),
(292, 'reupload_bulk_file', 'reupload_bulk_file', 'reupload_bulk_file', 'masters', NULL, 'reupload_bulk_file', NULL, NULL, NULL, '2025-09-26 07:06:08', '2025-09-26 07:06:08'),
(293, 'driver_bulk_upload', 'driver_bulk_upload', 'Driver Bulk upload', 'drivers-management', 'driver_bulk_upload', 'driver_bulk_upload', NULL, NULL, NULL, '2025-09-26 07:06:08', '2025-09-26 07:06:08'),
(294, 'driver_upload_bulk_file', 'driver_upload_bulk_file', 'driver upload bulk file', 'drivers-management', 'driver_upload_bulk_file', 'driver_upload_bulk_file', NULL, NULL, NULL, '2025-09-26 07:06:08', '2025-09-26 07:06:08'),
(295, 'driver_download_bulk_file', 'driver_download_bulk_file', 'driver download bulk file', 'drivers-management', NULL, 'driver_download_bulk_file', NULL, NULL, NULL, '2025-09-26 07:06:08', '2025-09-26 07:06:08'),
(296, 'driver_reupload_bulk_file', 'driver_reupload_bulk_file', 'driver reupload_bulk_file', 'drivers-management', NULL, 'driver_reupload_bulk_file', NULL, NULL, NULL, '2025-09-26 07:06:08', '2025-09-26 07:06:08');

-- --------------------------------------------------------

--
-- Table structure for table `permission_role`
--

CREATE TABLE `permission_role` (
  `role_id` int(10) UNSIGNED NOT NULL,
  `permission_id` int(10) UNSIGNED NOT NULL
) ENGINE=InnoDB DEFAULT CHARSET=utf8mb4 COLLATE=utf8mb4_unicode_ci;

--
-- Dumping data for table `permission_role`
--

INSERT INTO `permission_role` (`role_id`, `permission_id`) VALUES
(2, 272),
(2, 273),
(2, 274),
(2, 275),
(2, 276),
(2, 277),
(2, 278),
(3, 1),
(3, 2),
(3, 6),
(3, 8),
(3, 130),
(3, 136),
(3, 137),
(3, 158),
(3, 159),
(3, 160),
(3, 161),
(3, 162),
(3, 163),
(3, 164),
(3, 165),
(3, 168),
(3, 169),
(3, 170),
(3, 171),
(3, 172),
(3, 173),
(3, 174),
(3, 176),
(3, 177),
(3, 178),
(3, 179),
(3, 180),
(5, 250),
(5, 251),
(5, 252),
(5, 253),
(5, 254),
(5, 255),
(5, 256),
(5, 257),
(5, 258),
(5, 259),
(5, 260),
(6, 2),
(6, 151),
(6, 157),
(7, 1),
(7, 2),
(7, 3),
(7, 4),
(7, 5),
(7, 6),
(7, 7),
(7, 8),
(7, 9),
(7, 10),
(7, 11),
(7, 12),
(7, 13),
(7, 14),
(7, 15),
(7, 16),
(7, 17),
(7, 18),
(7, 19),
(7, 20),
(7, 21),
(7, 22),
(7, 24),
(7, 25),
(7, 26),
(7, 27),
(7, 28),
(7, 29),
(7, 30),
(7, 31),
(7, 32),
(7, 33),
(7, 34),
(7, 35),
(7, 36),
(7, 37),
(7, 38),
(7, 39),
(7, 40),
(7, 41),
(7, 42),
(7, 43),
(7, 44),
(7, 45),
(7, 46),
(7, 47),
(7, 48),
(7, 49),
(7, 50),
(7, 51),
(7, 52),
(7, 53),
(7, 54),
(7, 55),
(7, 56),
(7, 57),
(7, 58),
(7, 59),
(7, 60),
(7, 61),
(7, 62),
(7, 63),
(7, 64),
(7, 65),
(7, 66),
(7, 67),
(7, 68),
(7, 69),
(7, 70),
(7, 71),
(7, 72),
(7, 73),
(7, 74),
(7, 75),
(7, 76),
(7, 77),
(7, 78),
(7, 79),
(7, 80),
(7, 81),
(7, 82),
(7, 83),
(7, 84),
(7, 85),
(7, 86),
(7, 87),
(7, 88),
(7, 89),
(7, 90),
(7, 91),
(7, 92),
(7, 93),
(7, 94),
(7, 95),
(7, 96),
(7, 97),
(7, 98),
(7, 99),
(7, 100),
(7, 101),
(7, 102),
(7, 103),
(7, 104),
(7, 105),
(7, 106),
(7, 107),
(7, 108),
(7, 109),
(7, 110),
(7, 111),
(7, 112),
(7, 113),
(7, 114),
(7, 115),
(7, 116),
(7, 117),
(7, 118),
(7, 119),
(7, 120),
(7, 121),
(7, 122),
(7, 123),
(7, 124),
(7, 125),
(7, 126),
(7, 127),
(7, 128),
(7, 129),
(7, 130),
(7, 131),
(7, 132),
(7, 133),
(7, 134),
(7, 135),
(7, 136),
(7, 137),
(7, 138),
(7, 139),
(7, 140),
(7, 141),
(7, 142),
(7, 143),
(7, 144),
(7, 145),
(7, 146),
(7, 147),
(7, 148),
(7, 149),
(7, 150),
(7, 151),
(7, 152),
(7, 153),
(7, 154),
(7, 155),
(7, 156),
(7, 157),
(7, 158),
(7, 159),
(7, 160),
(7, 161),
(7, 162),
(7, 163),
(7, 164),
(7, 165),
(7, 166),
(7, 167),
(7, 168),
(7, 169),
(7, 170),
(7, 171),
(7, 172),
(7, 173),
(7, 174),
(7, 175),
(7, 176),
(7, 177),
(7, 178),
(7, 179),
(7, 180),
(7, 181),
(7, 182),
(7, 183),
(7, 184),
(7, 185),
(7, 186),
(7, 187),
(7, 188),
(7, 189),
(7, 190),
(7, 191),
(7, 192),
(7, 193),
(7, 194),
(7, 195),
(7, 196),
(7, 197),
(7, 198),
(7, 199),
(7, 200),
(7, 201),
(7, 202),
(7, 203),
(7, 204),
(7, 205),
(7, 206),
(7, 207),
(7, 208),
(7, 209),
(7, 210),
(7, 211),
(7, 212),
(7, 213),
(7, 214),
(7, 215),
(7, 216),
(7, 217),
(7, 218),
(7, 219),
(7, 220),
(7, 221),
(7, 222),
(7, 223),
(7, 224),
(7, 225),
(7, 226),
(7, 227),
(7, 228),
(7, 229),
(7, 230),
(7, 231),
(7, 232),
(7, 233),
(7, 234),
(7, 235),
(7, 236),
(7, 237),
(7, 238),
(7, 239),
(7, 240),
(7, 241),
(7, 242),
(7, 243),
(7, 244),
(7, 245),
(7, 246),
(7, 247),
(7, 248),
(7, 249),
(7, 250),
(7, 251),
(7, 252),
(7, 253),
(7, 254),
(7, 255),
(7, 256),
(7, 257),
(7, 258),
(7, 259),
(7, 260),
(7, 261),
(7, 262),
(7, 263),
(7, 264),
(7, 265),
(7, 266),
(7, 267),
(7, 268),
(7, 269),
(7, 270),
(7, 271),
(7, 279),
(7, 280),
(7, 281),
(7, 282),
(7, 283),
(7, 284),
(7, 285),
(7, 286),
(7, 287),
(7, 288),
(7, 289),
(7, 290),
(7, 291),
(7, 292),
(7, 293),
(7, 294),
(7, 295),
(7, 296);

-- --------------------------------------------------------

--
-- Table structure for table `poc_clients`
--

CREATE TABLE `poc_clients` (
  `id` char(36) NOT NULL,
  `project_id` int(10) UNSIGNED NOT NULL,
  `user_id` int(10) UNSIGNED NOT NULL,
  `created_at` timestamp NULL DEFAULT NULL,
  `updated_at` timestamp NULL DEFAULT NULL
) ENGINE=InnoDB DEFAULT CHARSET=utf8mb4 COLLATE=utf8mb4_unicode_ci;

-- --------------------------------------------------------

--
-- Table structure for table `preferences`
--

CREATE TABLE `preferences` (
  `id` int(10) UNSIGNED NOT NULL,
  `name` varchar(191) DEFAULT NULL,
  `icon` varchar(191) DEFAULT NULL,
  `active` tinyint(1) NOT NULL DEFAULT 1,
  `created_at` timestamp NULL DEFAULT NULL,
  `updated_at` timestamp NULL DEFAULT NULL
) ENGINE=InnoDB DEFAULT CHARSET=utf8mb4 COLLATE=utf8mb4_unicode_ci;

-- --------------------------------------------------------

--
-- Table structure for table `preference_prices`
--

CREATE TABLE `preference_prices` (
  `id` int(10) UNSIGNED NOT NULL,
  `zone_type_id` char(36) NOT NULL,
  `preference_id` int(10) UNSIGNED NOT NULL,
  `price` double(10,2) NOT NULL DEFAULT 0.00,
  `created_at` timestamp NULL DEFAULT NULL,
  `updated_at` timestamp NULL DEFAULT NULL
) ENGINE=InnoDB DEFAULT CHARSET=utf8mb4 COLLATE=utf8mb4_unicode_ci;

-- --------------------------------------------------------

--
-- Table structure for table `pre_payment_datas`
--

CREATE TABLE `pre_payment_datas` (
  `id` char(36) NOT NULL,
  `driver_id` int(10) UNSIGNED NOT NULL,
  `request_id` char(36) NOT NULL,
  `card_number` varchar(191) DEFAULT NULL,
  `payment_opt` varchar(191) DEFAULT NULL,
  `amount` double(10,2) NOT NULL DEFAULT 0.00,
  `driver_commission` double(10,2) NOT NULL DEFAULT 0.00,
  `created_at` timestamp NULL DEFAULT NULL,
  `updated_at` timestamp NULL DEFAULT NULL
) ENGINE=InnoDB DEFAULT CHARSET=utf8mb4 COLLATE=utf8mb4_unicode_ci;

-- --------------------------------------------------------

--
-- Table structure for table `projects`
--

CREATE TABLE `projects` (
  `id` int(10) UNSIGNED NOT NULL,
  `project_name` varchar(191) NOT NULL,
  `poc_name` varchar(191) DEFAULT NULL,
  `poc_email` varchar(191) DEFAULT NULL,
  `active` tinyint(1) NOT NULL DEFAULT 1,
  `created_at` timestamp NULL DEFAULT NULL,
  `updated_at` timestamp NULL DEFAULT NULL
) ENGINE=InnoDB DEFAULT CHARSET=utf8mb4 COLLATE=utf8mb4_unicode_ci;

-- --------------------------------------------------------

--
-- Table structure for table `project_flavours`
--

CREATE TABLE `project_flavours` (
  `id` int(10) UNSIGNED NOT NULL,
  `project_id` int(10) UNSIGNED NOT NULL,
  `flavour_name` varchar(191) NOT NULL,
  `app_name` varchar(191) NOT NULL,
  `bundle_identifier` varchar(191) NOT NULL,
  `created_at` timestamp NULL DEFAULT NULL,
  `updated_at` timestamp NULL DEFAULT NULL
) ENGINE=InnoDB DEFAULT CHARSET=utf8mb4 COLLATE=utf8mb4_unicode_ci;

-- --------------------------------------------------------

--
-- Table structure for table `promo`
--

CREATE TABLE `promo` (
  `id` char(36) NOT NULL,
  `transport_type` enum('taxi','delivery','both') DEFAULT NULL,
  `service_location_id` char(36) DEFAULT NULL,
  `code` varchar(191) NOT NULL,
  `user_specific` tinyint(1) NOT NULL DEFAULT 0,
  `minimum_trip_amount` int(11) NOT NULL DEFAULT 0,
  `maximum_discount_amount` int(11) NOT NULL DEFAULT 0,
  `discount_percent` int(11) NOT NULL DEFAULT 0,
  `total_uses` int(11) NOT NULL DEFAULT 0,
  `uses_per_user` int(11) NOT NULL DEFAULT 0,
  `from` datetime NOT NULL,
  `to` datetime NOT NULL,
  `active` tinyint(1) NOT NULL DEFAULT 1,
  `created_at` timestamp NULL DEFAULT NULL,
  `updated_at` timestamp NULL DEFAULT NULL
) ENGINE=InnoDB DEFAULT CHARSET=utf8mb4 COLLATE=utf8mb4_unicode_ci;

--
-- Dumping data for table `promo`
--

INSERT INTO `promo` (`id`, `transport_type`, `service_location_id`, `code`, `user_specific`, `minimum_trip_amount`, `maximum_discount_amount`, `discount_percent`, `total_uses`, `uses_per_user`, `from`, `to`, `active`, `created_at`, `updated_at`) VALUES
('b985946f-87f3-4843-ae5a-bf74e52f1d2a', 'both', 'c70dfe2a-a3ca-40c6-a16f-9b05d039715f', 'OFF10', 0, 50, 500, 5, 1, 1000, '2025-11-06 00:00:00', '2026-12-01 23:59:59', 1, '2025-09-26 10:39:44', '2025-11-06 10:38:57');

-- --------------------------------------------------------

--
-- Table structure for table `promo_code_users`
--

CREATE TABLE `promo_code_users` (
  `id` int(10) UNSIGNED NOT NULL,
  `promo_code_id` char(36) NOT NULL,
  `user_id` int(10) UNSIGNED DEFAULT NULL,
  `service_location_id` char(36) NOT NULL,
  `created_at` timestamp NULL DEFAULT NULL,
  `updated_at` timestamp NULL DEFAULT NULL
) ENGINE=InnoDB DEFAULT CHARSET=utf8mb4 COLLATE=utf8mb4_unicode_ci;

-- --------------------------------------------------------

--
-- Table structure for table `promo_users`
--

CREATE TABLE `promo_users` (
  `id` int(10) UNSIGNED NOT NULL,
  `promo_code_id` char(36) NOT NULL,
  `user_id` int(10) UNSIGNED NOT NULL,
  `request_id` char(36) NOT NULL,
  `created_at` timestamp NULL DEFAULT NULL,
  `updated_at` timestamp NULL DEFAULT NULL
) ENGINE=InnoDB DEFAULT CHARSET=utf8mb4 COLLATE=utf8mb4_unicode_ci;

-- --------------------------------------------------------

--
-- Table structure for table `recent_searches`
--

CREATE TABLE `recent_searches` (
  `id` int(10) UNSIGNED NOT NULL,
  `user_id` int(10) UNSIGNED DEFAULT NULL,
  `transport_type` varchar(191) DEFAULT NULL,
  `pick_lat` double(15,8) DEFAULT NULL,
  `pick_lng` double(15,8) DEFAULT NULL,
  `drop_lat` double(15,8) DEFAULT NULL,
  `drop_lng` double(15,8) DEFAULT NULL,
  `pick_address` text DEFAULT NULL,
  `pick_short_address` varchar(191) DEFAULT NULL,
  `drop_address` text DEFAULT NULL,
  `drop_short_address` varchar(191) DEFAULT NULL,
  `pickup_poc_name` varchar(191) DEFAULT NULL,
  `pickup_poc_mobile` varchar(14) DEFAULT NULL,
  `pickup_poc_instruction` varchar(14) DEFAULT NULL,
  `drop_poc_name` varchar(14) DEFAULT NULL,
  `drop_poc_mobile` varchar(14) DEFAULT NULL,
  `drop_poc_instruction` varchar(191) DEFAULT NULL,
  `total_distance` double(15,2) NOT NULL DEFAULT 0.00,
  `total_time` double(15,2) NOT NULL DEFAULT 0.00,
  `poly_line` longtext DEFAULT NULL,
  `created_at` timestamp NULL DEFAULT NULL,
  `updated_at` timestamp NULL DEFAULT NULL
) ENGINE=InnoDB DEFAULT CHARSET=utf8mb4 COLLATE=utf8mb4_unicode_ci;

--
-- Dumping data for table `recent_searches`
--

INSERT INTO `recent_searches` (`id`, `user_id`, `transport_type`, `pick_lat`, `pick_lng`, `drop_lat`, `drop_lng`, `pick_address`, `pick_short_address`, `drop_address`, `drop_short_address`, `pickup_poc_name`, `pickup_poc_mobile`, `pickup_poc_instruction`, `drop_poc_name`, `drop_poc_mobile`, `drop_poc_instruction`, `total_distance`, `total_time`, `poly_line`, `created_at`, `updated_at`) VALUES
(1, 20, 'taxi', 19.23842690, 73.12888720, 19.15822240, 73.11572290, 'Kalyan Station Road, Bhanunagar Kalyan(West), Narayan Peth, Bhoiwada, Kalyan, Maharashtra, India', 'Kalyan Station Road', 'Casa Clara J Wing, 2, Downtown, Palava City, Antarli, Maharashtra, India', 'Casa Clara J Wing', NULL, NULL, NULL, NULL, NULL, NULL, 13264.00, 40.50, 'eoltBq~i}LKx@U^kBx@`BjCzB`EpAbCf@j@HCJHBNbE~Ch@h@j@v@f@nAxAzEbArCVh@pFhHlAvA^Tt@V`@?nDWVMRQVo@`@iAPYt@s@fHmG\\c@rCaCjBiA`BaAAwAPqGJe@R]FGhA[bEy@vBY\\IhDi@DMLCLD~BBpCAh@MnBw@TM|CqAhAc@`FuB~CyAhCeAzCsAlAe@`HsC`NeG~CkAtJoCdKyC|@YrFaBjAa@rDgAnD}AvMeEn@SN?jDaAfA]dAWRQpBo@jHmBrDiArBe@xAMhIc@fDSpJCx@L|B?~@AhBFxBPvUnAvCRnCDn@El@[f@g@~BkD~CaEfA_B~D_FLCb@xJn@|H\\hF^vEZvCR`DN~C~ApU~@nLb@vEZxEVlDTnEbBjThArLZpCf@~C`A`FjA`GPv@n@HZJdAAx@ErC[rAQnFi@rDe@jN{AAjKnCH\\DzQ?jGC`FBl@KfC_@jB[XK`Cg@bDg@vAMr@EhH_ABkG', '2025-10-03 06:26:45', '2025-10-03 06:26:45'),
(2, 20, 'personal', 19.23842690, 73.12888720, 19.01234560, 72.98765430, 'Sample Pickup Address', 'Short Address', 'Sample Drop Address', 'Short Drop Address', NULL, NULL, NULL, NULL, NULL, NULL, 10.50, 30.00, 'encoded_polyline_string_here', '2025-10-03 06:30:23', '2025-10-03 06:30:23'),
(3, 2, 'taxi', 21.22418997, 72.88941924, 21.22237289, 72.89107315, '49-50, opp. Amidhara Society, Amardeep Society, Moti Nagar, Nana Varachha, Surat, Gujarat 395013, India', '49-50', '49-50, opp. Amidhara Society, Amardeep Society, Moti Nagar, Nana Varachha, Surat, Gujarat 395013, India', '49-50', NULL, NULL, NULL, NULL, NULL, NULL, 460.00, 1.90, 'ajp`Caf{{LFH@NGLSBMQ?OgAqGnBk@d@ElFoALr@', '2025-10-06 11:00:22', '2025-10-06 11:00:22'),
(4, 2, 'taxi', 21.23000488, 72.90089674, 21.22349302, 72.89979436, '65, RUXMANI SOCIETY, Nana Varachha, Surat, Gujarat 395013, India', '65', '128, Swaminarayan Nagar-1, Nana Varachha, Surat, Gujarat 395013, India', '128', NULL, NULL, NULL, NULL, NULL, NULL, 913.00, 3.30, 'inq`Cum}{LP|@pCfLbM{A`Eg@dHsA~B[p@GNC', '2025-10-07 13:20:50', '2025-10-07 13:20:50'),
(5, 20, 'taxi', 23.16467840, 79.95165540, 23.18298790, 80.05692550, 'Jabalpur railway station, Madhya Pradesh State Highway 22, Tagore Railway Colony, South Civil Lines, Jabalpur, Madhya Pradesh, India', 'Jabalpur railway station', 'Jabalpur Airport, Airport Area, Khamaria, Dumna, Madhya Pradesh, India', 'Jabalpur Airport', NULL, NULL, NULL, NULL, NULL, NULL, 14257.00, 25.00, 'wiklCcq~fNoAmDe@qAYm@Qg@fBw@zDkBkAiCIIw@sBc@ASOKY@YLWTKXATJBBn@a@d@q@hDsFh@qAf@gBf@aCNyAPqEHyEAMBEV_INwBN{DIKBKJC?uMJcEJqAJyCh@cFdAeGCKFIHBBFrFXP}@^yDFgC@sAHyAR}A`@qBTg@H]Ds@?}CB[OwEYwDc@kAo@}AcEmKoAkDs@sCuAeDKMsAu@e@g@iAuAcA_AwA_AuBeBcAaA]a@c@{@yAgD[cAe@oBQ]sA_C]oAWk@mAeBqB{CiB{Bg@_@iF}CcDcE}BoDM[Ea@IkAMEAOFML?HJ?Fh@PrAbAfBfB^T\\HVBrAAZGf@UDy@g@gBQ_@m@e@aCaBs@q@Yc@a@wB}A{IgAuHEoA@_JCk@Qq@cA_Du@mBGc@@s@Bo@f@}EaAcGuA_ISs@QYkD{B]YW[_KmQ[_@e@]yCcBy@k@_@e@O_@Qm@mBcKOq@qBgGW{@i@gCSeBKo@}AyGwAwCQy@?[B_@lAkFL_AD{AOk@gBwEWa@OSiBqAkFsDqCqBe@e@kA{A}AyCcA_C{A}BoEcGcCeDqAoByAyCKc@@]hAmDDg@Eq@cB}I}BmICk@B[dAwC~@aC~@wCDc@Ei@M_@iLiZgEaK]_AKi@?YMIESDQLKR?@@dAa@zQoKd@]HMDSNMR?HDhAm@RSLg@Dg@C[{BwE_AoB?KNOpEiCCOwGoNxIMbABvCK~CpH', '2025-10-08 05:16:25', '2025-10-08 05:16:25'),
(6, 20, 'taxi', 23.18740720, 79.90511190, 23.20500170, 79.90392300, 'Vijay Nagar, Jabalpur, Madhya Pradesh, India', 'Vijay Nagar', 'Karmeta, Jabalpur, Madhya Pradesh, India', 'Karmeta', NULL, NULL, NULL, NULL, NULL, NULL, 3085.00, 9.40, 'gxolC_nufN}As@gBcAsJgF{CkBqAq@nDqIpAwCl@aBf@kAgAc@iBcAkAi@kCwAiCwAsGgCe@KyGbOgFnLeChFKCQBkAp@{KpDgKpDkA^_F`BkAXcGxBSF', '2025-10-08 05:20:58', '2025-10-08 05:20:58'),
(7, 20, 'taxi', 19.15822240, 73.11572290, 19.23618660, 73.13139510, 'Casa Clara J Wing, 2, Downtown, Palava City, Antarli, Maharashtra, India', 'Casa Clara J Wing', 'Kalyan station, Station Rd, Bhoiwada, Kalyan, Maharashtra, India', 'Kalyan station', NULL, NULL, NULL, NULL, NULL, NULL, 13791.00, 44.50, 'wy|sBglg}LCjGBTkFv@}@J_BHoEl@cCf@WHqB^uDj@yXEsCBwBACNkDjDsC|CwE`FCNIHM?qAhAsE~Ee@Vq@NmBXyBf@~F|[d@rCpB~JOZOHYH_@Pg@?g@C{AJUBgA`@gKhDu@XmAXo@Dm@NMFIRWf@]jAM~@FXBf@Q`DSzHSxAOh@e@jAi@v@iA~@i@n@g@bAoGnNo@bBcA~BIRoBw@wFkAo@QyAk@kCoAiFqBkBcAy@w@qBmAu@k@QS}JyGiLsHaDkBkLkHwNoJkA_A_EsD_EeE_I{HUYuGiGuByB}MwMqHkHkFiFcBeBmD}DcEgEaF}EwByBiF}DcGgEqBcByBwAgAy@q@k@{@c@{GqF_CyBaAw@oBeAiAy@oAeAk@]SIu@MyFY[Am@Uq@e@iAmAq@g@KGCKw@iAm@c@_DgA{@QwFu@o@Ag@Fa@HCJK@EAmEvC_At@eHhGsCbCW`@c@dBSb@YXKBuEZk@Ks@_@g@g@gAsAiBaCuBmCc@s@k@aB}B{Hc@u@s@{@g@e@oDcCOCGM?Gs@_AyCsFiCkEgAuB]e@UO_@e@MCEI@MFIJAr@q@l@y@t@sAl@}Ax@kCNBnIu@f@Kj@h@Xt@', '2025-10-08 10:03:20', '2025-10-08 10:03:20'),
(8, 2, 'taxi', 19.15822180, 73.11572157, 19.15419418, 73.11307188, 'Casa Urbano Q 606, Downtown,Palava phase, 2, Antarli, Maharashtra 421204, India', 'Casa Urbano Q 606', 'Cluster_thane_168  Antarli, Maharashtra 421204, India', 'Cluster_thane_168  Antarli', NULL, NULL, NULL, NULL, NULL, NULL, 815.00, 3.60, 'wy|sBglg}LCjGbHgAfF@PGfBy@bBu@DPKFBX@hK', '2025-10-09 11:03:35', '2025-10-09 11:03:35'),
(9, 2, 'taxi', 19.15822180, 73.11572157, 21.17024007, 72.83106074, 'Casa Urbano Q 606, Downtown,Palava phase, 2, Antarli, Maharashtra 421204, India', 'Casa Urbano Q 606', '7, VIP Rd, Laxmi Nagar, Udhana, Surat, Gujarat 395002, India', '7', NULL, NULL, NULL, NULL, NULL, NULL, 404676.00, 521.10, 'wy|sBglg}LCjGBTkFv@}@J_BHoEl@cCf@WHqB^uDj@yXEsCBwBACNkDjDcChCORwE`FCNIHM?qAhAsE~Ee@Vq@NmBXyBf@~F|[d@rCpB~JOZOHYH_@Pg@?g@C{AJUBgA`@gKhDu@XmAXo@Dm@NMFIRWf@]jAM~@FXBf@Q`DSzHSxAOh@e@jAi@v@iA~@i@n@g@bAoGnNo@bBcA~BIRoBw@wFkAo@QyAk@kCoAiFqBkBcAy@w@qBmAu@k@QS}JyGiLsHaDkBkLkHwNoJkA_A_EsD_EeE_I{HUYuGiGuByB}MwMqHkHkFiFcBeBmD}DcEgEaF}EwByBiF}DcGgEqBcByBwAgAy@q@k@{@c@{GqF_CyBaAw@oBeAiAy@oAeAk@]SIu@MyFY[Am@Uq@e@iAmAq@g@KGCKw@iAm@c@_DgA{@QwFu@o@Ag@Fa@HCJK@EAmEvC_At@eHhGsCbCW`@c@dBSb@YXKBuEZk@Ks@_@g@g@y@aAqAr@k@`@{Az@_DlB}@j@cAv@sA^mGx@_CVm@HiCFy@EyDa@cDKSBo@XaAZiDB_ACc@Ka@Q[Yq@gAe@WSGG@aBSQGWYYa@Wi@q@s@oAw@o@[{@E]L?NJnA`Ej^JtBIpCUtF]zFU`CW~@sAvCuB~DkCvFiDzF{A`CS\\aEbJ_BhDoEjIs@lAcArBgDxDaC~BcIpHyJpJcC|BkDrCiErDiBfB_JtLgBvBwD|DQTwBrBiCxAo@ZaGdDo@ZuBrAkK~I_@XsIcO_ByCg@iAHK{AcCg@gAoHyN}BaFyBqE{MyV}EcJ{L_U}EiHsCwDw@y@uAqAsCwByF}D}A{@gD}AuFwBa@M_Cw@cCq@_Eu@uC[sCU_HQcB?uSl@cSh@wHZmCPy^pB}F^}D`@}F|@wHpAaDVoA?wBEmAG]?[FqGu@mXkDwFq@}Cg@{Bk@{PyBkCg@i_@kI{GyA_ImBqCy@yEoBe@CyDmBgBgAcAu@mB}AaFyEqByBiEmGs@qAgB{DmCqGX[uA{De@kBOoAU_DOoBk@{MIiCWqDy@iHMgBCgADoC?Q`@WPGbDi@bGiF~SeQxBsBdCsBjBgBzCgDdBwBdBiCdFuIzS{_@nCyFdDwHdDqIdEoL`DyJrEyJVi@rC_E?]BIdCkEz@gA`BgBtBsB`DkCpHeFfCcBvAeAbAgA`@s@Ti@ViADk@D}@IaBASSy@Ww@{BaEkDeHeEyIcBuDyB_GcCyHoA_EkCwKcA{EiC_OkAsIqAkMk@uIc@aMGkHYa[M{Pm@i_@IyAqA}_@_AqWc@yJg@gH{@gJy@mHcDsX{Eib@mGkh@cCySYkDOmDAcCFgEJaBLuAxI_p@dA{Hv@wGRoCJsEAgDQiEWmBsAuJQiCMoF@yCDqBNyCr@eLJkBFuDAyDGqEWuGi@iS_@uIWwESkBy@_FiEuTmJig@yCmOcA}EyAkIoGoRqAmDkEaGkAyAyA_BwBqBkCuBkBsAgDoBaAg@_DsAsC_AwDaAgDq@_LsBuF}@wG{@wCYm_@iEqH{@yF{@mAU{FoA}GaBgCy@mJoD_JkEuFyCmG{CoIkEu_@uRiLaGe_@iRwJaFcCuA_Ae@cAo@iGqD}DkCo@e@iCeBcFwDeG{E{}@gr@gI_HyGiFmEgDeCmByBgBoA}@aG_FcIkHuHcIoM_NqEqEmJiIi[aV_GqEiF}D}EwDa@Y_LsJqKyLqKmO}EeH}EuEuBwA{EiCsKaFcEiCmDmCgDcDa@i@}AgBeBeCsD{FkI_NaA}A_A{AcH}KkKsP_JyN{IcNqCqE_EeG_BsBqCwC{BuBmB}A_C}Aw@e@aHgDiC_A_G_BsF}@uD_@gDSkCEkEBkEPqDZyGx@{H|@a@Be@HiAD}EDqBAeCEoBEyDKmCCuBG{GJoDZq@H_GlAyEnBk@\\gB|@eEnCwAbAuBrAyGnEue@n\\k{@pm@cE~CaR`NuD~BaCrAmDdBiF`BgDt@yDl@kNdB{QnBaGr@cCR}QtBmT~BiMxAyG\\{ENaIGcMg@_Ns@}Jc@aLe@qEYmAMgEo@}@SyBo@uBw@kAe@kIkEaOmHgNqGeFkCkAu@wAaAgA{@mCkCqAcByDcGqHuM_CiEaFqIy@yAsGyKsGcLmA}BwHwMuIkOuA{BiEmGyEuG}F}GcBaCmB{B}AsBsG_I}AuB_AcAsHkJoCeCyDkCsEqByCcAyAc@cC_@{BYmFWqFHyFl@mBVcMpB}Dn@iEl@eARgQlC_BT{D`@uGZ_EBqBAiBE_DOiGq@uDm@sCk@mJcD}CqAcCkAuCiBmBsAkBwAyEuEm@m@}EmGqA{BqCkFyB_FaK_W{Me[_CaGuAeDsBkGkDiP{@{EmFwWa@sDWsCcB{Zu@gLy@sMwDcl@q@_LqC}b@gCga@[yJB}FBiCh@_J|AgLz@eE~@_EpB}F|BuFbBgD|DuGlCiEbGuJfDiF~JgPtE}HjCoFhCsFdBeErBsFfCgInBaH~BeKz@{Et@}Ev@eG|OoyAvDo]hIgy@rAwLtAqKhCgVLwBFsBC}CUsD]qDWaB[gBu@iCa@kAgB{DmCkEsC{Dgs@{{@aT_XsLsN{GuFcGsCsDeA[GyCSaNVoW@oeAfM_DXoh@tHsX~EcXbEyNjAgGJwDCyBKmB[aFaAqAc@eF_CiBcAaCmBuBsBiFgH{@qBqMi\\yLqYmDiJo@o@y@aB_@WWK{@IgCGo@GWKa@Ya@s@IYQoCMu@Yu@OW[]q@c@yGwCwCmAuBiAkBmAsBiBaDcDQA_HbCuCp@o@Jg@NoFnCuBn@gA\\cB^y@\\aCrAuBtAcAb@m@}FmAuOYgDAiDGgA[kDw@yJa@wBg@kBo@}AiAsBsAgBcD}Ce@_@yAaAuB}@wDsAoCyAeAs@gCuBoB}B_AyAiAwBSk@Ua@s@eCiBgJQsAm@}Cy@uCoA{CgO_]cI}Vm@yA{AeC_AoA_B}AeAy@kFaDcEiCeA{@oAyAq@eAkAiCsC{Gk@eAkA{AsEwFcG{IiBuCeBqBcXuXoCsCyIkIcb@y_@qBoBqCyB_BkAaB{@}@a@c_@mNqCaAuD}@oC]kAKU?uFg@mAU}@_@eQsK_Au@{@}@gAaBQ_@qBeF_@u@g@e@m@_@i@U_AMs@AkRf@gAEqASgA]{@a@eAy@k@s@Wc@iB}Du@_AaAi@}@U{NmA}@Qc@KsAk@eAw@eGgFgGcFeEyCaFkDiQgN_@_@{@_AoCuDwAsA{AeAe@WgCqAoBmAkUoPgJuGuNeKyDwBwKwFeLoGcD}AeG}BiSsHsC{@qLgEeIeDiIyCc_@kNsAc@{Aa@_B]mBY}CWiDKuB?qCL{L~@oCLkCRgFXcK|@qCNeGd@kDTk\\pAoBTcNbCuALeBF}BCuAG_Di@}C{@gJ_EsAq@cBkAiG_FcAo@yAo@}CmAsAs@sFwB_D}@oIsBGPuAYw@I{Eu@@UkLsA}BS}KsAeHcA_D[_BKwCWuAYqAa@yAy@gAy@yDyDaFeFeBuA_BeAeAi@cBq@aCo@wAU_CU{BG{A@oAFsARoCv@qB|@wGvD{@\\qA^mAPgADeB?sAOuA[kBq@_Bq@oCqAoGqCiHiCiIgC}@]_EwBeHyEwE_DsCcBaJuF}@g@u@]wCcAqCm@aFw@{\\{FiBe@{@]}Aq@gDcBgE}AwBm@{ZiF{VeEaAQmCs@iDu@uMaDyCm@cYqG{WeHsEgAiGcBmJoCmBw@iCsAsGsDwEoCqG_EaCeB_ByAgAoAoA}A}CkEkC{DyAsBuAaBqCkCyJaJ{EgFwAwA}@q@}AcAeEyBwDiBsFmCeFoBaTeKmDkBeAs@{@u@gAmAeJgM_C_DqC{D_C}CqB{Bk@{Aq@yAg@gBuAsGi@sB}AeF{EkMsBcFa@wAS_@g@gBYs@{AaHS_Ao@iBgAwBuCkDwEkF{CwCkD_DyB}B_D{DgBuCaDiGk@}@sA{AuDqDeFiFiJiK}HsJwMkQwCsDqHgHuGeGsAwAsEmFsUsYmB}BsDoDuDeDsSqPkTwO{CgCoBoBiEoFmBiCiAqAkBeBcCqBcEoDoDwCmIeHaFeE{PaNkBoAkBeAkCgAwE_BaEeBiDeBoAo@aBeAwAkAw@{@aAuAg@}@oIuRmNe\\{Vgk@eAgBy@eAmAiA}AiAgBy@eA]kAYuASmBOmC?mLTsAD_B@uCO}BWcB[mCy@_CcAmBgAuAeA{@s@cBeBoAaBsA}BeA}Bs@yBmB}HaDcN}@_DuJaY_AaDwC{McFkUgB{GqAeEiJcWcBeEwBoE_Wcg@_HwMqBsEsAwDeAsDu@uC_EaRuEaT}AsGmBoHaBkGy@_C_AsBoEmHsL_RgBiCsCmEMK_MwTaAmBk@w@cAeB_D_G_BsCaAqAm@u@{EwEqX{VwCsCwEiEiH_G_C{BeIqIuFuEwC_CkGkFkPwNcCgCoB{BsAuA{EmEuIyHoHcIyAcB_FiFoB_CgCsDyCkEoP{V_EgHwSs]cEqHmB_D{AqCgDgFkDsEwCmDaJ_JsAqAeVqVwLgMoGeHkB_BgAu@eCkA}Bm@uAQ}N}@gEc@qAU}@[mBaAuB_BkB}AeDiCqFoEyEwDqAmAq@s@i@s@w@oAe@eAm@eB{DwLcE{McBgFaBoFaDuJmCsIaB}EeAcCo@_Bo@cA}@mAkAmAiBiBsOqNePoOcRgQaCqBk@o@{EmEaAaAaMeLuQsP{DqDaFmE_UcRk@_@_FmCoWyL}G{CeI{DQGuDkBi@_@eA}@s@y@y@{Aa@aAgAeEoB{IaA_Dm@}AyAmCWg@]i@u@y@mCoB{@Y_CaAsJsCyDcAkBs@oB}@yCcBoCmB}AyAqAeAaAq@_DcBcOqHKXeJoEoC}AKQ_FeC{DaBkDaAiFoAmCe@aD_@gDScDI}BAwFN_EZ_Ix@sEj@uKlAkHv@eC^uEf@kCPyAB_CCwBSiBWqA]aBe@iBw@{BoAoA_AgBcBaAkAmAgBkA_CcA_D_@wAYoBWsBIcBgAS_BK}@AqAFuBPkBl@sCt@g@TaAr@W`@q@~AqCfJY|@MLaFtQmBfGiAdDaG~RyPhj@y@jDu@bE{CbNg@bBeAnC_AfBuBhDoUh^aH~KmRxY}AdCyCpEe@Z_@NGNyB|@oBn@iEfAyBh@eDf@I@EA[DiADwEI{Fk@yASmAQmDWaGO{BBqI`@aBDwG?}XDoBIgFg@gC_@S@aEy@_@Ge@OaCa@U?cAR{Aj@gAv@URe@n@sCrEWb@]`@}AvAy@f@_Br@wBz@_DdA_@HiBH}FEyFIsHYaBCkAGkCAw@By@H_ALgNbDoHhBqCp@u@LkAH}@?iAM_GkAyFqAoAScAKmAAkBTe@LmBnAmTbRk@f@eAv@_Al@qAl@gGvBoH`CyFnBkATaCZ_h@tE_j@xEuK~@aBTmJzB_O|DsEz@uTbD}@RsBj@wDpAiLhEsE`B_Bt@eHpEqH|E{RrOqLlKi@d@gClBgPtJoC|AcEbCsBzAkFjEcBjA{F|CmQxIwI`EyBzAmFfEgClBiDfCeF~D{DhEyF`GwA`AgAn@UT]b@k@fA}N|ZqEfKsApD{GhTgChI]dAYfAIn@MpAm@jJi@lGBtM@f@Fh@Nx@|CnKb@vAHb@@REL_IeBiDo@OIq@?k@Ds@Ps@d@qBdCaC~CkBlCsA`Bk@`AgCzEuDtGc@hASjAs@hFa@zBWt@eCvEoB`Do@l@gBlAoA~@_B~BiCdD}DjEmBbB}FxEmApAoB`C}G`LeAnAg@ZuGvDmDdCs@p@eBxBwDbFmFpHsGxISXaDhGeOrXiAtBgDbGu@~@{CnCsBjBeDzCkA~@yBvAIJk@\\{Af@}@RgC^iBTwAZe@RwAz@o@r@y@jAm@dAQJo@|@c@`@c@X}An@kFjBcUdIuLrE]V{GhGiBjBuEbEsArAaAnA_@p@qHtKmAjB}DzF_AxAcFfHiHhKkIzJwH|IyExFsCxDUh@[z@kCbJs@dBe@v@aB`C_@b@g@b@}ClBmF~C_FzC}@t@oEhEm@b@]LcARqDCsADs@Hm@PkBbAu@t@q@`AgArB_@l@iDhDgAx@[`@s@nAO\\]hA{A~DsCfGaAxB]`AaJl\\mGtToAxDmBbEgDtGcFpI_CdEg@xAiBtHuAtGk@vBk@nAyFfK]d@]`@wIlGyHnFaAt@sAr@}B~@s@\\s@f@kDxCeOfMqA|@a@f@sBzCwBtBiAxAeAdBe@lAs@vBoApC{@xAgCfFuA~B}@rAcD|DiChCu@n@yDtC_BhAgCnAwAl@uAp@}DrAqEhAuHzAqCb@oBFm@F{@P_Cr@_B^e@XcC`DmFtGqAhBu@x@mE|Do@v@}ApCkAnCcAlCW`A[zAKT_@^wFhCMHgEzD{DxCqAn@SFO@eBEe@?yAH{@LuBr@q@XgAVg@Hy@Fw@To@Zq@l@sAtAuA|@iBx@u@d@YTwB~BmEtD_BlBiCrFs@vA_@b@@Vo@rDOZyDlEyBxA_BMeABgAfAs@bA_ArCq@vCMXSx@m@rAQT_@\\q@d@]NcARcC\\eDn@q@DmDDmKEuEAoBWeB]uImBc@GIEy@Ic@AwDPUDg@XkBpAk@Ta@JSB[JSNSPWh@g@xAs@~AY`@_@Ve@Ns@Ny@DgB?eEBy@Eg@OiA_Ae@k@kAsB]s@{@_DG}AESGMKEY@c@VYPcAXc@P{ArA}@b@qD~@oErA}@Pw@?oGcAeEaAgGoAc@Ga@?aBJcFf@}@?m@KwBm@gBOy@Aa@Ba@N]V[f@iBvDe@r@]ReBX}@Bw@Qm@Uq@IY?e@JUNi@b@[f@oAp@a@Vy@XeAT]TO\\ARFTZj@@PCLSRc@Pc@BYEw@YiG_DYSSSgBuCO[M_@My@u@aHI]K[Wa@y@aA_As@wBoAiD}AqAWeBQ}Gc@g@Bc@DaB`@m@Ha@EWKWQU]Ke@EgAKs@Sa@MKWIk@EuBEkBOcCc@sCk@_BU{AWkD[yA?aCKyAAu@JcKrBk@Nm@ToBd@q@HeOo@aCEkADoBTy@ViEzBo@Vs@Pm@F[Ca@Gi@Qu@i@}AoB]QOCU@o@RYNm@h@q@x@QXc@b@[NUH}AByJUyHJuACsAM_Do@{Cu@wFmBaCi@_Ca@{Fg@oDWqGo@sBWy@CkABu@JmDn@y@HqAPyAd@sCfA{@`@_Cv@sCn@cCz@uAj@aAT_BBmBP]@mDYuAOg@K{@Eg@?YB}@L}EbAwB`@o@P_@Na@Fq@DY?mC]wD[YC]Qc@[kAeAa@WYKo@EkB?QC{E_Bw@Yu@]s@e@a@][_@_@mA_A{COw@KYYe@eA{Aa@w@OOqDgB[Mc@GQ@w@PoARi@P}@h@sAh@YTwArBmEzCc@LgADUJU^GZBPN^xApA`@l@|@nB^p@Tl@Hl@BrBAb@Id@W^s@f@_Bz@mBr@q@PaEn@aAZ}Az@a@Lg@FuAFe@CoBWuAIY@kLQmC@g@J{@OgAG_@Gm@Sk@Ow@CwAJ}@No@VaE`C_BlAYXgAfBm@l@]V}@\\i@A{KmA_AGWBe@LYRU\\OLYHoADWD[JaDbBeBfA@TGPSJS@KGuAOQIcAMWKe@k@OUUQQGQC]POROHe@Ho@AyBa@k@G[Dm@PSCMQOi@YyA[i@U]Qc@KWIKUIg@GgBa@a@U_@GW?QEMOu@mC[g@i@gAa@g@o@m@_@i@_@][OQUc@aAU]e@m@u@iAuBsAgBa@gB_@_@UiAmA[Yy@k@KAc@?wAU]BOLKXMfAOVOF{@C{@P[?OMCM?g@LoB\\iAn@qAZa@p@c@^OVQRwAEMKCMN[r@_@R}@X_A^UNWZ]l@_@|@[fAKdAy@pBk@fCOxBi@`CIhAGd@ENa@~@Oh@D\\JRjA`BHXCVUXgA|@y@~@M^Iz@ShC_@rAgFfO}BfFYn@gB|Cy@hAUToFpDw@VeB\\aBf@a@D_BA_@H{@`@eAr@oDlCwC~A{GjDm@T}@d@i@h@_@v@_ApCa@dAQ\\a@`@]L_B@_DZuCb@}Bz@g@f@QTK\\I`AuBtEEZ@z@Cj@Y`BKx@Df@Tl@^v@D`@C`@o@zAMP}@NaAZqANMH[r@[t@ILODo@BUJYZe@Le@JeAh@e@H}AOm@ISB[RORw@p@yA~@a@`A]^cAp@u@fAI\\BpAmA~FUr@_@j@YXc@Ts@Ny@B{@E[Iw@c@g@e@s@oAu@uBEc@D}@FY@g@Oc@Ua@Ow@G]MQc@Q_@CaADYEYWo@qAM]Ii@C}AGGO?INQrAShA_AzBe@x@}@dA}@t@u@b@s@l@GLa@~AeAnCKr@Ir@Op@sA`EMz@?FFv@Bn@AXSrA@t@R|@@bAE`B@nAT|B`@nCJ\\j@nA^rABd@FNEf@cA`GWxBGRSzBCdA@b@Jv@J^`@|Cf@dCl@xAh@lAF\\APEPQ\\o@t@QPULo@VOVaAbG_AzHMnAA`ABl@f@fEGZQRc@XOXYpCKTgAl@a@`@g@t@sAlEKn@HvBCrAKn@KVgEbFeBrAYb@Gd@ChACRKXSNeAZe@VcCjBgAf@s@TcARcAXiAp@eCfBMN_@pAw@fAMV]tAQdAAh@Dj@A\\KR{AbAcAfAs@h@y@`@wA`@iCd@s@Bo@EaFy@aAEa@AoEp@k@BkAGq@@[B_@HgCjAw@f@m@h@UZ_@bASRMHODm@DcCK{@OmBk@e@E]@]ROPa@hAYx@_@d@WP[Nc@HeAHwAD_ER_ACq@EQ@ODYTMRoAvCQ`@UVq@^sDhAg@Va@`@a@h@yDzFQNQHiGf@WHeAfBsCtFk@f@QFiA?m@H_@PiApAu@`Ak@h@WLsBd@sAVuAP]LsAt@q@l@w@^aATc@Py@b@s@f@sAdAy@~@_@t@K\\OzA?jAHhAR~Af@pB@XIVQ^kAjAgBfAkE`CsCnAsAx@cAhAyDbGkApBSTmBfA}@r@[f@K^oArJQjBCr@BzCDnAZfEBpAGzAMdBIf@m@xCk@bDOlAm@|BEX?bAR~ACXGT[VuBfAWHi@Hc@BgB?o@TaAf@IHIRAd@BTVdADd@K^KJWBwA?cAF_@AcAO{Ag@{@[S?QJYZs@|@yGtGmCzCIFKPi@RmCb@OCmDb@wATs@TYLgDx@aAHg@DYHUPITEt@Uh@e@hAQn@E`@Ch@PvALXVd@N~@NdBP`@\\j@FXCd@c@lAYb@_@Vk@Lm@Bu@Nk@X_@XMTIZ@r@H`@TVvA`AJLHXN~@Ev@YrA[j@kA~@e@\\UZQ`@Sr@@TFRXXd@XJRFXEv@Gj@?`@N`@\\f@P`@Lj@Jh@X`@|@`Ad@~@^`ALh@?Te@xEGT_@t@i@d@w@`@_Bd@q@NWJq@f@wA|@kDrBw@h@_@Zo@~@c@~@Cn@B~BLn@P`@nBrCV^L^Dn@PdARVTPzAp@j@Lv@F^JPH`@\\nA|AH\\@b@G\\M\\SXiCzB{@j@kAd@WR}@|@g@XyB`Aq@h@sAvAE^HXr@l@hCpBRRNTR|@NpAPh@XVRH\\Av@UL@DJCJ_@\\KLIh@Cd@KVILo@^}CzAKNAVHZb@`A@NE`@g@|AMZSPY@c@CuC]s@@QDMLGZ?TZvCl@`DPhCHpBVbEDhBCd@Od@MTCLQHWTs@Zk@Nq@JgAF{Et@aI`Ac@Rg@^mAl@kA`AIPGZYt@?LH\\P^Dx@?n@I\\WVMHQXUzAMZIHKFg@JOJCPHn@N`@`@~@BLAb@QZa@b@MZCd@Ev@Oh@i@`Aa@j@a@d@YPYFkDA}@HiBZaEdAg@@_AEuAKYDWVIXBt@RpARd@XTxBbAXTJX?RETaAfC[p@a@\\}A|@[x@OTSHKJGP@PFNh@PZDX?p@W^Mb@Cb@?Z?vD`@rEj@dDV|@Jp@DhADv@NpAh@ZRFPA\\aAtC?XLRPFh@DtAf@bAf@\\\\FTHn@Ez@EZWt@ORgAdAKX@XNd@Xd@xAjBPj@BZEZMVoAnAo@`B[pAEj@ExAE`@c@nAU^QLWBMAm@[sAy@QAONEHAb@Jp@JVZd@J`@ATKXYd@YZM`@Ej@@zAIhAJhACd@IT[Rm@Lu@Bm@?sJtAkDb@SLSZEZBl@XzB?h@AT_@bAkBfDO`@_@~AEf@AnAPfEJ~@\\~ATn@PXb@`@^R~@Hz@GfBa@`BQzAGf@Dx@Tn@V`Aj@z@r@\\`@HXDj@Gx@[|@OZ{@t@o@^}BfAa@VkBbBwAzAiGpFuBxA[^O`@Mv@GjGAjAAPGTUXgB~AmEhD_AbA[`AMx@Gv@G~AGxCIlA@PNx@Hv@DxAE~@CZ^fBXz@`CrERVhAz@h@`@RXJ\\n@vDr@jEHTNN\\H\\Bt@AdBKl@Bd@LTZDV?HW|BMhCQfAU|@k@rA]bAQ~@Ed@IdDJpB@n@ChBPvF?lASbCAf@Bx@?hAJnAC|@SdBMb@Kv@Gv@CnFRzBVr@dBdC~BlCdBnCnApBJXAZc@z@k@hBEl@@^RlAFbA@lBKrByBnPKnAAbAHz@LTnAd@d@d@dAxBV~@Dh@KtDRxHH`@`@x@Vz@LjABr@Ij@Ul@Y`@c@XMD_@?sHeA{Cc@[Mk@Y]Uc@c@[KMAiBBa@EaCs@eCw@gAU_E[eB_@aA[oBgAe@UiI{BsD{@eEyAgH_DSBeBbAqA`AiAbAqAdB_@V[F_@?m@EcE}@qAOsA_@}A{@]_@y@sAs@i@_Am@o@k@k@YcCYaE{@eC]e@Ky@Ia@FMFmAjAe@~@YhAEjBFrBAf@IZy@hCU~@QZYRcCl@q@Xe@^w@x@_@n@ELCl@Ff@Rj@p@|@NX^`B@l@Id@W`@eAv@q@`Aq@zAO`@aB~F@XLZr@z@hBzAXb@L\\BTA`@G\\Q^w@h@_@XQTu@`BKZAb@HXX^r@n@p@d@TZTn@DTBXAf@YhAqA|Cc@b@MHWDoBNqDNi@HQF_FxD_BxAUZ_@dAIz@@`ANjAf@|Bl@nBVf@TZhA`Ad@n@d@`Ad@h@bBx@p@PbBJtADh@Hz@Rr@TTJt@~@xApC\\|@Hl@G`@Sb@eAnA[RYLe@Hg@DyCBYBSJIJKf@EvAi@`Cu@bB@z@T`A@t@WfCm@xA]`@s@\\a@BWAiAS}@I[Ds@b@]`@G`@@d@LVt@p@R^|@nDb@pBj@pBBp@?XKnAB`@BPhBnFLl@?z@ARMf@o@x@kApA{@lA[Rw@L_IVoCDiBCwJ]sJ_@}AU_AAg@@{ATwCn@}@TUHm@b@c@n@Yt@I`@GdAXdLZrDBbAEpB_@dG[nBa@`Ba@l@WPaDfB{AlAUFe@AoAi@a@CUD[Tu@r@cAz@}DrB_Br@oAX_@DgHIkBIoE_@wJ[{@?sBFc@Aw@M{Aa@kAO{@@u@NaDdAuATwK`@y@AcBMcCe@{@SaBY_Ge@kHYqCAwCFw@AeDUiCAsAJkEt@{BVyFRaGH}@H{C|@e@Fk@?cBKo@BgEl@]HaDpBkAh@W@cARNhAJNpAxJ^bE@VO~BYdBu@bGCt@H~@\\xAb@jA`E|IbCpGPp@J~@An@Kz@@R[~CAXBTNZTLl@JNJV`@T~@Dp@E\\Y`A?jAD|@GrAKv@oBjIC`@Lz@Vz@f@lAp@vB\\hAr@~AXd@~AhBfC~DfAtBx@tB\\jA^~CDj@?z@MhF@jBb@fERj@Xp@h@tCLf@Z~@zArCRbAPfBNd@v@xAfAzAr@z@h@~@F\\FbELtBThAAd@UtABZJX|@lAp@lAb@vATbAXbCFt@ZrFd@|CVfAJt@r@xCt@|D^zFXlF\\fERfCHlCHvEJbCj@hHXdDPpADj@B|@Ap@Ex@UjBc@vBCp@@f@ZvBhAdFNvAF`OC`CCv@OtA_@hB}A|FkAfEi@pAo@rAe@l@k@f@u@b@sAZkJpBcGv@qBRyFb@uAXy@V_@Rs@p@WZcBxCgBpDu@dAsCbDsDfFkAnBg@jAe@fBu@jDQvAa@rEYpI?nBC`ABlBv@`KRzCTtCRxJGbDk@fGS~AUzCK|AIx@U~@kCpISz@El@EdA@vDDhAHvAP|Af@rHR`CJnCCh@WvC@t@Hv@~@vGn@jDNdB~@xUJfFHjAlBhK|@nEDf@Bh@AlAUzA_@`CWjAoHda@_AzEyB|LOn@[n@}A~B{AtCqBhE{On]{@dCi@pBaAzEe@fBY|@q@hAyAtAw@z@w@lAg@jBSnBG`BB~@RpAf@zBbBrFz@nCT~@T|AF|@AbBIjAo@tDwAlHYpB?NKHMC}@DHDe@Jq@ACHoA`@wAh@{KtDgDrA{VvK{@f@cCjBqAnAmEfDqC`CmDjDwF`GmElF_Ar@}DrB{GbEiBjAkDjB{BtAk@l@QTyA~Cg@|@o@`A[VeCrA{@v@aAtAsBvDMNARi@j@aAv@e@VGNMDuAvBUf@Uv@Kl@OnBq@fGg@dNOfB_@rAUp@e@~@gClEs@~Aa@fAMx@A^Bx@R`BHb@Pf@p@tAbF|Hj@`AXn@ZrAPxA@dA?`@Gl@[~BUjA{AbGi@dBQ|@Gx@DvBNdF@dAYzMCvADlND`CL`BR~@h@|AxCdI\\fAv@jDt@tD~@~DrArFn@nCjD`TtIjl@d@rChKv_@lEzO|@dD`AbD`EnOdErOv@jDLz@JlABzBGzAM~A_ApImB|OkA|Jm@bDqDfPeAdF_ApDeAjFmA`F[dBcAnEqBhKUvBEbCTrMJjF@jAXbJHjF@jAGbBWpBElAF`Ab@tDZfBlA`J~@~Hv@~FTfBLdBa@~SKpIEbAMrMB`AFbAH~@h@hH`@nF?t@EvAOtCMpDi@rIYvEMl@eEhK}AnDgD~HmAnCmA~C_BnDaArBoBvEoAnCwBjEuAtDiAxCUtA?fAHbAT~BB`BAx@Gd@kAtGc@dDWbAg@`A[d@_A`AoCtBo@n@g@v@m@tBiDfMsAxEuBvHMt@IpAQlJStFeClg@OpDS|BYnBwBnKmIfVcA`DYnAG`A@NEJf@vD@l@?~BYdFs@|Jg@`Ii@tHm@nJa@tFgBfWCxB?xEJzWCpILDBRENMDQCEIgAJ{@Cih@jA{HLOJk@h@{PbRwMdOk`@za@i@\\aAVuAPmAD}@?qIQcC?u@Dm@J_@L]P{@l@gB`AyP~LoJdIyAhA_Aj@c@ToAv@mAh@cE|AeIrCgDhAqFpA{MbDs@J}DRkCb@yCx@uDjAeEjAuGvBc@R}DhC{Av@mIlDaG|BoAt@UTQ^e@lBK`AIlDJJANKFC?{Ito@sCnPoAzH{BzLaBvIuBlLcApGK`@[h@}D~Dw@dA}@|AYlAKdA?l@J`AXvAbBpG|E`UNnALdDCp@Gd@]vA_@v@eApB_@pAGj@Cz@PtFThElAzEx@~CXzAJx@b@xIf@|Gj@fE`AjGbAbHBVlDbTj@bDdDpOf@vBv@|CLv@FvCCv@uAnPUjAQl@Wl@oAzM_AnHGtCDnB\\zEf@tD`@|C@bABtBBRRp@qSHuGJoABBWqAFmB?sDV{B`@uA`@}Aj@mAp@oA|@w@r@sR`TwAzAyAbAy@b@cCz@sA^_ANeIj@cHr@cARi@NmDlAsAl@oNxJoF|DaBbAmA|@yHbEcHhEwH|EuA`AkBhB_BjBeAz@s@d@qCnAsDvAc@LwB~@aJbGg@PuAjAsNtJuBrAwGrE{A~@sDfC]XmApA}@xAwHbOmA|BYn@aLzT{DlHcBnDiWtg@}AbD}@tBaEhIuJhR{@`BiAnCg@jB_ApDw@tBkA`CcApBiBbE_AjCg@fBs@hD[lCShEW~Du@rIMnAa@vCq@xCu@bCmBpFcBlEcAzCqCpH{@nCsOdb@uAdEaChGqCzHw@dCcGvVk@vBo@vCq@hCe@lASb@s@dAmBxB_EzDkG~GMA_GtG{QfSiEtEiC~CiAbBmBxDcAzBmKbUiAfBeEpIaEzIgAxBg@r@g@f@u@`@w@Vm@HeA@qBWyFiAiDq@mLuBgGoAgK}BcGwAmLcCmBWcG_@q[_BiMiAqASuAKwC_@ca@qDeBOgEa@}@EeFc@yIcAeEm@cASqA[gWaDqFw@cQ}BuJeBiQmDk@CaHkA_FeAyBs@mEkBaDyAwD}AmF_CuAi@mD_AyA[iB]}CWuCMkEFwPf@_RJeDBmAC_CQsAEuBF_BNaRtDcAH}NJaBHgARm@P_Cz@q@N}@HaBAyAKuDBsEIgAB{ALe@HqSfFcFpAmBPcBAi@EqAUmAa@{@g@YS_A{@gAwA}BcDiJcMk@m@y@o@kAg@qLaEoEiBcB[m@G_BGqDEyD?uFWgMc@yCE_CKkAQc@KaDiAgBa@cAIy@AyKLu@AwAQ_WoEaDe@oEu@wImBmJ_CkAQwBKaA?uRx@s@@yKUkABcBPqFx@uC\\qCd@{Dr@oGbAiCVeHZ{CHeDRcAJKJiIv@gKx@yARg@?c@DPzCl@zGh@lFPjCVnGH|DGhEy@pYiAtd@KlFFvZDdBFbAj@rGJlBAbCS`I?rFTnQLvBLpA~AbK^bEJbCD|A?fDKvD[xJQfFMhCQxA[`BW|@{BrGqGtSoIhWcCzHiClKc@rCMfAYdDw@nIq@bJQjCAlA@lAFpA^zEbBfRr@fGzC|M`@`CThBX|CLbCPpJCb@?pEHnDR~BfApJJ|A@jB?x@EbAS~AQlAe@bBg@rAq@rAk@`AuYja@yG~JgA~AmFhH{@xAc@dA[bA[~AMrACfABfBf@bGnBpTX`E@tAIjBWnBYhAk@~AQ^mAjBqBlBeAhA}@rAa@v@g@vA{@jDiCzKu@nCqFpUcB~HmCrK_FbUi@zBaCbJ{@rCaC~Ie@jB_DdLaDrKq@|Bc@pBa@pBgClJqApF_@jCuAdOe@vDsEl[@x@A^q@zFiAbFe@|AaBlEk@Ia@G{JoCeA]UMkFoB}Ag@uBg@wAOY?kBDqDXmRfBcDZcHj@uI|@iE`@mDT_Ht@mBPmBJkJb@uE\\W@eEb@eB`@wCx@e@ReBb@y@J{@HwEj@SFo@FkBBsEXsDX]HyDXe@C}CT{@DmBB{CT_D^kE`@eCJeGNgA@m@_LA_@QGGQBSLKMmAUqB_@{DQ{CMQoAeQsH`A_Fn@MFIE}Gv@gLxAcD^gC`@OBaAJgFx@_CVoAZ}Ex@wDt@sCXKI?OBCeBiIEGqACgENqDTcCXSE}@]qAUs@TeB^TbAwBXwAN', '2025-10-10 08:19:17', '2025-10-10 08:19:17'),
(10, 2, 'taxi', 19.15822180, 73.11572157, 29.32186013, 73.90092283, 'Casa Urbano Q 606, Downtown,Palava phase, 2, Antarli, Maharashtra 421204, India', 'Casa Urbano Q 606', '150, near Tagore College, RHB Colony, Suratgarh, Rajasthan 335804, India', '150', NULL, NULL, NULL, NULL, NULL, NULL, 1347685.00, 1492.70, 'wy|sBglg}LCjGBTkFv@}@J_BHoEl@cCf@WHqB^uDj@yXEsCBwBACNkDjDcChCORwE`FCNIHM?qAhAsE~Ee@Vq@NmBXyBf@~F|[d@rCpB~JpAzH|D`TlAnHBX@xAAdDI|BEfKOtPIpAyBpQg@nFnEfE|GnHlBdBpBtBjGjHpBtBlGdGrDjD|@v@bC|Bz@hAR`@hClI\\t@jAdB|DrFpHxKzHfL~BpDpBrCdAxAz@fAbA~AnCtDjCbEzMnSbDvEdCvDlGzIdCxD`BnCdBhCzArB|CxDnAxAfGtGxAfB|AdBd@l@LDDNILC@YbAoCpHkAnCwAnCgB~Cc@h@}BxBgDnCmBjBmB~BkHnKkCbEoAbCcA`Bm@l@c@Z{Az@cLdFkH|EwB`BiE|BgElBsGjCiBv@]^MROh@oAdI_@lCgAjEc@rBARqAjEYjAM`ACl@a@~BQ|@]bAc@`A{@zAi@l@m@^kARy@D_CIcCB}CDaAAyBWwCa@wBo@kD_AgAa@yAU{@Au@He@NaAr@QTMZIf@BfAHn@nAvEFf@@ZKdA_@bA{@zAWXSLuCv@wHrByAZe@@_AKgDu@oXsGcGoBuD{@aA]e@?W@mAVyDh@i@PYNUT[R_@Lm@D_AC}Eo@uEYkB]_Cu@y@KeCIuBOiHeA{DmA}CiAqEaCwCsAwA_@mDi@qCWo@O_Ai@qAw@[Kc@Ee@@cCb@k@RsAz@kNpKmFzDsDrCaBjAiBbAeAd@q@NgDf@}IvB}FfBy@ZeCnBw@z@o@|@oAvAgCdDiEnFsBpCI~@@XLRz@z@rEnE~CdD\\j@Jh@@d@A|AFpBN`BBRVh@Zh@?Rb@j@hDhDb@^jApApBxC~@tBXbAFhABz@X~AJpAPdDBl@JdACxAk@dHuCd\\uCh\\e@|EMnBUvBOpBqClZHh@OrBgApLOtBGpC@hAyCHa@Ri@[YMiBUe@CwCc@oAIqBKy@K]SKIkAQk@@cBIaEDu@B_DVkAHoDNSEaNz@yBN_k@`D{Kr@gBFsAD}VtAuIl@mBJeDEcDQyE]eACkGByAA_KNs@DqAV{@ZuE`CwFpDqHtDqDhA}EtAeOlEmBf@oDhA{A`@uAb@}Ab@_Cx@{EtA_P|EkEjAqC`AyJ|CaCx@aBh@{@\\[@oFdCaFdC}AjAu@v@sAdB{CfESZALmFxG{AvBs@z@{AvAkFnEcAr@aFvDqDdDO@mC~AsAt@qAl@iC`A{Af@_Br@o@d@g@h@]d@Yh@iB|EALm@p@o@dA[v@Kh@Gp@YnFeAvPu@vJ{A|UQvAc@nA{ApC_B~BwAhBIVEZA`AR`BN^X`@l@X|@Zz@j@TX`@fAb@~AFj@?n@Kx@[|@o@lAG`@?z@Z`Dz@bHXt@TRh@NV@rAIz@@|LpAx@F~B@^L\\ZXj@V|@@v@Ib@s@|AmA`Co@~AG`@@p@DXfBzHvAfHJX~B~Eh@tA`@x@RXbAx@NRJ\\Cr@SjAcAvD]nB@f@Fj@FVXr@NXf@d@lGhFvChCpChCjG~EvAnAh@p@Pd@Hd@?r@Kf@M\\MRQPw@h@cCpA_GnCsAj@q@RqALsALe@NeAf@kAp@sD~AgAp@q@t@cAdBaA~A[^{ArAaBlBy@tAa@z@k@|@oB~BoBnBo@f@qCnB_BrAw@nASTyAjCMh@?d@FZT\\ZNb@DZIRKPYJ_@Ak@M_AAY[e@eAaA{@c@iA_@aAMoYoAsDKuGa@eEe@_Fw@uDy@uD_AmBWqAEiABiBRmAZcD`BuCxAyErC{ZtP[ToCrAkBt@{Ab@cB\\kEd@mMjBoCRyA@qBAcISeBDsAHkAV}Ah@sAv@oA~@_@^wI~Ky@r@{@j@yBx@wI~B{@XcIxD{@d@kA^u@PsBXyAFk@?kBUcBe@yC}@qCcAoBk@aHiCeDeAm@OaBWkBGiBFw@JeBb@y@^m@^yAjA{DhC_Af@qBn@yBp@cD|@wNhEoDz@sBj@wA\\m@H}@FwABs@C_AIa@MsAg@oIcCeCm@yBg@oEoAoDq@aBWyAYiBU_ACkABeAJaFdAsBf@_Et@eCXuFRqQ\\{D@oCEyAMiBYgAW_Bg@mKmDeNcEuAe@qAYeAQgAM}AIqFC_b@FgO@}AKu@GgAUaBg@u@]gBaAaDoBk@WoBs@w@QoBW_BKuA?sBNmAP_B`@k@PoAn@{A~@y@p@cJtIoOlNaAbA}AlBqFpIuKvQ}ApCwAvB]`@cAx@gAj@gBn@yFzAyErAuHzAoBb@mGvAkBn@}Az@mAhAMNw@fA}AnCy@|AiB`D}@bAm@d@gB`AeA^iGhByInCsGtB_QbFiB\\qAJcABeAG{Ca@kHmAmBO}BE{BFuBTsB^{Bn@yCnAwBdAiAn@eN|GeAb@aB\\kAJuA@gAIm@Kw@Ui@Sw@e@qBeBoC}CgFoFi@c@q@c@gAi@y`@qPyDeB}Ao@wFcDwB}@wHwEqGoD}Ao@gA]{@S}HgAyQ{ByPeBuBWcEo@wRiDq@QiCgA_EkBcA]mASqAIsCBkCDoBAu@Eq@IoBg@kBm@cA_@yAw@s@g@mAkAkDuD{CsDkCeCcCsBmE_DmBmAgCeAeAYiImBqGyA_FcAaBg@yAs@iBiAsGiFsCoBmAaAcGqEoFgESWcCmBuBwBkB{BaEyEuCuDeAkA_@k@uFaHa@e@eAy@oJuFoEyCqDyBaBcA}@s@_AoAs@qA_@qAYcBy@sFYkAc@mAmFyKiC_F{AiBwG}Fw@k@m@a@}Ak@y@Se@GuAEiADyLrAwGz@_NdA}BAiDOuGc@gAEgAD{ATgAVqFrAkAL}ADgB?sHIwFJiDBqBFeJ?aODaNRyMJeDC_GU}Ik@mNs@wKi@[CmBCwAFsDf@gb@rHqF|@eIzAyA\\iC^oNhCiBRgCRoBFqC?iOMse@QcFEiAGmCWsF_AgFaAqo@mM{AW{AMsA?iAH_AP}Bt@uInDuBn@eC^ye@~EkHt@mAP}A`@wJdDmBb@}APuABoACyBSkDk@}A_@}By@uD}A{@WgAQ{@Au@Dy@RgAb@}BnAyB`A_AT}@Ly@B{AC}@KcASe@MaPcGkBe@eC_@_CIaFCwM@mOAaECeH?kBFaANi@LmBr@mCvAuQvKcK`Gq@^{@^{A`@aBPcBBcACaAK{@UcA]kAi@w@g@}DiD{ByBuBaCkBeBwAmAS@aCeBcB_AmBe@k@IyBKkEGaAIQIqg@]qGEkBC_E?{@BiBPqAXgA`@iAn@aAp@gLfKkKzJkH~GkDfDsAjAeBbB{@n@kAp@iAb@_ATu@JiCJaLFiFF{EBaLLaHF{HH}HAeTRwEJ}PLaNLqD?y@C_AImAWaC}@{BqAgBmAeAw@uCgBo@c@mB}@eA[g@Ms@IeCMkQc@uIU_COoDc@}@OeBe@mBm@qCgAsDqAg@KqBSwBBgAJa@Hw@T}DjByCbAoARkBLmCAOCae@q@gBMmAUkBo@wA{@eAeAm@u@k@{@e@qAQm@[aB}@cHq@yGKmAYwJQcBe@uB]oAqAiFw@oEoEc]Ig@_@qAs@aBi@aAiA}AwA}Ai@g@{@eAwDuFmCiD}@cAsEqG}AmCwAmBu@y@gA}@WOy@_@wAc@{@Qy@GkA?u@DwAVqAb@mAl@}C~A{@f@g@^kAlAgEdGqAvAiBxAwGtEmJxGqD`CiFvDsApA{CtD{JzMiDlEsCdDkDlDeK|JgAjA}BvBsB|AsAp@yAd@aB\\qDd@cD^oBJkINoCJyPX_LFoB?uBEsFDsNd@mLn@sDZwDJwIZkTdAmBF}H@}@GsADyALsHpA_N|@uHr@aHj@qCXkBLaAB_AXcLV_EFeDOyUw@mABg@@qBZqD~@wDbA}B`@uEd@w@LoGb@}MRy@P_LTcCEi@CiAKoDe@gAGaBHaEh@u@@w@Eu@Qu@[_@Yi@k@{@uAUo@Mm@Ek@DeGGiAUqAcA_F]uCQ_Aa@gASa@k@u@eA{@mKaGc@O}CgBkA}@kAmAoA{AgBaCqH_McAoAs@q@cEoDiFeFkDkDm@e@iAo@kD_Bq@i@[[k@iA[eAk@gCGUa@u@gCiD_NcQ{@y@{@c@gA]w@McHq@yA]kAc@qA{@oAuA]o@g@sA[sAI{@C_BN_Df@gF?y@McA]{@qCeEkA_B_D}D}@aAgBiCyByD{AuCy@kAaAeAkA_Ao@]aK_FyB{@}Cu@kHcByEkAcGoAu@KqAEoEJ}DVmDf@gIrAoP~Bs^hGcC\\eCVkH\\mBH{F`@cL|@eHt@qAXkF~AeEtAyAVkIv@oDV{CDwL]_FO{@?yBLyMnAwHl@mGr@_It@{@P{Hr@mBBgRUkIMgB@gBPaDd@mAHmA?cCO}@Q{Co@eAKqA?mAPoBb@cDt@kDr@gJ|BcHpByJxB{AXi@LaANmHzAgFjAcBTaBHcDFwEByFLcAF_BXwEr@_BP_MlB_I`A_AFuBDaBE_AIwCa@eJgBc@G_@Ak@DaAV}FhBa@RaLpDq_@tL_GrBq@RyFpAuBZ{BVqJvAcCVwCTo_@zAwE?eCM{FcAeZqFuBW}BK{B@kBLyAPaNhBuFt@wG`AaWbDmCPsRz@eCFgVhAsJZiNp@mVdAcPp@sSt@iBLuBXkAVuCv@mA`@kHtB}Bt@uF~AmQzFgLrD}NtE{A\\yBP{A?yBUoYoDuL}AsHaAwDi@_PsB{G}@oD_@oBYcAIoCKeA@mBNuBb@aIpBgHlBoG`BaLxC}FtA}OtBmSjC_[`EuEd@sXnDu@LkOrBaW~CiH~@}Cj@{j@jHmOjB{D^cQzB{Cl@iEh@uJtAqMbBuBTeLr@geAzGuFNkVxAeAJmv@~EqET_PfA}Lv@yF`@yBLqAN}CHsA@sACkDUiAMyAWu]}I_UcGeLoCgCc@oC]yGc@oDEuTQuEAeSIi^U_N?uQYmEOw@DmF]iH_@OJcI[kBA{DNoC\\iARgEfAkB^oATwALOEEEoBNeDF_IBuBEqDUwH_Aw@CeABeBRaAX}CzAaDtAuA^a@HuBRcAPwCx@yF~BgAf@mAt@s@X}@v@yDpDmGjGkBzA}EjDkAp@wBfAsI|D}B~@_^~Lw@b@mA`A}F~FgClCeM`My@r@aAt@gVhPQPaHnEgGxD}AfAk@VePjKiJzFs@Z}@ZcBXwLtAkFp@{@FaFn@eKfAsI`AoDf@s@F{EZyP|As@B[F{FE_KQcX_@wAB_CLi@Fq@Re@Tg@^o@t@aD~Gk@zA}InSk@~@cAfAs@l@eAl@mAd@oB`@_BTiBDoDIkI[sACiOk@iOa@iDM_LQaFOcFOaFOuLi@sHU_HW{LWiIa@wL_@oMc@_@ByGDsCDcHDmV^mB@iCBeCGmPy@aBMwTgAgI_@aDWcNwAmDYaVoBmD]aEg@e@Kq@Q{BaAkCmAiTyK{AcAwVmSoBcBo@g@kDyCaHwFcTyPaAaAsEuD{BcBeBcA[McBc@mAMgACsNT{DPuINkFB_EFuBCuIYmGWgDQgGSeD?_CCmE[mHq@qD]{Im@ePuAcAK}WsBeM_AoKcAkOqA{@E_Iu@sBQiFo@eNkB}AMqOwBsBQmGYaDIgCW}AK_BW}Ag@kAo@wAmAsLcMeCeCy@m@{@a@cA]w@O}@IoBC{@LgCr@iDdA_KlCgFnA_BViBL}A@}AIuAUoA[wAk@g@WiAy@_BuAgKyJuDuD}JgJ_D}CkL}KiNeNcHyGsAcAoBgA}EmByDyAiAUs@IsACe@@wBXoAd@kAp@mHtEu{@li@iDzBmDnB_EfCqHnEcBfAgAb@aAReAFw@@{Fa@_McA{E]sBScCa@sHmBgDu@eGaAeEo@mG}AgIcBeZcGkCc@aLaAcAOqA_@}Bw@{A[oBM{Qa@kB@uHTmCReANaATgBp@{Ax@e@ZsB|@eAXiAJcA?w@IkAS_AYyEmDoAaA{DqC]Sq@[{@Y{@ScAMa@A[He@AaAFmALwA\\_Bh@sLbDuB`@iA?eMYwA?}@EwAO{G]oVeBcJc@kL_AuQ_AkLm@mOoA_MgAcIk@}Iw@oZkBoAAwDNsA?{AM{@O{@Sm@QeBw@}AiAsS}OeHoFcPiMma@c[gEmDq@g@a@Q{GaFeDyBs@_@w@W_AQwAIaBAyD?iEEkFi@cBYeBg@}Aq@cAm@cCeAu@a@qAeAqAoAi@s@uGyJw@}@eAw@w@e@qAe@kOkD{D}@gCw@yKmC{DiAyIoBg@IoAIs@AeBJqAT_I`BuFfAi@PeAJ}@A{AUoIgB}HsB_NeDkAc@iAq@y@o@_AeAyGaLW_@{@}AuHgM_GoJcAyA{HaMiC}DmAsA{EeE{@m@}A}@_Bm@mA[oB[qBMw_@aAgCIaAMgAW}Ak@_F_C{EiCmAq@}@_@}@Uu@KiAGeAD{@JqAZmAh@cIlFkCjB{Az@u@Z}A^}NxBqEt@iA^_ANkB\\uNnBuC^cC^yH|@gn@xIcALyCRqADaCA_\\}AwZoAgI[aPm@aDJQBmBNeSpDyEx@oKnBiCh@{I`ByEv@o\\xGoKxBaAPoBNm@BaBA}AK{AUgAUoBi@iBw@wBuAmAgAkAsAiNaTgBgCcBsCmFmI_GyI}@{@e@[iAk@yCw@cCi@kCa@yBO}HSuBF{CXBRsL|AEO_Gr@iUdCeJfAsCVeANiBZ_JlAuCb@kEn@yBNmB@{BIgBQwDi@}FmAgGyAcHoAyASgBKwBBaBRmT~EsD`AcJnB_Dh@mCf@uEr@Q\\qS~C}Dp@sANSWkH`AcIfAoAZaAb@cAp@iAnAcDdF}DbGaBxAqAr@cA\\}ATsADyAKeF{@qCg@uAMwB?oAHu@HmCn@_P`EiCl@WAqLpCeCf@aBLw@@yAMeIqAyDq@qG{@qEc@yAAsAJiEbA{@Ly@D{AEm@IiA[w@_@eAy@u@_Ae@}@wBiF_B}DwDiJqAiDw@iCgBsEeEsIqB}DQUmGeMq@iAu@}@uAuAy@o@yIcJoBeBsReSeIyIsCqDqB{BiJoL{F{HYi@_G_Qi@eAmDsEy@{A_@_AyBwHYy@iB}CiBsCWk@g@aBOiAi@wCm@}B{@qB_L}Va@eAqBuEmCcFoGmNm@oAwCcEuAiBkAeBuAmC}AiDgBcE}A_Ek@uBWyAQ}As@eJGoB?kCHsECuAQ{AOs@oAcDaA{BwF}N_AyCoAcFkB{IYw@MYkAgBw@u@_@YmBy@mAc@oGgCwEiB{BeAeAs@eAcAe@o@oAyBu@kA{@{AeEqJmE_Iy@oAe@i@oAcAWQsAo@iFcB{@ScRgGwDmAsG{BiCcA_Bi@sAi@uPeImEwB{G_DcG_DaAm@mCsBw@u@uBaC}@mA{AcC{@eBa@aAcAqC_GsWaBiGw@}AgAcBcAoAmAgAaGcEyJyG_@]oC}AqJyEkCcBiM_JsSwMsE_C}@[aDs@kQqDkJwA_Di@aLeCqBi@_QcEeG}A{Bq@gBs@aDo@_PgCuCg@qHmAeJyAgBa@eEs@aLeBsFo@}Gq@yAKoEc@mMcBwRuCoA]{Am@gMkHwIgFkCyAcCyAmFmCgA]kASqAEcIR{EVuNjA_CZqOzCaDf@qBPiAFgFJ{AHoQZsBFsAR_@FwAj@wErB_D~AeA\\yAZw@FeAAoHS}AB{BPoSpCcD\\oBZaD`@wKvA}BVuEp@gI`AgQzBsV|C}JpAkC`@{Hz@eAFkAAwHe@oAAuTVaILwEIaW?eTLkHJqAFmB?sDV{B`@uA`@}Aj@mAp@oA|@w@r@sR`TwAzAyAbAy@b@cCz@sA^_ANeIj@cHr@cARi@NmDlAsAl@oNxJoF|DaBbAmA|@yHbEcHhEwH|EuA`AkBhB_BjBeAz@s@d@qCnAsDvAc@LwB~@aJbGg@PuAjAsNtJuBrAwGrE{A~@sDfC]XmApA}@xAwHbOmA|BYn@aLzT{DlHcBnDiWtg@}AbD}@tBaEhIuJhR{@`BiAnCg@jB_ApDw@tBkA`CcApBiBbE_AjCg@fBs@hD[lCShEW~Du@rIMnAa@vCq@xCu@bCmBpFcBlEcAzCqCpH{@nCsOdb@uAdEaChGqCzHw@dCcGvVk@vBo@vCq@hCe@lASb@s@dAmBxB_EzDkG~GMA_GtG{QfSiEtEiC~CiAbBmBxDcAzBmKbUiAfBeEpIaEzIgAxBg@r@g@f@u@`@w@Vm@HeA@qBWyFiAiDq@mLuBgGoAgK}BcGwAmLcCmBWcG_@q[_BiMiAqASuAKwC_@ca@qDeBOgEa@}@EeFc@yIcAeEm@cASqA[gWaDqFw@cQ}BuJeBiQmDk@CaHkA_FeAyBs@mEkBaDyAwD}AmF_CuAi@mD_AyA[iB]}CWuCMkEFwPf@_RJeDBmAC_CQsAEuBF_BNaRtDcAH}NJaBHgARm@P_Cz@q@N}@HaBAyAKuDBsEIgAB{ALe@HqSfFcFpAmBPcBAi@EqAUmAa@{@g@YS_A{@gAwA}BcDiJcMk@m@y@o@kAg@qLaEoEiBcB[m@G_BGqDEyD?uFWgMc@yCE_CKkAQc@KaDiAgBa@cAIy@AyKLu@AwAQ_WoEaDe@oEu@wImBmJ_CkAQwBKaA?uRx@s@@yKUkABcBPqFx@uC\\qCd@{Dr@oGbAiCVeHZ{CHeDRcAJwAHcNlA_RrAsH\\yACeJl@kBP{ZlB{If@iNx@qCXyGx@gCViABaCGaAK_`@mByI]iL]{ADuC`@c@HuExA{E|AuDfAcT|GyPbFqExAuBj@qCl@g@NkB`@qH|BiHdC{NvEcB^wDh@iOfCgDb@_C`@mAR_A^cDpByDlCmCpAwAb@iATgBRmLr@yKd@{g@pCuKh@cF^mB\\qA^eChAwH`EsCpA{Ad@kBZqAJcB?aBKeMqA_Gq@yD]yCc@_J_AyKoAcCOgJWcQc@sBMiDa@qaAsOqCYcACqAFcBXaHpBgARo@HwBHoBIkZaC_RuAi^sCsNcAcACaMg@uBUoDe@mD[{BIuCAuLFcG?gC@oHEsD?gEEkB@kBE_JCiDFa@B_H@}MIyFLyACqCO_BEqECy`@BwVHsBNiBTqBd@cGrBuFpBk@XiVnIkEvAaNxEaErA{Ah@cBt@yHvC{CdAsEvAiJ`Da@PcN~E}TxH_D|@yFpBoAn@uA|@iDjCqF|D{OlLmCtAyEdBoA^qB`@mBPcA@cFQmAIyIO}KKkL[eHO}Fa@uBWaIeAcEc@uHeA{XqDaNyAaHs@uFw@kQwB{AQy@QqB{@{A_Am@k@sBkCaC_DuEoFaC}CwFmIeCqD]a@aCkBuBkA_Bg@uA]mBUgCK}IDwOt@kGH_FAoEFeF\\wBVcOrCe`@pHoJ~BwOjCuGnAsJ`BuALqAB_BEuRuA_D_@qZsB_FGq\\YgCEiDDuJr@_QvA}Kx@yJ|@{XbDoCNmg@d@gDCoBKaDa@cCc@}OyDmH}Ai@KmJ}B}G}AiKyBcScEwJyB}GeBuFmAwBYiNu@}Ky@}F_@aEQaOaAeF]kLaAoAI{Hu@yAAoViBkU{Aw@IcFKmCKmPmAaBGgE]iAOuCq@}@W{CmAaAe@aAq@qIoGoOcMmc@g]qJ{H}\\}WuYeU_VsQ}LyJgOmLkPaMcIgGgAk@y@]cAYgB[_Eg@mUmB__@mCqWwA}CUuFe@sIc@kGa@sKk@iIo@sg@aDyBUcO}@}e@}Cyc@kCqUoAma@eC{d@_CoMy@qX}Awb@gCaEGyC@{AGsAKqIsA{CUiKq@kJg@yCAqBF}@JmCh@cp@bQeTtFm~@rV}IdCwMhD_f@lMeCj@i@JaCL{BAgBKwRkB{DKsBAuAGy@GyCe@qDw@mDe@mYqCcSaBa_@uDoDWaGYaBEcAAuH^kEHiBKkAQ}Ag@uDuBcCsA}DoBg@Gc@SwCgBsAMk@OK@eImAsGaAoKeB_UmDeQwCiNsBeAGm@?sBV_C\\y@Hm@@gAI_Ca@c@GqDw@sB_@_CY{HqAyJeBwDg@{DeAkQ{C_F}@sF}@uHeA{Cg@gMqBwQiC{_@_GmAOmF{@_CUcLcBoS{CwEw@sEm@eBMsBQqG_@iHC_KDsAFkBRaAP{Bt@eAf@uCnByFpFcAn@wFnCsQ|HyAf@cKpCiHrCmFzBw^jP_TrJuGvCaElB_@LMRcDn@uEv@c@B[EwAH{DC_AGDe@p@eC^_APWv@s@v@m@bBeAZWJMN?JH?PXRdAjBvAxCT^JTrB~BmDnAYTUp@YbADPCPEDnA`Kp@pEPpBjA|JTdAd@`EtC`Rv@~Dd@tAHJANCDVdBd@~AnAdD~@tB@Ln@|A\\h@b@^nFtCrAz@lA`Ad@l@Zp@Tv@HRDr@DpCGlCGhBFh@h@bBHl@VpDNjAJXVpA^dFX^LXBB\\@RFxEL~DJx@Hf@PjDlB`An@nCxBDJDR@z@ClBDh@T^\\XZNf@JzBF`@DHPCr@Kb@uCrJE\\@P?N@Pj@bC~AxJdAvGv@jFXhCTrEDf@BzCCh@g@hAQ\\]d@gAfAwInG{AxAq@z@g@z@O^[dAMr@w@~HOhAQrB@~A_@rHk@bHo@pI_@~LOtKFbD?zBIjBKvAoAdNKv@aA~Eq@hDw@`D[vBc@rGEbByA`X]vGO|FWnLPd@Bt@Fl@XjAN\\b@d@ZTt@Xd@HZ@`@Ad@Ip@YPMhA}AdA}A`AyAVc@Lk@@YC_AGa@Si@KUW[w@k@y@Uc@Co@@kBJe@EeB\\yBTaBLsH\\wCAsCM{Fe@iF{@kGcBmBq@}EuByGwCej@uUgFmB{Bq@wEkAoGiAmGm@cDUuBGec@c@a`AeBqNUiHSsESuPgAg\\gBmGQaGIcJD{j@f@sBBsFVaTx@_GRcILgMAsIQuDE_Rc@ux@uBgXq@eZs@qhAkCyGMq]w@{Ma@mWm@aHQ}l@kBeHSo^iAcISkPm@aFYiDYqHcAqEs@eFgAqEgAiW_I}ZoJev@uUw_@mL_R}FkDaAmJ{CuPgFsJsCql@}Qc`@uLiGeB}EqAoF_B_WcHqHwBeT}FkLeDy_@oKij@oOaFqA{fDe_Amr@cSc\\mJqGmBcLyDc_@uM_L_EiEyAuAi@qVqIcUoH_A]wh@{Pu[kK}HeCeDkA}UwHaZoJcFuAqCo@mGmAmFw@mKiAaV}CyLoBcDo@{MkDaGgBmd@mN_Cu@_y@qViEuAgEmAcCy@qW}HmBk@yWgIsDeAuv@{UcDiAmEaBeNcGePkI{I}EezAgw@wJgFuS{KgPwIsc@oU_CsAkh@qXoQgJyr@_]_`@aRmHmDeUyKkLsFqCuAkIuDwF{B{FuBgGoBeEqAsU{GqvAsa@g`@aLgLcDsa@cM}MyEgNcFmIaDi_@gNoaAu^a[eLqZeLcG}BsiC}`Ay]sMoGyBuLuEuEeBsK}D{DoAmJgCaDq@kF}@kIkAeFg@gQ}@}BCgC?aCAsNTwMfAkDb@aIfA}@PkK~BiK|CmV|IeQ~F_FnBkBt@wP~F_ElAmJ~BiGpAiJtAoCRyGp@sLhAsUfC_RrAum@lD_BHga@tEo[vDwI`AiUnCkSzBgM~AyQrB_CZiJ|AmDv@uRtDcB`@eAPqBVmFb@_CHsE?mGWqMmAkHu@wS_CiCW{Di@cFUqCGwE?sHViGl@_CZiDn@{JrB_ZxGeNdDyDx@}KrCqDdAqJbDiGdCkElBuFlC_GdD_JtFqE~CqEjD_EfDkJpIuDfDgC~BoMfLmH`GcErCaDlBuFxCiCjA_DnAqEzAkFxAiHbByEx@eEb@eD^sFV{FNgBB_GEgKY{Ea@aIaAqSgEsKkBsGqAsF{@gGm@w@G_AAkGYcFKqG@gGLme@hAsDNkKXeJDcGEoFOsLw@yG}@_Eq@gH{AmHyB{E}AkNqG{EiCsDaCcIyF{EsD{CgCiDoCgJaHeSmO_]{VoVaPyDkCsGeFeKwIgH}GaCmCsBmCkBqC{BwDsBaEwAgDqAkD_BkFm@kC_BoImDsSk@kD]e@{@eBc@o@Y]y@m@kAi@o@Qi@IgAE_BJkB^I?WIkDr@sB^e\\jH{ErAqFjBaEbBwCxAiEjCmCrB_Av@qClCmBtB}BxC}@rAuBnDuDpH{AdDqAlD]dAqCjLg@bCoAvIuBbPW~CMlB?bCRbGNzCBhB?jBt@|OFj@VhBZlETnF@pBA~CUxEwBhVu@dFg@xBw@lCoAlDw@fB_BvCiEnHqCdEkB~BmCvCoBjBcDjCmD~BcDdByY~MmBbAwGzCcD|A}HnDgBt@gAl@wJnE_GhCsN|FkSnIcEfB_A^oFdCcHvD{A~@cQbK{@j@{GtD_OzI{JdGmEbCyHvEiGlDcAh@{GxDaHzDmCtAaBlAw@f@oZxP{BbAoOvIuC~AuHtEaFtDqCxBwTrRuJnI_EpDwHtG}FfFiK`JgAbA_EfDmCbCuB`BaB~A}IxH_M`MoEvEmChCaBfBoU~UwAxAeB~AWX{BtBcBhBmBdBcClCeD|C{MzMs@v@{HrHeEhEeO~Ns@v@gQ~PeOtOiBpByFvFkDrDwAvA_GhGwEvEqB|Bk@b@aBbC{PdQ_DzCqFvFmAnAkA`AcDpDuBlBq@x@UXgEnEcGdGwDfEiIlImK`LsCnCaUxUyEdFeChCqDdEsh@zi@wFrFg]j]gl@ll@qEtE{HrHaThTqH|H_H~G_DhDaCtCaIbIqCdC{EtDwDhCeGvDkHvE_SbMm^jUsD|BqLzHgFfDwT~NiSvMoAz@gKdGyStKeHjD_EvBoNfHmB~@yDvBgPrIqGbDmO`IqDlB}J|FaCzAmBnAeBlAoR~MmG|E{IfGcNpJwYxRaQbMePlM_CfBiDlCwMhKcKfIyBbBw@r@aPlMeFhEqI~HwH|G_B~A{GhGaCtByQpPiCxBqDnCmFdDaExBuBbAaFrBeEtAgAZcATeLfDkDz@aIzB_EbAwZrIuEvAoPvFuNdFaPtFq`@vNmOpFuXrJwPzFgHbC{H~BsBj@cGlBuRxFkMvDwPbFyJzCmLjDuXjIcD~@cBn@a_@zKqN`EaLbDuBr@iGdBol@hQyLrDwZdJsC`A{ElB{s@r\\e_@bQwY|MaLlFoKzEiyAxq@yMfGoM~F}HtDcWjLcOvG}An@kMfGgItDwDrB_FtCeDzBuAdAqDzCkAfAsCtCeC`Cg\\n\\gHjHwT~TgEdEcFfFiGbG_MdMoDlDqBvBeNbNiSnSoGtGgCnC_DzCwUrVmMhMyC|CkBlBuGfHmEtEoGfI_ErG{CvF}@hBgBhEu@pB_DzHmA`DaK|Vmb@xfAiAlCsAlD_AzBaIrSqBdF}GlQsBbFwB|EyI~QiFfL_JlR{AfD{BrE{ApCaBjD{IfR{HlPoBjEeE|IsDjIkApCsNz[gAnC}B~EkF~LkAfCaMhYyI~RcEhJ}ExK_Ox\\_DlHyJ`UeHbOaCzEuDbIiEzIqLlVw@dBySfc@kElJeAlCaElIaGdLo_AjoBu@pAMPcNuNqCgCmDeCeAe@sBkA_DgAkBg@}SyEcMuCcMoCmFqAsB]cCo@cEeAeIkBwDiA_ASmBS}@CoM?eg@HcAJgF?c@BULk@GgADsA?SJU?qAEoDB@a@gBCyQu@}Uy@}G]_KYiCU}IeAwCg@eJw@aDSMB}@C_AG}BIoDUaPk@_Ia@qCQ_AQ}@CiIo@e@GkL_AiJgAoEk@mNq@gEWiMi@}Jc@q@A?LoBBcF^wAEkAAuAK[GSJSGeBwAc@?[MeH{FIC_EeDaA}@mFkE_@]IOAOaAiAeFeEg@a@MHc@?uGoCeDsBw@k@yBiBuG_FiG{EkB_BmB`Ds@z@m@`@iEtAcC~@mCpAeDlBuCxAaG|Bu@b@u@r@g@t@]h@Y^mAjAg@l@cAxAuHsHcAsAiBeC}A_BmBsEc@Oi@Ba@d@m@f@wG~HsA|A_@n@Mj@Al@LZjB`Cp@x@zWxYjGxGv@dAXx@Lz@HfCFrEBfA@|B?lBPpQ@vGDrBJrIBbAJPBTIROJSAQM{CMgCBc@DkCCmRH{JNgNHgEPsDAq@BmCAqDD_FAoHMoOq@iQw@eJe@uHWm@B{FYsSaA[@s@Dk@AKAYHW?UIQYORQBo@Oi@Q_DMgCS]D_]_BuASSKk@CsAQaj@cCmDMqAFKR[Ni@HSNINoC|GaA|By@`B_BvCqI~NgDtFmAbC_C|Dk@v@wHlM}FbJkAbBkCbE}@`BaAzCaBtGIPaBfFyBpG_@~@i@dAc@l@qF`J}GrL}@bB{D~GuAnBuCbFyAdBiBdBmC`Cq@z@_Ad@mH`HyC`CuBxAaEbDKDcKzGyCvBaDbC_@Ns@j@iD|Dq@|@sGvHaBrByArBy@pAo@jAi@l@uEfHaBdCm@bAcBlCw@bBFNCTKJG@m@t@mArBaGdL]x@uBbE}@lByD~Gi@z@i@dAqFzJwGlMmAtC{GjMgAhByE|I{AnCcCvE}AvB}K`Ns@t@eAlAcNnQsAhBmCnEmD|FmGbJ}C~E{LbRqA~AcBpAuAz@wK~FkBlASReApAq@rASh@[rAGb@Gt@E|GM~DYrDa@dDoBtJc@jBg@zAa@|@a@p@y@dAmAbAiAn@oBv@{MnE}JvDcBv@eHdEuA~@kAjAqA~A_A`BcD`HoBjEgPl^y@rBiBzDsAlC{AbDi@pAiIpQ{@lBaAlBaCnE[p@m@`BcArDa@hBa@jASz@Uh@c@`@oAx@c@b@qEfCoAx@eB`BaAbAwBdCeCxC}ClDgE|EeDdEk@z@oArAq@h@gAr@yB|@}L|DaGxBoChAmC~@gAd@kAn@wAjAkAlAo@jAg@nAeBpG{EtOsAdF{@lDs@~BiAtCeAtBmEzH_C~DyJ`Q_BvCq@`A_AdAaBrAmAn@aAb@qBh@qBXuLtAwARi[bDy@J}Bf@u@V{Ar@gBrAg@h@}GxJkF~HkHhKeEhGWj@u@tAkD`IsAfDgB`Fu@`Bc@v@w@|@kCbCiBfBo@~@q@nAk@|A]pAk@rD]~CcD~TuArIYdAg@nAe@~@i@t@}ArBgBvBaAtAgA|BgApCaBlDgC`EeD~E_@t@cBdCaAdAaFxDoF~DcAz@eAhA[`@_AnB_@lAe@jCKhAQzBg@xJIt@UpAe@fBiAxBgGvJkAzA]Zo@`@_A`@q@PqDd@kRtB}Fv@oI~@ik@~GkN`BuJv@iK|@}BNaYhDaYlCw@J{Ct@yP~FoZfKgAd@cBn@gBv@}ChAyAn@{D|AqBz@kG|BkF~AmQ|E{DvAuDzAiD`BwP`G}`@xNsZzJuj@lRmGrB}DjAiEjAse@rOqE~AaGdBq_A`WaQpEoHjBuXjHa^lI{OrDyNhDoEbAkS~EyO|DsG`ByG|AoKpCeCz@wBd@uHdCwGbBkB\\}@HcOz@iIt@g`@|BeVpAwRp@gXn@{IXmIFiHNoEB}@?sBD{GViN~@_BDwILsNX}EP{a@dA}IVuHZeDJaETsEPcFJqh@^o\\`@uS^_BAwAM}NiC}KuBaIkBwJsB}MqCoGiAaFcAkHiB}IcB_E}@w_@eJiHcB{GeAsCa@eGmAgLqCiKuBmHyAqCa@{AGkCBgB\\mBbA}DhCmEbDoAt@c@\\}EpCaI~E_JrFoStLa`@pUsFrDcKjG}DjCaCvAqBdA}FbDeJ`GqDlBiBj@iSrFuCr@kIzBqBn@iFtAcEdAu@`@yPvEkCp@_VpGeB`@uAP}MnDyLpD}CbAoD~@_ARoNdE{SrG_DfAsAh@eAt@yAl@iGfBgIhCkBb@EFe@JiP~E_Ch@_D|@uEfAmANaH~A}@r@eAj@_GjC{Bv@iANqAD_@Cm@Sg@YeAw@uOePmGuGsCuCwDuD_DgDKI?]iJqJ{ByBiCqBuAw@eCkAwAYcL}A_Ca@wKuAwDe@uFy@gH}@}h@wGqAIg@@QDOIEMuDu@gBUc@C{HkAsI}Aw@MmE}@mLsBoAc@wAy@aBiAyBcAeEkC}CqBwG}DgB}@yHsEiBaA{Aa@k@KwBKsA@m`@fBuCNeCHyANuH`Awn@hJ{Dj@kCb@eBZQRUF[IMOAC_ABcB?gGDwP@uBB}CByOPsB?qDD}D@aUV}JFiADuNFeCLeFd@iLzAi@DaBVs@HmBHqAEcBSkGwAuBYmEGqIH_A?gQ\\kNHkQGaw@?oKEoGBsHAaKFqCDkGDgGNqFDqCD{DC_IFcBFyJRiBPgBb@_A`@aBbAeHhFuEdDuBdB}@n@cCz@cCl@oZpFePlCcL|AaKjByBb@uAZiKnB_KbBaDt@y@ZmAn@}@n@o@n@a@h@o@dAsDpHoC|FyAlCu@`Ay@t@uBtAy@\\u@Va@FiBb@qQjDmGtAmXjFw@JmAH}A?qBIaPgByAQ_DOkBBiBLcBX_ARcG|BwAf@q@NcAJwBDaCMiASqBs@gL_GsRmJ{J{EuAc@uA[kBOcA?yAFy@JqAXgHlBoB`@uANy@DsAC{AIwAScAY{G}BePeGmI{CiNkFiAo@mBoA_EcEuAwAuA}As@gAoBaEsAaC_@k@cBiBqBcBqAs@yCuA_DcAiB]eBWiBKwBAwADmCRw@J[DgB?q@FQFgEJ}Kd@uDRoCHwD^s@BoKnAwFn@yBZuALm@JyI~@qEn@mD`@oCXwBXkNxAiDX_J~@}PjByBRgGr@oAb@oClAsCbBgJfFqDvBiBnAs@j@{AtAyO~P]d@BTIPW\\wApAsAx@gCdAg@F_@?eAJiE@YCGEKUye@UcIEuECcA@{CPqQpBuGz@{QpBcDXoKnAmBHcBDqN?sUA{@CaHg@eAMc@AMFsBJeXKgBIMIcPAo@CaHBmZEkD@oFEsO@kNHiBC_DWwC_@gLmA}Ik@{C_@wEs@kBSgAQs@QQDSIMOEKwI_AiQsBmFm@cJmAeBMmA?kBP}@Pg@Lq@XcBdAqAfAaLhKu@v@_HlG_A|@sL|JWVaBtAkD`DkArAo@j@iAt@gBj@iBT}@BgBGgDOkAC_I]mFQw@DOJS@QKGOi@G{CIiEGe^cAqA@[BMCIG_BOsNk@oO_@sBB}@DYICEqDOwKyA}a@{FuX_E{Z}EiEm@aMmB_Da@}XeEgBUaVyDuKgBud@eIkDk@aAK{AAs@@}Q~AqCLqACkAMs@OuEuAgJqCiJsCo@WoVmHaBi@o@WaB_AeAs@sDmCsAgA}NqKkIoGcFcE_CwAoG_DcM_GcL{FgBw@w@YaAQiBM]AqEHyPr@kHRqLDkLDuFAsLDwKBu@HqAH}IbBkEdAeBZwAFkAAk@EiIoAiBWqAKu@Ba@AsEi@gIo@uDg@g@KsGaAmAUcBs@s@UyBa@}PoBqGy@qWkDkLcA{NgAcBKeE_@iFo@{I}@sRsC_D[kF]cLoAqDi@eUwCmKmAe\\kDsQuBeJcAkFg@wBMoRc@mEOeFWwIUgAGuAWwAc@}LaFgBq@aIcDoBs@yCq@yNkCgEq@wD_@{HkAyQcDuOqCyAg@s@[}l@gN_KeCuCo@gEiAeQoE}PeEuIyBgGyAkB_@qCq@uBa@{ASqA[_Di@cAGeC@}LTyED}AGgDBwEAaELcEBeHJcJHcTZgNNqDLyA?gDSuOcCwCi@us@}KwKqAwCa@_B[SJc@?iHs@aHo@iRwAi@e@yAU{Bm@yLwDaI}BsQaG{GyBsBi@a@Ou@MWv@WlAaFx[k@bE]zCs@zEa@~Ag@`AyHpKaEfGoIfLaHnJmAtAeBzBy@z@cA~A_AzBa@|Ai@xCgE|XuArHmAdIY|Ac@~AuDxLkBvGiJbZgAzDoDnLa@hAoLhWqMrYoBxEwGhOkDbIc@bA_@x@{Oha@o@jB]vAiBxL}A`KuDlSGh@{CjPS|@{A~EmBxF_HjScL~\\aG~Q}@vCwAfEy@pBeGzLuD~HyFfLoOh[oCxFYb@aDrG}EzJw@tBo@zBq@vDqA`JiCdQ}ClTm@lDqA|IqBxN}Ifm@sA|JoGvb@{A~KqDfVoEt[YtDKfBMv@kAlPO~BQjD_BnTUbC}@|HsDp]s@`H{@jJaBhO_A|IcBhPk@dFa@bF{@jQk@tJQtEg@hLW~EwAtO[bDe@tFuAjOaAdL_ClU_@pDe@pEY~BwHld@}@~FgAjFkBxLu@rEc@fBk@xAu@tAaP~SeNpR_GlIuNpRsEhG_A`Ay@l@aIhEgBv@ySzLoCbBeB~AeAjAeMtO}D~EuClDcAlAiApB{@z@iA|@aB`AsAj@}@XiAZcJzAwEv@k@NoAh@}@f@mAfAi@r@w@pAqElLe@pAs@bCcAnBoEnL_@dAsLh[a@~@wB~FwBjF_AnBa@bAcApBD`@Qf@Sd@Qh@aEnKaQpd@mA~CU`AK`A?RKVSNSBWGOQa@EWQMEo@GOEuGc@i@BqWyAob@{CkAA}BXo@PeDtA_KrEeHxCoM`GiJjE}BbAiExBaIrDuWrMoAp@GNyAx@qBz@OAoDlB_GnC{@\\sMlGcDrB_EtBeChAqDtAeHnDm@XcAZgCb@kM~@yBT}Ab@gBdA}H`GoDnC}A~@mAd@iGtBqe@bOoCv@mB\\a`@pE_QlBsGt@sB\\sKvCk_@dKmL~Cyr@tRoRhFwDfAKL_FvA{AZcAJUCwAJu`@dBuUbAyAJmB^qA\\_JpCQLiBp@_Bf@wBl@uDfAO@aU`HsPbFgXpEqa@dHqF|@{@ZmAx@cC`DsLdPw@z@s@b@cHzBgS~GgXzIwKlD}B~@cA\\iBf@uEzAeBv@c@LiDx@{FjBy@`@gFzCqDzB_q@ba@cE`CsCdBkEnDe[bWkGdFeDrCqCvBsTlQgDtCcZfVgLdJuGpF{DzC_H|FwTlQuC~BmDjDgLvLoCnCwF~FiBfBuG|G}E~EwLjMiInI{OpP}H`IoL`MiGjGkK|KuM`No^l_@qMdNwD|Du@bAEHEX_@z@Or@Er@@l@RxDd@xNFt@v@fDz@jE~@`ElLpj@nAdG@^GP]L[@y]^eRJg@FaDdAsR|GgE|AaD`A]BsVzHiCv@s@X[ZWb@wHrPQRqDjDoE`E{OdO_@N_@@m@K_AOuUqFeGuA}FyAwB_@u@Cq@?uCVkKdAeEh@yRlC_BVe@`@i@|@aRn`@gUzd@yUrd@y@xAaH~KuFdJsCzEqD~F_RxZgE`HqKnPuHfLmFdJwGlL}Ql\\}FzJcXxf@sEdIiBzCy@`AoTtQqIfHuPzN}CdDiEpFsAtBgAdBk@p@y@x@o@h@e@Xm@ZkBl@cKzB{@Vc@PqAv@eMtIkWrQkNvJ}KnI{a@~[{YzTgDbC{LlJgPxLwCzBoRtNy[|VuAbAmKnI_QbLqOrJ}YtQwBbBw@z@m@dAwA`DaFvNoHvT}FzPyNhc@_B|E_HtPgB|DcAzA{@v@_@Ze@ZyAn@iAZmAPyL`@}AN{AXi@T_Ar@cBbBk@`Ae@pAuClJeCxH{DzM{Lld@aHjWuE~PoIrZ}FrS{FdTqLdb@oAzEoObr@aAxDm@fBaA`C}A|CcKfPyAzBe@hAkAbCs@lA_D|DWV{JjN{@bAmAfAsCtBwLjIiQtKgQpK]TyAz@sAjA_AfAk@~@u@~As@fCcFrTkA`E}Jh\\wCbJ}BvH{@lCeArCo@zAsElJ_E~Iy@zA}A|BqJrLkEfFaIvHiHxGiB~AuGlF}EzEiHhHmC`CcAn@iMhHoBdAmDvA}DrAiHhC{JhDkA\\_ATmAPmDViDTcALkIzAwCp@kRxFcPrF}@Ve@Rk@ROPmEw@oDk@}TmEib@wHaA?kJaBe@OeEq@cHyAs@SmIgBa@B_@A}H}AkAQiAMeCGmBDmTvA[}@iHqP}FeNyAgDq@mBi@sBs@kDwEwV}A}HWiAsAoHg@yB_BcJqBkKO_@{AoIO]GYGUAEuP}@yBS_CYaEo@]QoKg@{FWmQo@kFe@gAMmE}@kD_A}B{@wEuBsFaDkKqFaGaDgHcEcD_ByK_GiH_EaSqKyH_EwEmCuPyI}CqBiNmHaCiAoI{EwH_EyRmKqAo@sHaDsDsAcK_DkBu@_DeAwH}BiIuCsBk@yBy@{A_@mIsCyRoGkF_BaEsAkO_FcDy@cEq@sFs@}G_AwFm@{De@eC_@qFkA{@Um@U_AW}EcBmFiCqe@gZkAo@gDaBwEuBmFgBaEiA{WaGqTaFaK}BgRmE}LuDqGwBwAa@aFqBkHuBuJeDwLyDyQ_GmIoCiRiGoE{AyUyHoA_@{Dy@sFu@oJaAgHq@iEe@yDa@wEg@gBWiB]_EkAcCcAwBkAwByAgB{A{@y@eC{CsGwKw@{AwEcI_B{B_BuB}BeCyAoAcFgD}BoAuGmCgC}@s_@kO_Cy@eBq@}EaCeEwCgBwAwB{BkHeImL}M_IsIeCwCkBuBiBeByAgAsA}@}C}A_Aa@eE_BwP{GmIeDwH{CwIiDqCeAyBaAmE_BiHyCgIaDg_@aOeB{@mEgCoCkBsO_MmKgIgDmCmF_DsBaAaCaAiEmA_FcAcJaAyCYgDWiHq@mEq@eB[kCq@aRsFoJ{CqIeCkFcBkF}AcDw@eDmAoTyG_EqAaHsBaK_DuIaC}IwBqR{DoCo@eCi@eHeBiGiBkDiAwM}EkLqE}MoFiLsEqGaCwCoAk\\wM}MkFyF{ByY_LwXaLy\\yMiHsCmGaCcBk@aAY{_@aIoMiC}EiAiDgA{e@yRuReIcFuByEuBaG{BqGmCeIaD_GeBkEy@eJy@}TcByH_A{YoEiYoEoSuDoE_AwNoCsFkAwHyAsI{A{LkCgH}ByEsBwBeAqEkCgi@ma@sDkCwS_Psu@kk@_D{BeGsEsCwB_GuEsRyN_[wUiEcDgGqE_GeEsHcF{H_FiNgI}TuLqNoGmImDcKoEyVmKs|@o_@_UqJeNcGydA{c@yViKiXmLoHqDmC{A_NsIoKwH_LmI}CsCsFsDsCmBaE}Cgp@ef@iGyE{EgD_DqByDoBuB}@_Bm@eMkDiHiBYFWAyBc@cLkBkOoCaLcCqFmAeFs@_DWgAKMEESaPc@}FQiAIwD_@iSiCqJuAkIcAwEq@iOkBsCe@iDs@iCw@oDsAmCmAeFiCsQqJcKoF}DqByCaB{IsEmDmB_FgCiCuA}ZaPeCiAqDsAyC{@gDq@}GcAsGy@}[kEuNiBeC_@cEi@yE_Acq@{QiHoBoAYeHmC{HyDqQuJiE_CyM{GwMyFwd@mRsHcDmDuAwE{Ao^oHgOyCsh@mKuBc@sJmBmDs@wE}@wVcFsO}CsF{AaEsA}Ao@}C{A{WiNc_Asf@uLsG{LiGiKyFkZaPsSwK}EeCsFyCaJuEwEwB}HeD}d@cQyDsAaFkB{DuAkt@gXyGeCg@CaAU_^wKw@IKNSBSGIUBU@AaGoC{Aw@_IuDqCwAw@k@IQmXeMaHcDcKkEuHkDaA_@mMgG}CwA_D{AmLiFkGwCoM{FgN_GyImDsEcB_HmCeFcBiFoBsI_DkIwCeEyAmGeCgGoBqUkIkHiCoRqHkOiGmXeLcFuBcJ}DsWyKaEgBkSsImBu@{IyDwJcEaFyBaWgKw_@oNoMyE_\\sLkFmBgDsAkDqAgDkBuCkBkNcKaVuQqDiC{GeFoGyEcVmQwM{J{EkDiHmF_C}Am@[_EyAoBa@sWuCcGg@cKiAsGc@qEo@oD[mCOcBKo@EqCi@{Gk@oF_@wFs@gEw@iCm@cCw@qCcAuBs@kEcB}I_DmNqF{YwKuGcCsC_AkD{@qDq@a`@wFi`@yFwDs@uEmAeFcB_F_CmCwAqAy@uEiDuCcCaEoE_C{CsB}C}AkCiCmFeLcVyBoEwBqDyBuC_BeBgB{AwC}BqBqAsZ{OkNsHiH_EsJyFy[sS{NmJyPyKeTeNcIkF}VgPaE_Cmr@o\\cCcAaF}AeDw@eEu@wLmBmF{@eOgCuc@gHcy@}MqXkEwY{EkEu@w[cF_a@uGqIwAmKeBoV}DiPkCiDg@uCi@gLiBkF_AkZ{EsYyEaHgAuGgA{HmAgAOw@QwIwA{Dy@sBi@kA]qCeAsDeBoBeAuCmBsOqKih@a^{a@kY}CkB}[sTiHeFu@q@aBmAe@YMC_KyGkHgFaNcJi^{Vw[wTed@a[oQyLkDmBuDcBsMkFuUwJsc@oQcKyEgFkCeZkPq_@yS_CmA}BaAaC{@iFqAmGoAcH{@}ToCoEy@oEeAiF{AmCs@yNeEuDcA{@YiKsC{JqCgDw@yB]eD[cBKiYa@_QQmh@q@{DUsDg@sDy@cCq@cc@mMeVmHqScGeVkHuIcCid@aNaEkAeBc@gOmEqHuB_JoCaC_A_D{AwBwAkBwAcBaBcBoBgF}GsIsLeMsQmIaL_HqJkGmIwMyQeDsEqAwBqLiP{@eAyB}B{BkBiAy@}BuAkAm@mAm@wFyBcLqEsu@}YcHaCgEqAy`@}LiNgE}a@iMs[{K_LaEwJkDiNeF_A[mLgEcXoJcBq@kJaDkRcHiJuDaEgBqEyBoJiEyCyAm@]{BcA{o@m\\eFcCcTqKiFsC}HsEiIqFeE{CoFkEuEyDmHgH_GmGyc@og@}_@gc@mFcFaCoBeDyBuCeB}DoBaBu@iE_BaA]yEkAuCm@mG_AaE_@gFSaHGyA@cBFuHl@a\\vCoTjB{BVcJt@}Ed@kF\\eMjAw@L]AyDTuIR}FE_Jm@mDe@kBY_Ey@_G_BuDuA_VsJuLaFmk@uUm]qNsJoEeIoEwHeEso@w^kOqIuWgOeIsEmHyEyHmF{QcMcp@yc@eG}DsIyFgGsE{BmBeBcBwCaDcJsKeb@ue@cAmAeCwB{BaBcAq@{FmCcC_AyD}@oAU{Dg@cDOmSGy^CcOEeEFqCJu^`Coh@hDyJZgHHwFAmGIoK]mJg@aF[wjB{JaFMsB?_DF}rAxDcEJqB?{EQuD[}BUkB[}Bg@mEsAwAg@iCoAuBeAka@yUaFoCwReLyIwEcMqHiGkDaUyMqDsBiHaEoFeD{CcBiC{AyLqIiDeCcKuIaE{DcN}M{IqIkB{AaPuOyl@sk@eCeC_KqJcCaCsBoB_CaCkBiBuBmBoDwCkB_BeEaDsJyGwD_CcH_EoKiF}RoJuMmGwEyBwDmB_QiI{KmFaFaC_QiIgMiGeAk@yEeDkh@kd@qBiBeKyIeFmE{FkF{HqG}@}@cJ_IyAoAgKiJ}CiCqCgCgK}I{EgEcDcD_BmBoIuLwMsReE}FyAuBiBsCo@_A_A{AuImMyDyF{BgDgTc[kC}DgE}FyGeIsHiIcBeBiF}EoGoFeFyDmHiFqLaH{EiCwHsDoJwDgE}AiGwBgHqCge@qPiHmCePgGsFqBaIoCqIcC_^uIwS}EeKoC_Bg@eBq@aLwEiZ}LuIsDeE_B_P{G_GoC}DqBwHiEkNkH}JeF_GoCoHsDiMaGw[uOab@gSqZwNiBw@cDmAiCu@kEcAiGkAei@mJqCe@uB_@sEu@_KiBgPmCkLsBoEs@uFkAkMwBco@yKaLoBiY_FkNcCwHoAqVkEsp@gLkSmD{EeAgDeAsFuBuDiBaYgO_NgHu@e@gPwIuSsKyDuByM}GsDqBc\\}PwDkBeVmM_LeGsGgDsTkLcKmFsBkA{OoIuDqB{EcCwBoAqM_HiHqDwK}Fks@o_@mIsEaCgAk@WqPcJySsKaOkHqIaE_D{A_EmBwGkD}L}FmSwJ{UkL}YuNmHoDmBaAqLwFiG{CuEwB_FeC_PyHgX{MsCoAiDiB_GqCya@uS{SuJ_PwHiZaO}DkBid@sT{V_M_w@o_@mEoB_H{BuQoEyOoDoJaCws@}PaN_Do^{IoM{CkQ_E}SiF_WaGwIeBqQgDyDw@uNoCw]eHoMcCyMmCwp@mMgZ}FuIuAuDw@kEoA}PeFqFuAsk@ePkD}@kF{Aq^cKuKyCmLiDqXuHuF_BeF}AgNuDsDgAcFsAqFcB}EcBcKeEwQ_J}JcFaCcAsN_HeLuFeHeD{QeJkb@oSyKkFgEuB}YsNuPeIiKgFmS}JwPyIaPyHmIsDsFsCoN{G}MwGyNgH{z@ua@eJoE_HcDgVwL{VsL{LiGcIuDa^cQwZcOkTkK{EsBsu@aZsNaFkQuGg_C}z@uSsHgIyCeEuA_SgHuN_FiOsFwUcJkCy@uIgDiFkBaUmI}@Wo@YiKuD}B_A}LkEiBs@mMoEke@_QmJiDcC_AmKyDcG}BcGqBc|Aii@_A_@eJuEoIwEyZyPyBiAgBeA{JqFkGwCgIgDstCgiAaVyJwW}JwXuKa@UgC_A{ImD{{Aam@k\\sM_O}FwDcB{R}JkSwKiAg@}SwKaAc@qEcC{TgL}LsGiHqDgHyCyr@wXoMqF}c@aSmLmFcJ{DaHaDa[cN}YqMeMsFqi@cVaK_EuFqBqe@{OgR{GgQiGqd@sOuS_HqKoD_o@gTao@mTkN}EsKoDyP{F{JoCqJeCoKwC_PeEiMkDwUmGs\\uIoEeAeLcDkNwE{CaA}I{CiCy@{Ak@iCu@uN}EoRyGyKsDqMkE_i@iQqL{DkFcBeEcByDeB_D}AwEwBkKiFwPwHcl@wXcEcBcHkD}m@yYif@gUqRcJ{MgGmx@g`@_GqCsEwBiQsHyD_BoLgFq[{MwNiGwq@}YgEeBeFcCeGgCeTgJ{CoA{McGiOqGgEeBiOyGyFgCiBu@uGsCiOcGkBy@aDyAiFsBeDaBaJ}DyI_EiLyFmF}BcJqDkJaEwGkCqAi@iB{@km@wWaUsJgKmEqc@oRmJ_E}JqEea@aQkU}JmEmBeHyCgL}EiKmEoFiCwO}G}B}@wBaAoGiCoZ}Moj@cVuF_CkTiJsGyC_E}AsEwBiP_HwHiDqEmBcKsEcDsAq[iNsM_Gcu@o[{FeCeBq@aGmCg\\sNykB}x@kSwIcKsEyRoIqiAuf@wEwBmY_MikBwx@oMwFmNeG}DeBwEsBaBs@{BaAgJ{DyScJmK}EcDaBwLyFuBcAsHaDcOqHiEmBqf@qU{GwC_a@cRiDcBg_@_QaLmFsKgFgYoMam@mYqM}FqDgBgMyFgHgDaIqDaR{IyHmD}RmJ}FmCsAq@__@_Qoe@yT}DcBaZqNeEiBmXoMaBs@_O_HaK_FgEgBcc@uSqs@q\\gWqLkIyDsBy@iAs@sGwCaEqBqVaLyAw@{TeKsJ}EuJsEcImD{_@mQ}EcCoXeMaLqFkMeGmHcDoG_D{JoEgN}GiIsD_ZmNiGoCgT_KkIwDgMiHwQyKae@mYqYiQmVmOqRkLwG_EmGaEyD}BuD_CaQiKiFkDcCuAsHsEuIsFsFeDmLiHyEsCqTcNgb@iWoVoOmVcO{^cUkAq@wDcCkIaFqOoJkFeDaC{AqRqLkBgAkEkCcIeFiNuI_Aa@kD}B_GmDqVkOsNaJuEmCoAy@cB_AyA_AsO{IuI{EaNmHai@cZuDuBcDqB}Ay@iScLeLkGcMgH{DwB{GoD_a@_UqRmK}QiK{PeKeNeH{EiCkBiAmCuA{G_EoE_CiOqI{]}RiUqMsOsIuc@uVuEiCaH_EoDmBcMcHuEiCq@WkEeCiFsC_IoEkCcB_y@ce@qL}GsOyIkt@gb@oHiEwi@c[iUuMua@{UaFsCyJsFcSkLsQeK}i@g[qKkGuOoI}H_E}NiH}A}@mFiCiUcL{FiCuFsB{]wKoAc@{@SyNwEgc@_NmCeAmDuBmAaAcGkFuEaE{FkF{CmC{J{IsMmLym@{i@wBuBuAyAyYs\\_KgL{HyIiFgFyBmBoB{AuF{DwUkPsNuJgKkH_HgFwCgCkJqIiC{Bm@o@yz@yu@gn@ij@oAcA_VcTuE{DaEuDiIkHcEqDiEyDaEsDsE{D_CiBeJwGqBqA_LeG_NeHqMiGcN}GeD{AaLwF_CmAcD{A}FyC_HeD}LgGmq@g\\{A_Ame@mUmVsLwYwNwFkCeHsDeEoByJ}E}`@}RkKeFwAu@}@_@uDgBiu@y^}CwAuDmBgOqH_[oOiFcC}BmA{BiAk@]wYoN_MeGqIaEum@oZkaCgkA}M{G_W_MeS_K_D{AuC{A}GcEiEgDmBcBgCiCuQkQaH}G_B{AyAiAsDsBeBu@cDeAgR}E{PwEiF_BiC_AkF_CcdA_h@ycAqg@qdC{mAcK{EmQuHuu@}Zey@s\\qKeEmp@wVcWyJoEaBmAg@aP}F}k@aUmHaDoLgFcN}FehAif@iMqF}x@a^aVkKaA_@{r@wZqToJek@yVujAog@yMsFuvD{{A{N_GeyAul@iGsCcgAml@cHyDmDgCuAmAkAoAkt@a}@_LeNgZq^wEwFoC{CoDcDsAgAiCoBmBmAgCwAuu@w_@_JmEwO{HmFsCmH{DuBkA{IeEwNuHs@YkL_G{BeA}EgC{TaL{SqK}R{J{JgF}EcCaHcD{K{FoV{LsAy@sJ}E_GwC}J_F{W}MwU}LwIaEmIoEwSaKa]kQcYkNgY{Nus@o^{LoGaDyA{F{CaCgAaqDuiBwgAoj@e^sQoIoE_OkHkBgAoEyBkD_BiJiFcMcG}EeCaLsFcOaIqL}F}H_EgRoJuy@eb@sIoEo_@eRyEiCiRsJqG_D{LoG_Bu@kC{AqCkBaCiBqEcE{F}EmCeCgDqCeBmAmBmA{DkCcE}BaCmAoDaB}BgAgFmBwDoAaG_BeOiDkCu@cDiAwAm@iFeCoDoBcAo@oHgFeFkD}F{DiD_CsE{CeBqAaJgGkFoDuIyFiCiB_DoBwCsBoFkDqUuOgBsAQB]EoAa@aDq@yBgAaCaBYGy@JUZOJSFSBS?[KuAn@e]lb@_m@zt@{@rA[z@]lAkMvk@Kn@GzACdi@ElTCxBGZe@~@sCrEmBzCcPzWcGhJiB~BaCnByG|F_IpGgEtDMHoGrFoPrNIRkGhFuEvDaYbViH|FuC|BOBMPiB|AoFsI}ImOeG{J_HkLoSa]I[}AeB][eJ{GuHaFsBy@eC_@{BOcAGkAAgJa@y@GsAYuAa@et@a`@oc@yUsCwAs~@uf@eRsKiO_JsBqAkNiIsd@aWiaAmi@oBiA_QoJ}q@w_@}NgI_DiBa[}Pmc@gV_j@eZgGeDWCiB_A{BsAKOmKaG}s@k`@gKyF}_Awg@{HkEs@m@iCmCuCaDaH_IsJuKqDeE{SyU}BcCyv@c|@wHsIeF_Gcs@cx@aBmAq@a@cCw@aLqCeY}GiIyBuf@sLuXaHcG{A}xCot@an@yOiASiAM}@CaA@cBLuKjByj@dKgbBrZuGhA{Cj@iBh@kMlEaVfIyR~GsL~D}QnGkExAmAVqANuAFuACah@aEoACqBJ_AJmAZqHlDoj@lXuBfAeKdFaAh@uAbAi@f@}@lAw@rAiDpGcCvEyClFqBrCwBdCe@^kE~B{GnDmLnGwJfFqA\\q@Fo@?}FSiTmAw@GuHWaWqAuJa@mCQuG[c@AiVuAyH]uJg@aBAiCHiBVwAVqAb@gTtJoCtAw[`OcAZ}A`@{C`@kt@fCqHRiGRkKVk}@zBsQd@_i@pA_Vn@gQ\\e@?wBOoBYaw@sRkm@iOuDaAenA_YkZaHo{@wS{}@_Us[kGqMsCoZoGeYiGil@_MaTwEo@GeDm@kDy@oBk@CEcGkAmc@mHyDo@uAOmBImBF]BaBXmGtA_b@pJ{y@vPsu@rOeOzCcI~A_Bd@u]dMeQrHmRnIsK`FiMvFaEdBkWrLcC|@eBd@}JxBm[`HkItBuXlHwMfDmMjD}NrD}JjCgGvA}Dn@ml@fEkZhC{J|@eX`CuGh@}JpAwB\\wMfBwAReAHmBHaBAoCWcYaEkO_C{YgEyOsBqYoDwk@eHwQ_CeWaDoNgBkBS_B]mA]{LaEaGgBgOmFsAq@oIsFoNoJoHkF}GmE]MmDuB{C_CIOgCgBsCmBkQsL_Ai@iAk@kAa@oi@oNcc@cLuFqAkT_GyYuHmBo@_Ag@cBoA}CgCmn@oj@oZcXoUsSuIqHuAeA_Bs@go@ySelAk`@uk@oR{L{DkL{DcOwEyBe@yBUc@CofBa@kCCoKAqGEceAe@kaAi@gAEy@G_AQwAa@u@[oByAy@}@u@oAsRo^g@eAgM}UgAaBu@_A{@s@y@g@OKiC}@yQiF[Im@IoGUiBEqBSiAY_A[u@[e@YmB_BuHwHw@y@aK{LuJcMq]w`@gAeAyAaAeAe@yBq@u@MoAIcZQak@Y}`@UqNKoFAwADqBZq@NsBt@wUfK_ChAw@h@uAlAiA~As@nAi@tA}EjOeHzTaAhC]l@cAzA}@z@aC|Aeo@tZwi@nWgAl@qFfCc@PDPAh@MZUNYDYISUGScEHaMv@oH\\}EZeFVuF\\}ATcAVIA}Bf@eAFiLNg@B`AdHVdBiATRhBmANaAHuFbA', '2025-10-10 08:52:37', '2025-10-10 08:52:37'),
(11, 2, 'delivery', 21.22604923, 72.89995059, 21.23000488, 72.90089674, '2, Bhagavan Nagar Rd, Bhagavan Nagar, Bhagawan Nagar Scoiety, Nana Varachha, Surat, Gujarat 395013, India', '2', '65, RUXMANI SOCIETY, Nana Varachha, Surat, Gujarat 395013, India', '65', NULL, NULL, NULL, NULL, NULL, NULL, 704.00, 2.60, 'sup`C_g}{LR?HJDTBIFCI]m@uE]oBQoA_KpBcEz@_Dd@', '2025-10-10 11:32:41', '2025-10-10 11:32:41'),
(12, 2, 'taxi', 21.22561012, 72.89919253, 21.22427717, 72.89884921, '114, Bhagavan Nagar, Shradhdha Society, Nana Varachha, Surat, Gujarat 395013, India', '114', '40, Sarthana Jakat Naka, Simada Gam, Kapodra Patiya, suart, Surat, Gujarat 395013, India', '40', NULL, NULL, NULL, NULL, NULL, NULL, 278.00, 1.20, 'csp`Cec}{LhFaA~@K^dC}@R', '2025-10-10 11:35:45', '2025-10-10 11:35:45'),
(13, 2, 'taxi', 21.23000488, 72.90089674, 21.17024010, 72.83106070, '65, RUXMANI SOCIETY, Nana Varachha, Surat, Gujarat 395013, India', '65', 'Surat, Gujarat, India', 'Surat', NULL, NULL, NULL, NULL, NULL, NULL, 11495.00, 33.10, 'inq`Cum}{LP|@pCfLxEhQ`@vAlFs@|FiAjAOx@G|DKt@?`@DnAVxATnOGxCIhAMtGiA|Fs@dNkAzAQjBIxJ{@r@]l@z@`IbN~JnPbDnF`HbL`AzAlD|FdA`C|IxVfAxCDTxKdYtE|K|@zBnEdLjElInC|Eb@x@~B~DnCfFjIhOv@vA\\v@`@v@rCrE|CvFl@tANVPFHNATb@\\jCzDrA|BzDvHzBtJr@lDHbAp@fDrD|N`@lBDf@\\jIx@bG\\nApBjGlA`Ef@bBtCzIt@hCjAfDh@fBpAfDx@zBr@zAvA|Dv@rBbBnFrBxF~@q@\\HZR`@x@v@vBfCjF~AxCj@bAP?JJjCMtGOpFEhBI~@AbCS\\?hA]r@MdCS@NTbAwBXwAN', '2025-10-10 12:11:45', '2025-10-10 12:11:45');
INSERT INTO `recent_searches` (`id`, `user_id`, `transport_type`, `pick_lat`, `pick_lng`, `drop_lat`, `drop_lng`, `pick_address`, `pick_short_address`, `drop_address`, `drop_short_address`, `pickup_poc_name`, `pickup_poc_mobile`, `pickup_poc_instruction`, `drop_poc_name`, `drop_poc_mobile`, `drop_poc_instruction`, `total_distance`, `total_time`, `poly_line`, `created_at`, `updated_at`) VALUES
(14, 2, 'taxi', 19.25530730, 76.76687591, 19.25731560, 76.76468490, 'Unnamed Road, Apana Nagar, Parbhani, Maharashtra 431401, India', 'Unnamed Road', 'Anusaya E-Square, Gangakhed Road, Apana Nagar, Parbhani, Maharashtra, India', 'Anusaya E-Square', NULL, NULL, NULL, NULL, NULL, NULL, 853.00, 3.90, 'oxotB}opsM_@`FS`BcB[s@SoH_DgAg@k@ImA@[HKFv@~@r@bApBdDL`@APVPTDFH', '2025-10-13 04:51:20', '2025-10-13 04:51:20'),
(15, 2, 'taxi', 19.25524558, 76.76693391, 19.25584320, 76.78183190, 'Unnamed Road, Apana Nagar, Parbhani, Maharashtra 431401, India', 'Unnamed Road', 'Shivaji Engineering College, NH 222, Shivaji Engineering College, Parbhani, Maharashtra, India', 'Shivaji Engineering College', NULL, NULL, NULL, NULL, NULL, NULL, 4175.00, 13.90, 'mxotBkppsMa@nFS`BcB[s@SoH_DgAg@k@ImA@[HKFv@~@r@bApBdDL`@APVPTDFHGIUE}AcA{@a@u@QaAIi@Cw@D_ANwCt@e@DMAdEoQ@U`AkELs@RyA`@oIRoBjBcJ\\aBEMKEkDaAo@IgEEIPSFSCMMEUFULI@UHUAyDN_EAi@^aKFaBl@aDf@gBTo@rAkB~DiEdBqBrBwBvAaB`BbB|@VtB\\QfAa@bBvAb@FHETS\\cAhA', '2025-10-13 05:39:35', '2025-10-13 05:39:35'),
(16, 2, 'taxi', 19.23261376, 76.75393794, 19.25731560, 76.76468490, 'Unnamed Road, Apana Nagar, Parbhani, Maharashtra 431401, India', 'Unnamed Road', 'Anusaya E-Square, Gangakhed Road, Apana Nagar, Parbhani, Maharashtra, India', 'Anusaya E-Square', NULL, NULL, NULL, NULL, NULL, NULL, 3554.00, 10.90, 'ylktB}xmsM_FoAeM}FsM_OwAoBU@aNaDmEiA{Be@}CmAcAg@OMQIo@KqD_BkA_@sIqFuCgBaC}AeAa@cDkAqKiDq@S}DyAuBm@eDm@kDi@{A_@oH_DgAg@k@ImA@[HKFv@~@r@bApBdDL`@APVPTDFH', '2025-10-13 05:56:17', '2025-10-13 05:56:17'),
(17, 2, 'taxi', 21.22415278, 72.88954128, 21.21640453, 72.88893141, '149, Amidhara Cir Rd, Bhid Bhanjan Society, Nana Varachha, Surat, Gujarat 395013, India', '149', 'B-66, Yogi Raj Scoiety, Nana Varachha, Surat, Gujarat 395011, India', 'B-66', NULL, NULL, NULL, NULL, NULL, NULL, 1273.00, 3.90, 'gjp`Cqf{{LBLHJ@NEJxCpNd@fCB@lCm@fEs@rBa@lA[dJqAFIL@zA[fGiB~Ag@q@eC`@M', '2025-10-13 09:53:03', '2025-10-13 09:53:03'),
(18, 10, 'Taxi', 18.52460910, 73.87862390, 18.52914530, 73.87414840, NULL, NULL, NULL, NULL, NULL, NULL, NULL, NULL, NULL, NULL, 1539.00, 8.00, NULL, '2025-10-17 06:35:53', '2025-10-17 06:35:53'),
(19, 10, 'Taxi', 18.52460910, 73.87862390, 18.52914530, 73.87414840, NULL, NULL, NULL, NULL, NULL, NULL, NULL, NULL, NULL, NULL, 1539.00, 8.00, NULL, '2025-10-17 06:35:53', '2025-10-17 06:35:53'),
(20, 10, 'Taxi', 18.52460910, 73.87862390, 18.57934300, 73.90891680, NULL, NULL, NULL, NULL, NULL, NULL, NULL, NULL, NULL, NULL, 7893.00, 24.00, NULL, '2025-10-17 08:35:13', '2025-10-17 08:35:13'),
(21, 60, 'taxi', 19.24899070, 76.76534873, 19.25731560, 76.76468490, 'Unnamed Road, Apana Nagar, Parbhani, Maharashtra 431401, India', 'Unnamed Road', 'Anusaya E-Square, Gangakhed Road, Apana Nagar, Parbhani, Maharashtra, India', 'Anusaya E-Square', NULL, NULL, NULL, NULL, NULL, NULL, 1688.00, 5.50, 'ejntBwapsMyCxFy@bB]TSDeAa@cDkAqKiDq@S}DyAuBm@eDm@kDi@{A_@oH_DgAg@k@ImA@[HKFv@~@r@bApBdDL`@APVPTDFH', '2025-11-05 10:47:58', '2025-11-05 10:47:58'),
(22, 2, 'taxi', 19.25634327, 76.76536683, 19.25194993, 76.76398885, 'Sakhla Flot, Shop No 5, Apana Nagar, Parbhani, Maharashtra 431401, India', 'Sakhla Flot', 'Unnamed Road, Parbhani, Maharashtra 431402, India', 'Unnamed Road', NULL, NULL, NULL, NULL, NULL, NULL, 514.00, 1.60, 's~otBkfpsMFWrAZrEr@tB`@xCz@xCjA`Cr@', '2025-11-05 11:28:08', '2025-11-05 11:28:08'),
(23, 2, 'taxi', 19.25634330, 76.76536670, 20.59368400, 78.96288000, 'Sakhla Flot, Shop No 5, Apana Nagar, Parbhani, Maharashtra 431401, India', 'Sakhla Flot', 'India', 'India', NULL, NULL, NULL, NULL, NULL, NULL, 392003.00, 402.70, 'w_ptByfpsMFY{GuCgAg@k@ImA@[HKFv@~@r@bApBdDL`@APeAq@{@a@u@QaAIi@Cw@D_ANwCt@e@DMAdEoQ@U`AkELs@RyA`@oIRoBjBcJ\\aBEMKEkDaAo@IgEEIPSFSCMMEUFULI@UHUAyDN_EAi@^aKFaBl@aDf@gBTo@rAkB~DiEdBqBrBwB`H_IhAeB~@mBZu@|@wDz@}Ev@qD`DiQhAqF|@_FzBeNb@gDDcAEoAOmAS_ACYw@iBiBkD[w@m@gAoQq]aBiDaAiBkS{`@gBgDoFsKuBgE{E{JqTuc@_AoB}@{B{GeRCQif@qsAwBeGc@sB[cCOqBe@mLy@yTw@{Ps@oSqBkf@S}DMyE@oCZgCRuAh@sBvAmEtHmUtA{DlC}IT}@RaBReBH{B?yAq@iZ[wLw@_Vg@oU]gLQqJeBon@GcCQyESgBe@kBmAeDqA_DuDcLaEuMyA_Fa@{@mA{B_BiB}AsAgH{EwGiEgFcDuKiHoD_C}ByA}CwBgHuEsE{CcJaGmHaFwi@g^oCcBiIuF}CqBoAgAmAwA}AcC_@o@iMoYmDuIw@_BqCmGy@eBy@qBiGoNa@y@_HuOkDyHaO~GcCv@iCf@iPfCkX`EqB^_@Aa@GSFc@X_AV]F_@Vq@KoC`@oCXsDAgAKgC]qBi@eWeKsEsBqDsAwf@mScMkFQEwXoLeC_AuAq@_Bi@yUwJcLoEsF_CcAm@a@q@e@_Ae@aBE_@@c@^mD@UE][_Aa@u@e@a@gAm@sKuEgCkA{B_A{BaAgDeAu@MqCW{CSqDQoDUsACgKg@cGa@{AUuD}@_PmGqD{A_QuGmOuFi`@_OkAYkC]_CIwHBem@\\}XP_M@aPHeEFwK?g]TYCkQHqCIkBUiMiCmDm@c|@mQy@WsEw@qFqAa]aHeWsFaE]o@Ci@I]KwD}AgB}@uBo@wDe@aMgCkDUwI_@iF[iBGwCSkH]SBuESsUiAo@EwA[_@QqAw@USqAuAUc@{@uBiAaDk@wAAQoBgFcAqCiCiHcDaJc\\g}@{BwF_BqEa@_AgB_Fc@oBkNk_@_HcR}DiK]cAcAcCqCqEuAuAqCcCuJoHe@a@UMe`@{YwF}Dw[oVaD{Ba@c@cGvIqAjBwC~DaEbG_@n@m@p@eGtEgD|AiC`AoATeDN}Ix@sDVmK`@sCN{DL}AC{DQoF?yCDiCVwB^s@D}@CeAOaEaAsFgBqAq@sFcCkCqAkEkCyCyA}GgCsAu@eCeCaBmBYYYQc@QoE_AaJ}Bw@U]Mw@o@qD{Dk@w@wB}FYc@{AuA}CkC}AwAQIi@k@g@_@QKyCeAwD}AkBU{KeAa@?iK|Bi@FwFm@_@KWSWi@So@?O[aAmDkI}AeFmCiJ_@mAS]y@q@m@_@oA[kU{DgFq@{@YWQuB}BwMuH_Ag@]U{LcJkMyI{_Age@wBsA_FgDqHwEkXsP{QkL}IsFeo@oa@]OaAQaCUy@UqGo@uDUg@OkWaCoGu@gUcDyB]}NmB{Ca@}W{B_Jq@kGa@uMgAyLyBqOyCoMwBa@C_@F[NeB|AkAjAwAhA[Pe@Lm@FyA?oIIgEKkVWg@@wACs@Gm@Oc@Qm@a@a@_@gFsHmDkFo@eAuAmBmAkAaAs@y@c@{HmBeOcDyK}B{w@qPyCq@wu@wLcBa@qNiFkAi@sm@oZkDgBqB_AyByA{i@oc@uAeAeA_AoIuG_CqBSUaBoA}A{Ae\\e_@wB_CiCmCi@a@uCeBaKaGsTcNyCwByIaImN{Li@k@cIaHoCsCeHaIg@w@Ww@Ii@GkAAcDW{MIaECIIoAQy@Wm@qBgDGQ{FmJMYY_Ba@aF?}@@q@p@kHJcADyBEgAQeAk@qBaA{CeA}CkDoJWe@QOO^ALgDzHs@rAU\\qClCgAt@a@RAHI@GG?GkNgTeAeBiAyA{BqDa@w@Ma@yH}Lk@cAmBoCm@oA]c@m@[]M_B[kHoBoBu@uBm@u@OgAQoBGcADqA?yCUqC_@}RuBuBYgCUeKkA_D[iT}B{@OkE]kA?}BQCFSFwQJiPBwDB{VJmADcC?mMF{BBsCa@uAGeIFqCCo@Em@Qo@_@yFeEs@a@cAa@o@_@u@WeVmJi@]_@_@uDaGiCiEs@s@a@W{IqDsFgCu@c@IOaB{@kFeC{B{@iA]yA]aC_@sBSaa@yDuBYc@IsDeAmE}AoAi@iCsA{ByAsSePw@}@c@c@m@u@k@y@sCuFy@kAg@k@u@s@w@k@gAk@wCiAkO{FcB{@_Am@yDuC_Aw@}AeAsB{@_Bc@_AIuBEk@AoAJ}AXyDrAuAj@{DrAq@Rw@N}AJ{ADwHa@y@GgC?cBDcBPwHzAkD`@{@Dy@?iCGuL{@oM{@mEYmF_@iKi@cE[}BMoCCq@ByAJuN|AwGd@{D`@iBJcLhA_Ix@sFv@eATqOpD{GzAiBd@eCd@gPtDmg@`LoD~@{B|@gCtAyHvE}D|BsIfFcB|@w@^u@XoCf@o@FoS`@qGHwNRqD@uT^eCB}MTcLNiHHoLNeVVoQTcFBmHIeE?iGV_BR}RdEyFpAgEr@uSdBoBV{Bh@qCdAyKpEsAd@uChAiJ~D}DrAoFdBgJrCaHfBeThFmHjBga@bKwG`BeGxAoNrDmKfC{QvEaJxBqBj@wQdEuGz@i_@bEaCTiFVeA?cBEuAGqC_@mAUkCu@mBs@_Ac@eC_B{F_E{DuCyB{A_H_FeCyAsAk@{@[sAa@s@O}AUsAMuBGeA?IDsADmBPi@Hi@@iCr@eFfBcMpEaKlDu@RgAd@{BrAe@^mAnAw@fAg@v@oJ~S_@p@q@z@i@j@{AlAw@`@kE`B{CdAoPtEmHnB}FzAk@Rw@RyDp@kH|AuCf@qO~BgD`@kBHgBCoBMiBWcOeByHeAwBUsBKgBAyEP}Hn@iEXeCDmE@}BQmEu@_Ey@kDk@sD_@kHc@oEKaDFsBJyCTeFp@oB\\aCh@qEv@}Hp@gLbBeCXmFZuQbCsAZmBXyRjC{Fb@ik@rC}CLkKh@qB?iBIqEy@gIgBwBc@sCq@{s@kOyA_@uOcD}SqEoNyC}[_H}@KoAIsCB_@DcBDoQx@qGX}CPmI\\oAJkARwBj@c@NiCzAmAbAw@z@aAtAs@vA_AhCeBzFgEnMwJvZ_Kt[yBbHoKb\\eFvOmIbXaG|QeFpPcPzm@oKx`@iDrMi@dBm@dB{@hBkAtBcBbCaCrCg@d@_D`Cw@f@kCpA}DzAcAZeF|@gLhBoTfDm]fFmUrDeLbBuEt@yJtAaHl@gENwE@qDIcEOwGk@kEo@}Co@iD}@{G_CaEgBq_@{PqBaAcTmJeFoBoA_@wA[mBU}AIsA?sAFy@HiBX}D~@mBr@sC|Aqa@zXiNhJyBdB_MdMmFpFqIxI_@d@kEnEkBdBuMnNwGtGuCxCiApA{AxAwA`BcC~B_DtDcFdGgFfFmAvAe@t@g@|@w@nBwBnHi@pA}@bBk@~@mExFi`@xe@wLbOcBvBiDzDkEnEqC`DoH~IkAvAsF|GcEvFiBxBmAjAcBnA_CrA_NbHmI|E]NkZ`QkCbB}@x@_C`C_BpBa@n@{AzCq@`Bq@pB_B`Go@vAa@r@m@x@wAvAwGlF_IxHqAhA_e@hd@{CxCwAxAsMbMwCnCsH~GsBfBgD~CgGjFgAr@s@\\qAf@oBd@kBV}AFgBAcCSmPaBuVmCeRoBsLiAw@KeFk@mGi@cBKyGWgFAyNReSZ{HPoAJ{ARa@JkAf@s@^cAz@}A~A{@hA]v@a@pA]nBM`AcDd_@W~C]rCuBnNoBhOeA~HcAhGqFt_@gAbIk@hDQp@m@fBcAbBe@l@_Az@y@n@iBz@kBh@{AVuS~C}Cl@iEp@u@R}B`Au@^yA~@sCxBiBpAuEpDgC~Ac@TsClAwGtBqCv@uBd@iDj@uHhAwGt@IJa@J{KfB}A`@y@\\i@^k@n@c@v@W|@QfAAlAFv@N|@`AhDBr@zDxKhEpNhAxDTdAnAbEX`BBd@CbAGl@]hAS`@Yf@c@^q@b@m@ZyAj@e@JoJtDq@ZmAz@m@t@MXa@rAE~@Fr@Lt@Lb@b@n@d@b@p@^~@Rt@Bp@Gr@Oh@Y`@[X[Zq@Ni@F]By@GeAIa@{AwEqCsIwAmEuA_F[eBAe@_HwV_EePqFyViCgNcGs^kAaIyFg_@oDeU_@wB_hCklPyIyj@aC_NyC}NsDcPcDkM}EsPeBuFgD_K{DuKwEuLwFsMyDqIkH}NmKeS{J}Qy@_ByD{GaFuJeBwD_AoBaG_LqCyEiIePaG_LcI{NeEqHeFeKcCqE_DgFwAoCqBgEkPa[}C_GoDaHsJsQgCaF}U{c@oEsIcD}F}]aq@aCsEoF{JiIcPoDmIqCaHcA}CgEuNcAcEk@uCw@iDi@oC_DaOkCgKeBqF}ByGuBmFyB}EuDsHcEiHmE{GiE{F_E_F}SoUgH{H_DeDgNkOkFuGqEiG}C_FgCmEwKuSa_@}r@gEmIwEyJcDoH}FmNgD_JiGkQaGsRyC}KiBaHgDuNsCyMmCsNoBqK_DsPoGm]gCsMw@qEsBcKcC}MmDaP_B}GaBmGeGuS_Li]oFkNwB}EiDmHmGwNcIcPcBgD_BaDcAkB{MqWsFwK}N}YkDcHeLyTsKgT}CaG}EqJ_KqR{KqToIgPkF_LoHwNgFyJ_FcKsDaH_IoOeD{G{R_`@sTgc@y\\up@mHoN}M_XeCkFcUwc@ebAkoBy`A}lByTcc@gBsDeVye@_Pa[gAaCcCeG{B_GoCoIcAiDyAaG_A_Es@oDuAaIeAyHw@uHa@_Fi@cKs@sV_@sOi@eN_@cOGsEa@uOQ}Di@uRQsEYmKMuGUmBGsEU}Je@qTcBen@cAm^}@y\\Y}Ii@_NiAgUmDwi@}@aLcB}QoBkRwCeWkAyIgHaf@}DeVsI{c@}Gi[iCyKuDgOaGyTwK__@iFkPmCeIuIqVmGsPeEwKmGwOqCsGgG}N_See@gH}PmEeKuAeDwCaH{BuF}BcFe^}z@ge@ihAWi@u`@k_AcVqk@{Yqr@cPy_@cLcXgYiq@kOm^as@{bB}FeN{EkLkKuV{Ns]sMyZ}A{DiCkHmBiGkDyMeBsImAcHk@oE{@kHq@iJm@gL}@qU_Csp@k@yMwFwzAkBqf@wAg_@oHonBqA}\\cAqYkA{YuAq_@aBub@_AqWsBgh@sBim@_Dqy@o@iRe@oMO_CGaC]iIs@mSgA_XsAe_@c@qH[_Ei@_Fu@oGgBqKoCiMe@gBgA}DeBuFmFgNeAeCcMmW_Uud@qBuDuOw[cPu\\wBiEeDgHwKmT}GiN{BkEmD}HqEkKkAwCcC{GqAyCoGqRkDkLmPsm@_BsFuBcIoOyj@{BoI_HqVqUe{@kC{JqVs}@aU_z@}a@e|Aq`@wxAqTsv@{d@gaBu@gCaFkQqQao@cLaa@}CuKyIg[s\\mkAeE_OkNag@q@yBaKq^yCgKwAkFkSos@wV_}@wDoM{DuNoByGqiAq`E{Ugz@sGmUcAgDaEeOkBoGwNch@cB{FiG_U_CoJyWshAsq@ytCiP}q@{]qzAmP{q@gUeaAsBaJkHqZkJ{`@yUybAsA}FgDcNqO_p@sDwO}V_fAwEmSmJ{`@sEeRmMgj@cC_LsGkXkUacAmGmXeAyEiBaKs@iEsAmKiAiLs@}KSkE]oMGuF?eJx@qfBBaGNgXCsDMiFIgB_@uFa@kEuCkUiCuSqDiZiBuOoBeOgF_b@s@gFoNikAcBuKg@kD{ByQeC_T?u@eAyJcAiMc@oHm@qMa@kNIaEC_EBmMDeLPoHXwJ@}BNyC`AiMPcErAgNbAqIx@gGnBsK`B_J`BuKtEcWhDcSb\\glBtDuTvCiPtF}[rDwSpEoXdAiHt@gG`BcPd@oG`A{QNoFl@k^?_F@wFEaDByDZkMP__@NwZHiO@}G@cF?yFJkNDsBJcJv@acBDeOAyFEyDW{Nc@iM_@yGe@kHq@cIi@_Gk@}Es@yFyBcO}BiMgBqIuCcMaX_eA_HuWs@eCsBgIQQIQw@{BwCkH_@iAaFyR]WW_@Me@Ai@Fg@Rc@Z[b@Sd@Eb@D`@P^Zj@TPBdFDNDlX]xFGpEKhHIfB@^Bnd@tIzGjAj@JZDjDS|W_BdE_@lAQ`AWdDgBrFaDjA_AhE{BpI}EFMdLyGlBeAdBu@`FyA`A_@jHqB`Eu@rEo@nEe@|Cc@dC[z@G|Fy@vXeDxB[bBKLINBB@jBQtIg@dCGdXsA~CKFOBUaAScAc@a@[Wa@mEgJKSLMT_@t@eFb@eDzAsJfCoPJaBj@cCLYf@o@d@c@tA{@z@Wp@Mf@@tARnDlAFKk@oGSiCCs@AkAJ_AzKqc@rA{EVeANeA@mABKOsAAeAJcAJa@p@}A`@_AHW?Ui@aGGsBCyCQqKOmOE}BB_BHm@|AgG~EcRnAsENo@Dc@@g@Ak@_@oFg@_HOoCKeBG}C?sOG{IEQAiBByAAwABmBCsLFiDHgANo@~DuHdJeQT]X{@xAiDlAmDtB{Gx\\uaAzAoE|BoGfAaDFOD[d@}AvDiK^u@hHiSxAoEdFgNnMkKzC_C~BeBBGH_HZqJPmGn@oOFgH\\qH?yCPwIPqDN_FbAsEJWbOkk@vGsUpA}DfFoT~@sBzAK`Fs@zCiAvAgClT}RzXkXdOoHv`@eRbFyBpCgBrIwIrCwCpDoEnDiD~GuHp@yAfGmThA{EjHia@B]_C}h@u@sRg@{J?s@@WlEwMlPce@vHsSv_@ydAbc@emApBiGpBgFd@oBj@eB~@eCxAoDzPse@Nm@~LulApB}RdJax@BsBj@{C|S}_ApH{]pDcQfP_z@dC_MrCmLn@_CBk@E}FBgAYy\\CoH@yBSi]JkCzBuSlD}YhBgOn@{F@s@_AoQYcIOuQCuBFa@hCgEXeALcAFo@HyBBaFF}CC{BKoAMgAi@oBqBqEOY`@y\\RuL@i@i@{TWaKhA@vHKjTPlECfBMrEs@tCi@bBO~A@l@@|u@nEhN~@`DH~BQv@OzAe@f@UdDsBfD}B`GmEhMuI~CmBxAeA|@g@zR{M|Q{LtDkCn{@qk@jFgDdw@mh@~DoCM_EKcF?aBAgAOeDC{@FeCKk@KK[Im@Cy@KkAWSMSSU_@_@qAS{@M{@E_BEiDsBImH_AaDk@yBq@N_AlBuJ', '2025-11-05 11:36:32', '2025-11-05 11:36:32'),
(24, 72, 'taxi', 20.80957015, 75.77873502, 20.80088138, 75.77477373, '725, Jamner, Maharashtra 424206, India', '725', 'Unnamed Road, Dongareji Maharaj Nagar, Jamner, Maharashtra 424206, India', 'Unnamed Road', NULL, NULL, NULL, NULL, NULL, NULL, 1234.00, 3.40, 'ak_~BcpomMDg@h@En@@vAVp@Rz@PdCX|BP`@A`DFlBRbGV|DDp@H\\Jt@`@hAv@JRrBz@fBtAk@zBcA~E', '2025-11-06 06:32:54', '2025-11-06 06:32:54'),
(25, 72, 'taxi', 20.80957015, 75.77873502, 20.80615964, 75.77696610, '725, Jamner, Maharashtra 424206, India', '725', '18, Ayodhya Nagar, Jamner, Maharashtra 424206, India', '18', NULL, NULL, NULL, NULL, NULL, NULL, 563.00, 2.50, 'ak_~BcpomMDg@h@En@@vAVp@Rz@PdCXvBPB~Ac@zClDd@', '2025-11-06 07:40:49', '2025-11-06 07:40:49'),
(26, 72, 'taxi', 21.23000488, 72.90089674, 21.22382275, 72.90050011, '65, RUXMANI SOCIETY, Nana Varachha, Surat, Gujarat 395013, India', '65', 'A-5, Vrajbhumi Twp Sector-1, Nana Varachha, Surat, Gujarat 395013, India', 'A-5', NULL, NULL, NULL, NULL, NULL, NULL, 1163.00, 3.90, 'onq`Ckm}{LqARCWlDc@tCg@`OaDpAU`Ci@dBUlBOjBWJIJBBLIJA?LlA@f@u@Hm@NYZAZ?ZF\\TfDP?', '2025-11-06 08:38:14', '2025-11-06 08:38:14'),
(27, 72, 'taxi', 21.23830212, 72.90089674, 21.22559169, 72.90009275, '65, RUXMANI SOCIETY, Nana Varachha, Surat, Gujarat 395013, India', '65', 'Rushikesh township, No 01/504, Varachha Main Rd, Bhagavan Nagar, Bhagawan Nagar Scoiety, Nana Varachha, Surat, Gujarat 395013, India', 'Rushikesh township', NULL, NULL, NULL, NULL, NULL, NULL, 1761.00, 5.70, 'abs`Cum}{LLhAhB[~A_@b@fAh@lB|@rBJBzCe@t@O|@KpHwAdDe@rBSpCc@fDo@BG~Fy@fQsDNEDVQD^fCZnBZ`Ct@I', '2025-11-06 09:17:48', '2025-11-06 09:17:48'),
(28, 72, 'taxi', 21.23515203, 72.90089674, 21.21087102, 72.89484266, '65, RUXMANI SOCIETY, Nana Varachha, Surat, Gujarat 395013, India', '65', 'Star Deal Godown Rd, Mansarovar Society, Yoginagar Society, Surat, Gujarat 395011, India', 'Star Deal Godown Rd', NULL, NULL, NULL, NULL, NULL, NULL, 3390.00, 8.80, 'unr`Cqm}{LlB_@TMTY`ClCdAnAhC]rBSpCc@fDo@BGhBWThApCfLxEhQ`@vAlFs@|FiAjAOx@G|DKt@?`@DnAVxATnOGxCIhAMtGiA|Fs@dNkAzAQjBIh@hEt@hFR?jFg@', '2025-11-06 09:37:24', '2025-11-06 09:37:24'),
(29, 72, 'Taxi', 20.80938750, 75.77423440, 20.81588230, 75.78147910, NULL, NULL, NULL, NULL, NULL, NULL, NULL, NULL, NULL, NULL, 1427.00, 5.00, NULL, '2025-11-06 10:27:21', '2025-11-06 10:27:21'),
(30, 72, 'Taxi', 20.80938750, 75.77423440, 21.04177070, 75.78755170, NULL, NULL, NULL, NULL, NULL, NULL, NULL, NULL, NULL, NULL, 29266.00, 49.00, NULL, '2025-11-06 10:32:15', '2025-11-06 10:32:15'),
(31, 72, 'Taxi', 20.80938750, 75.77423440, 21.04634610, 75.78829090, NULL, NULL, NULL, NULL, NULL, NULL, NULL, NULL, NULL, NULL, 29061.00, 50.00, NULL, '2025-11-06 10:40:46', '2025-11-06 10:40:46'),
(32, 72, 'Taxi', 20.80938750, 75.77423440, 20.70990300, 75.68395080, NULL, NULL, NULL, NULL, NULL, NULL, NULL, NULL, NULL, NULL, 16007.00, 24.00, NULL, '2025-11-06 10:44:21', '2025-11-06 10:44:21');

-- --------------------------------------------------------

--
