-- Table structure for table `cr_cars_categories`
--

CREATE TABLE `cr_cars_categories` (
  `id` bigint(20) UNSIGNED NOT NULL,
  `cr_car_category_id` bigint(20) UNSIGNED DEFAULT NULL,
  `cr_car_id` bigint(20) UNSIGNED DEFAULT NULL
) ENGINE=InnoDB DEFAULT CHARSET=utf8mb4 COLLATE=utf8mb4_unicode_ci;

--
-- Dumping data for table `cr_cars_categories`
--

INSERT INTO `cr_cars_categories` (`id`, `cr_car_category_id`, `cr_car_id`) VALUES
(1, 1, 14),
(2, 5, 16),
(3, 4, 21),
(4, 5, 38),
(5, 1, 41),
(6, 3, 56),
(7, 5, 58),
(8, 5, 71),
(9, 2, 91),
(10, 5, 99),
(11, 3, 3),
(12, 1, 23),
(13, 3, 46),
(14, 4, 49),
(15, 5, 62),
(16, 4, 82),
(17, 3, 85),
(18, 5, 2),
(19, 4, 34),
(20, 2, 36),
(21, 2, 40),
(22, 5, 47),
(23, 4, 50),
(24, 5, 52),
(25, 3, 78),
(26, 4, 89),
(27, 1, 97),
(28, 4, 26),
(29, 4, 43),
(30, 1, 77),
(31, 1, 83),
(32, 4, 84),
(33, 3, 88),
(34, 2, 95),
(35, 5, 96),
(36, 2, 10),
(37, 5, 11),
(38, 1, 19),
(39, 3, 35),
(40, 5, 75),
(41, 4, 93),
(42, 3, 100),
(43, 1, 5),
(44, 2, 18),
(45, 5, 24),
(46, 4, 53),
(47, 5, 69),
(48, 2, 76),
(49, 5, 79),
(50, 4, 80),
(51, 1, 90),
(52, 3, 6),
(53, 1, 27),
(54, 5, 66),
(55, 2, 86),
(56, 1, 92),
(57, 3, 1),
(58, 4, 7),
(59, 2, 8),
(60, 3, 30),
(61, 4, 39),
(62, 5, 44),
(63, 5, 60),
(64, 1, 64),
(65, 5, 81),
(66, 2, 98),
(67, 3, 9),
(68, 4, 17),
(69, 5, 28),
(70, 3, 31),
(71, 5, 67),
(72, 4, 70),
(73, 5, 20),
(74, 3, 63),
(75, 5, 65),
(76, 1, 87),
(77, 2, 32),
(78, 4, 42),
(79, 4, 48),
(80, 5, 51),
(81, 1, 54),
(82, 1, 55),
(83, 4, 57),
(84, 5, 61),
(85, 4, 68),
(86, 2, 74),
(87, 5, 4),
(88, 5, 13),
(89, 1, 22),
(90, 4, 45),
(91, 5, 72),
(92, 2, 94),
(93, 3, 12),
(94, 3, 15),
(95, 2, 25),
(96, 2, 29),
(97, 2, 33),
(98, 3, 37),
(99, 2, 59),
(100, 4, 73),
(101, 5, 101),
(102, 5, 102),
(103, 5, 103);

-- --------------------------------------------------------

--
-- Table structure for table `cr_cars_colors`
--

CREATE TABLE `cr_cars_colors` (
  `id` bigint(20) UNSIGNED NOT NULL,
  `cr_car_id` bigint(20) UNSIGNED NOT NULL,
  `cr_car_color_id` bigint(20) UNSIGNED NOT NULL,
  `created_at` timestamp NULL DEFAULT NULL,
  `updated_at` timestamp NULL DEFAULT NULL
) ENGINE=InnoDB DEFAULT CHARSET=utf8mb4 COLLATE=utf8mb4_unicode_ci;

--
-- Dumping data for table `cr_cars_colors`
--

INSERT INTO `cr_cars_colors` (`id`, `cr_car_id`, `cr_car_color_id`, `created_at`, `updated_at`) VALUES
(1, 1, 1, NULL, NULL),
(2, 2, 2, NULL, NULL),
(3, 3, 5, NULL, NULL),
(4, 4, 4, NULL, NULL),
(5, 5, 4, NULL, NULL),
(6, 6, 5, NULL, NULL),
(7, 7, 6, NULL, NULL),
(8, 8, 3, NULL, NULL),
(9, 9, 2, NULL, NULL),
(10, 10, 5, NULL, NULL),
(11, 11, 2, NULL, NULL),
(12, 12, 2, NULL, NULL),
(13, 13, 1, NULL, NULL),
(14, 14, 1, NULL, NULL),
(15, 15, 4, NULL, NULL),
(16, 16, 4, NULL, NULL),
(17, 17, 4, NULL, NULL),
(18, 18, 6, NULL, NULL),
(19, 19, 3, NULL, NULL),
(20, 20, 2, NULL, NULL),
(21, 21, 5, NULL, NULL),
(22, 22, 2, NULL, NULL),
(23, 23, 1, NULL, NULL),
(24, 24, 2, NULL, NULL),
(25, 25, 6, NULL, NULL),
(26, 26, 4, NULL, NULL),
(27, 27, 2, NULL, NULL),
(28, 28, 1, NULL, NULL),
(29, 29, 1, NULL, NULL),
(30, 30, 2, NULL, NULL),
(31, 31, 1, NULL, NULL),
(32, 32, 5, NULL, NULL),
(33, 33, 6, NULL, NULL),
(34, 34, 5, NULL, NULL),
(35, 35, 4, NULL, NULL),
(36, 36, 1, NULL, NULL),
(37, 37, 4, NULL, NULL),
(38, 38, 4, NULL, NULL),
(39, 39, 6, NULL, NULL),
(40, 40, 3, NULL, NULL),
(41, 41, 2, NULL, NULL),
(42, 42, 6, NULL, NULL),
(43, 43, 1, NULL, NULL),
(44, 44, 2, NULL, NULL),
(45, 45, 4, NULL, NULL),
(46, 46, 5, NULL, NULL),
(47, 47, 6, NULL, NULL),
(48, 48, 4, NULL, NULL),
(49, 49, 3, NULL, NULL),
(50, 50, 4, NULL, NULL),
(51, 51, 4, NULL, NULL),
(52, 52, 1, NULL, NULL),
(53, 53, 5, NULL, NULL),
(54, 54, 4, NULL, NULL),
(55, 55, 1, NULL, NULL),
(56, 56, 6, NULL, NULL),
(57, 57, 1, NULL, NULL),
(58, 58, 6, NULL, NULL),
(59, 59, 4, NULL, NULL),
(60, 60, 2, NULL, NULL),
(61, 61, 2, NULL, NULL),
(62, 62, 5, NULL, NULL),
(63, 63, 5, NULL, NULL),
(64, 64, 1, NULL, NULL),
(65, 65, 4, NULL, NULL),
(66, 66, 5, NULL, NULL),
(67, 67, 6, NULL, NULL),
(68, 68, 3, NULL, NULL),
(69, 69, 4, NULL, NULL),
(70, 70, 3, NULL, NULL),
(71, 71, 1, NULL, NULL),
(72, 72, 6, NULL, NULL),
(73, 73, 3, NULL, NULL),
(74, 74, 2, NULL, NULL),
(75, 75, 4, NULL, NULL),
(76, 76, 4, NULL, NULL),
(77, 77, 3, NULL, NULL),
(78, 78, 4, NULL, NULL),
(79, 79, 3, NULL, NULL),
(80, 80, 1, NULL, NULL),
(81, 81, 3, NULL, NULL),
(82, 82, 2, NULL, NULL),
(83, 83, 6, NULL, NULL),
(84, 84, 4, NULL, NULL),
(85, 85, 4, NULL, NULL),
(86, 86, 6, NULL, NULL),
(87, 87, 3, NULL, NULL),
(88, 88, 5, NULL, NULL),
(89, 89, 6, NULL, NULL),
(90, 90, 4, NULL, NULL),
(91, 91, 4, NULL, NULL),
(92, 92, 2, NULL, NULL),
(93, 93, 3, NULL, NULL),
(94, 94, 5, NULL, NULL),
(95, 95, 3, NULL, NULL),
(96, 96, 3, NULL, NULL),
(97, 97, 1, NULL, NULL),
(98, 98, 4, NULL, NULL),
(99, 99, 5, NULL, NULL),
(100, 100, 3, NULL, NULL);

-- --------------------------------------------------------

--
-- Table structure for table `cr_cars_translations`
--

CREATE TABLE `cr_cars_translations` (
  `lang_code` varchar(191) NOT NULL,
  `cr_cars_id` bigint(20) UNSIGNED NOT NULL,
  `name` varchar(191) DEFAULT NULL,
  `description` varchar(191) DEFAULT NULL,
  `content` text DEFAULT NULL
) ENGINE=InnoDB DEFAULT CHARSET=utf8mb4 COLLATE=utf8mb4_unicode_ci;

-- --------------------------------------------------------

--
-- Table structure for table `cr_car_amenities`
--

CREATE TABLE `cr_car_amenities` (
  `id` bigint(20) UNSIGNED NOT NULL,
  `name` varchar(191) NOT NULL,
  `icon` varchar(191) DEFAULT NULL,
  `category_id` bigint(20) UNSIGNED DEFAULT NULL,
  `status` varchar(191) NOT NULL DEFAULT 'pending',
  `order` tinyint(4) NOT NULL DEFAULT 0,
  `created_at` timestamp NULL DEFAULT NULL,
  `updated_at` timestamp NULL DEFAULT NULL
) ENGINE=InnoDB DEFAULT CHARSET=utf8mb4 COLLATE=utf8mb4_unicode_ci;

--
-- Dumping data for table `cr_car_amenities`
--

INSERT INTO `cr_car_amenities` (`id`, `name`, `icon`, `category_id`, `status`, `order`, `created_at`, `updated_at`) VALUES
(1, 'Leather upholstery', 'ti ti-armchair', NULL, 'published', 0, '2026-03-06 08:22:48', '2026-03-06 08:22:48'),
(2, 'Heated seats', 'ti ti-flame', NULL, 'published', 0, '2026-03-06 08:22:48', '2026-03-06 08:22:48'),
(3, 'Ventilated seats', 'ti ti-air-conditioning', NULL, 'published', 0, '2026-03-06 08:22:48', '2026-03-06 08:22:48'),
(4, 'Memory seats', 'ti ti-device-floppy', NULL, 'published', 0, '2026-03-06 08:22:48', '2026-03-06 08:22:48'),
(5, 'Massage seats', 'ti ti-massage', NULL, 'published', 0, '2026-03-06 08:22:48', '2026-03-06 08:22:48'),
(6, 'Premium sound system', 'ti ti-volume', NULL, 'published', 0, '2026-03-06 08:22:48', '2026-03-06 08:22:48'),
(7, 'Wireless charging', 'ti ti-battery-charging', NULL, 'published', 0, '2026-03-06 08:22:48', '2026-03-06 08:22:48'),
(8, 'Dual-zone climate control', 'ti ti-air-conditioning', NULL, 'published', 0, '2026-03-06 08:22:48', '2026-03-06 08:22:48'),
(9, 'Ambient lighting', 'ti ti-bulb', NULL, 'published', 0, '2026-03-06 08:22:48', '2026-03-06 08:22:48'),
(10, 'Touchscreen display', 'ti ti-device-tablet', NULL, 'published', 0, '2026-03-06 08:22:48', '2026-03-06 08:22:48'),
(11, 'Apple CarPlay', 'ti ti-brand-apple', NULL, 'published', 0, '2026-03-06 08:22:48', '2026-03-06 08:22:48'),
(12, 'Android Auto', 'ti ti-brand-android', NULL, 'published', 0, '2026-03-06 08:22:48', '2026-03-06 08:22:48'),
(13, 'Bluetooth connectivity', 'ti ti-bluetooth', NULL, 'published', 0, '2026-03-06 08:22:48', '2026-03-06 08:22:48'),
(14, 'USB ports', 'ti ti-usb', NULL, 'published', 0, '2026-03-06 08:22:48', '2026-03-06 08:22:48'),
(15, 'Navigation system', 'ti ti-map-pin', NULL, 'published', 0, '2026-03-06 08:22:48', '2026-03-06 08:22:48'),
(16, 'Heads-up display', 'ti ti-device-desktop', NULL, 'published', 0, '2026-03-06 08:22:48', '2026-03-06 08:22:48'),
(17, 'Digital instrument cluster', 'ti ti-dashboard', NULL, 'published', 0, '2026-03-06 08:22:48', '2026-03-06 08:22:48'),
(18, 'Voice control', 'ti ti-microphone', NULL, 'published', 0, '2026-03-06 08:22:48', '2026-03-06 08:22:48'),
(19, 'Sunroof/Moonroof', 'ti ti-sun', NULL, 'published', 0, '2026-03-06 08:22:48', '2026-03-06 08:22:48'),
(20, 'Panoramic roof', 'ti ti-sun-high', NULL, 'published', 0, '2026-03-06 08:22:48', '2026-03-06 08:22:48'),
(21, 'Power tailgate', 'ti ti-door', NULL, 'published', 0, '2026-03-06 08:22:48', '2026-03-06 08:22:48'),
(22, 'Keyless entry', 'ti ti-key', NULL, 'published', 0, '2026-03-06 08:22:48', '2026-03-06 08:22:48'),
(23, 'Push-button start', 'ti ti-power', NULL, 'published', 0, '2026-03-06 08:22:48', '2026-03-06 08:22:48'),
(24, 'Remote start', 'ti ti-remote', NULL, 'published', 0, '2026-03-06 08:22:48', '2026-03-06 08:22:48'),
(25, 'Heated mirrors', 'ti ti-flame', NULL, 'published', 0, '2026-03-06 08:22:48', '2026-03-06 08:22:48'),
(26, 'Rain-sensing wipers', 'ti ti-droplet', NULL, 'published', 0, '2026-03-06 08:22:48', '2026-03-06 08:22:48'),
(27, 'Auto-dimming mirrors', 'ti ti-brightness-down', NULL, 'published', 0, '2026-03-06 08:22:49', '2026-03-06 08:22:49'),
(28, 'Adaptive cruise control', 'ti ti-steering-wheel', NULL, 'published', 0, '2026-03-06 08:22:49', '2026-03-06 08:22:49'),
(29, 'Lane departure warning', 'ti ti-road-sign', NULL, 'published', 0, '2026-03-06 08:22:49', '2026-03-06 08:22:49'),
(30, 'Blind spot monitoring', 'ti ti-eye', NULL, 'published', 0, '2026-03-06 08:22:49', '2026-03-06 08:22:49'),
(31, 'Parking sensors', 'ti ti-radar', NULL, 'published', 0, '2026-03-06 08:22:49', '2026-03-06 08:22:49'),
(32, 'Backup camera', 'ti ti-camera', NULL, 'published', 0, '2026-03-06 08:22:49', '2026-03-06 08:22:49'),
(33, '360-degree camera', 'ti ti-360-view', NULL, 'published', 0, '2026-03-06 08:22:49', '2026-03-06 08:22:49'),
(34, 'Automatic emergency braking', 'ti ti-shield-check', NULL, 'published', 0, '2026-03-06 08:22:49', '2026-03-06 08:22:49'),
(35, 'Cross-traffic alert', 'ti ti-alert-triangle', NULL, 'published', 0, '2026-03-06 08:22:49', '2026-03-06 08:22:49'),
(36, 'Driver attention monitoring', 'ti ti-eye-check', NULL, 'published', 0, '2026-03-06 08:22:49', '2026-03-06 08:22:49'),
(37, 'All-wheel drive', 'ti ti-car-4wd', NULL, 'published', 0, '2026-03-06 08:22:49', '2026-03-06 08:22:49'),
(38, 'Sport mode', 'ti ti-flag', NULL, 'published', 0, '2026-03-06 08:22:49', '2026-03-06 08:22:49'),
(39, 'Paddle shifters', 'ti ti-steering-wheel', NULL, 'published', 0, '2026-03-06 08:22:49', '2026-03-06 08:22:49'),
(40, 'Adaptive suspension', 'ti ti-adjustments', NULL, 'published', 0, '2026-03-06 08:22:49', '2026-03-06 08:22:49'),
(41, 'Electronic stability control', 'ti ti-shield', NULL, 'published', 0, '2026-03-06 08:22:49', '2026-03-06 08:22:49'),
(42, 'Traction control', 'ti ti-wheel', NULL, 'published', 0, '2026-03-06 08:22:49', '2026-03-06 08:22:49'),
(43, 'Hill start assist', 'ti ti-mountain', NULL, 'published', 0, '2026-03-06 08:22:49', '2026-03-06 08:22:49'),
(44, 'Downhill assist control', 'ti ti-trending-down', NULL, 'published', 0, '2026-03-06 08:22:49', '2026-03-06 08:22:49'),
(45, 'Air conditioning', 'ti ti-air-conditioning', NULL, 'published', 0, '2026-03-06 08:22:49', '2026-03-06 08:22:49'),
(46, 'Power windows', 'ti ti-window', NULL, 'published', 0, '2026-03-06 08:22:49', '2026-03-06 08:22:49'),
(47, 'Central locking', 'ti ti-lock', NULL, 'published', 0, '2026-03-06 08:22:49', '2026-03-06 08:22:49');

-- --------------------------------------------------------

--
-- Table structure for table `cr_car_amenities_translations`
--

CREATE TABLE `cr_car_amenities_translations` (
  `lang_code` varchar(191) NOT NULL,
  `cr_car_amenities_id` bigint(20) UNSIGNED NOT NULL,
  `name` varchar(191) DEFAULT NULL
) ENGINE=InnoDB DEFAULT CHARSET=utf8mb4 COLLATE=utf8mb4_unicode_ci;

-- --------------------------------------------------------

--
-- Table structure for table `cr_car_amenity_categories`
--

CREATE TABLE `cr_car_amenity_categories` (
  `id` bigint(20) UNSIGNED NOT NULL,
  `name` varchar(191) NOT NULL,
  `icon` varchar(191) DEFAULT NULL,
  `order` int(11) NOT NULL DEFAULT 0,
  `status` varchar(191) NOT NULL DEFAULT 'published',
  `created_at` timestamp NULL DEFAULT NULL,
  `updated_at` timestamp NULL DEFAULT NULL
) ENGINE=InnoDB DEFAULT CHARSET=utf8mb4 COLLATE=utf8mb4_unicode_ci;

--
-- Dumping data for table `cr_car_amenity_categories`
--

INSERT INTO `cr_car_amenity_categories` (`id`, `name`, `icon`, `order`, `status`, `created_at`, `updated_at`) VALUES
(1, 'Comfort & Interior', 'ti ti-armchair', 1, 'published', '2026-03-06 08:22:48', '2026-03-06 08:22:48'),
(2, 'Technology & Infotainment', 'ti ti-device-tablet', 2, 'published', '2026-03-06 08:22:48', '2026-03-06 08:22:48'),
(3, 'Exterior & Convenience', 'ti ti-sun', 3, 'published', '2026-03-06 08:22:48', '2026-03-06 08:22:48'),
(4, 'Safety & Driver Assistance', 'ti ti-shield-check', 4, 'published', '2026-03-06 08:22:48', '2026-03-06 08:22:48'),
(5, 'Performance & Handling', 'ti ti-steering-wheel', 5, 'published', '2026-03-06 08:22:48', '2026-03-06 08:22:48'),
(6, 'Basic Features', 'ti ti-car', 6, 'published', '2026-03-06 08:22:48', '2026-03-06 08:22:48');

-- --------------------------------------------------------

--
-- Table structure for table `cr_car_amenity_categories_translations`
--

CREATE TABLE `cr_car_amenity_categories_translations` (
  `lang_code` varchar(191) NOT NULL,
  `cr_car_amenity_categories_id` bigint(20) UNSIGNED NOT NULL,
  `name` varchar(191) DEFAULT NULL
) ENGINE=InnoDB DEFAULT CHARSET=utf8mb4 COLLATE=utf8mb4_unicode_ci;

-- --------------------------------------------------------

--
-- Table structure for table `cr_car_categories`
--

CREATE TABLE `cr_car_categories` (
  `id` bigint(20) UNSIGNED NOT NULL,
  `name` varchar(120) NOT NULL DEFAULT '',
  `parent_id` bigint(20) UNSIGNED NOT NULL DEFAULT 0,
  `description` varchar(400) DEFAULT NULL,
  `status` varchar(60) NOT NULL DEFAULT 'published',
  `icon` varchar(60) DEFAULT NULL,
  `order` tinyint(4) NOT NULL DEFAULT 0,
  `is_featured` tinyint(3) UNSIGNED NOT NULL DEFAULT 0,
  `is_default` tinyint(3) UNSIGNED NOT NULL DEFAULT 0,
  `created_at` timestamp NULL DEFAULT NULL,
  `updated_at` timestamp NULL DEFAULT NULL
) ENGINE=InnoDB DEFAULT CHARSET=utf8mb4 COLLATE=utf8mb4_unicode_ci;

--
-- Dumping data for table `cr_car_categories`
--

INSERT INTO `cr_car_categories` (`id`, `name`, `parent_id`, `description`, `status`, `icon`, `order`, `is_featured`, `is_default`, `created_at`, `updated_at`) VALUES
(1, 'Sport', 0, 'Sport cars model', 'published', 'ti ti-sport-billard', 1, 0, 0, '2026-03-06 08:24:05', '2026-03-06 08:24:05'),
(2, 'Maserati', 1, '', 'published', 'ti ti-activity', 3, 0, 0, '2026-03-06 08:24:05', '2026-03-06 08:24:05'),
(3, 'Ferrari', 1, '', 'published', NULL, 3, 0, 0, '2026-03-06 08:24:05', '2026-03-06 08:24:05'),
(4, 'Classic', 0, 'Classic cars model', 'published', 'ti ti-alpha', 2, 0, 0, '2026-03-06 08:24:05', '2026-03-06 08:24:05'),
(5, 'New', 0, 'New cars model', 'published', 'ti ti-new-section', 4, 0, 1, '2026-03-06 08:24:05', '2026-03-06 08:24:05');

-- --------------------------------------------------------

--
-- Table structure for table `cr_car_categories_translations`
--

CREATE TABLE `cr_car_categories_translations` (
  `lang_code` varchar(191) NOT NULL,
  `cr_car_categories_id` bigint(20) UNSIGNED NOT NULL,
  `name` varchar(191) DEFAULT NULL,
  `description` varchar(191) DEFAULT NULL,
  `content` text DEFAULT NULL
) ENGINE=InnoDB DEFAULT CHARSET=utf8mb4 COLLATE=utf8mb4_unicode_ci;

-- --------------------------------------------------------

--
-- Table structure for table `cr_car_colors`
--

CREATE TABLE `cr_car_colors` (
  `id` bigint(20) UNSIGNED NOT NULL,
  `name` varchar(120) NOT NULL,
  `status` varchar(191) NOT NULL DEFAULT 'pending',
  `order` tinyint(4) NOT NULL DEFAULT 0,
  `created_at` timestamp NULL DEFAULT NULL,
  `updated_at` timestamp NULL DEFAULT NULL
) ENGINE=InnoDB DEFAULT CHARSET=utf8mb4 COLLATE=utf8mb4_unicode_ci;

--
-- Dumping data for table `cr_car_colors`
--

INSERT INTO `cr_car_colors` (`id`, `name`, `status`, `order`, `created_at`, `updated_at`) VALUES
(1, 'Red', 'published', 0, '2026-03-06 08:22:49', '2026-03-06 08:22:49'),
(2, 'White', 'published', 0, '2026-03-06 08:22:49', '2026-03-06 08:22:49'),
(3, 'Black', 'published', 0, '2026-03-06 08:22:49', '2026-03-06 08:22:49'),
(4, 'Blue', 'published', 0, '2026-03-06 08:22:49', '2026-03-06 08:22:49'),
(5, 'Pink', 'published', 0, '2026-03-06 08:22:49', '2026-03-06 08:22:49'),
(6, 'Brown', 'published', 0, '2026-03-06 08:22:49', '2026-03-06 08:22:49');

-- --------------------------------------------------------

--
-- Table structure for table `cr_car_colors_translations`
--

CREATE TABLE `cr_car_colors_translations` (
  `lang_code` varchar(191) NOT NULL,
  `cr_car_colors_id` bigint(20) UNSIGNED NOT NULL,
  `name` varchar(120) DEFAULT NULL
) ENGINE=InnoDB DEFAULT CHARSET=utf8mb4 COLLATE=utf8mb4_unicode_ci;

-- --------------------------------------------------------

--
-- Table structure for table `cr_car_dates`
--

CREATE TABLE `cr_car_dates` (
  `id` bigint(20) UNSIGNED NOT NULL,
  `car_id` bigint(20) UNSIGNED NOT NULL,
  `start_date` date NOT NULL,
  `end_date` date NOT NULL,
  `value` decimal(15,2) NOT NULL DEFAULT 0.00,
  `value_type` varchar(20) NOT NULL DEFAULT 'fixed',
  `active` tinyint(4) NOT NULL DEFAULT 1,
  `created_at` timestamp NULL DEFAULT NULL,
  `updated_at` timestamp NULL DEFAULT NULL
) ENGINE=InnoDB DEFAULT CHARSET=utf8mb4 COLLATE=utf8mb4_unicode_ci;

-- --------------------------------------------------------

--
-- Table structure for table `cr_car_delivery_locations`
--

CREATE TABLE `cr_car_delivery_locations` (
  `car_id` bigint(20) UNSIGNED NOT NULL,
  `location_id` bigint(20) UNSIGNED NOT NULL
) ENGINE=InnoDB DEFAULT CHARSET=utf8mb4 COLLATE=utf8mb4_unicode_ci;

--
-- Dumping data for table `cr_car_delivery_locations`
--

INSERT INTO `cr_car_delivery_locations` (`car_id`, `location_id`) VALUES
(102, 1);

-- --------------------------------------------------------

--
-- Table structure for table `cr_car_fuels`
--

CREATE TABLE `cr_car_fuels` (
  `id` bigint(20) UNSIGNED NOT NULL,
  `name` varchar(191) NOT NULL,
  `icon` varchar(191) DEFAULT NULL,
  `status` varchar(191) NOT NULL DEFAULT 'pending',
  `order` tinyint(4) NOT NULL DEFAULT 0,
  `created_at` timestamp NULL DEFAULT NULL,
  `updated_at` timestamp NULL DEFAULT NULL
) ENGINE=InnoDB DEFAULT CHARSET=utf8mb4 COLLATE=utf8mb4_unicode_ci;

--
-- Dumping data for table `cr_car_fuels`
--

INSERT INTO `cr_car_fuels` (`id`, `name`, `icon`, `status`, `order`, `created_at`, `updated_at`) VALUES
(1, 'Gasoline', 'icons/car-diesel.png', 'published', 0, '2026-03-06 08:22:48', '2026-03-06 08:22:48'),
(2, 'Diesel', 'icons/car-diesel.png', 'published', 0, '2026-03-06 08:22:48', '2026-03-06 08:22:48'),
(3, 'Electric', 'icons/car-electricity.png', 'published', 0, '2026-03-06 08:22:48', '2026-03-06 08:22:48');

-- --------------------------------------------------------

--
-- Table structure for table `cr_car_fuels_translations`
--

CREATE TABLE `cr_car_fuels_translations` (
  `lang_code` varchar(191) NOT NULL,
  `cr_car_fuels_id` bigint(20) UNSIGNED NOT NULL,
  `name` varchar(191) DEFAULT NULL
) ENGINE=InnoDB DEFAULT CHARSET=utf8mb4 COLLATE=utf8mb4_unicode_ci;

-- --------------------------------------------------------

--
-- Table structure for table `cr_car_maintenance_histories`
--

CREATE TABLE `cr_car_maintenance_histories` (
  `id` bigint(20) UNSIGNED NOT NULL,
  `name` varchar(255) NOT NULL,
  `description` text DEFAULT NULL,
  `amount` double NOT NULL DEFAULT 0,
  `currency_id` bigint(20) UNSIGNED NOT NULL,
  `date` datetime DEFAULT NULL,
  `car_id` bigint(20) UNSIGNED NOT NULL,
  `created_at` timestamp NULL DEFAULT NULL,
  `updated_at` timestamp NULL DEFAULT NULL
) ENGINE=InnoDB DEFAULT CHARSET=utf8mb4 COLLATE=utf8mb4_unicode_ci;

-- --------------------------------------------------------

--
-- Table structure for table `cr_car_maintenance_histories_translations`
--

CREATE TABLE `cr_car_maintenance_histories_translations` (
  `lang_code` varchar(191) NOT NULL,
  `cr_car_maintenance_histories_id` bigint(20) UNSIGNED NOT NULL,
  `name` varchar(120) DEFAULT NULL
) ENGINE=InnoDB DEFAULT CHARSET=utf8mb4 COLLATE=utf8mb4_unicode_ci;

-- --------------------------------------------------------

--
-- Table structure for table `cr_car_makes`
--

CREATE TABLE `cr_car_makes` (
  `id` bigint(20) UNSIGNED NOT NULL,
  `name` varchar(120) NOT NULL,
  `logo` varchar(191) DEFAULT NULL,
  `status` varchar(30) NOT NULL DEFAULT 'published',
  `order` tinyint(4) NOT NULL DEFAULT 0,
  `created_at` timestamp NULL DEFAULT NULL,
  `updated_at` timestamp NULL DEFAULT NULL
) ENGINE=InnoDB DEFAULT CHARSET=utf8mb4 COLLATE=utf8mb4_unicode_ci;

--
-- Dumping data for table `cr_car_makes`
--

INSERT INTO `cr_car_makes` (`id`, `name`, `logo`, `status`, `order`, `created_at`, `updated_at`) VALUES
(1, 'Lexus', 'icons/lexus.png', 'published', 0, '2026-03-06 08:22:48', '2026-03-06 08:22:48'),
(2, 'Mercedes', 'icons/mer.png', 'published', 0, '2026-03-06 08:22:48', '2026-03-06 08:22:48'),
(3, 'Bugatti', 'icons/bugatti.png', 'published', 0, '2026-03-06 08:22:48', '2026-03-06 08:22:48'),
(4, 'Jaguar', 'icons/jaguar.png', 'published', 0, '2026-03-06 08:22:48', '2026-03-06 08:22:48'),
(5, 'Honda', 'icons/honda.png', 'published', 0, '2026-03-06 08:22:48', '2026-03-06 08:22:48'),
(6, 'Chevrolet', 'icons/chevrolet.png', 'published', 0, '2026-03-06 08:22:48', '2026-03-06 08:22:48'),
(7, 'Acura', 'icons/acura.png', 'published', 0, '2026-03-06 08:22:48', '2026-03-06 08:22:48'),
(8, 'BMW', 'icons/bmw.png', 'published', 0, '2026-03-06 08:22:48', '2026-03-06 08:22:48'),
(9, 'Toyota', 'icons/toyota.png', 'published', 0, '2026-03-06 08:22:48', '2026-03-06 08:22:48'),
(10, 'Ford', 'icons/ford-i.png', 'published', 0, '2026-03-06 08:22:48', '2026-03-06 08:22:48'),
(11, 'Nissan', 'icons/nissan-i.png', 'published', 0, '2026-03-06 08:22:48', '2026-03-06 08:22:48'),
(12, 'Opel', 'icons/opel-i.png', 'published', 0, '2026-03-06 08:22:48', '2026-03-06 08:22:48'),
(13, 'BMW', 'icons/bmw.png', 'published', 0, '2026-03-06 08:22:48', '2026-03-06 08:22:48'),
(14, 'Toyota', 'icons/toyota.png', 'published', 0, '2026-03-06 08:22:48', '2026-03-06 08:22:48');

-- --------------------------------------------------------

--
-- Table structure for table `cr_car_makes_translations`
--

CREATE TABLE `cr_car_makes_translations` (
  `lang_code` varchar(191) NOT NULL,
  `cr_car_makes_id` bigint(20) UNSIGNED NOT NULL,
  `name` varchar(191) DEFAULT NULL
) ENGINE=InnoDB DEFAULT CHARSET=utf8mb4 COLLATE=utf8mb4_unicode_ci;

-- --------------------------------------------------------

--
-- Table structure for table `cr_car_pricing_calendar`
--

CREATE TABLE `cr_car_pricing_calendar` (
  `id` bigint(20) UNSIGNED NOT NULL,
  `car_id` bigint(20) UNSIGNED NOT NULL,
  `date` date NOT NULL,
  `price` decimal(10,2) NOT NULL,
  `price_type` varchar(20) NOT NULL DEFAULT 'daily',
  `min_stay_days` int(11) DEFAULT NULL,
  `max_stay_days` int(11) DEFAULT NULL,
  `is_available` tinyint(1) NOT NULL DEFAULT 1,
  `notes` text DEFAULT NULL,
  `created_by` bigint(20) UNSIGNED DEFAULT NULL,
  `created_at` timestamp NULL DEFAULT NULL,
  `updated_at` timestamp NULL DEFAULT NULL
) ENGINE=InnoDB DEFAULT CHARSET=utf8mb4 COLLATE=utf8mb4_unicode_ci;

--
-- Dumping data for table `cr_car_pricing_calendar`
--

INSERT INTO `cr_car_pricing_calendar` (`id`, `car_id`, `date`, `price`, `price_type`, `min_stay_days`, `max_stay_days`, `is_available`, `notes`, `created_by`, `created_at`, `updated_at`) VALUES
(1, 18, '2026-04-29', 100.00, 'daily', 2, 4, 1, NULL, 1, '2026-05-20 06:31:06', '2026-05-20 06:31:06'),
(2, 18, '2026-04-30', 100.00, 'daily', 2, 4, 1, NULL, 1, '2026-05-20 06:31:06', '2026-05-20 06:31:06'),
(3, 18, '2026-05-01', 100.00, 'daily', 2, 4, 1, NULL, 1, '2026-05-20 06:31:06', '2026-05-20 06:31:06'),
(4, 18, '2026-05-02', 100.00, 'daily', 2, 4, 1, NULL, 1, '2026-05-20 06:31:06', '2026-05-20 06:31:06'),
(5, 18, '2026-05-03', 100.00, 'daily', 2, 4, 1, NULL, 1, '2026-05-20 06:31:06', '2026-05-20 06:31:06'),
(6, 18, '2026-05-04', 100.00, 'daily', 2, 4, 1, NULL, 1, '2026-05-20 06:31:06', '2026-05-20 06:31:06'),
(7, 18, '2026-05-05', 100.00, 'daily', 2, 4, 1, NULL, 1, '2026-05-20 06:31:06', '2026-05-20 06:31:06'),
(8, 18, '2026-05-06', 100.00, 'daily', 2, 4, 1, NULL, 1, '2026-05-20 06:31:06', '2026-05-20 06:31:06'),
(9, 18, '2026-05-07', 100.00, 'daily', 2, 4, 1, NULL, 1, '2026-05-20 06:31:06', '2026-05-20 06:31:06'),
(10, 18, '2026-05-08', 100.00, 'daily', 2, 4, 1, NULL, 1, '2026-05-20 06:31:06', '2026-05-20 06:31:06'),
(11, 18, '2026-05-09', 100.00, 'daily', 2, 4, 1, NULL, 1, '2026-05-20 06:31:06', '2026-05-20 06:31:06'),
(12, 18, '2026-05-10', 100.00, 'daily', 2, 4, 1, NULL, 1, '2026-05-20 06:31:06', '2026-05-20 06:31:06'),
(13, 18, '2026-05-11', 100.00, 'daily', 2, 4, 1, NULL, 1, '2026-05-20 06:31:06', '2026-05-20 06:31:06'),
(14, 18, '2026-05-12', 100.00, 'daily', 2, 4, 1, NULL, 1, '2026-05-20 06:31:06', '2026-05-20 06:31:06'),
(15, 18, '2026-05-13', 100.00, 'daily', 2, 4, 1, NULL, 1, '2026-05-20 06:31:06', '2026-05-20 06:31:06'),
(16, 18, '2026-05-14', 100.00, 'daily', 2, 4, 1, NULL, 1, '2026-05-20 06:31:06', '2026-05-20 06:31:06'),
(17, 18, '2026-05-15', 100.00, 'daily', 2, 4, 1, NULL, 1, '2026-05-20 06:31:06', '2026-05-20 06:31:06'),
(18, 18, '2026-05-16', 100.00, 'daily', 2, 4, 1, NULL, 1, '2026-05-20 06:31:06', '2026-05-20 06:31:06'),
(19, 18, '2026-05-17', 100.00, 'daily', 2, 4, 1, NULL, 1, '2026-05-20 06:31:06', '2026-05-20 06:31:06'),
(20, 18, '2026-05-18', 100.00, 'daily', 2, 4, 1, NULL, 1, '2026-05-20 06:31:06', '2026-05-20 06:31:06'),
(21, 18, '2026-05-19', 100.00, 'daily', 2, 4, 1, NULL, 1, '2026-05-20 06:31:06', '2026-05-20 06:31:06'),
(22, 18, '2026-05-20', 100.00, 'daily', 2, 4, 1, NULL, 1, '2026-05-20 06:31:06', '2026-05-20 06:31:06'),
(23, 18, '2026-05-21', 100.00, 'daily', 2, 4, 1, NULL, 1, '2026-05-20 06:31:06', '2026-05-20 06:31:06'),
(24, 18, '2026-05-22', 100.00, 'daily', 2, 4, 1, NULL, 1, '2026-05-20 06:31:06', '2026-05-20 06:31:06'),
(25, 18, '2026-05-23', 100.00, 'daily', 2, 4, 1, NULL, 1, '2026-05-20 06:31:06', '2026-05-20 06:31:06'),
(26, 18, '2026-05-24', 100.00, 'daily', 2, 4, 1, NULL, 1, '2026-05-20 06:31:06', '2026-05-20 06:31:06'),
(27, 18, '2026-05-25', 100.00, 'daily', 2, 4, 1, NULL, 1, '2026-05-20 06:31:06', '2026-05-20 06:31:06'),
(28, 18, '2026-05-26', 100.00, 'daily', 2, 4, 1, NULL, 1, '2026-05-20 06:31:06', '2026-05-20 06:31:06'),
(29, 18, '2026-05-27', 100.00, 'daily', 2, 4, 1, NULL, 1, '2026-05-20 06:31:06', '2026-05-20 06:31:06'),
(30, 18, '2026-05-28', 100.00, 'daily', 2, 4, 1, NULL, 1, '2026-05-20 06:31:06', '2026-05-20 06:31:06'),
(31, 18, '2026-05-29', 100.00, 'daily', 2, 4, 1, NULL, 1, '2026-05-20 06:31:06', '2026-05-20 06:31:06'),
(32, 18, '2026-05-30', 100.00, 'daily', 2, 4, 1, NULL, 1, '2026-05-20 06:31:06', '2026-05-20 06:31:06'),
(33, 18, '2026-05-31', 100.00, 'daily', 2, 4, 1, NULL, 1, '2026-05-20 06:31:06', '2026-05-20 06:31:06'),
(34, 18, '2026-06-01', 100.00, 'daily', 2, 4, 1, NULL, 1, '2026-05-20 06:31:06', '2026-05-20 06:31:06'),
(35, 18, '2026-06-02', 100.00, 'daily', 2, 4, 1, NULL, 1, '2026-05-20 06:31:06', '2026-05-20 06:31:06'),
(36, 18, '2026-06-03', 100.00, 'daily', 2, 4, 1, NULL, 1, '2026-05-20 06:31:06', '2026-05-20 06:31:06'),
(37, 18, '2026-06-04', 100.00, 'daily', 2, 4, 1, NULL, 1, '2026-05-20 06:31:06', '2026-05-20 06:31:06'),
(38, 18, '2026-06-05', 100.00, 'daily', 2, 4, 1, NULL, 1, '2026-05-20 06:31:06', '2026-05-20 06:31:06'),
(39, 18, '2026-06-06', 100.00, 'daily', 2, 4, 1, NULL, 1, '2026-05-20 06:31:06', '2026-05-20 06:31:06'),
(40, 18, '2026-06-07', 100.00, 'daily', 2, 4, 1, NULL, 1, '2026-05-20 06:31:06', '2026-05-20 06:31:06'),
(41, 18, '2026-06-08', 100.00, 'daily', 2, 4, 1, NULL, 1, '2026-05-20 06:31:06', '2026-05-20 06:31:06'),
(42, 18, '2026-06-09', 100.00, 'daily', 2, 4, 1, NULL, 1, '2026-05-20 06:31:06', '2026-05-20 06:31:06'),
(43, 18, '2026-06-10', 100.00, 'daily', 2, 4, 1, NULL, 1, '2026-05-20 06:31:06', '2026-05-20 06:31:06'),
(44, 18, '2026-06-11', 100.00, 'daily', 2, 4, 1, NULL, 1, '2026-05-20 06:31:06', '2026-05-20 06:31:06'),
(45, 18, '2026-06-12', 100.00, 'daily', 2, 4, 1, NULL, 1, '2026-05-20 06:31:06', '2026-05-20 06:31:06'),
(46, 18, '2026-06-13', 100.00, 'daily', 2, 4, 1, NULL, 1, '2026-05-20 06:31:06', '2026-05-20 06:31:06'),
(47, 18, '2026-06-14', 100.00, 'daily', 2, 4, 1, NULL, 1, '2026-05-20 06:31:06', '2026-05-20 06:31:06'),
(48, 18, '2026-06-15', 100.00, 'daily', 2, 4, 1, NULL, 1, '2026-05-20 06:31:06', '2026-05-20 06:31:06'),
(49, 18, '2026-06-16', 100.00, 'daily', 2, 4, 1, NULL, 1, '2026-05-20 06:31:06', '2026-05-20 06:31:06'),
(50, 18, '2026-06-17', 100.00, 'daily', 2, 4, 1, NULL, 1, '2026-05-20 06:31:06', '2026-05-20 06:31:06'),
(51, 18, '2026-06-18', 100.00, 'daily', 2, 4, 1, NULL, 1, '2026-05-20 06:31:06', '2026-05-20 06:31:06'),
(52, 18, '2026-06-19', 100.00, 'daily', 2, 4, 1, NULL, 1, '2026-05-20 06:31:06', '2026-05-20 06:31:06'),
(53, 18, '2026-06-20', 100.00, 'daily', 2, 4, 1, NULL, 1, '2026-05-20 06:31:06', '2026-05-20 06:31:06'),
(54, 18, '2026-06-21', 100.00, 'daily', 2, 4, 1, NULL, 1, '2026-05-20 06:31:06', '2026-05-20 06:31:06'),
(55, 18, '2026-06-22', 100.00, 'daily', 2, 4, 1, NULL, 1, '2026-05-20 06:31:06', '2026-05-20 06:31:06'),
(56, 18, '2026-06-23', 100.00, 'daily', 2, 4, 1, NULL, 1, '2026-05-20 06:31:06', '2026-05-20 06:31:06'),
(57, 18, '2026-06-24', 100.00, 'daily', 2, 4, 1, NULL, 1, '2026-05-20 06:31:06', '2026-05-20 06:31:06'),
(58, 18, '2026-06-25', 100.00, 'daily', 2, 4, 1, NULL, 1, '2026-05-20 06:31:06', '2026-05-20 06:31:06'),
(59, 18, '2026-06-26', 100.00, 'daily', 2, 4, 1, NULL, 1, '2026-05-20 06:31:06', '2026-05-20 06:31:06'),
(60, 18, '2026-06-27', 100.00, 'daily', 2, 4, 1, NULL, 1, '2026-05-20 06:31:06', '2026-05-20 06:31:06'),
(61, 18, '2026-06-28', 100.00, 'daily', 2, 4, 1, NULL, 1, '2026-05-20 06:31:06', '2026-05-20 06:31:06'),
(62, 18, '2026-06-29', 100.00, 'daily', 2, 4, 1, NULL, 1, '2026-05-20 06:31:06', '2026-05-20 06:31:06'),
(63, 18, '2026-06-30', 100.00, 'daily', 2, 4, 1, NULL, 1, '2026-05-20 06:31:06', '2026-05-20 06:31:06');

-- --------------------------------------------------------

--
-- Table structure for table `cr_car_pricing_policies`
--

CREATE TABLE `cr_car_pricing_policies` (
  `id` bigint(20) UNSIGNED NOT NULL,
  `car_id` bigint(20) UNSIGNED NOT NULL,
  `weekly_discount_type` varchar(20) NOT NULL DEFAULT 'none',
  `weekly_discount_value` decimal(15,2) NOT NULL DEFAULT 0.00,
  `monthly_discount_type` varchar(20) NOT NULL DEFAULT 'none',
  `monthly_discount_value` decimal(15,2) NOT NULL DEFAULT 0.00,
  `included_distance_per_day` int(10) UNSIGNED DEFAULT NULL,
  `included_distance_per_trip` int(10) UNSIGNED DEFAULT NULL,
  `extra_distance_unit_price` decimal(15,4) NOT NULL DEFAULT 0.0000,
  `distance_unit` varchar(20) NOT NULL DEFAULT 'km',
  `distance_overage_billing_mode` varchar(30) NOT NULL DEFAULT 'end_of_trip',
  `allow_best_discount_only` tinyint(1) NOT NULL DEFAULT 1,
  `max_discount_cap_percent` decimal(8,2) DEFAULT NULL,
  `active` tinyint(1) NOT NULL DEFAULT 1,
  `demand_recommendations_enabled` tinyint(1) NOT NULL DEFAULT 0,
  `demand_min_price` decimal(15,2) DEFAULT NULL,
  `demand_max_price` decimal(15,2) DEFAULT NULL,
  `demand_max_daily_change_percent` decimal(8,2) DEFAULT NULL,
  `demand_auto_apply_enabled` tinyint(1) NOT NULL DEFAULT 0,
  `demand_auto_apply_min_confidence` decimal(4,2) NOT NULL DEFAULT 0.70,
  `demand_auto_apply_max_daily_change_percent` decimal(8,2) DEFAULT NULL,
  `demand_auto_apply_paused_until` timestamp NULL DEFAULT NULL,
  `demand_auto_apply_last_applied_at` timestamp NULL DEFAULT NULL,
  `demand_auto_apply_count` int(11) NOT NULL DEFAULT 0,
  `demand_last_generated_at` timestamp NULL DEFAULT NULL,
  `created_at` timestamp NULL DEFAULT NULL,
  `updated_at` timestamp NULL DEFAULT NULL
) ENGINE=InnoDB DEFAULT CHARSET=utf8mb4 COLLATE=utf8mb4_unicode_ci;

--
-- Dumping data for table `cr_car_pricing_policies`
--

INSERT INTO `cr_car_pricing_policies` (`id`, `car_id`, `weekly_discount_type`, `weekly_discount_value`, `monthly_discount_type`, `monthly_discount_value`, `included_distance_per_day`, `included_distance_per_trip`, `extra_distance_unit_price`, `distance_unit`, `distance_overage_billing_mode`, `allow_best_discount_only`, `max_discount_cap_percent`, `active`, `demand_recommendations_enabled`, `demand_min_price`, `demand_max_price`, `demand_max_daily_change_percent`, `demand_auto_apply_enabled`, `demand_auto_apply_min_confidence`, `demand_auto_apply_max_daily_change_percent`, `demand_auto_apply_paused_until`, `demand_auto_apply_last_applied_at`, `demand_auto_apply_count`, `demand_last_generated_at`, `created_at`, `updated_at`) VALUES
(1, 102, 'none', 0.00, 'none', 0.00, NULL, NULL, 0.0000, 'km', 'end_of_trip', 1, NULL, 1, 0, NULL, NULL, NULL, 0, 0.70, NULL, NULL, NULL, 0, NULL, '2026-04-20 15:22:23', '2026-04-20 15:22:23'),
(2, 100, 'none', 0.00, 'none', 0.00, NULL, NULL, 0.0000, 'km', 'end_of_trip', 1, NULL, 1, 1, NULL, NULL, NULL, 0, 0.70, NULL, NULL, NULL, 0, '2026-04-20 16:48:59', '2026-04-20 16:48:40', '2026-04-20 16:48:59'),
(3, 43, 'none', 0.00, 'none', 0.00, NULL, NULL, 0.0000, 'km', 'end_of_trip', 1, NULL, 1, 0, NULL, NULL, NULL, 0, 0.70, NULL, NULL, NULL, 0, NULL, '2026-04-22 11:10:44', '2026-04-22 11:10:44'),
(4, 92, 'none', 0.00, 'none', 0.00, NULL, NULL, 0.0000, 'km', 'end_of_trip', 1, NULL, 1, 0, NULL, NULL, NULL, 0, 0.70, NULL, NULL, NULL, 0, NULL, '2026-04-22 11:12:05', '2026-04-22 11:12:05'),
(5, 94, 'none', 0.00, 'none', 0.00, NULL, NULL, 0.0000, 'km', 'end_of_trip', 1, NULL, 1, 0, NULL, NULL, NULL, 0, 0.70, NULL, NULL, NULL, 0, NULL, '2026-04-22 11:15:09', '2026-04-22 11:15:09'),
(6, 53, 'none', 0.00, 'none', 0.00, NULL, NULL, 0.0000, 'km', 'end_of_trip', 1, NULL, 1, 0, NULL, NULL, NULL, 0, 0.70, NULL, NULL, NULL, 0, NULL, '2026-04-22 11:18:08', '2026-04-22 11:18:08'),
(7, 54, 'none', 0.00, 'none', 0.00, NULL, NULL, 0.0000, 'km', 'end_of_trip', 1, NULL, 1, 0, NULL, NULL, NULL, 0, 0.70, NULL, NULL, NULL, 0, NULL, '2026-04-22 11:19:30', '2026-04-22 11:19:30'),
(8, 55, 'none', 0.00, 'none', 0.00, NULL, NULL, 0.0000, 'km', 'end_of_trip', 1, NULL, 1, 0, NULL, NULL, NULL, 0, 0.70, NULL, NULL, NULL, 0, NULL, '2026-04-22 11:20:53', '2026-04-22 11:20:53'),
(9, 56, 'none', 0.00, 'none', 0.00, NULL, NULL, 0.0000, 'km', 'end_of_trip', 1, NULL, 1, 0, NULL, NULL, NULL, 0, 0.70, NULL, NULL, NULL, 0, NULL, '2026-04-22 11:22:37', '2026-04-22 11:22:37'),
(10, 63, 'none', 0.00, 'none', 0.00, NULL, NULL, 0.0000, 'km', 'end_of_trip', 1, NULL, 1, 0, NULL, NULL, NULL, 0, 0.70, NULL, NULL, NULL, 0, NULL, '2026-04-22 11:23:51', '2026-04-22 11:23:51'),
(11, 71, 'none', 0.00, 'none', 0.00, NULL, NULL, 0.0000, 'km', 'end_of_trip', 1, NULL, 1, 0, NULL, NULL, NULL, 0, 0.70, NULL, NULL, NULL, 0, NULL, '2026-04-22 11:35:25', '2026-04-22 11:35:25'),
(12, 74, 'none', 0.00, 'none', 0.00, NULL, NULL, 0.0000, 'km', 'end_of_trip', 1, NULL, 1, 0, NULL, NULL, NULL, 0, 0.70, NULL, NULL, NULL, 0, NULL, '2026-04-22 11:36:45', '2026-04-22 11:36:45'),
(13, 81, 'none', 0.00, 'none', 0.00, NULL, NULL, 0.0000, 'km', 'end_of_trip', 1, NULL, 1, 0, NULL, NULL, NULL, 0, 0.70, NULL, NULL, NULL, 0, NULL, '2026-04-22 11:37:58', '2026-04-22 11:37:58'),
(14, 82, 'none', 0.00, 'none', 0.00, NULL, NULL, 0.0000, 'km', 'end_of_trip', 1, NULL, 1, 0, NULL, NULL, NULL, 0, 0.70, NULL, NULL, NULL, 0, NULL, '2026-04-22 11:38:50', '2026-04-22 11:38:50'),
(15, 24, 'none', 0.00, 'none', 0.00, NULL, NULL, 0.0000, 'km', 'end_of_trip', 1, NULL, 1, 0, NULL, NULL, NULL, 0, 0.70, NULL, NULL, NULL, 0, NULL, '2026-04-22 11:39:51', '2026-04-22 11:39:51'),
(16, 28, 'none', 0.00, 'none', 0.00, NULL, NULL, 0.0000, 'km', 'end_of_trip', 1, NULL, 1, 0, NULL, NULL, NULL, 0, 0.70, NULL, NULL, NULL, 0, NULL, '2026-04-22 11:41:09', '2026-04-22 11:41:09'),
(17, 30, 'none', 0.00, 'none', 0.00, NULL, NULL, 0.0000, 'km', 'end_of_trip', 1, NULL, 1, 0, NULL, NULL, NULL, 0, 0.70, NULL, NULL, NULL, 0, NULL, '2026-04-22 11:43:04', '2026-04-22 11:43:04'),
(18, 31, 'none', 0.00, 'none', 0.00, NULL, NULL, 0.0000, 'km', 'end_of_trip', 1, NULL, 1, 0, NULL, NULL, NULL, 0, 0.70, NULL, NULL, NULL, 0, NULL, '2026-04-22 11:44:42', '2026-04-22 11:44:42'),
(19, 34, 'none', 0.00, 'none', 0.00, NULL, NULL, 0.0000, 'km', 'end_of_trip', 1, NULL, 1, 0, NULL, NULL, NULL, 0, 0.70, NULL, NULL, NULL, 0, NULL, '2026-04-22 11:46:00', '2026-04-22 11:46:00'),
(20, 38, 'none', 0.00, 'none', 0.00, NULL, NULL, 0.0000, 'km', 'end_of_trip', 1, NULL, 1, 0, NULL, NULL, NULL, 0, 0.70, NULL, NULL, NULL, 0, NULL, '2026-04-22 11:49:09', '2026-04-22 11:49:09'),
(21, 41, 'none', 0.00, 'none', 0.00, NULL, NULL, 0.0000, 'km', 'end_of_trip', 1, NULL, 1, 0, NULL, NULL, NULL, 0, 0.70, NULL, NULL, NULL, 0, NULL, '2026-04-22 11:50:08', '2026-04-22 11:50:08'),
(22, 93, 'none', 0.00, 'none', 0.00, NULL, NULL, 0.0000, 'km', 'end_of_trip', 1, NULL, 1, 0, NULL, NULL, NULL, 0, 0.70, NULL, NULL, NULL, 0, NULL, '2026-04-22 11:50:24', '2026-04-22 11:50:24'),
(23, 46, 'none', 0.00, 'none', 0.00, NULL, NULL, 0.0000, 'km', 'end_of_trip', 1, NULL, 1, 0, NULL, NULL, NULL, 0, 0.70, NULL, NULL, NULL, 0, NULL, '2026-04-22 11:51:44', '2026-04-22 11:51:44'),
(24, 49, 'none', 0.00, 'none', 0.00, NULL, NULL, 0.0000, 'km', 'end_of_trip', 1, NULL, 1, 0, NULL, NULL, NULL, 0, 0.70, NULL, NULL, NULL, 0, NULL, '2026-04-22 11:52:38', '2026-04-22 11:52:38'),
(25, 12, 'none', 0.00, 'none', 0.00, NULL, NULL, 0.0000, 'km', 'end_of_trip', 1, NULL, 1, 0, NULL, NULL, NULL, 0, 0.70, NULL, NULL, NULL, 0, NULL, '2026-04-22 11:53:35', '2026-04-22 11:53:35'),
(26, 99, 'none', 0.00, 'none', 0.00, NULL, NULL, 0.0000, 'km', 'end_of_trip', 1, NULL, 1, 0, NULL, NULL, NULL, 0, 0.70, NULL, NULL, NULL, 0, NULL, '2026-04-22 11:54:14', '2026-04-22 11:54:14'),
(27, 13, 'none', 0.00, 'none', 0.00, NULL, NULL, 0.0000, 'km', 'end_of_trip', 1, NULL, 1, 0, NULL, NULL, NULL, 0, 0.70, NULL, NULL, NULL, 0, NULL, '2026-04-22 11:54:30', '2026-04-22 11:54:30'),
(28, 15, 'none', 0.00, 'none', 0.00, NULL, NULL, 0.0000, 'km', 'end_of_trip', 1, NULL, 1, 0, NULL, NULL, NULL, 0, 0.70, NULL, NULL, NULL, 0, NULL, '2026-04-22 11:55:37', '2026-04-22 11:55:37'),
(29, 18, 'none', 0.00, 'none', 0.00, NULL, NULL, 0.0000, 'km', 'end_of_trip', 1, NULL, 1, 0, NULL, NULL, NULL, 0, 0.70, NULL, NULL, NULL, 0, NULL, '2026-04-22 11:56:48', '2026-04-22 11:56:48'),
(30, 21, 'none', 0.00, 'none', 0.00, NULL, NULL, 0.0000, 'km', 'end_of_trip', 1, NULL, 1, 0, NULL, NULL, NULL, 0, 0.70, NULL, NULL, NULL, 0, NULL, '2026-04-22 11:59:22', '2026-04-22 11:59:22'),
(31, 40, 'none', 0.00, 'none', 0.00, NULL, NULL, 0.0000, 'km', 'end_of_trip', 1, NULL, 1, 0, NULL, NULL, NULL, 0, 0.70, NULL, NULL, NULL, 0, NULL, '2026-04-22 12:00:19', '2026-04-22 12:00:19'),
(32, 58, 'none', 0.00, 'none', 0.00, NULL, NULL, 0.0000, 'km', 'end_of_trip', 1, NULL, 1, 0, NULL, NULL, NULL, 0, 0.70, NULL, NULL, NULL, 0, NULL, '2026-04-22 12:01:20', '2026-04-22 12:01:20'),
(33, 44, 'none', 0.00, 'none', 0.00, NULL, NULL, 0.0000, 'km', 'end_of_trip', 1, NULL, 1, 0, NULL, NULL, NULL, 0, 0.70, NULL, NULL, NULL, 0, NULL, '2026-04-22 12:01:45', '2026-04-22 12:01:45'),
(34, 45, 'none', 0.00, 'none', 0.00, NULL, NULL, 0.0000, 'km', 'end_of_trip', 1, NULL, 1, 0, NULL, NULL, NULL, 0, 0.70, NULL, NULL, NULL, 0, NULL, '2026-04-22 12:03:34', '2026-04-22 12:03:34'),
(35, 48, 'none', 0.00, 'none', 0.00, NULL, NULL, 0.0000, 'km', 'end_of_trip', 1, NULL, 1, 0, NULL, NULL, NULL, 0, 0.70, NULL, NULL, NULL, 0, NULL, '2026-04-22 12:05:26', '2026-04-22 12:05:26'),
(36, 61, 'none', 0.00, 'none', 0.00, NULL, NULL, 0.0000, 'km', 'end_of_trip', 1, NULL, 1, 0, NULL, NULL, NULL, 0, 0.70, NULL, NULL, NULL, 0, NULL, '2026-04-22 12:05:57', '2026-04-22 12:05:57'),
(37, 14, 'none', 0.00, 'none', 0.00, NULL, NULL, 0.0000, 'km', 'end_of_trip', 1, NULL, 1, 0, NULL, NULL, NULL, 0, 0.70, NULL, NULL, NULL, 0, NULL, '2026-04-22 12:07:00', '2026-04-22 12:07:00'),
(38, 16, 'none', 0.00, 'none', 0.00, NULL, NULL, 0.0000, 'km', 'end_of_trip', 1, NULL, 1, 0, NULL, NULL, NULL, 0, 0.70, NULL, NULL, NULL, 0, NULL, '2026-04-22 12:07:57', '2026-04-22 12:07:57'),
(39, 72, 'none', 0.00, 'none', 0.00, NULL, NULL, 0.0000, 'km', 'end_of_trip', 1, NULL, 1, 0, NULL, NULL, NULL, 0, 0.70, NULL, NULL, NULL, 0, NULL, '2026-04-22 12:08:02', '2026-04-22 12:08:02'),
(40, 17, 'none', 0.00, 'none', 0.00, NULL, NULL, 0.0000, 'km', 'end_of_trip', 1, NULL, 1, 0, NULL, NULL, NULL, 0, 0.70, NULL, NULL, NULL, 0, NULL, '2026-04-22 12:08:46', '2026-04-22 12:08:46'),
(41, 88, 'none', 0.00, 'none', 0.00, NULL, NULL, 0.0000, 'km', 'end_of_trip', 1, NULL, 1, 0, NULL, NULL, NULL, 0, 0.70, NULL, NULL, NULL, 0, NULL, '2026-04-22 12:09:34', '2026-04-22 12:09:34'),
(42, 89, 'none', 0.00, 'none', 0.00, NULL, NULL, 0.0000, 'km', 'end_of_trip', 1, NULL, 1, 0, NULL, NULL, NULL, 0, 0.70, NULL, NULL, NULL, 0, NULL, '2026-04-22 12:10:39', '2026-04-22 12:10:39'),
(43, 73, 'none', 0.00, 'none', 0.00, NULL, NULL, 0.0000, 'km', 'end_of_trip', 1, NULL, 1, 0, NULL, NULL, NULL, 0, 0.70, NULL, NULL, NULL, 0, NULL, '2026-04-22 12:10:50', '2026-04-22 12:10:50'),
(44, 90, 'none', 0.00, 'none', 0.00, NULL, NULL, 0.0000, 'km', 'end_of_trip', 1, NULL, 1, 0, NULL, NULL, NULL, 0, 0.70, NULL, NULL, NULL, 0, NULL, '2026-04-22 12:11:20', '2026-04-22 12:11:20'),
(45, 91, 'none', 0.00, 'none', 0.00, NULL, NULL, 0.0000, 'km', 'end_of_trip', 1, NULL, 1, 0, NULL, NULL, NULL, 0, 0.70, NULL, NULL, NULL, 0, NULL, '2026-04-22 12:12:34', '2026-04-22 12:12:34'),
(46, 95, 'none', 0.00, 'none', 0.00, NULL, NULL, 0.0000, 'km', 'end_of_trip', 1, NULL, 1, 0, NULL, NULL, NULL, 0, 0.70, NULL, NULL, NULL, 0, NULL, '2026-04-22 12:14:22', '2026-04-22 12:14:22'),
(47, 75, 'none', 0.00, 'none', 0.00, NULL, NULL, 0.0000, 'km', 'end_of_trip', 1, NULL, 1, 0, NULL, NULL, NULL, 0, 0.70, NULL, NULL, NULL, 0, NULL, '2026-04-22 12:14:56', '2026-04-22 12:14:56'),
(48, 96, 'none', 0.00, 'none', 0.00, NULL, NULL, 0.0000, 'km', 'end_of_trip', 1, NULL, 1, 0, NULL, NULL, NULL, 0, 0.70, NULL, NULL, NULL, 0, NULL, '2026-04-22 12:15:28', '2026-04-22 12:15:28'),
(49, 97, 'none', 0.00, 'none', 0.00, NULL, NULL, 0.0000, 'km', 'end_of_trip', 1, NULL, 1, 0, NULL, NULL, NULL, 0, 0.70, NULL, NULL, NULL, 0, NULL, '2026-04-22 12:16:13', '2026-04-22 12:16:13'),
(50, 77, 'none', 0.00, 'none', 0.00, NULL, NULL, 0.0000, 'km', 'end_of_trip', 1, NULL, 1, 0, NULL, NULL, NULL, 0, 0.70, NULL, NULL, NULL, 0, NULL, '2026-04-22 12:17:20', '2026-04-22 12:17:20'),
(51, 98, 'none', 0.00, 'none', 0.00, NULL, NULL, 0.0000, 'km', 'end_of_trip', 1, NULL, 1, 0, NULL, NULL, NULL, 0, 0.70, NULL, NULL, NULL, 0, NULL, '2026-04-22 12:17:23', '2026-04-22 12:17:23'),
(52, 79, 'none', 0.00, 'none', 0.00, NULL, NULL, 0.0000, 'km', 'end_of_trip', 1, NULL, 1, 0, NULL, NULL, NULL, 0, 0.70, NULL, NULL, NULL, 0, NULL, '2026-04-22 12:25:47', '2026-04-22 12:25:47'),
(53, 19, 'none', 0.00, 'none', 0.00, NULL, NULL, 0.0000, 'km', 'end_of_trip', 1, NULL, 1, 0, NULL, NULL, NULL, 0, 0.70, NULL, NULL, NULL, 0, NULL, '2026-04-22 12:30:14', '2026-04-22 12:30:14'),
(54, 52, 'none', 0.00, 'none', 0.00, NULL, NULL, 0.0000, 'km', 'end_of_trip', 1, NULL, 1, 0, NULL, NULL, NULL, 0, 0.70, NULL, NULL, NULL, 0, NULL, '2026-04-30 16:27:26', '2026-04-30 16:27:26'),
(55, 68, 'none', 0.00, 'none', 0.00, NULL, NULL, 0.0000, 'km', 'end_of_trip', 1, NULL, 1, 0, NULL, NULL, NULL, 0, 0.70, NULL, NULL, NULL, 0, NULL, '2026-04-30 16:42:25', '2026-04-30 16:42:25'),
(56, 11, 'none', 0.00, 'none', 0.00, NULL, NULL, 0.0000, 'km', 'end_of_trip', 1, NULL, 1, 0, NULL, NULL, NULL, 0, 0.70, NULL, NULL, NULL, 0, NULL, '2026-04-30 16:49:33', '2026-04-30 16:49:33'),
(57, 10, 'none', 0.00, 'none', 0.00, NULL, NULL, 0.0000, 'km', 'end_of_trip', 1, NULL, 1, 0, NULL, NULL, NULL, 0, 0.70, NULL, NULL, NULL, 0, NULL, '2026-04-30 16:54:48', '2026-04-30 16:54:48'),
(58, 51, 'none', 0.00, 'none', 0.00, NULL, NULL, 0.0000, 'km', 'end_of_trip', 1, NULL, 1, 0, NULL, NULL, NULL, 0, 0.70, NULL, NULL, NULL, 0, NULL, '2026-04-30 17:09:27', '2026-04-30 17:09:27'),
(59, 50, 'none', 0.00, 'none', 0.00, NULL, NULL, 0.0000, 'km', 'end_of_trip', 1, NULL, 1, 0, NULL, NULL, NULL, 0, 0.70, NULL, NULL, NULL, 0, NULL, '2026-04-30 17:12:28', '2026-04-30 17:12:28'),
(60, 47, 'none', 0.00, 'none', 0.00, NULL, NULL, 0.0000, 'km', 'end_of_trip', 1, NULL, 1, 0, NULL, NULL, NULL, 0, 0.70, NULL, NULL, NULL, 0, NULL, '2026-04-30 17:16:31', '2026-04-30 17:16:31'),
(61, 42, 'none', 0.00, 'none', 0.00, NULL, NULL, 0.0000, 'km', 'end_of_trip', 1, NULL, 1, 0, NULL, NULL, NULL, 0, 0.70, NULL, NULL, NULL, 0, NULL, '2026-04-30 17:21:14', '2026-04-30 17:21:14'),
(62, 39, 'none', 0.00, 'none', 0.00, NULL, NULL, 0.0000, 'km', 'end_of_trip', 1, NULL, 1, 0, NULL, NULL, NULL, 0, 0.70, NULL, NULL, NULL, 0, NULL, '2026-04-30 17:25:37', '2026-04-30 17:25:37'),
(63, 37, 'none', 0.00, 'none', 0.00, NULL, NULL, 0.0000, 'km', 'end_of_trip', 1, NULL, 1, 0, NULL, NULL, NULL, 0, 0.70, NULL, NULL, NULL, 0, NULL, '2026-04-30 17:30:35', '2026-04-30 17:30:35'),
(64, 36, 'none', 0.00, 'none', 0.00, NULL, NULL, 0.0000, 'km', 'end_of_trip', 1, NULL, 1, 0, NULL, NULL, NULL, 0, 0.70, NULL, NULL, NULL, 0, NULL, '2026-04-30 17:33:29', '2026-04-30 17:33:29'),
(65, 35, 'none', 0.00, 'none', 0.00, NULL, NULL, 0.0000, 'km', 'end_of_trip', 1, NULL, 1, 0, NULL, NULL, NULL, 0, 0.70, NULL, NULL, NULL, 0, NULL, '2026-04-30 17:36:20', '2026-04-30 17:36:20'),
(66, 7, 'none', 0.00, 'none', 0.00, NULL, NULL, 0.0000, 'km', 'end_of_trip', 1, NULL, 1, 0, NULL, NULL, NULL, 0, 0.70, NULL, NULL, NULL, 0, NULL, '2026-04-30 17:41:09', '2026-04-30 17:41:09'),
(67, 5, 'none', 0.00, 'none', 0.00, NULL, NULL, 0.0000, 'km', 'end_of_trip', 1, NULL, 1, 0, NULL, NULL, NULL, 0, 0.70, NULL, NULL, NULL, 0, NULL, '2026-04-30 17:46:19', '2026-04-30 17:46:19'),
(68, 2, 'none', 0.00, 'none', 0.00, NULL, NULL, 0.0000, 'km', 'end_of_trip', 1, NULL, 1, 0, NULL, NULL, NULL, 0, 0.70, NULL, NULL, NULL, 0, NULL, '2026-04-30 17:52:03', '2026-04-30 17:52:03'),
(69, 33, 'none', 0.00, 'none', 0.00, NULL, NULL, 0.0000, 'km', 'end_of_trip', 1, NULL, 1, 0, NULL, NULL, NULL, 0, 0.70, NULL, NULL, NULL, 0, NULL, '2026-04-30 17:57:31', '2026-04-30 17:57:31'),
(70, 22, 'none', 0.00, 'none', 0.00, NULL, NULL, 0.0000, 'km', 'end_of_trip', 1, NULL, 1, 0, NULL, NULL, NULL, 0, 0.70, NULL, NULL, NULL, 0, NULL, '2026-04-30 18:05:46', '2026-04-30 18:05:46'),
(71, 87, 'none', 0.00, 'none', 0.00, NULL, NULL, 0.0000, 'km', 'end_of_trip', 1, NULL, 1, 0, NULL, NULL, NULL, 0, 0.70, NULL, NULL, NULL, 0, NULL, '2026-04-30 18:08:52', '2026-04-30 18:08:52'),
(72, 86, 'none', 0.00, 'none', 0.00, NULL, NULL, 0.0000, 'km', 'end_of_trip', 1, NULL, 1, 0, NULL, NULL, NULL, 0, 0.70, NULL, NULL, NULL, 0, NULL, '2026-04-30 18:11:12', '2026-04-30 18:11:12'),
(73, 83, 'none', 0.00, 'none', 0.00, NULL, NULL, 0.0000, 'km', 'end_of_trip', 1, NULL, 1, 0, NULL, NULL, NULL, 0, 0.70, NULL, NULL, NULL, 0, NULL, '2026-04-30 18:14:53', '2026-04-30 18:14:53');

-- --------------------------------------------------------

--
-- Table structure for table `cr_car_reviews`
--

CREATE TABLE `cr_car_reviews` (
  `id` bigint(20) UNSIGNED NOT NULL,
  `content` text NOT NULL,
  `star` double NOT NULL DEFAULT 0,
  `customer_id` bigint(20) UNSIGNED NOT NULL,
  `car_id` bigint(20) UNSIGNED NOT NULL,
  `booking_id` bigint(20) UNSIGNED DEFAULT NULL,
  `status` varchar(191) NOT NULL DEFAULT 'pending',
  `created_at` timestamp NULL DEFAULT NULL,
  `updated_at` timestamp NULL DEFAULT NULL
) ENGINE=InnoDB DEFAULT CHARSET=utf8mb4 COLLATE=utf8mb4_unicode_ci;

--
-- Dumping data for table `cr_car_reviews`
--

INSERT INTO `cr_car_reviews` (`id`, `content`, `star`, `customer_id`, `car_id`, `booking_id`, `status`, `created_at`, `updated_at`) VALUES
(1, 'Excellent value for money. The automatic climate control worked perfectly Never had a single mechanical issue Perfect companion for our business travel Will book with them again for sure.', 4, 3, 33, NULL, 'published', '2025-04-06 08:24:05', '2026-03-06 08:24:05'),
(2, 'Outstanding rental experience! Advanced safety features gave us confidence The car was immaculate in every detail and provided effortless acceleration. The team was absolutely wonderful to work with Exceeded all expectations. Will definitely be back!', 5, 24, 36, NULL, 'published', '2025-04-24 08:24:05', '2026-03-06 08:24:05'),
(3, 'Absolutely fantastic! State-of-the-art amenities throughout Absolutely perfect reliability record This rental exceeded every expectation This is how car rentals should be done. Thank you for an amazing experience!', 5, 21, 68, NULL, 'published', '2025-09-28 08:24:05', '2026-03-06 08:24:05'),
(4, 'Outstanding rental experience! The car was immaculate inside and out The car was immaculate in every detail and provided effortless acceleration. The staff went above and beyond to help us Exceeded all expectations. Will definitely be back!', 5, 23, 55, NULL, 'published', '2025-07-02 08:24:05', '2026-03-06 08:24:05'),
(5, 'Standard rental car. No major issues during our rental Minor scuff on the bumper Reasonable option for basic transportation Met basic expectations.', 3, 5, 97, NULL, 'published', '2024-04-18 08:24:05', '2026-03-06 08:24:05'),
(6, 'Perfect car for our conference! The seats were like luxury recliners Exceptional driving dynamics in all conditions Service that sets the gold standard Cannot fault anything about this rental. 10/10 would recommend!', 5, 10, 74, NULL, 'published', '2025-08-21 08:24:05', '2026-03-06 08:24:05'),
(7, 'Mixed feelings about this rental. the car was reliable throughout our trip but the pickup process was slower than expected. Adequate for basic transportation needs Fair value for money.', 3, 1, 17, NULL, 'published', '2025-06-18 08:24:05', '2026-03-06 08:24:05'),
(8, 'Best rental car I\'ve ever had! Luxury-level quality throughout Outstanding professionalism and care Best deal I\'ve found in years Everything was perfect from start to finish. Will definitely use again!', 5, 15, 56, NULL, 'published', '2024-07-17 08:24:05', '2026-03-06 08:24:05'),
(9, 'Outstanding rental experience! Whisper-quiet cabin and smooth ride The car was showroom quality and delivered outstanding fuel economy. The team was absolutely wonderful to work with Exceeded all expectations. Will definitely be back!', 5, 3, 61, NULL, 'published', '2025-11-11 08:24:05', '2026-03-06 08:24:05'),
(10, 'Outstanding rental experience! The most comfortable seats I\'ve experienced The car was absolutely pristine and was remarkably quiet and refined. The team was absolutely wonderful to work with Exceeded all expectations. Will definitely be back!', 5, 5, 43, NULL, 'published', '2024-04-11 08:24:05', '2026-03-06 08:24:05'),
(11, 'Perfect car for our conference! Premium seating that rivals luxury vehicles The performance was absolutely flawless Exceptional attention to customer needs Cannot fault anything about this rental. 10/10 would recommend!', 5, 22, 94, NULL, 'published', '2025-07-28 08:24:05', '2026-03-06 08:24:05'),
(12, 'Had some issues with this rental. The radio kept cutting out that was quite annoying during the drive The price was reasonable but the quality didn\'t match.', 2, 22, 97, NULL, 'published', '2025-09-24 08:24:05', '2026-03-06 08:24:05'),
(13, 'Great rental experience! Great sound system The car was spotless inside and out and was very fuel efficient. Minor scuff on the bumper but overall very satisfied. Would definitely rent again.', 4, 14, 40, NULL, 'published', '2024-05-07 08:24:05', '2026-03-06 08:24:05'),
(14, 'Absolutely fantastic! Every feature worked flawlessly Zero problems - just pure dependability This rental exceeded every expectation This is how car rentals should be done. Thank you for an amazing experience!', 5, 11, 24, NULL, 'published', '2024-08-30 08:24:05', '2026-03-06 08:24:05'),
(15, 'Average rental experience. The car served its purpose adequately The radio presets weren\'t cleared but the fuel efficiency was decent. Nothing special but gets the job done.', 3, 29, 52, NULL, 'published', '2025-10-10 08:24:05', '2026-03-06 08:24:05'),
(16, 'Average rental experience. The car served its purpose adequately Could use a bit more trunk space but the pickup was convenient. Nothing special but gets the job done.', 3, 6, 19, NULL, 'published', '2025-06-18 08:24:05', '2026-03-06 08:24:05'),
(17, 'Very pleased with this rental. Premium feel despite being a rental Quick and easy pickup process Will be my go-to rental company Just a small issue with a small scuff on the rear bumper but nothing major.', 4, 7, 47, NULL, 'published', '2024-03-25 08:24:05', '2026-03-06 08:24:05'),
(18, 'Outstanding rental experience! Incredible fuel efficiency saved us money The car was absolutely pristine and handled like a dream on every road. The staff went above and beyond to help us Exceeded all expectations. Will definitely be back!', 5, 22, 81, NULL, 'published', '2025-11-22 08:24:05', '2026-03-06 08:24:05'),
(19, 'Outstanding rental experience! The most comfortable seats I\'ve experienced The car was showroom quality and provided effortless acceleration. The staff went above and beyond to help us Exceeded all expectations. Will definitely be back!', 5, 7, 73, NULL, 'published', '2024-10-29 08:24:05', '2026-03-06 08:24:05'),
(20, 'Mixed feelings about this rental. the overall condition was satisfactory but the pickup process was slower than expected. Does what it\'s supposed to do Fair value for money.', 3, 32, 52, NULL, 'published', '2025-08-13 08:24:05', '2026-03-06 08:24:05'),
(21, 'Great rental experience! Excellent fuel economy The car was spotless inside and out and had plenty of power when needed. The pickup process took a while but overall very satisfied. Would definitely rent again.', 4, 15, 83, NULL, 'published', '2025-02-01 08:24:05', '2026-03-06 08:24:05'),
(22, 'Very disappointed. The overall build quality was poor The engine was not functioning properly and warning lights were on. Not worth the money at all.', 1, 9, 98, NULL, 'published', '2025-10-02 08:24:05', '2026-03-06 08:24:05'),
(23, 'Decent car for the price. The visibility was good the owner\'s manual being missing but overall acceptable for family road trip. Would consider again if needed.', 3, 32, 35, NULL, 'published', '2024-05-02 08:24:05', '2026-03-06 08:24:05'),
(24, 'Excellent value for money. Excellent safety features gave us confidence Never had a single mechanical issue Perfect companion for our business travel Will book with them again for sure.', 4, 27, 26, NULL, 'published', '2024-12-21 08:24:05', '2026-03-06 08:24:05'),
(25, 'Best rental car I\'ve ever had! Quality that rivals the finest vehicles Outstanding professionalism and care Best deal I\'ve found in years Everything was perfect from start to finish. Will definitely use again!', 5, 29, 99, NULL, 'published', '2024-11-02 08:24:05', '2026-03-06 08:24:05'),
(26, 'Great rental experience! The car was clean and well-maintained The car was very reliable and was very fuel efficient. The pickup process took a while but overall very satisfied. Would definitely rent again.', 4, 9, 24, NULL, 'published', '2025-03-16 08:24:05', '2026-03-06 08:24:05'),
(27, 'Below expectations. The GPS was a bit outdated The car was reasonable considering the age but The pickup/return process. The fuel economy was good but overall not satisfied with the rental.', 2, 2, 99, NULL, 'published', '2025-09-08 08:24:05', '2026-03-06 08:24:05'),
(28, 'Worst rental ever! The steering wheel was shaking violently The car wouldn\'t start and I had to pay for repairs myself. Completely ruined my business trip. Avoid at all costs!', 1, 14, 2, NULL, 'published', '2026-02-27 08:24:05', '2026-03-06 08:24:05'),
(29, 'Decent car for the price. The sound system worked fine the pickup location being slightly hard to find but overall acceptable for wedding. Would consider again if needed.', 3, 26, 47, NULL, 'published', '2025-10-17 08:24:05', '2026-03-06 08:24:05'),
(30, 'Standard rental car. Served our transportation needs The GPS was a bit outdated Reasonable option for basic transportation Met basic expectations.', 3, 5, 84, NULL, 'published', '2024-09-27 08:24:05', '2026-03-06 08:24:05'),
(31, 'Standard rental car. Served our transportation needs Could use a bit more trunk space Meets expectations without exceeding them Met basic expectations.', 3, 7, 67, NULL, 'published', '2025-06-22 08:24:05', '2026-03-06 08:24:05'),
(32, 'Mixed feelings about this rental. the car was reliable throughout our trip but the customer service could be improved. Standard rental experience Fair value for money.', 3, 6, 36, NULL, 'published', '2024-08-04 08:24:05', '2026-03-06 08:24:05'),
(33, 'Really enjoyed driving this car. Seats were supportive and adjustable Reliable performance throughout our trip Made our trip so much more enjoyable Only minor complaint is the return process was slightly confusing. Highly recommend!', 4, 28, 75, NULL, 'published', '2025-07-15 08:24:05', '2026-03-06 08:24:05'),
(34, 'Great rental experience! Great sound system The car was in excellent mechanical condition and performed flawlessly throughout our trip. Minor scuff on the bumper but overall very satisfied. Would definitely rent again.', 4, 28, 41, NULL, 'published', '2025-01-27 08:24:05', '2026-03-06 08:24:05'),
(35, 'Perfect car for our conference! Unparalleled comfort for long-distance driving Incredible power delivery and smooth operation Outstanding professionalism and care Cannot fault anything about this rental. 10/10 would recommend!', 5, 32, 72, NULL, 'published', '2024-03-12 08:24:05', '2026-03-06 08:24:05'),
(36, 'Absolutely fantastic! Every feature worked flawlessly Absolutely perfect reliability record The best rental car experience we\'ve ever had This is how car rentals should be done. Thank you for an amazing experience!', 5, 2, 43, NULL, 'published', '2025-05-24 08:24:05', '2026-03-06 08:24:05'),
(37, 'Really enjoyed driving this car. Incredibly comfortable for long drives Good handling in various driving conditions Perfect for our family vacation Only minor complaint is the pickup location was hard to find. Highly recommend!', 4, 11, 19, NULL, 'published', '2026-01-22 08:24:05', '2026-03-06 08:24:05'),
(38, 'Great rental experience! Smooth and quiet ride The car was spotless inside and out and was very fuel efficient. The pickup process took a while but overall very satisfied. Would definitely rent again.', 4, 19, 36, NULL, 'published', '2025-02-04 08:24:05', '2026-03-06 08:24:05'),
(39, 'Excellent value for money. The keyless entry was very convenient Never had a single mechanical issue Perfect companion for our business travel Will book with them again for sure.', 4, 12, 35, NULL, 'published', '2025-01-13 08:24:05', '2026-03-06 08:24:05'),
(40, 'Best rental car I\'ve ever had! Exceptional craftsmanship and care The customer service was world-class Incredible bang for your buck Everything was perfect from start to finish. Will definitely use again!', 5, 9, 19, NULL, 'published', '2025-06-13 08:24:05', '2026-03-06 08:24:05'),
(41, 'Decent car for the price. The sound system worked fine the radio taking a moment to connect to Bluetooth but overall acceptable for vacation. Would consider again if needed.', 3, 27, 11, NULL, 'published', '2024-08-17 08:24:05', '2026-03-06 08:24:05'),
(42, 'Absolutely fantastic! Advanced capabilities that impressed everyone Reliability that exceeded all expectations A truly exceptional experience from start to finish This is how car rentals should be done. Thank you for an amazing experience!', 5, 6, 96, NULL, 'published', '2024-07-27 08:24:05', '2026-03-06 08:24:05'),
(43, 'Great rental experience! Very comfortable seats The car was spotless inside and out and handled beautifully on both city and highway. Could use a bit more trunk space but overall very satisfied. Would definitely rent again.', 4, 28, 23, NULL, 'published', '2026-01-31 08:24:05', '2026-03-06 08:24:05'),
(44, 'Mixed feelings about this rental. the fuel economy exceeded expectations but the vehicle felt a bit dated. Standard rental experience Fair value for money.', 3, 24, 84, NULL, 'published', '2024-12-11 08:24:05', '2026-03-06 08:24:05'),
(45, 'Mixed feelings about this rental. the car was reliable throughout our trip but the customer service could be improved. Does what it\'s supposed to do Fair value for money.', 3, 8, 37, NULL, 'published', '2025-03-05 08:24:05', '2026-03-06 08:24:05'),
(46, 'Excellent value for money. The automatic climate control worked perfectly No unexpected problems or breakdowns Enhanced our weekend getaway experience Will book with them again for sure.', 4, 21, 97, NULL, 'published', '2024-03-11 08:24:05', '2026-03-06 08:24:05'),
(47, 'Decent car for the price. The visibility was good the owner\'s manual being missing but overall acceptable for vacation. Would consider again if needed.', 3, 11, 40, NULL, 'published', '2024-08-02 08:24:05', '2026-03-06 08:24:05'),
(48, 'Excellent value for money. The automatic climate control worked perfectly Never had a single mechanical issue Reliable transportation for our family trip Will book with them again for sure.', 4, 9, 30, NULL, 'published', '2025-02-20 08:24:05', '2026-03-06 08:24:05'),
(49, 'Decent car for the price. The interior space was adequate one cup holder being a bit loose but overall acceptable for conference. Would consider again if needed.', 3, 21, 23, NULL, 'published', '2025-10-18 08:24:05', '2026-03-06 08:24:05'),
(50, 'Had some issues with this rental. The air conditioning was barely working making the trip uncomfortable in hot weather The price was reasonable but the quality didn\'t match.', 2, 31, 61, NULL, 'published', '2025-06-13 08:24:05', '2026-03-06 08:24:05'),
(51, 'Really enjoyed driving this car. Plenty of legroom for everyone The engine performed well on both city and highway Impressed all our passengers Only minor complaint is the return process was slightly confusing. Highly recommend!', 4, 25, 21, NULL, 'published', '2024-04-16 08:24:05', '2026-03-06 08:24:05'),
(52, 'Outstanding rental experience! Whisper-quiet cabin and smooth ride The car was immaculate in every detail and was remarkably quiet and refined. They made everything so easy and stress-free Exceeded all expectations. Will definitely be back!', 5, 14, 51, NULL, 'published', '2025-10-16 08:24:05', '2026-03-06 08:24:05'),
(53, 'Very pleased with this rental. Premium feel despite being a rental Made the rental process seamless Excellent option for families Just a small issue with the owner\'s manual being missing but nothing major.', 4, 13, 17, NULL, 'published', '2025-07-02 08:24:05', '2026-03-06 08:24:05'),
(54, 'Great rental experience! Excellent fuel economy The car was running smoothly and handled beautifully on both city and highway. Minor scuff on the bumper but overall very satisfied. Would definitely rent again.', 4, 5, 60, NULL, 'published', '2025-02-15 08:24:05', '2026-03-06 08:24:05'),
(55, 'Very disappointed. Several features weren\'t working properly The air conditioning was not functioning properly and it felt unstable at highway speeds. Not worth the money at all.', 1, 6, 42, NULL, 'published', '2025-07-13 08:24:05', '2026-03-06 08:24:05'),
(56, 'Perfect car for our conference! Every passenger commented on the amazing comfort The performance was absolutely flawless The customer service was world-class Cannot fault anything about this rental. 10/10 would recommend!', 5, 10, 6, NULL, 'published', '2024-10-04 08:24:05', '2026-03-06 08:24:05'),
(57, 'Mixed feelings about this rental. the technology features were helpful but some features weren\'t working perfectly. Does what it\'s supposed to do Fair value for money.', 3, 29, 60, NULL, 'published', '2025-04-04 08:24:05', '2026-03-06 08:24:05'),
(58, 'Not great but manageable. The interior was showing its age The car started reliably Would look for other options next time.', 2, 25, 81, NULL, 'published', '2024-05-14 08:24:05', '2026-03-06 08:24:05'),
(59, 'Standard rental car. Reliable for basic driving Could use a bit more trunk space Meets expectations without exceeding them Met basic expectations.', 3, 18, 70, NULL, 'published', '2024-11-26 08:24:05', '2026-03-06 08:24:05'),
(60, 'Mixed feelings about this rental. the technology features were helpful but the customer service could be improved. Reasonable option if you\'re not picky Fair value for money.', 3, 9, 77, NULL, 'published', '2025-07-11 08:24:05', '2026-03-06 08:24:05'),
(61, 'Very pleased with this rental. Premium feel despite being a rental Excellent customer service Perfect for business or leisure travel Just a small issue with the pickup location being slightly hard to find but nothing major.', 4, 18, 69, NULL, 'published', '2025-10-03 08:24:05', '2026-03-06 08:24:05'),
(62, 'Mixed feelings about this rental. the comfort level was quite good but the car showed some wear and tear. Gets you from point A to point B Fair value for money.', 3, 21, 84, NULL, 'published', '2025-06-11 08:24:05', '2026-03-06 08:24:05'),
(63, 'Average rental experience. The vehicle met basic expectations Minor scuff on the bumper but the fuel efficiency was decent. Nothing special but gets the job done.', 3, 21, 97, NULL, 'published', '2025-09-25 08:24:05', '2026-03-06 08:24:05'),
(64, 'Very pleased with this rental. Attention to detail was evident throughout Quick and easy pickup process Excellent option for families Just a small issue with the owner\'s manual being missing but nothing major.', 4, 16, 23, NULL, 'published', '2024-07-26 08:24:05', '2026-03-06 08:24:05'),
(65, 'Outstanding rental experience! The car was immaculate inside and out The car was immaculate in every detail and delivered outstanding fuel economy. They made everything so easy and stress-free Exceeded all expectations. Will definitely be back!', 5, 23, 81, NULL, 'published', '2024-03-11 08:24:05', '2026-03-06 08:24:05'),
(66, 'nice car', 5, 37, 3, 83, 'published', '2026-04-09 14:25:53', '2026-04-09 14:25:53'),
(67, 'Good', 3, 36, 43, NULL, 'published', '2026-04-22 10:52:55', '2026-04-22 10:52:55');

-- --------------------------------------------------------

--
-- Table structure for table `cr_car_tag`
--

CREATE TABLE `cr_car_tag` (
  `id` bigint(20) UNSIGNED NOT NULL,
  `car_id` bigint(20) UNSIGNED NOT NULL,
  `tag_id` bigint(20) UNSIGNED NOT NULL
) ENGINE=InnoDB DEFAULT CHARSET=utf8mb4 COLLATE=utf8mb4_unicode_ci;

-- --------------------------------------------------------

--
-- Table structure for table `cr_car_transmissions`
--

CREATE TABLE `cr_car_transmissions` (
  `id` bigint(20) UNSIGNED NOT NULL,
  `name` varchar(191) NOT NULL,
  `icon` varchar(191) DEFAULT NULL,
  `status` varchar(191) NOT NULL DEFAULT 'pending',
  `order` tinyint(4) NOT NULL DEFAULT 0,
  `created_at` timestamp NULL DEFAULT NULL,
  `updated_at` timestamp NULL DEFAULT NULL
) ENGINE=InnoDB DEFAULT CHARSET=utf8mb4 COLLATE=utf8mb4_unicode_ci;

--
-- Dumping data for table `cr_car_transmissions`
--

INSERT INTO `cr_car_transmissions` (`id`, `name`, `icon`, `status`, `order`, `created_at`, `updated_at`) VALUES
(1, 'Automatic', 'icons/car-transmission-auto.png', 'published', 0, '2026-03-06 08:22:48', '2026-03-06 08:22:48'),
(2, 'Manual', 'icons/car-transmission-manual.png', 'published', 0, '2026-03-06 08:22:48', '2026-03-06 08:22:48');

-- --------------------------------------------------------

--
-- Table structure for table `cr_car_transmissions_translations`
--

CREATE TABLE `cr_car_transmissions_translations` (
  `lang_code` varchar(191) NOT NULL,
  `cr_car_transmissions_id` bigint(20) UNSIGNED NOT NULL,
  `name` varchar(191) DEFAULT NULL
) ENGINE=InnoDB DEFAULT CHARSET=utf8mb4 COLLATE=utf8mb4_unicode_ci;

-- --------------------------------------------------------

--
-- Table structure for table `cr_car_trip_discounts`
--

CREATE TABLE `cr_car_trip_discounts` (
  `id` bigint(20) UNSIGNED NOT NULL,
  `car_id` bigint(20) UNSIGNED NOT NULL,
  `car_pricing_policy_id` bigint(20) UNSIGNED NOT NULL,
  `min_days` int(10) UNSIGNED NOT NULL DEFAULT 1,
  `max_days` int(10) UNSIGNED DEFAULT NULL,
  `discount_type` varchar(20) NOT NULL,
  `discount_value` decimal(15,2) NOT NULL DEFAULT 0.00,
  `priority` int(10) UNSIGNED NOT NULL DEFAULT 0,
  `active` tinyint(1) NOT NULL DEFAULT 1,
  `description` text DEFAULT NULL,
  `created_at` timestamp NULL DEFAULT NULL,
  `updated_at` timestamp NULL DEFAULT NULL
) ENGINE=InnoDB DEFAULT CHARSET=utf8mb4 COLLATE=utf8mb4_unicode_ci;

-- --------------------------------------------------------

--
-- Table structure for table `cr_car_types`
--

CREATE TABLE `cr_car_types` (
  `id` bigint(20) UNSIGNED NOT NULL,
  `name` varchar(191) DEFAULT NULL,
  `image` varchar(191) DEFAULT NULL,
  `icon` varchar(191) DEFAULT NULL,
  `status` varchar(191) NOT NULL DEFAULT 'pending',
  `order` tinyint(4) NOT NULL DEFAULT 0,
  `created_at` timestamp NULL DEFAULT NULL,
  `updated_at` timestamp NULL DEFAULT NULL
) ENGINE=InnoDB DEFAULT CHARSET=utf8mb4 COLLATE=utf8mb4_unicode_ci;

--
-- Dumping data for table `cr_car_types`
--

INSERT INTO `cr_car_types` (`id`, `name`, `image`, `icon`, `status`, `order`, `created_at`, `updated_at`) VALUES
(1, 'SUV', 'car-types/suv.jpg', 'ti ti-car-suv', 'published', 0, '2026-03-06 08:22:48', '2026-03-19 09:12:19'),
(2, 'Hatchback', 'car-types/hatchback.jpg', 'ti ti-car', 'published', 0, '2026-03-06 08:22:48', '2026-03-19 09:12:09'),
(3, 'Sedan', 'car-types/sedan.jpg', 'ti ti-car', 'published', 0, '2026-03-06 08:22:48', '2026-03-19 09:11:55'),
(4, 'Crossover', 'car-types/cressover.jpg', 'ti ti-car-4wd', 'published', 0, '2026-03-06 08:22:48', '2026-03-19 09:11:45'),
(5, 'Minivan', 'car-types/minivan.jpg', 'ti ti-caravan', 'published', 0, '2026-03-06 08:22:48', '2026-03-19 09:11:31'),
(6, 'Coupe', 'car-types/coupe.jpg', 'ti ti-car', 'published', 0, '2026-03-06 08:22:48', '2026-03-19 09:11:17'),
(7, 'Sport Cars', 'car-types/sports-car.jpg', 'ti ti-car-turbine', 'published', 0, '2026-03-06 08:22:48', '2026-03-19 09:11:05'),
(8, 'Pickup Truck', 'car-types/pickup.jpg', 'ti ti-truck', 'published', 0, '2026-03-06 08:22:48', '2026-03-19 09:10:51');

-- --------------------------------------------------------

--
-- Table structure for table `cr_car_types_translations`
--

CREATE TABLE `cr_car_types_translations` (
  `lang_code` varchar(191) NOT NULL,
  `cr_car_types_id` bigint(20) UNSIGNED NOT NULL,
  `name` varchar(191) DEFAULT NULL
) ENGINE=InnoDB DEFAULT CHARSET=utf8mb4 COLLATE=utf8mb4_unicode_ci;

-- --------------------------------------------------------

--
-- Table structure for table `cr_car_views`
--

CREATE TABLE `cr_car_views` (
  `id` bigint(20) UNSIGNED NOT NULL,
  `car_id` bigint(20) UNSIGNED NOT NULL,
  `views` int(11) NOT NULL DEFAULT 1,
  `date` date NOT NULL DEFAULT '2026-03-06'
) ENGINE=InnoDB DEFAULT CHARSET=utf8mb4 COLLATE=utf8mb4_unicode_ci;

-- --------------------------------------------------------

--
-- Table structure for table `cr_category_commissions`
--

CREATE TABLE `cr_category_commissions` (
  `id` bigint(20) UNSIGNED NOT NULL,
  `car_category_id` bigint(20) UNSIGNED NOT NULL,
  `commission_percentage` decimal(10,2) NOT NULL DEFAULT 0.00,
  `created_at` timestamp NULL DEFAULT NULL,
  `updated_at` timestamp NULL DEFAULT NULL
) ENGINE=InnoDB DEFAULT CHARSET=utf8mb4 COLLATE=utf8mb4_unicode_ci;

-- --------------------------------------------------------

--
-- Table structure for table `cr_coupons`
--

CREATE TABLE `cr_coupons` (
  `id` bigint(20) UNSIGNED NOT NULL,
  `code` varchar(20) NOT NULL,
  `type` varchar(60) NOT NULL,
  `value` double NOT NULL,
  `is_unlimited_expires` tinyint(4) NOT NULL DEFAULT 0,
  `expires_at` datetime DEFAULT NULL,
  `is_unlimited` tinyint(4) NOT NULL DEFAULT 1,
  `limit` int(11) NOT NULL DEFAULT 0,
  `used` int(11) NOT NULL DEFAULT 0,
  `created_at` timestamp NULL DEFAULT NULL,
  `updated_at` timestamp NULL DEFAULT NULL
) ENGINE=InnoDB DEFAULT CHARSET=utf8mb4 COLLATE=utf8mb4_unicode_ci;

--
-- Dumping data for table `cr_coupons`
--

INSERT INTO `cr_coupons` (`id`, `code`, `type`, `value`, `is_unlimited_expires`, `expires_at`, `is_unlimited`, `limit`, `used`, `created_at`, `updated_at`) VALUES
(1, 'RptEDJqgUNE6', 'money', 8, 1, NULL, 1, 0, 76, '2026-03-06 08:22:49', '2026-03-06 08:22:49'),
(2, 'nQ4JhVRYJsJi', 'money', 5, 0, '2026-04-06 15:22:49', 0, 181, 31, '2026-03-06 08:22:49', '2026-03-06 08:22:49'),
(3, 'DOu3ZZ8DY2EH', 'money', 8, 0, '2026-05-06 15:22:49', 1, 0, 63, '2026-03-06 08:22:49', '2026-03-06 08:22:49'),
(4, '59EIwyu0P952', 'percentage', 14.86, 1, NULL, 1, 0, 92, '2026-03-06 08:22:49', '2026-03-06 08:22:49'),
(5, '82tXdAYLSE4M', 'percentage', 39.02, 1, NULL, 0, 638, 114, '2026-03-06 08:22:49', '2026-03-06 08:22:49'),
(6, 'jFkxwLXaf7Xg', 'percentage', 36.47, 0, '2026-06-06 15:22:49', 1, 0, 36, '2026-03-06 08:22:49', '2026-03-06 08:22:49'),
(7, '5UMmOdVQke81', 'money', 4, 0, '2026-07-06 15:22:49', 1, 0, 87, '2026-03-06 08:22:49', '2026-03-06 08:22:49'),
(8, 'dsRGyiVQcNEB', 'money', 2, 1, NULL, 0, 640, 24, '2026-03-06 08:22:49', '2026-03-06 08:22:49'),
(9, 'Izz4E48GkMb2', 'money', 4, 1, NULL, 1, 0, 130, '2026-03-06 08:22:49', '2026-03-06 08:22:49'),
(10, 'yiU6MXTjgNBj', 'money', 0, 1, NULL, 1, 0, 70, '2026-03-06 08:22:49', '2026-03-06 08:22:49'),
(11, 'INYDmMBxrx9Z', 'money', 1, 1, NULL, 1, 0, 17, '2026-03-06 08:22:49', '2026-03-06 08:22:49'),
(12, 'MjMYCo6b1an1', 'money', 7, 0, '2026-08-06 15:22:49', 1, 0, 97, '2026-03-06 08:22:49', '2026-03-06 08:22:49'),
(13, 'z1nRmQe6kMd9', 'percentage', 80.64, 1, NULL, 1, 0, 55, '2026-03-06 08:22:49', '2026-03-06 08:22:49'),
(14, 'z0vRoBd3l5p2', 'percentage', 30.63, 0, '2026-09-06 15:22:49', 1, 0, 87, '2026-03-06 08:22:49', '2026-03-06 08:22:49'),
(15, 'n630Opk11nSO', 'percentage', 62.46, 1, NULL, 0, 975, 77, '2026-03-06 08:22:49', '2026-03-06 08:22:49'),
(16, 'GaXSBRS3xyuo', 'percentage', 90.99, 0, '2026-10-06 15:22:49', 1, 0, 15, '2026-03-06 08:22:49', '2026-03-06 08:22:49'),
(17, 'hok1gBIMH5HA', 'percentage', 29.67, 1, NULL, 0, 888, 95, '2026-03-06 08:22:49', '2026-03-06 08:22:49'),
(18, 'deS9bbrYajW0', 'percentage', 48.61, 0, '2026-11-06 15:22:49', 0, 131, 17, '2026-03-06 08:22:49', '2026-03-06 08:22:49'),
(19, 'WDEp5bJBddJl', 'percentage', 55.11, 1, NULL, 0, 570, 36, '2026-03-06 08:22:49', '2026-03-06 08:22:49'),
(20, 'N6P4VdLwCD38', 'money', 0, 0, '2026-12-06 15:22:49', 1, 0, 108, '2026-03-06 08:22:49', '2026-03-06 08:22:49'),
(21, '6zrjCu1xHqWr', 'percentage', 69.57, 1, NULL, 1, 0, 47, '2026-03-06 08:22:49', '2026-03-06 08:22:49'),
(22, 'R6lxyDL6VZYs', 'money', 6, 1, NULL, 0, 541, 17, '2026-03-06 08:22:49', '2026-03-06 08:22:49'),
(23, 'd06fEdlGyCmE', 'percentage', 94.03, 0, '2027-01-06 15:22:49', 0, 144, 41, '2026-03-06 08:22:49', '2026-03-06 08:22:49'),
(24, 'gWOn2FEcucaq', 'percentage', 47.96, 1, NULL, 0, 231, 65, '2026-03-06 08:22:49', '2026-03-06 08:22:49'),
(25, 'pfGFLcsxQdJe', 'money', 3, 1, NULL, 1, 0, 79, '2026-03-06 08:22:49', '2026-03-06 08:22:49'),
(26, '5WXQiLM7Dk4u', 'percentage', 83.84, 0, '2027-02-06 15:22:49', 0, 381, 122, '2026-03-06 08:22:49', '2026-03-06 08:22:49'),
(27, 'o8k0QvAVbkPX', 'money', 0, 1, NULL, 0, 336, 121, '2026-03-06 08:22:49', '2026-03-06 08:22:49'),
(28, 'BZQfq7OGAinM', 'money', 4, 1, NULL, 0, 513, 23, '2026-03-06 08:22:49', '2026-03-06 08:22:49'),
(29, '7RedCJUk2Z7H', 'percentage', 59.36, 1, NULL, 1, 0, 94, '2026-03-06 08:22:49', '2026-03-06 08:22:49'),
(30, 'SRDHAKVC1Tgh', 'money', 3, 1, NULL, 0, 357, 35, '2026-03-06 08:22:49', '2026-03-06 08:22:49'),
(31, 'm0a4OuAJ6ssb', 'percentage', 13.89, 1, NULL, 0, 152, 76, '2026-03-06 08:22:49', '2026-03-06 08:22:49');

-- --------------------------------------------------------

--
-- Table structure for table `cr_currencies`
--

CREATE TABLE `cr_currencies` (
  `id` bigint(20) UNSIGNED NOT NULL,
  `title` varchar(60) NOT NULL,
  `symbol` varchar(10) NOT NULL,
  `is_prefix_symbol` tinyint(3) UNSIGNED NOT NULL DEFAULT 0,
  `decimals` tinyint(3) UNSIGNED NOT NULL DEFAULT 0,
  `order` int(10) UNSIGNED NOT NULL DEFAULT 0,
  `is_default` tinyint(4) NOT NULL DEFAULT 0,
  `exchange_rate` double NOT NULL DEFAULT 1,
  `number_format_style` varchar(20) NOT NULL DEFAULT 'western',
  `space_between_price_and_currency` tinyint(3) UNSIGNED NOT NULL DEFAULT 0,
  `created_at` timestamp NULL DEFAULT NULL,
  `updated_at` timestamp NULL DEFAULT NULL
) ENGINE=InnoDB DEFAULT CHARSET=utf8mb4 COLLATE=utf8mb4_unicode_ci;

--
-- Dumping data for table `cr_currencies`
--

INSERT INTO `cr_currencies` (`id`, `title`, `symbol`, `is_prefix_symbol`, `decimals`, `order`, `is_default`, `exchange_rate`, `number_format_style`, `space_between_price_and_currency`, `created_at`, `updated_at`) VALUES
(1, 'USD', '$', 1, 0, 0, 1, 1, 'western', 0, '2026-03-06 08:22:48', '2026-05-21 05:38:37'),
(2, 'EUR', '€', 0, 0, 1, 0, 0.84, 'western', 0, '2026-03-06 08:22:48', '2026-03-06 08:22:48'),
(3, 'VND', '₫', 0, 0, 2, 0, 23203, 'western', 0, '2026-03-06 08:22:48', '2026-03-06 08:22:48'),
(4, 'NGN', '₦', 1, 0, 3, 0, 895.52, 'western', 0, '2026-03-06 08:22:48', '2026-05-21 05:19:06'),
(5, 'INR', '₹', 1, 0, 4, 0, 96.21, 'western', 0, '2026-05-21 05:19:06', '2026-05-21 05:38:37');

-- --------------------------------------------------------

--
-- Table structure for table `cr_customer_kyc_documents`
--

CREATE TABLE `cr_customer_kyc_documents` (
  `id` bigint(20) UNSIGNED NOT NULL,
  `verification_id` bigint(20) UNSIGNED NOT NULL,
  `customer_id` bigint(20) UNSIGNED NOT NULL,
  `document_type` varchar(40) CHARACTER SET utf8mb4 COLLATE utf8mb4_unicode_ci NOT NULL,
  `file_path` varchar(191) CHARACTER SET utf8mb4 COLLATE utf8mb4_unicode_ci NOT NULL,
  `checksum` varchar(80) CHARACTER SET utf8mb4 COLLATE utf8mb4_unicode_ci DEFAULT NULL,
  `metadata` longtext CHARACTER SET utf8mb4 COLLATE utf8mb4_bin DEFAULT NULL,
  `created_at` timestamp NULL DEFAULT NULL,
  `updated_at` timestamp NULL DEFAULT NULL
) ENGINE=InnoDB DEFAULT CHARSET=utf8mb3 COLLATE=utf8mb3_general_ci;

--
-- Dumping data for table `cr_customer_kyc_documents`
--

INSERT INTO `cr_customer_kyc_documents` (`id`, `verification_id`, `customer_id`, `document_type`, `file_path`, `checksum`, `metadata`, `created_at`, `updated_at`) VALUES
(1, 1, 38, 'license_front', 'kyc/38/screencapture-127-0-0-1-8000-2026-04-17-21-52-09.png', '1debdad63f4894849d3d23516ffb34b3bced7a436e7fc1ba7effd628354a864d', '{\"original_name\":\"screencapture-127-0-0-1-8000-2026-04-17-21_52_09.png\",\"mime_type\":\"image\\/png\",\"size\":3313078}', '2026-04-20 13:56:40', '2026-04-20 13:56:40'),
(2, 1, 38, 'license_back', 'kyc/38/screencapture-127-0-0-1-8000-2026-04-17-21-52-09-1.png', '1debdad63f4894849d3d23516ffb34b3bced7a436e7fc1ba7effd628354a864d', '{\"original_name\":\"screencapture-127-0-0-1-8000-2026-04-17-21_52_09.png\",\"mime_type\":\"image\\/png\",\"size\":3313078}', '2026-04-20 13:56:43', '2026-04-20 13:56:43'),
(3, 1, 38, 'selfie', 'kyc/38/screencapture-127-0-0-1-8000-2026-04-17-21-52-09-2.png', '1debdad63f4894849d3d23516ffb34b3bced7a436e7fc1ba7effd628354a864d', '{\"original_name\":\"screencapture-127-0-0-1-8000-2026-04-17-21_52_09.png\",\"mime_type\":\"image\\/png\",\"size\":3313078}', '2026-04-20 13:56:46', '2026-04-20 13:56:46'),
(4, 2, 36, 'license_front', 'kyc/36/dermacian-hms-landing-page.png', 'd690083e01af9a342ab9b5702e59d798192bb06e5b30c5f2059a41576e8436d6', '{\"original_name\":\"Dermacian-HMS-Landing-Page.png\",\"mime_type\":\"image\\/png\",\"size\":4047259}', '2026-04-22 10:49:04', '2026-04-22 10:49:04'),
(5, 2, 36, 'license_back', 'kyc/36/freeboardfx-landing-page.png', '9438c2f1d94137199c7c5159d92c4a6f548cf0b1608408e9a3f6c0ada533827f', '{\"original_name\":\"freeboardfx-Landing-Page.png\",\"mime_type\":\"image\\/png\",\"size\":3141266}', '2026-04-22 10:49:06', '2026-04-22 10:49:06'),
(6, 2, 36, 'selfie', 'kyc/36/mydocpharma-admin-panel.png', '852ce7ebaf62ab0471a6b19869841a1fcc2f4b129d1de7ea5ceaff39811c3eb4', '{\"original_name\":\"MyDocpharma-Admin-Panel.png\",\"mime_type\":\"image\\/png\",\"size\":830550}', '2026-04-22 10:49:08', '2026-04-22 10:49:08'),
(7, 3, 37, 'license_front', 'kyc/37/voiture-logo-png-icone-de-la-papouasie-nouvelle-guinee-voiture-icone-de-voiture-png-et-vecteur-pour-.jpeg', '51562bd8f8cb3ec94203cc020509d5ababac1071b8c718a0c0e1204c7a61718b', '{\"original_name\":\"Voiture Logo PNG , Ic\\u00f4ne De La Papouasie   Nouvelle   Guin\\u00e9e, Voiture, Ic\\u00f4ne De Voiture PNG et vecteur pour t\\u00e9l\\u00e9chargement gratuit.jpeg\",\"mime_type\":\"image\\/jpeg\",\"size\":14301}', '2026-04-22 13:59:45', '2026-04-22 13:59:45'),
(8, 3, 37, 'license_back', 'kyc/37/thar3.jpg', '50ac9e56228bea31559692df6439d973a8595ad60c18ed1951b48bcdefafd814', '{\"original_name\":\"thar3.jpg\",\"mime_type\":\"image\\/jpeg\",\"size\":259670}', '2026-04-22 13:59:47', '2026-04-22 13:59:47'),
(9, 3, 37, 'selfie', 'kyc/37/thar2.jpg', 'e52a106524cbc5450536ec25c971763290c0b8ba09a38a69e6e25d781ba2fc61', '{\"original_name\":\"thar2.jpg\",\"mime_type\":\"image\\/jpeg\",\"size\":972265}', '2026-04-22 13:59:48', '2026-04-22 13:59:48'),
(10, 5, 1, 'license_front', 'kyc\\1/photo-1535713875002-d1d0cf377fde.jpg', '725093af02efaae358d3dfbb7feb269a9073ca9d01fdbd86892b5a328529b856', '{\"original_name\":\"photo-1535713875002-d1d0cf377fde.jpg\",\"mime_type\":\"image\\/jpeg\",\"size\":1090338}', '2026-06-09 05:42:21', '2026-06-09 05:42:21'),
(11, 5, 1, 'license_back', 'kyc\\1/photo-1535713875002-d1d0cf377fde-1.jpg', '725093af02efaae358d3dfbb7feb269a9073ca9d01fdbd86892b5a328529b856', '{\"original_name\":\"photo-1535713875002-d1d0cf377fde.jpg\",\"mime_type\":\"image\\/jpeg\",\"size\":1090338}', '2026-06-09 05:42:25', '2026-06-09 05:42:25'),
(12, 5, 1, 'selfie', 'kyc\\1/photo-1535713875002-d1d0cf377fde-2.jpg', '725093af02efaae358d3dfbb7feb269a9073ca9d01fdbd86892b5a328529b856', '{\"original_name\":\"photo-1535713875002-d1d0cf377fde.jpg\",\"mime_type\":\"image\\/jpeg\",\"size\":1090338}', '2026-06-09 05:42:29', '2026-06-09 05:42:29');

-- --------------------------------------------------------

--
-- Table structure for table `cr_customer_kyc_verifications`
--

CREATE TABLE `cr_customer_kyc_verifications` (
  `id` bigint(20) UNSIGNED NOT NULL,
  `customer_id` bigint(20) UNSIGNED NOT NULL,
  `status` varchar(30) CHARACTER SET utf8mb4 COLLATE utf8mb4_unicode_ci NOT NULL DEFAULT 'draft',
  `provider` varchar(60) CHARACTER SET utf8mb4 COLLATE utf8mb4_unicode_ci NOT NULL DEFAULT 'mock',
  `provider_reference` varchar(191) CHARACTER SET utf8mb4 COLLATE utf8mb4_unicode_ci DEFAULT NULL,
  `ocr_confidence_score` decimal(8,4) DEFAULT NULL,
  `face_match_score` decimal(8,4) DEFAULT NULL,
  `risk_score` decimal(8,4) DEFAULT NULL,
  `license_valid` tinyint(1) NOT NULL DEFAULT 0,
  `license_expiry_date` date DEFAULT NULL,
  `license_number` varchar(120) CHARACTER SET utf8mb4 COLLATE utf8mb4_unicode_ci DEFAULT NULL,
  `ocr_payload` longtext CHARACTER SET utf8mb4 COLLATE utf8mb4_bin DEFAULT NULL,
  `provider_payload` longtext CHARACTER SET utf8mb4 COLLATE utf8mb4_bin DEFAULT NULL,
  `decision_reasons` longtext CHARACTER SET utf8mb4 COLLATE utf8mb4_bin DEFAULT NULL,
  `rejection_reason` text CHARACTER SET utf8mb4 COLLATE utf8mb4_unicode_ci DEFAULT NULL,
  `reviewed_by` bigint(20) UNSIGNED DEFAULT NULL,
  `reviewed_at` datetime DEFAULT NULL,
  `created_at` timestamp NULL DEFAULT NULL,
  `updated_at` timestamp NULL DEFAULT NULL
) ENGINE=InnoDB DEFAULT CHARSET=utf8mb3 COLLATE=utf8mb3_general_ci;

--
-- Dumping data for table `cr_customer_kyc_verifications`
--

INSERT INTO `cr_customer_kyc_verifications` (`id`, `customer_id`, `status`, `provider`, `provider_reference`, `ocr_confidence_score`, `face_match_score`, `risk_score`, `license_valid`, `license_expiry_date`, `license_number`, `ocr_payload`, `provider_payload`, `decision_reasons`, `rejection_reason`, `reviewed_by`, `reviewed_at`, `created_at`, `updated_at`) VALUES
(1, 38, 'manual_review', 'stripe', 'vs_1TODAOPJeZhC0PUZCGWwdk01', 1.0000, NULL, NULL, 0, NULL, NULL, '{\"source\":\"stripe\",\"confidence_score\":1,\"extracted_fields\":{\"full_name\":\"Jenny Rosen\",\"issuing_country\":\"US\"}}', '{\"id\":\"vs_1TODAOPJeZhC0PUZCGWwdk01\",\"object\":\"identity.verification_session\",\"client_reference_id\":\"cr_kyc_1\",\"created\":1776673612,\"last_error\":null,\"last_verification_report\":null,\"livemode\":false,\"metadata\":{\"cr_customer_id\":\"38\",\"cr_verification_id\":\"1\"},\"options\":{\"document\":{\"allowed_types\":[\"driving_license\",\"id_card\",\"passport\"],\"require_matching_selfie\":true}},\"redaction\":null,\"related_customer\":null,\"related_customer_account\":null,\"status\":\"requires_input\",\"type\":\"document\",\"url\":\"https:\\/\\/verify.stripe.com\\/start\\/test_YWNjdF8xVEpxRFFQSmVaaEMwUFVaLF9VTXg0RWxCSjN4b2JmZ3ZpblpmcGw4RkVLQU1XbHhk0100JB2axArt\",\"stripe_identity\":true,\"stripe_identity_url\":\"https:\\/\\/verify.stripe.com\\/start\\/test_YWNjdF8xVEpxRFFQSmVaaEMwUFVaLF9VTXg0RWxCSjN4b2JmZ3ZpblpmcGw4RkVLQU1XbHhk0100JB2axArt\",\"last_webhook_at\":\"2026-04-20T13:57:03+05:30\",\"last_webhook_payload\":{\"stripe_identity\":{\"session_id\":\"vs_1TODAOPJeZhC0PUZCGWwdk01\",\"status\":\"verified\",\"report\":{\"document\":{\"status\":\"verified\"},\"selfie\":{\"status\":\"verified\"}}},\"ocr_payload\":{\"source\":\"stripe\",\"confidence_score\":1,\"extracted_fields\":{\"full_name\":\"Jenny Rosen\",\"issuing_country\":\"US\"}},\"event_id\":\"evt_1TODAYPJeZhC0PUZY6471noA\",\"event_created_at\":1776673622,\"event_type\":\"identity.verification_session.verified\"},\"last_event_created_at\":1776673622,\"last_event_id\":\"evt_1TODAYPJeZhC0PUZY6471noA\"}', '[\"stripe_verification_failed\"]', NULL, NULL, '2026-04-20 13:57:03', '2026-04-20 13:56:38', '2026-04-20 13:57:03'),
(2, 36, 'manual_review', 'stripe', 'vs_1TOtBzPJeZhC0PUZKnr5OPj3', 1.0000, NULL, NULL, 0, NULL, NULL, '{\"source\":\"stripe\",\"confidence_score\":1,\"extracted_fields\":{\"full_name\":\"Jenny Rosen\",\"issuing_country\":\"US\"}}', '{\"id\":\"vs_1TOtBzPJeZhC0PUZKnr5OPj3\",\"object\":\"identity.verification_session\",\"client_reference_id\":\"cr_kyc_2\",\"created\":1776835159,\"last_error\":null,\"last_verification_report\":null,\"livemode\":false,\"metadata\":{\"cr_customer_id\":\"36\",\"cr_verification_id\":\"2\"},\"options\":{\"document\":{\"allowed_types\":[\"driving_license\",\"id_card\",\"passport\"],\"require_matching_selfie\":true}},\"redaction\":null,\"related_customer\":null,\"related_customer_account\":null,\"status\":\"requires_input\",\"type\":\"document\",\"url\":\"https:\\/\\/verify.stripe.com\\/start\\/test_YWNjdF8xVEpxRFFQSmVaaEMwUFVaLF9VTmVWalRIMTFLTTk5cWlTUjZkVWtTS3g5QTNqUk1w0100Hw6rCYh6\",\"stripe_identity\":true,\"stripe_identity_url\":\"https:\\/\\/verify.stripe.com\\/start\\/test_YWNjdF8xVEpxRFFQSmVaaEMwUFVaLF9VTmVWalRIMTFLTTk5cWlTUjZkVWtTS3g5QTNqUk1w0100Hw6rCYh6\",\"last_webhook_at\":\"2026-04-22T10:49:38+05:30\",\"last_webhook_payload\":{\"stripe_identity\":{\"session_id\":\"vs_1TOtBzPJeZhC0PUZKnr5OPj3\",\"status\":\"verified\",\"report\":{\"document\":{\"status\":\"verified\"},\"selfie\":{\"status\":\"verified\"}}},\"ocr_payload\":{\"source\":\"stripe\",\"confidence_score\":1,\"extracted_fields\":{\"full_name\":\"Jenny Rosen\",\"issuing_country\":\"US\"}},\"event_id\":\"evt_1TOtCHPJeZhC0PUZ8FJ0fUe2\",\"event_created_at\":1776835177,\"event_type\":\"identity.verification_session.verified\"},\"last_event_created_at\":1776835177,\"last_event_id\":\"evt_1TOtCHPJeZhC0PUZ8FJ0fUe2\"}', '[\"stripe_verification_failed\"]', NULL, NULL, '2026-04-22 10:49:38', '2026-04-22 10:49:00', '2026-04-22 10:49:38'),
(3, 37, 'approved', 'stripe', 'vs_1TOwF5PJeZhC0PUZGR1xCFIW', NULL, NULL, NULL, 0, NULL, NULL, '[]', '{\"id\":\"vs_1TOwF5PJeZhC0PUZGR1xCFIW\",\"object\":\"identity.verification_session\",\"client_reference_id\":\"cr_kyc_3\",\"created\":1776846883,\"last_error\":null,\"last_verification_report\":null,\"livemode\":false,\"metadata\":{\"cr_customer_id\":\"37\",\"cr_verification_id\":\"3\"},\"options\":{\"document\":{\"allowed_types\":[\"driving_license\",\"id_card\",\"passport\"],\"require_matching_selfie\":true}},\"redaction\":null,\"related_customer\":null,\"related_customer_account\":null,\"status\":\"requires_input\",\"type\":\"document\",\"url\":\"https:\\/\\/verify.stripe.com\\/start\\/test_YWNjdF8xVEpxRFFQSmVaaEMwUFVaLF9VTmhlWnZnVlNob1VCSVQ0d3owbGJYeDVEQVBlM2dr0100hfvbPAlS\",\"stripe_identity\":true,\"stripe_identity_url\":\"https:\\/\\/verify.stripe.com\\/start\\/test_YWNjdF8xVEpxRFFQSmVaaEMwUFVaLF9VTmhlWnZnVlNob1VCSVQ0d3owbGJYeDVEQVBlM2dr0100hfvbPAlS\",\"last_webhook_at\":\"2026-04-22T14:04:45+05:30\",\"last_webhook_payload\":{\"stripe_identity\":{\"session_id\":\"vs_1TOwF5PJeZhC0PUZGR1xCFIW\",\"status\":\"requires_input\"},\"reason\":\"Verification failed.\",\"decision_reasons\":[\"stripe_verification_failed\"],\"event_id\":\"evt_1TOwF5PJeZhC0PUZjXF6wA3Y\",\"event_created_at\":1776846883,\"event_type\":\"identity.verification_session.created\"},\"last_event_created_at\":1776846883,\"last_event_id\":\"evt_1TOwF5PJeZhC0PUZjXF6wA3Y\"}', '[\"stripe_verification_failed\"]', NULL, 1, '2026-04-22 14:06:25', '2026-04-22 13:59:45', '2026-04-22 14:06:25'),
(4, 39, 'draft', 'stripe', NULL, NULL, NULL, NULL, 0, NULL, NULL, NULL, NULL, NULL, NULL, NULL, NULL, '2026-04-29 11:22:37', '2026-04-29 11:22:37'),
(5, 1, 'pending', 'stripe', 'vs_1TgIQwPJeZhC0PUZMUw7lbQE', NULL, NULL, NULL, 0, NULL, NULL, NULL, '{\"id\":\"vs_1TgIQwPJeZhC0PUZMUw7lbQE\",\"object\":\"identity.verification_session\",\"client_reference_id\":\"cr_kyc_5\",\"created\":1780983762,\"last_error\":null,\"last_verification_report\":null,\"livemode\":false,\"metadata\":{\"cr_customer_id\":\"1\",\"cr_verification_id\":\"5\"},\"options\":{\"document\":{\"allowed_types\":[\"driving_license\",\"id_card\",\"passport\"],\"require_matching_selfie\":true}},\"redaction\":null,\"related_customer\":null,\"related_customer_account\":null,\"status\":\"requires_input\",\"type\":\"document\",\"url\":\"https:\\/\\/verify.stripe.com\\/start\\/test_YWNjdF8xVEpxRFFQSmVaaEMwUFVaLF9VZmRpbFByeU5YM0RUTnNXQmR3SWFEM0VxNE5Vem9X0100PN9iuUP8\",\"stripe_identity\":true,\"stripe_identity_url\":\"https:\\/\\/verify.stripe.com\\/start\\/test_YWNjdF8xVEpxRFFQSmVaaEMwUFVaLF9VZmRpbFByeU5YM0RUTnNXQmR3SWFEM0VxNE5Vem9X0100PN9iuUP8\"}', NULL, NULL, NULL, NULL, '2026-06-09 05:42:17', '2026-06-09 05:42:47'),
(6, 1, 'approved', 'stripe', NULL, NULL, NULL, NULL, 0, NULL, NULL, NULL, NULL, NULL, NULL, 1, '2026-06-09 11:16:52', '2026-06-09 05:42:59', '2026-06-09 05:46:52');

-- --------------------------------------------------------

--
-- Table structure for table `cr_customer_password_resets`
--

CREATE TABLE `cr_customer_password_resets` (
  `email` varchar(191) NOT NULL,
  `token` varchar(191) NOT NULL,
  `created_at` timestamp NULL DEFAULT NULL
) ENGINE=InnoDB DEFAULT CHARSET=utf8mb4 COLLATE=utf8mb4_unicode_ci;

-- --------------------------------------------------------

--
-- Table structure for table `cr_customer_revenues`
--

CREATE TABLE `cr_customer_revenues` (
  `id` bigint(20) UNSIGNED NOT NULL,
  `customer_id` bigint(20) UNSIGNED NOT NULL,
  `booking_id` bigint(20) UNSIGNED DEFAULT NULL,
  `sub_amount` decimal(15,2) NOT NULL,
  `fee` decimal(15,2) NOT NULL,
  `amount` decimal(15,2) NOT NULL,
  `current_balance` decimal(15,2) NOT NULL DEFAULT 0.00,
  `currency` varchar(120) NOT NULL,
  `description` text DEFAULT NULL,
  `user_id` bigint(20) UNSIGNED DEFAULT NULL,
  `type` varchar(60) NOT NULL DEFAULT 'add-amount',
  `created_at` timestamp NULL DEFAULT NULL,
  `updated_at` timestamp NULL DEFAULT NULL
) ENGINE=InnoDB DEFAULT CHARSET=utf8mb4 COLLATE=utf8mb4_unicode_ci;

--
-- Dumping data for table `cr_customer_revenues`
--

INSERT INTO `cr_customer_revenues` (`id`, `customer_id`, `booking_id`, `sub_amount`, `fee`, `amount`, `current_balance`, `currency`, `description`, `user_id`, `type`, `created_at`, `updated_at`) VALUES
(1, 5, 1, 249.00, 49.80, 199.20, 199.20, 'USD', 'Earnings from booking ##1000002 for Lamborghini Urus Performante 2024', NULL, 'booking-completed', '2026-02-01 08:24:05', '2026-02-01 08:24:05'),
(2, 12, 6, 396.00, 79.20, 316.80, 316.80, 'USD', 'Earnings from booking ##1000007 for Toyota Corolla Hybrid LE 2024', NULL, 'booking-completed', '2026-02-12 08:24:05', '2026-02-12 08:24:05'),
(3, 14, 7, 245.00, 49.00, 196.00, 196.00, 'USD', 'Earnings from booking ##1000008 for Kia Stinger GT2 AWD 2024', NULL, 'booking-completed', '2026-01-24 08:24:05', '2026-01-24 08:24:05'),
(4, 17, 11, 204.00, 40.80, 163.20, 163.20, 'USD', 'Earnings from booking ##1000012 for Range Rover Evoque P250 S 2024', NULL, 'booking-completed', '2026-02-28 08:24:05', '2026-02-28 08:24:05'),
(5, 5, 12, 196.00, 39.20, 156.80, 356.00, 'USD', 'Earnings from booking ##1000013 for Range Rover Sport HSE Dynamic 2024', NULL, 'booking-completed', '2026-02-17 08:24:05', '2026-02-17 08:24:05'),
(6, 10, 14, 297.00, 59.40, 237.60, 237.60, 'USD', 'Earnings from booking ##1000015 for BMW XM Label Red 2024', NULL, 'booking-completed', '2026-02-24 08:24:05', '2026-02-24 08:24:05'),
(7, 16, 15, 106.00, 21.20, 84.80, 84.80, 'USD', 'Earnings from booking ##1000016 for Chevrolet Camaro SS 1LE 2024', NULL, 'booking-completed', '2026-02-07 08:24:06', '2026-02-07 08:24:06'),
(8, 6, 16, 195.00, 39.00, 156.00, 156.00, 'USD', 'Earnings from booking ##1000017 for Nissan GT-R NISMO Special Edition 2024', NULL, 'booking-completed', '2026-02-26 08:24:06', '2026-02-26 08:24:06'),
(9, 7, 17, 364.00, 72.80, 291.20, 291.20, 'USD', 'Earnings from booking ##1000018 for Mercedes-Benz E450 4MATIC All-Terrain 2024', NULL, 'booking-completed', '2026-01-20 08:24:06', '2026-01-20 08:24:06'),
(10, 16, 21, 212.00, 42.40, 169.60, 254.40, 'USD', 'Earnings from booking ##1000022 for Chevrolet Camaro SS 1LE 2024', NULL, 'booking-completed', '2026-01-27 08:24:06', '2026-01-27 08:24:06'),
(11, 1, 22, 270.00, 54.00, 216.00, 216.00, 'USD', 'Earnings from booking ##1000023 for Porsche Taycan Turbo S Cross Turismo 2024', NULL, 'booking-completed', '2026-02-22 08:24:06', '2026-02-22 08:24:06'),
(12, 20, 24, 445.00, 89.00, 356.00, 356.00, 'USD', 'Earnings from booking ##1000025 for Porsche Macan S 2024', NULL, 'booking-completed', '2026-01-23 08:24:06', '2026-01-23 08:24:06'),
(13, 14, 25, 81.00, 16.20, 64.80, 260.80, 'USD', 'Earnings from booking ##1000026 for Mercedes-AMG GLE 63 S 4MATIC+ 2024', NULL, 'booking-completed', '2026-01-07 08:24:06', '2026-01-07 08:24:06'),
(14, 13, 26, 588.00, 117.60, 470.40, 470.40, 'USD', 'Earnings from booking ##1000027 for BMW X5 xDrive40i M Sport 2024', NULL, 'booking-completed', '2026-01-07 08:24:06', '2026-01-07 08:24:06'),
(15, 18, 27, 129.60, 25.92, 103.68, 103.68, 'USD', 'Earnings from booking ##1000028 for Toyota RAV4 Prime XSE AWD 2024', NULL, 'booking-completed', '2026-02-23 08:24:06', '2026-02-23 08:24:06'),
(16, 18, 32, 52.20, 10.44, 41.76, 145.44, 'USD', 'Earnings from booking ##1000033 for Volkswagen Tiguan SEL R-Line 2024', NULL, 'booking-completed', '2026-03-04 08:24:06', '2026-03-04 08:24:06'),
(17, 6, 33, 390.00, 78.00, 312.00, 468.00, 'USD', 'Earnings from booking ##1000034 for Nissan GT-R NISMO Special Edition 2024', NULL, 'booking-completed', '2026-02-27 08:24:06', '2026-02-27 08:24:06'),
(18, 4, 34, 560.00, 112.00, 448.00, 448.00, 'USD', 'Earnings from booking ##1000035 for Lexus RX 350 F Sport Handling AWD 2024', NULL, 'booking-completed', '2026-03-03 08:24:06', '2026-03-03 08:24:06'),
(19, 2, 36, 234.00, 46.80, 187.20, 187.20, 'USD', 'Earnings from booking ##1000037 for Honda Pilot TrailSport AWD 2024', NULL, 'booking-completed', '2026-03-02 08:24:06', '2026-03-02 08:24:06'),
(20, 12, 42, 132.00, 26.40, 105.60, 422.40, 'USD', 'Earnings from booking ##1000043 for Toyota Corolla Hybrid LE 2024', NULL, 'booking-completed', '2026-02-28 08:24:06', '2026-02-28 08:24:06'),
(21, 16, 43, 153.00, 30.60, 122.40, 376.80, 'USD', 'Earnings from booking ##1000044 for Aston Martin DBX707 2024', NULL, 'booking-completed', '2026-03-05 08:24:06', '2026-03-05 08:24:06'),
(22, 10, 46, 258.00, 51.60, 206.40, 444.00, 'USD', 'Earnings from booking ##1000047 for Porsche Cayenne Turbo GT 2024', NULL, 'booking-completed', '2026-03-04 08:24:06', '2026-03-04 08:24:06'),
(23, 34, 81, 50.00, 0.00, 50.00, 50.00, 'USD', 'Earnings from booking #1000082 for car \"Ford Bronco\"', NULL, 'booking-completed', '2026-03-18 04:02:14', '2026-03-18 04:02:14'),
(24, 13, 83, 852.00, 0.00, 852.00, 1322.40, 'USD', 'Earnings from booking #1000084 for car \"Mercedes-Benz C300 4MATIC 2024\"', NULL, 'booking-completed', '2026-04-09 14:22:51', '2026-04-09 14:22:51'),
(25, 35, 84, 2557.20, 0.00, 2557.20, 2557.20, 'USD', 'Earnings from booking #1000085 for car \"verna\"', NULL, 'booking-completed', '2026-04-09 14:34:40', '2026-04-09 14:34:40'),
(26, 35, 84, 2557.20, 0.00, 2557.20, 5114.40, 'USD', 'Earnings from booking #1000085 for car \"verna\"', NULL, 'booking-completed', '2026-04-09 14:36:38', '2026-04-09 14:36:38'),
(27, 10, 90, 138.80, 0.00, 138.80, 582.80, 'USD', 'Earnings from booking #1000091 for car \"BMW XM Label Red 2024\"', NULL, 'booking-completed', '2026-04-09 16:52:14', '2026-04-09 16:52:14');

-- --------------------------------------------------------

--
-- Table structure for table `cr_customer_reviews`
--

CREATE TABLE `cr_customer_reviews` (
  `id` bigint(20) UNSIGNED NOT NULL,
  `vendor_id` bigint(20) UNSIGNED NOT NULL,
  `customer_id` bigint(20) UNSIGNED NOT NULL,
  `booking_id` bigint(20) UNSIGNED NOT NULL,
  `star` double NOT NULL,
  `content` text DEFAULT NULL,
  `status` varchar(60) NOT NULL DEFAULT 'published',
  `created_at` timestamp NULL DEFAULT NULL,
  `updated_at` timestamp NULL DEFAULT NULL
) ENGINE=InnoDB DEFAULT CHARSET=utf8mb4 COLLATE=utf8mb4_unicode_ci;

--
-- Dumping data for table `cr_customer_reviews`
--

INSERT INTO `cr_customer_reviews` (`id`, `vendor_id`, `customer_id`, `booking_id`, `star`, `content`, `status`, `created_at`, `updated_at`) VALUES
(1, 35, 37, 84, 5, 'fghjdfyuiytuihgvbnmbvnmhgfyuiuytghkj', 'published', '2026-04-09 14:37:09', '2026-04-09 14:37:09');

-- --------------------------------------------------------

--
-- Table structure for table `cr_customer_withdrawals`
--

CREATE TABLE `cr_customer_withdrawals` (
  `id` bigint(20) UNSIGNED NOT NULL,
  `customer_id` bigint(20) UNSIGNED NOT NULL,
  `fee` decimal(15,2) NOT NULL,
  `amount` decimal(15,2) NOT NULL,
  `current_balance` decimal(15,2) NOT NULL DEFAULT 0.00,
  `currency` varchar(120) NOT NULL,
  `description` text DEFAULT NULL,
  `payment_channel` varchar(60) DEFAULT NULL,
  `user_id` bigint(20) UNSIGNED DEFAULT NULL,
  `status` varchar(60) NOT NULL DEFAULT 'pending',
  `images` text DEFAULT NULL,
  `bank_info` text DEFAULT NULL,
  `transaction_id` varchar(60) DEFAULT NULL,
  `created_at` timestamp NULL DEFAULT NULL,
  `updated_at` timestamp NULL DEFAULT NULL
) ENGINE=InnoDB DEFAULT CHARSET=utf8mb4 COLLATE=utf8mb4_unicode_ci;

--
-- Dumping data for table `cr_customer_withdrawals`
--

INSERT INTO `cr_customer_withdrawals` (`id`, `customer_id`, `fee`, `amount`, `current_balance`, `currency`, `description`, `payment_channel`, `user_id`, `status`, `images`, `bank_info`, `transaction_id`, `created_at`, `updated_at`) VALUES
(1, 1, 0.00, 100.00, 216.00, 'USD', 'test', 'paypal', NULL, 'completed', NULL, '{\"paypal_id\":\"paypal@gmail.com\"}', 'sim_6a28f710ac6d8', '2026-06-10 05:30:36', '2026-06-10 05:33:04'),
(2, 1, 0.00, 20.00, 116.00, 'USD', NULL, 'paypal', NULL, 'pending', NULL, '{\"paypal_id\":\"paypal@gmail.com\"}', NULL, '2026-06-10 05:39:39', '2026-06-10 05:39:39');

-- --------------------------------------------------------

--
-- Table structure for table `cr_delivery_locations`
--

CREATE TABLE `cr_delivery_locations` (
  `id` bigint(20) UNSIGNED NOT NULL,
  `vendor_id` bigint(20) UNSIGNED DEFAULT NULL,
  `name` varchar(191) NOT NULL,
  `type` varchar(191) NOT NULL DEFAULT 'airport',
  `fee_amount` decimal(15,2) NOT NULL DEFAULT 0.00,
  `latitude` decimal(10,8) DEFAULT NULL,
  `longitude` decimal(11,8) DEFAULT NULL,
  `status` varchar(60) NOT NULL DEFAULT 'published',
  `created_at` timestamp NULL DEFAULT NULL,
  `updated_at` timestamp NULL DEFAULT NULL
) ENGINE=InnoDB DEFAULT CHARSET=utf8mb4 COLLATE=utf8mb4_unicode_ci;

--
-- Dumping data for table `cr_delivery_locations`
--

INSERT INTO `cr_delivery_locations` (`id`, `vendor_id`, `name`, `type`, `fee_amount`, `latitude`, `longitude`, `status`, `created_at`, `updated_at`) VALUES
(1, 35, 'Custom Zone', 'custom_zone', 150.00, NULL, NULL, 'published', '2026-04-20 15:21:49', '2026-04-20 15:21:49');

-- --------------------------------------------------------

--
-- Table structure for table `cr_demand_pricing_recommendations`
--

CREATE TABLE `cr_demand_pricing_recommendations` (
  `id` bigint(20) UNSIGNED NOT NULL,
  `car_id` bigint(20) UNSIGNED NOT NULL,
  `recommendation_date` date NOT NULL,
  `recommended_value` decimal(15,2) NOT NULL,
  `value_type` varchar(20) CHARACTER SET utf8mb4 COLLATE utf8mb4_unicode_ci NOT NULL DEFAULT 'fixed',
  `demand_score` decimal(8,4) NOT NULL DEFAULT 0.0000,
  `confidence_score` decimal(8,4) NOT NULL DEFAULT 0.0000,
  `reason_codes` longtext CHARACTER SET utf8mb4 COLLATE utf8mb4_bin DEFAULT NULL,
  `status` varchar(20) CHARACTER SET utf8mb4 COLLATE utf8mb4_unicode_ci NOT NULL DEFAULT 'pending',
  `applied_by` bigint(20) UNSIGNED DEFAULT NULL,
  `generated_at` timestamp NULL DEFAULT NULL,
  `expires_at` timestamp NULL DEFAULT NULL,
  `adjustment_applied` float DEFAULT NULL COMMENT 'Price adjustment applied by vendor (+/- from recommended)',
  `vendor_adjustment_notes` text CHARACTER SET utf8mb4 COLLATE utf8mb4_unicode_ci DEFAULT NULL COMMENT 'Vendor notes explaining their adjustment',
  `vendor_notes` text CHARACTER SET utf8mb4 COLLATE utf8mb4_unicode_ci DEFAULT NULL COMMENT 'Vendor notes on acceptance/rejection',
  `rejected_reason` enum('too_high','too_low','inventory_issue','not_applicable','other') CHARACTER SET utf8mb4 COLLATE utf8mb4_unicode_ci DEFAULT NULL COMMENT 'Why vendor rejected (for feedback loop)',
  `local_baseline_price` float DEFAULT NULL COMMENT '7-day average price at recommendation time (for comparison)',
  `estimated_revenue_impact` float DEFAULT NULL COMMENT 'Est. revenue uplift if applied (calculated at generation)',
  `applied_at` timestamp NULL DEFAULT NULL,
  `created_at` timestamp NULL DEFAULT NULL,
  `updated_at` timestamp NULL DEFAULT NULL
) ENGINE=InnoDB DEFAULT CHARSET=utf8mb3 COLLATE=utf8mb3_general_ci;

--
-- Dumping data for table `cr_demand_pricing_recommendations`
--

INSERT INTO `cr_demand_pricing_recommendations` (`id`, `car_id`, `recommendation_date`, `recommended_value`, `value_type`, `demand_score`, `confidence_score`, `reason_codes`, `status`, `applied_by`, `generated_at`, `expires_at`, `adjustment_applied`, `vendor_adjustment_notes`, `vendor_notes`, `rejected_reason`, `local_baseline_price`, `estimated_revenue_impact`, `applied_at`, `created_at`, `updated_at`) VALUES
(1, 100, '2026-04-20', 40.80, 'fixed', 0.0000, 0.1000, '[\"baseline_signal\"]', 'pending', NULL, '2026-04-20 16:48:58', '2026-04-20 23:59:59', NULL, NULL, NULL, NULL, NULL, NULL, NULL, '2026-04-20 16:48:58', '2026-04-20 16:48:58'),
(2, 100, '2026-04-21', 40.80, 'fixed', 0.0000, 0.1000, '[\"baseline_signal\"]', 'pending', NULL, '2026-04-20 16:48:58', '2026-04-21 23:59:59', NULL, NULL, NULL, NULL, NULL, NULL, NULL, '2026-04-20 16:48:58', '2026-04-20 16:48:58'),
(3, 100, '2026-04-22', 40.80, 'fixed', 0.0000, 0.1000, '[\"baseline_signal\"]', 'pending', NULL, '2026-04-20 16:48:58', '2026-04-22 23:59:59', NULL, NULL, NULL, NULL, NULL, NULL, NULL, '2026-04-20 16:48:58', '2026-04-20 16:48:58'),
(4, 100, '2026-04-23', 40.80, 'fixed', 0.0000, 0.1000, '[\"baseline_signal\"]', 'pending', NULL, '2026-04-20 16:48:58', '2026-04-23 23:59:59', NULL, NULL, NULL, NULL, NULL, NULL, NULL, '2026-04-20 16:48:58', '2026-04-20 16:48:58'),
(5, 100, '2026-04-24', 42.45, 'fixed', 0.0800, 0.1000, '[\"weekend_demand\"]', 'pending', NULL, '2026-04-20 16:48:58', '2026-04-24 23:59:59', NULL, NULL, NULL, NULL, NULL, NULL, NULL, '2026-04-20 16:48:58', '2026-04-20 16:48:58'),
(6, 100, '2026-04-25', 42.45, 'fixed', 0.0800, 0.1000, '[\"weekend_demand\"]', 'pending', NULL, '2026-04-20 16:48:58', '2026-04-25 23:59:59', NULL, NULL, NULL, NULL, NULL, NULL, NULL, '2026-04-20 16:48:58', '2026-04-20 16:48:58'),
(7, 100, '2026-04-26', 42.45, 'fixed', 0.0800, 0.1000, '[\"weekend_demand\"]', 'pending', NULL, '2026-04-20 16:48:58', '2026-04-26 23:59:59', NULL, NULL, NULL, NULL, NULL, NULL, NULL, '2026-04-20 16:48:58', '2026-04-20 16:48:58'),
(8, 100, '2026-04-27', 40.80, 'fixed', 0.0000, 0.1000, '[\"baseline_signal\"]', 'pending', NULL, '2026-04-20 16:48:58', '2026-04-27 23:59:59', NULL, NULL, NULL, NULL, NULL, NULL, NULL, '2026-04-20 16:48:59', '2026-04-20 16:48:59'),
(9, 100, '2026-04-28', 40.80, 'fixed', 0.0000, 0.1000, '[\"baseline_signal\"]', 'pending', NULL, '2026-04-20 16:48:59', '2026-04-28 23:59:59', NULL, NULL, NULL, NULL, NULL, NULL, NULL, '2026-04-20 16:48:59', '2026-04-20 16:48:59'),
(10, 100, '2026-04-29', 40.80, 'fixed', 0.0000, 0.1000, '[\"baseline_signal\"]', 'pending', NULL, '2026-04-20 16:48:59', '2026-04-29 23:59:59', NULL, NULL, NULL, NULL, NULL, NULL, NULL, '2026-04-20 16:48:59', '2026-04-20 16:48:59'),
(11, 100, '2026-04-30', 40.80, 'fixed', 0.0000, 0.1000, '[\"baseline_signal\"]', 'pending', NULL, '2026-04-20 16:48:59', '2026-04-30 23:59:59', NULL, NULL, NULL, NULL, NULL, NULL, NULL, '2026-04-20 16:48:59', '2026-04-20 16:48:59'),
(12, 100, '2026-05-01', 42.45, 'fixed', 0.0800, 0.1000, '[\"weekend_demand\"]', 'pending', NULL, '2026-04-20 16:48:59', '2026-05-01 23:59:59', NULL, NULL, NULL, NULL, NULL, NULL, NULL, '2026-04-20 16:48:59', '2026-04-20 16:48:59'),
(13, 100, '2026-05-02', 42.45, 'fixed', 0.0800, 0.1000, '[\"weekend_demand\"]', 'pending', NULL, '2026-04-20 16:48:59', '2026-05-02 23:59:59', NULL, NULL, NULL, NULL, NULL, NULL, NULL, '2026-04-20 16:48:59', '2026-04-20 16:48:59'),
(14, 100, '2026-05-03', 42.45, 'fixed', 0.0800, 0.1000, '[\"weekend_demand\"]', 'pending', NULL, '2026-04-20 16:48:59', '2026-05-03 23:59:59', NULL, NULL, NULL, NULL, NULL, NULL, NULL, '2026-04-20 16:48:59', '2026-04-20 16:48:59'),
(15, 100, '2026-05-04', 40.80, 'fixed', 0.0000, 0.1000, '[\"baseline_signal\"]', 'pending', NULL, '2026-04-20 16:48:59', '2026-05-04 23:59:59', NULL, NULL, NULL, NULL, NULL, NULL, NULL, '2026-04-20 16:48:59', '2026-04-20 16:48:59'),
(16, 100, '2026-05-05', 40.80, 'fixed', 0.0000, 0.1000, '[\"baseline_signal\"]', 'pending', NULL, '2026-04-20 16:48:59', '2026-05-05 23:59:59', NULL, NULL, NULL, NULL, NULL, NULL, NULL, '2026-04-20 16:48:59', '2026-04-20 16:48:59'),
(17, 100, '2026-05-06', 40.80, 'fixed', 0.0000, 0.1000, '[\"baseline_signal\"]', 'pending', NULL, '2026-04-20 16:48:59', '2026-05-06 23:59:59', NULL, NULL, NULL, NULL, NULL, NULL, NULL, '2026-04-20 16:48:59', '2026-04-20 16:48:59'),
(18, 100, '2026-05-07', 40.80, 'fixed', 0.0000, 0.1000, '[\"baseline_signal\"]', 'pending', NULL, '2026-04-20 16:48:59', '2026-05-07 23:59:59', NULL, NULL, NULL, NULL, NULL, NULL, NULL, '2026-04-20 16:48:59', '2026-04-20 16:48:59'),
(19, 100, '2026-05-08', 42.45, 'fixed', 0.0800, 0.1000, '[\"weekend_demand\"]', 'pending', NULL, '2026-04-20 16:48:59', '2026-05-08 23:59:59', NULL, NULL, NULL, NULL, NULL, NULL, NULL, '2026-04-20 16:48:59', '2026-04-20 16:48:59'),
(20, 100, '2026-05-09', 42.45, 'fixed', 0.0800, 0.1000, '[\"weekend_demand\"]', 'pending', NULL, '2026-04-20 16:48:59', '2026-05-09 23:59:59', NULL, NULL, NULL, NULL, NULL, NULL, NULL, '2026-04-20 16:48:59', '2026-04-20 16:48:59'),
(21, 100, '2026-05-10', 42.45, 'fixed', 0.0800, 0.1000, '[\"weekend_demand\"]', 'pending', NULL, '2026-04-20 16:48:59', '2026-05-10 23:59:59', NULL, NULL, NULL, NULL, NULL, NULL, NULL, '2026-04-20 16:48:59', '2026-04-20 16:48:59'),
(22, 100, '2026-05-11', 40.80, 'fixed', 0.0000, 0.1000, '[\"baseline_signal\"]', 'pending', NULL, '2026-04-20 16:48:59', '2026-05-11 23:59:59', NULL, NULL, NULL, NULL, NULL, NULL, NULL, '2026-04-20 16:48:59', '2026-04-20 16:48:59'),
(23, 100, '2026-05-12', 40.80, 'fixed', 0.0000, 0.1000, '[\"baseline_signal\"]', 'pending', NULL, '2026-04-20 16:48:59', '2026-05-12 23:59:59', NULL, NULL, NULL, NULL, NULL, NULL, NULL, '2026-04-20 16:48:59', '2026-04-20 16:48:59'),
(24, 100, '2026-05-13', 40.80, 'fixed', 0.0000, 0.1000, '[\"baseline_signal\"]', 'pending', NULL, '2026-04-20 16:48:59', '2026-05-13 23:59:59', NULL, NULL, NULL, NULL, NULL, NULL, NULL, '2026-04-20 16:48:59', '2026-04-20 16:48:59'),
(25, 100, '2026-05-14', 40.80, 'fixed', 0.0000, 0.1000, '[\"baseline_signal\"]', 'pending', NULL, '2026-04-20 16:48:59', '2026-05-14 23:59:59', NULL, NULL, NULL, NULL, NULL, NULL, NULL, '2026-04-20 16:48:59', '2026-04-20 16:48:59'),
(26, 100, '2026-05-15', 42.45, 'fixed', 0.0800, 0.1000, '[\"weekend_demand\"]', 'pending', NULL, '2026-04-20 16:48:59', '2026-05-15 23:59:59', NULL, NULL, NULL, NULL, NULL, NULL, NULL, '2026-04-20 16:48:59', '2026-04-20 16:48:59'),
(27, 100, '2026-05-16', 42.45, 'fixed', 0.0800, 0.1000, '[\"weekend_demand\"]', 'pending', NULL, '2026-04-20 16:48:59', '2026-05-16 23:59:59', NULL, NULL, NULL, NULL, NULL, NULL, NULL, '2026-04-20 16:48:59', '2026-04-20 16:48:59'),
(28, 100, '2026-05-17', 42.45, 'fixed', 0.0800, 0.1000, '[\"weekend_demand\"]', 'pending', NULL, '2026-04-20 16:48:59', '2026-05-17 23:59:59', NULL, NULL, NULL, NULL, NULL, NULL, NULL, '2026-04-20 16:48:59', '2026-04-20 16:48:59'),
(29, 100, '2026-05-18', 40.80, 'fixed', 0.0000, 0.1000, '[\"baseline_signal\"]', 'pending', NULL, '2026-04-20 16:48:59', '2026-05-18 23:59:59', NULL, NULL, NULL, NULL, NULL, NULL, NULL, '2026-04-20 16:48:59', '2026-04-20 16:48:59'),
(30, 100, '2026-05-19', 40.80, 'fixed', 0.0000, 0.1000, '[\"baseline_signal\"]', 'pending', NULL, '2026-04-20 16:48:59', '2026-05-19 23:59:59', NULL, NULL, NULL, NULL, NULL, NULL, NULL, '2026-04-20 16:48:59', '2026-04-20 16:48:59'),
(31, 100, '2026-05-20', 40.80, 'fixed', 0.0000, 0.1000, '[\"baseline_signal\"]', 'pending', NULL, '2026-04-20 16:48:59', '2026-05-20 23:59:59', NULL, NULL, NULL, NULL, NULL, NULL, NULL, '2026-04-20 16:48:59', '2026-04-20 16:48:59');

-- --------------------------------------------------------

--
-- Table structure for table `cr_guest_protection_plans`
--

CREATE TABLE `cr_guest_protection_plans` (
  `id` bigint(20) UNSIGNED NOT NULL,
  `name` varchar(120) NOT NULL,
  `description` text DEFAULT NULL,
  `daily_fee` decimal(15,2) NOT NULL DEFAULT 0.00,
  `deductible_amount` decimal(15,2) NOT NULL DEFAULT 0.00,
  `liability_limit` decimal(15,2) DEFAULT NULL,
  `status` varchar(60) NOT NULL DEFAULT 'published',
  `created_at` timestamp NULL DEFAULT NULL,
  `updated_at` timestamp NULL DEFAULT NULL
) ENGINE=InnoDB DEFAULT CHARSET=utf8mb4 COLLATE=utf8mb4_unicode_ci;

--
-- Dumping data for table `cr_guest_protection_plans`
--

INSERT INTO `cr_guest_protection_plans` (`id`, `name`, `description`, `daily_fee`, `deductible_amount`, `liability_limit`, `status`, `created_at`, `updated_at`) VALUES
(1, 'Basic Guest Plan', 'Covers minimal damage.', 20.00, 500.00, NULL, 'published', '2026-04-22 16:35:08', '2026-04-22 16:35:08'),
(2, 'Mid-Tier Insurance', 'Covers small to medium damage', 50.00, 300.00, NULL, 'published', '2026-04-22 16:35:58', '2026-04-22 16:35:58');

-- --------------------------------------------------------

--
-- Table structure for table `cr_host_protection_plans`
--

CREATE TABLE `cr_host_protection_plans` (
  `id` bigint(20) UNSIGNED NOT NULL,
  `name` varchar(120) NOT NULL,
  `description` text DEFAULT NULL,
  `revenue_share_percentage` decimal(5,2) NOT NULL,
  `deductible_amount` decimal(15,2) NOT NULL DEFAULT 0.00,
  `status` varchar(60) NOT NULL DEFAULT 'published',
  `created_at` timestamp NULL DEFAULT NULL,
  `updated_at` timestamp NULL DEFAULT NULL
) ENGINE=InnoDB DEFAULT CHARSET=utf8mb4 COLLATE=utf8mb4_unicode_ci;

--
-- Dumping data for table `cr_host_protection_plans`
--

INSERT INTO `cr_host_protection_plans` (`id`, `name`, `description`, `revenue_share_percentage`, `deductible_amount`, `status`, `created_at`, `updated_at`) VALUES
(1, 'Basic Protection Plan', 'Basic Protection', 60.00, 3000.00, 'published', '2026-04-20 17:12:39', '2026-04-20 17:12:39'),
(2, 'Elite Protection', 'Massive Dame is covered', 85.00, 2000.00, 'published', '2026-04-22 16:37:01', '2026-04-22 16:37:01');

-- --------------------------------------------------------

--
-- Table structure for table `cr_invoices`
--

CREATE TABLE `cr_invoices` (
  `id` bigint(20) UNSIGNED NOT NULL,
  `customer_id` bigint(20) UNSIGNED NOT NULL,
  `customer_name` varchar(191) NOT NULL,
  `customer_email` varchar(191) DEFAULT NULL,
  `customer_phone` varchar(191) DEFAULT NULL,
  `payment_id` bigint(20) UNSIGNED DEFAULT NULL,
  `currency_id` bigint(20) UNSIGNED DEFAULT NULL,
  `reference_type` varchar(191) NOT NULL,
  `reference_id` bigint(20) UNSIGNED NOT NULL,
  `code` varchar(191) NOT NULL,
  `sub_total` double NOT NULL,
  `tax_amount` double NOT NULL DEFAULT 0,
  `discount_amount` double NOT NULL DEFAULT 0,
  `amount` double NOT NULL,
  `status` varchar(191) NOT NULL DEFAULT 'pending',
  `paid_at` timestamp NULL DEFAULT NULL,
  `created_at` timestamp NULL DEFAULT NULL,
  `updated_at` timestamp NULL DEFAULT NULL,
  `vendor_id` bigint(20) UNSIGNED DEFAULT NULL
) ENGINE=InnoDB DEFAULT CHARSET=utf8mb4 COLLATE=utf8mb4_unicode_ci;

--
-- Dumping data for table `cr_invoices`
--

INSERT INTO `cr_invoices` (`id`, `customer_id`, `customer_name`, `customer_email`, `customer_phone`, `payment_id`, `currency_id`, `reference_type`, `reference_id`, `code`, `sub_total`, `tax_amount`, `discount_amount`, `amount`, `status`, `paid_at`, `created_at`, `updated_at`, `vendor_id`) VALUES
(1, 24, 'Sarah Davis', 'sarah.davis@example.com', '+16577789305', 1, 1, 'Mxcar\\CarRentals\\Models\\Booking', 1, 'INV-1', 249, 0, 0, 249, 'completed', '2026-03-06 08:24:05', '2026-02-01 08:24:05', '2026-03-06 08:24:05', 5),
(2, 23, 'Michael Brown', 'michael.brown@example.com', '+13650704304', 2, 1, 'Mxcar\\CarRentals\\Models\\Booking', 2, 'INV-2', 47, 4.7, 0, 47, 'pending', NULL, '2026-02-02 08:24:05', '2026-03-06 08:24:05', 8),
(3, 28, 'Amanda Taylor', 'amanda.taylor@example.com', '+14335013311', 3, 1, 'Mxcar\\CarRentals\\Models\\Booking', 3, 'INV-3', 308, 0, 0, 308, 'pending', NULL, '2026-01-06 08:24:05', '2026-03-06 08:24:05', 32),
(4, 23, 'Michael Brown', 'michael.brown@example.com', '+13650704304', 4, 1, 'Mxcar\\CarRentals\\Models\\Booking', 4, 'INV-4', 186, 18.6, 0, 186, 'pending', NULL, '2026-01-30 08:24:05', '2026-03-06 08:24:05', 7),
(5, 24, 'Sarah Davis', 'sarah.davis@example.com', '+16577789305', 5, 1, 'Mxcar\\CarRentals\\Models\\Booking', 5, 'INV-5', 224, 22.4, 0, 224, 'pending', NULL, '2026-02-02 08:24:05', '2026-03-06 08:24:05', 12),
(6, 25, 'David Wilson', 'david.wilson@example.com', '+19415120048', 6, 1, 'Mxcar\\CarRentals\\Models\\Booking', 6, 'INV-6', 396, 0, 0, 396, 'completed', '2026-03-06 08:24:05', '2026-02-12 08:24:05', '2026-03-06 08:24:05', 12),
(7, 29, 'Daniel Thomas', 'daniel.thomas@example.com', '+18976335589', 7, 1, 'Mxcar\\CarRentals\\Models\\Booking', 7, 'INV-7', 245, 0, 0, 245, 'completed', '2026-03-06 08:24:05', '2026-01-24 08:24:05', '2026-03-06 08:24:05', 14),
(8, 21, 'John Smith', 'john.smith@example.com', '+16104062225', 8, 1, 'Mxcar\\CarRentals\\Models\\Booking', 8, 'INV-8', 190, 0, 0, 190, 'pending', NULL, '2026-02-08 08:24:05', '2026-03-06 08:24:05', NULL),
(9, 31, 'Demo Customer', 'customer@mxcar.com', '+12725079138', 9, 1, 'Mxcar\\CarRentals\\Models\\Booking', 9, 'INV-9', 230, 0, 0, 230, 'completed', '2026-03-06 08:24:05', '2026-01-25 08:24:05', '2026-03-06 08:24:05', NULL),
(10, 22, 'Emily Johnson', 'emily.johnson@example.com', '+18408163667', 10, 1, 'Mxcar\\CarRentals\\Models\\Booking', 10, 'INV-10', 33, 3.3, 0, 33, 'pending', NULL, '2026-01-16 08:24:05', '2026-03-06 08:24:05', NULL),
(11, 29, 'Daniel Thomas', 'daniel.thomas@example.com', '+18976335589', 11, 1, 'Mxcar\\CarRentals\\Models\\Booking', 11, 'INV-11', 204, 0, 0, 204, 'completed', '2026-03-06 08:24:05', '2026-02-28 08:24:05', '2026-03-06 08:24:05', 17),
(12, 25, 'David Wilson', 'david.wilson@example.com', '+19415120048', 12, 1, 'Mxcar\\CarRentals\\Models\\Booking', 12, 'INV-12', 196, 0, 0, 196, 'completed', '2026-03-06 08:24:05', '2026-02-17 08:24:05', '2026-03-06 08:24:05', 5),
(13, 30, 'Ashley Garcia', 'ashley.garcia@example.com', '+13102783883', 13, 1, 'Mxcar\\CarRentals\\Models\\Booking', 13, 'INV-13', 60, 6, 0, 60, 'pending', NULL, '2026-02-05 08:24:05', '2026-03-06 08:24:05', 9),
(14, 24, 'Sarah Davis', 'sarah.davis@example.com', '+16577789305', 14, 1, 'Mxcar\\CarRentals\\Models\\Booking', 14, 'INV-14', 297, 0, 0, 297, 'completed', '2026-03-06 08:24:05', '2026-02-24 08:24:05', '2026-03-06 08:24:05', 10),
(15, 21, 'John Smith', 'john.smith@example.com', '+16104062225', 15, 1, 'Mxcar\\CarRentals\\Models\\Booking', 15, 'INV-15', 106, 0, 0, 106, 'completed', '2026-03-06 08:24:06', '2026-02-07 08:24:06', '2026-03-06 08:24:06', 16),
(16, 25, 'David Wilson', 'david.wilson@example.com', '+19415120048', 16, 1, 'Mxcar\\CarRentals\\Models\\Booking', 16, 'INV-16', 195, 0, 0, 195, 'completed', '2026-03-06 08:24:06', '2026-02-26 08:24:06', '2026-03-06 08:24:06', 6),
(17, 22, 'Emily Johnson', 'emily.johnson@example.com', '+18408163667', 17, 1, 'Mxcar\\CarRentals\\Models\\Booking', 17, 'INV-17', 364, 0, 0, 364, 'completed', '2026-03-06 08:24:06', '2026-01-20 08:24:06', '2026-03-06 08:24:06', 7),
(18, 21, 'John Smith', 'john.smith@example.com', '+16104062225', 18, 1, 'Mxcar\\CarRentals\\Models\\Booking', 18, 'INV-18', 400, 40, 0, 400, 'completed', '2026-03-06 08:24:06', '2026-01-30 08:24:06', '2026-03-06 08:24:06', NULL),
(19, 29, 'Daniel Thomas', 'daniel.thomas@example.com', '+18976335589', 19, 1, 'Mxcar\\CarRentals\\Models\\Booking', 19, 'INV-19', 342, 0, 0, 342, 'completed', '2026-03-06 08:24:06', '2026-02-24 08:24:06', '2026-03-06 08:24:06', NULL),
(20, 27, 'Christopher Anderson', 'christopher.anderson@example.com', '+14483605445', 20, 1, 'Mxcar\\CarRentals\\Models\\Booking', 20, 'INV-20', 165, 0, 0, 165, 'completed', '2026-03-06 08:24:06', '2026-01-18 08:24:06', '2026-03-06 08:24:06', NULL),
(21, 28, 'Amanda Taylor', 'amanda.taylor@example.com', '+14335013311', 21, 1, 'Mxcar\\CarRentals\\Models\\Booking', 21, 'INV-21', 212, 0, 0, 212, 'completed', '2026-03-06 08:24:06', '2026-01-27 08:24:06', '2026-03-06 08:24:06', 16),
(22, 30, 'Ashley Garcia', 'ashley.garcia@example.com', '+13102783883', 22, 1, 'Mxcar\\CarRentals\\Models\\Booking', 22, 'INV-22', 270, 0, 0, 270, 'completed', '2026-03-06 08:24:06', '2026-02-22 08:24:06', '2026-03-06 08:24:06', 1),
(23, 31, 'Demo Customer', 'customer@mxcar.com', '+12725079138', 23, 1, 'Mxcar\\CarRentals\\Models\\Booking', 23, 'INV-23', 184, 0, 0, 184, 'pending', NULL, '2026-02-28 08:24:06', '2026-03-06 08:24:06', 11),
(24, 27, 'Christopher Anderson', 'christopher.anderson@example.com', '+14483605445', 24, 1, 'Mxcar\\CarRentals\\Models\\Booking', 24, 'INV-24', 445, 0, 0, 445, 'completed', '2026-03-06 08:24:06', '2026-01-23 08:24:06', '2026-03-06 08:24:06', 20),
(25, 23, 'Michael Brown', 'michael.brown@example.com', '+13650704304', 25, 1, 'Mxcar\\CarRentals\\Models\\Booking', 25, 'INV-25', 90, 9, 0, 90, 'completed', '2026-03-06 08:24:06', '2026-01-07 08:24:06', '2026-03-06 08:24:06', 14),
(26, 21, 'John Smith', 'john.smith@example.com', '+16104062225', 26, 1, 'Mxcar\\CarRentals\\Models\\Booking', 26, 'INV-26', 588, 0, 0, 588, 'completed', '2026-03-06 08:24:06', '2026-01-07 08:24:06', '2026-03-06 08:24:06', 13),
(27, 29, 'Daniel Thomas', 'daniel.thomas@example.com', '+18976335589', 27, 1, 'Mxcar\\CarRentals\\Models\\Booking', 27, 'INV-27', 144, 14.4, 0, 144, 'completed', '2026-03-06 08:24:06', '2026-02-23 08:24:06', '2026-03-06 08:24:06', 18),
(28, 26, 'Jessica Martinez', 'jessica.martinez@example.com', '+13883162240', 28, 1, 'Mxcar\\CarRentals\\Models\\Booking', 28, 'INV-28', 276, 0, 0, 276, 'completed', '2026-03-06 08:24:06', '2026-02-19 08:24:06', '2026-03-06 08:24:06', NULL),
(29, 29, 'Daniel Thomas', 'daniel.thomas@example.com', '+18976335589', 29, 1, 'Mxcar\\CarRentals\\Models\\Booking', 29, 'INV-29', 658, 65.8, 0, 658, 'pending', NULL, '2026-03-01 08:24:06', '2026-03-06 08:24:06', NULL),
(30, 21, 'John Smith', 'john.smith@example.com', '+16104062225', 30, 1, 'Mxcar\\CarRentals\\Models\\Booking', 30, 'INV-30', 395, 0, 0, 395, 'pending', NULL, '2026-01-16 08:24:06', '2026-03-06 08:24:06', NULL),
(31, 22, 'Emily Johnson', 'emily.johnson@example.com', '+18408163667', 31, 1, 'Mxcar\\CarRentals\\Models\\Booking', 31, 'INV-31', 249, 0, 0, 249, 'pending', NULL, '2026-03-03 08:24:06', '2026-03-06 08:24:06', 10),
(32, 21, 'John Smith', 'john.smith@example.com', '+16104062225', 32, 1, 'Mxcar\\CarRentals\\Models\\Booking', 32, 'INV-32', 58, 5.8, 0, 58, 'completed', '2026-03-06 08:24:06', '2026-03-04 08:24:06', '2026-03-06 08:24:06', 18),
(33, 30, 'Ashley Garcia', 'ashley.garcia@example.com', '+13102783883', 33, 1, 'Mxcar\\CarRentals\\Models\\Booking', 33, 'INV-33', 390, 0, 0, 390, 'completed', '2026-03-06 08:24:06', '2026-02-27 08:24:06', '2026-03-06 08:24:06', 6),
(34, 30, 'Ashley Garcia', 'ashley.garcia@example.com', '+13102783883', 34, 1, 'Mxcar\\CarRentals\\Models\\Booking', 34, 'INV-34', 560, 0, 0, 560, 'completed', '2026-03-06 08:24:06', '2026-03-03 08:24:06', '2026-03-06 08:24:06', 4),
(35, 25, 'David Wilson', 'david.wilson@example.com', '+19415120048', 35, 1, 'Mxcar\\CarRentals\\Models\\Booking', 35, 'INV-35', 282, 0, 0, 282, 'pending', NULL, '2026-03-01 08:24:06', '2026-03-06 08:24:06', 14),
(36, 27, 'Christopher Anderson', 'christopher.anderson@example.com', '+14483605445', 36, 1, 'Mxcar\\CarRentals\\Models\\Booking', 36, 'INV-36', 234, 0, 0, 234, 'completed', '2026-03-06 08:24:06', '2026-03-02 08:24:06', '2026-03-06 08:24:06', 2),
(37, 30, 'Ashley Garcia', 'ashley.garcia@example.com', '+13102783883', 37, 1, 'Mxcar\\CarRentals\\Models\\Booking', 37, 'INV-37', 340, 34, 0, 340, 'pending', NULL, '2026-02-27 08:24:06', '2026-03-06 08:24:06', 11),
(38, 26, 'Jessica Martinez', 'jessica.martinez@example.com', '+13883162240', 38, 1, 'Mxcar\\CarRentals\\Models\\Booking', 38, 'INV-38', 470, 0, 0, 470, 'pending', NULL, '2026-03-03 08:24:06', '2026-03-06 08:24:06', NULL),
(39, 21, 'John Smith', 'john.smith@example.com', '+16104062225', 39, 1, 'Mxcar\\CarRentals\\Models\\Booking', 39, 'INV-39', 248, 0, 0, 248, 'pending', NULL, '2026-03-04 08:24:06', '2026-03-06 08:24:06', NULL),
(40, 27, 'Christopher Anderson', 'christopher.anderson@example.com', '+14483605445', 40, 1, 'Mxcar\\CarRentals\\Models\\Booking', 40, 'INV-40', 564, 0, 0, 564, 'completed', '2026-03-06 08:24:06', '2026-03-01 08:24:06', '2026-03-06 08:24:06', NULL),
(41, 31, 'Demo Customer', 'customer@mxcar.com', '+12725079138', 41, 1, 'Mxcar\\CarRentals\\Models\\Booking', 41, 'INV-41', 90, 0, 0, 90, 'pending', NULL, '2026-03-06 08:24:06', '2026-03-06 08:24:06', 14),
(42, 27, 'Christopher Anderson', 'christopher.anderson@example.com', '+14483605445', 42, 1, 'Mxcar\\CarRentals\\Models\\Booking', 42, 'INV-42', 132, 0, 0, 132, 'completed', '2026-03-06 08:24:06', '2026-02-28 08:24:06', '2026-03-06 08:24:06', 12),
(43, 25, 'David Wilson', 'david.wilson@example.com', '+19415120048', 43, 1, 'Mxcar\\CarRentals\\Models\\Booking', 43, 'INV-43', 170, 17, 0, 170, 'completed', '2026-03-06 08:24:06', '2026-03-05 08:24:06', '2026-03-06 08:24:06', 16),
(44, 25, 'David Wilson', 'david.wilson@example.com', '+19415120048', 44, 1, 'Mxcar\\CarRentals\\Models\\Booking', 44, 'INV-44', 132, 0, 0, 132, 'pending', NULL, '2026-02-28 08:24:06', '2026-03-06 08:24:06', 12),
(45, 30, 'Ashley Garcia', 'ashley.garcia@example.com', '+13102783883', 45, 1, 'Mxcar\\CarRentals\\Models\\Booking', 45, 'INV-45', 97, 0, 0, 97, 'pending', NULL, '2026-03-03 08:24:06', '2026-03-06 08:24:06', 9),
(46, 21, 'John Smith', 'john.smith@example.com', '+16104062225', 46, 1, 'Mxcar\\CarRentals\\Models\\Booking', 46, 'INV-46', 258, 0, 0, 258, 'completed', '2026-03-06 08:24:06', '2026-03-04 08:24:06', '2026-03-06 08:24:06', 10),
(47, 26, 'Jessica Martinez', 'jessica.martinez@example.com', '+13883162240', 47, 1, 'Mxcar\\CarRentals\\Models\\Booking', 47, 'INV-47', 445, 0, 0, 445, 'pending', NULL, '2026-03-04 08:24:06', '2026-03-06 08:24:06', 20),
(48, 21, 'John Smith', 'john.smith@example.com', '+16104062225', 48, 1, 'Mxcar\\CarRentals\\Models\\Booking', 48, 'INV-48', 240, 0, 0, 240, 'completed', '2026-03-06 08:24:06', '2026-03-02 08:24:06', '2026-03-06 08:24:06', NULL),
(49, 29, 'Daniel Thomas', 'daniel.thomas@example.com', '+18976335589', 49, 1, 'Mxcar\\CarRentals\\Models\\Booking', 49, 'INV-49', 230, 23, 0, 230, 'completed', '2026-03-06 08:24:06', '2026-02-27 08:24:06', '2026-03-06 08:24:06', NULL),
(50, 24, 'Sarah Davis', 'sarah.davis@example.com', '+16577789305', 50, 1, 'Mxcar\\CarRentals\\Models\\Booking', 50, 'INV-50', 114, 0, 0, 114, 'pending', NULL, '2026-03-06 08:24:07', '2026-03-06 08:24:07', NULL),
(51, 21, 'John Smith', 'john.smith@example.com', '+16104062225', 51, 1, 'Mxcar\\CarRentals\\Models\\Booking', 51, 'INV-51', 240, 0, 0, 240, 'pending', NULL, '2026-03-25 08:24:07', '2026-03-06 08:24:07', 4),
(52, 27, 'Christopher Anderson', 'christopher.anderson@example.com', '+14483605445', 52, 1, 'Mxcar\\CarRentals\\Models\\Booking', 52, 'INV-52', 255, 25.5, 0, 255, 'pending', NULL, '2026-03-07 08:24:07', '2026-03-06 08:24:07', 16),
(53, 30, 'Ashley Garcia', 'ashley.garcia@example.com', '+13102783883', 53, 1, 'Mxcar\\CarRentals\\Models\\Booking', 53, 'INV-53', 217, 0, 0, 217, 'pending', NULL, '2026-03-10 08:24:07', '2026-03-06 08:24:07', 7),
(54, 22, 'Emily Johnson', 'emily.johnson@example.com', '+18408163667', 54, 1, 'Mxcar\\CarRentals\\Models\\Booking', 54, 'INV-54', 425, 42.5, 0, 425, 'pending', NULL, '2026-03-24 08:24:07', '2026-03-06 08:24:07', 16),
(55, 26, 'Jessica Martinez', 'jessica.martinez@example.com', '+13883162240', 55, 1, 'Mxcar\\CarRentals\\Models\\Booking', 55, 'INV-55', 39, 3.9, 0, 39, 'pending', NULL, '2026-03-26 08:24:07', '2026-03-06 08:24:07', 14),
(56, 21, 'John Smith', 'john.smith@example.com', '+16104062225', 56, 1, 'Mxcar\\CarRentals\\Models\\Booking', 56, 'INV-56', 365, 0, 0, 365, 'pending', NULL, '2026-03-14 08:24:07', '2026-03-06 08:24:07', 17),
(57, 21, 'John Smith', 'john.smith@example.com', '+16104062225', 57, 1, 'Mxcar\\CarRentals\\Models\\Booking', 57, 'INV-57', 282, 28.2, 0, 282, 'pending', NULL, '2026-03-19 08:24:07', '2026-03-06 08:24:07', 8),
(58, 29, 'Daniel Thomas', 'daniel.thomas@example.com', '+18976335589', 58, 1, 'Mxcar\\CarRentals\\Models\\Booking', 58, 'INV-58', 94, 0, 0, 94, 'pending', NULL, '2026-03-26 08:24:07', '2026-03-06 08:24:07', NULL),
(59, 31, 'Demo Customer', 'customer@mxcar.com', '+12725079138', 59, 1, 'Mxcar\\CarRentals\\Models\\Booking', 59, 'INV-59', 230, 0, 0, 230, 'pending', NULL, '2026-03-26 08:24:07', '2026-03-06 08:24:07', NULL),
(60, 30, 'Ashley Garcia', 'ashley.garcia@example.com', '+13102783883', 60, 1, 'Mxcar\\CarRentals\\Models\\Booking', 60, 'INV-60', 152, 0, 0, 152, 'pending', NULL, '2026-03-25 08:24:07', '2026-03-06 08:24:07', NULL),
(61, 31, 'Demo Customer', 'customer@mxcar.com', '+12725079138', 61, 1, 'Mxcar\\CarRentals\\Models\\Booking', 61, 'INV-61', 594, 59.4, 0, 594, 'pending', NULL, '2026-03-09 08:24:07', '2026-03-06 08:24:07', 10),
(62, 29, 'Daniel Thomas', 'daniel.thomas@example.com', '+18976335589', 62, 1, 'Mxcar\\CarRentals\\Models\\Booking', 62, 'INV-62', 350, 0, 0, 350, 'pending', NULL, '2026-03-26 08:24:07', '2026-03-06 08:24:07', 19),
(63, 30, 'Ashley Garcia', 'ashley.garcia@example.com', '+13102783883', 63, 1, 'Mxcar\\CarRentals\\Models\\Booking', 63, 'INV-63', 350, 0, 0, 350, 'pending', NULL, '2026-03-14 08:24:07', '2026-03-06 08:24:07', 19),
(64, 28, 'Amanda Taylor', 'amanda.taylor@example.com', '+14335013311', 64, 1, 'Mxcar\\CarRentals\\Models\\Booking', 64, 'INV-64', 320, 0, 0, 320, 'pending', NULL, '2026-03-13 08:24:07', '2026-03-06 08:24:07', 4),
(65, 25, 'David Wilson', 'david.wilson@example.com', '+19415120048', 65, 1, 'Mxcar\\CarRentals\\Models\\Booking', 65, 'INV-65', 208, 0, 0, 208, 'pending', NULL, '2026-04-05 08:24:07', '2026-03-06 08:24:07', 11),
(66, 23, 'Michael Brown', 'michael.brown@example.com', '+13650704304', 66, 1, 'Mxcar\\CarRentals\\Models\\Booking', 66, 'INV-66', 171, 0, 0, 171, 'pending', NULL, '2026-03-17 08:24:07', '2026-03-06 08:24:07', 8),
(67, 25, 'David Wilson', 'david.wilson@example.com', '+19415120048', 67, 1, 'Mxcar\\CarRentals\\Models\\Booking', 67, 'INV-67', 183, 0, 0, 183, 'pending', NULL, '2026-03-26 08:24:07', '2026-03-06 08:24:07', 6),
(68, 23, 'Michael Brown', 'michael.brown@example.com', '+13650704304', 68, 1, 'Mxcar\\CarRentals\\Models\\Booking', 68, 'INV-68', 450, 0, 0, 450, 'pending', NULL, '2026-03-19 08:24:07', '2026-03-06 08:24:07', NULL),
(69, 27, 'Christopher Anderson', 'christopher.anderson@example.com', '+14483605445', 69, 1, 'Mxcar\\CarRentals\\Models\\Booking', 69, 'INV-69', 112, 11.2, 0, 112, 'pending', NULL, '2026-03-29 08:24:07', '2026-03-06 08:24:07', NULL),
(70, 25, 'David Wilson', 'david.wilson@example.com', '+19415120048', 70, 1, 'Mxcar\\CarRentals\\Models\\Booking', 70, 'INV-70', 124, 0, 0, 124, 'pending', NULL, '2026-03-08 08:24:07', '2026-03-06 08:24:07', NULL),
(71, 21, 'John Smith', 'john.smith@example.com', '+16104062225', 71, 1, 'Mxcar\\CarRentals\\Models\\Booking', 71, 'INV-71', 370, 37, 0, 370, 'pending', NULL, '2026-03-23 08:24:07', '2026-03-06 08:24:07', 9),
(72, 23, 'Michael Brown', 'michael.brown@example.com', '+13650704304', 72, 1, 'Mxcar\\CarRentals\\Models\\Booking', 72, 'INV-72', 198, 19.8, 0, 198, 'pending', NULL, '2026-03-07 08:24:07', '2026-03-06 08:24:07', 12),
(73, 21, 'John Smith', 'john.smith@example.com', '+16104062225', 73, 1, 'Mxcar\\CarRentals\\Models\\Booking', 73, 'INV-73', 195, 19.5, 0, 195, 'pending', NULL, '2026-03-11 08:24:07', '2026-03-06 08:24:07', 6),
(74, 28, 'Amanda Taylor', 'amanda.taylor@example.com', '+14335013311', 74, 1, 'Mxcar\\CarRentals\\Models\\Booking', 74, 'INV-74', 180, 18, 0, 180, 'pending', NULL, '2026-03-19 08:24:07', '2026-03-06 08:24:07', 8),
(75, 31, 'Demo Customer', 'customer@mxcar.com', '+12725079138', 75, 1, 'Mxcar\\CarRentals\\Models\\Booking', 75, 'INV-75', 65, 0, 0, 65, 'pending', NULL, '2026-03-08 08:24:07', '2026-03-06 08:24:07', 6),
(76, 27, 'Christopher Anderson', 'christopher.anderson@example.com', '+14483605445', 76, 1, 'Mxcar\\CarRentals\\Models\\Booking', 76, 'INV-76', 245, 24.5, 0, 245, 'pending', NULL, '2026-03-25 08:24:07', '2026-03-06 08:24:07', 5),
(77, 21, 'John Smith', 'john.smith@example.com', '+16104062225', 77, 1, 'Mxcar\\CarRentals\\Models\\Booking', 77, 'INV-77', 154, 0, 0, 154, 'pending', NULL, '2026-03-12 08:24:07', '2026-03-06 08:24:07', 32),
(78, 25, 'David Wilson', 'david.wilson@example.com', '+19415120048', 78, 1, 'Mxcar\\CarRentals\\Models\\Booking', 78, 'INV-78', 372, 0, 0, 372, 'pending', NULL, '2026-03-21 08:24:07', '2026-03-06 08:24:07', NULL),
(79, 22, 'Emily Johnson', 'emily.johnson@example.com', '+18408163667', 79, 1, 'Mxcar\\CarRentals\\Models\\Booking', 79, 'INV-79', 276, 0, 0, 276, 'pending', NULL, '2026-03-16 08:24:07', '2026-03-06 08:24:07', NULL),
(80, 21, 'John Smith', 'john.smith@example.com', '+16104062225', 80, 1, 'Mxcar\\CarRentals\\Models\\Booking', 80, 'INV-80', 79, 0, 0, 79, 'pending', NULL, '2026-03-13 08:24:07', '2026-03-06 08:24:07', NULL),
(81, 34, 'Ribhu Pramanik', 'ribhu02@gmail.com', NULL, 81, 1, 'Mxcar\\CarRentals\\Models\\Booking', 81, 'INV-81', 50, 0, 0, 50, 'completed', '2026-03-18 04:03:52', '2026-03-18 04:01:46', '2026-03-18 04:03:52', 34),
(82, 36, 'User Demo', 'user@demo.com', '+918302786761', NULL, 1, 'Mxcar\\CarRentals\\Models\\Booking', 82, 'INV-82', 50, 0, 0, 50, 'completed', NULL, '2026-04-06 04:50:31', '2026-04-06 04:50:31', 34),
(83, 37, 'customer', 'customer@gmail.com', '+919981207899', NULL, 1, 'Mxcar\\CarRentals\\Models\\Booking', 83, 'INV-83', 710, 0, 0, 852, 'completed', NULL, '2026-04-09 14:21:52', '2026-04-09 14:21:52', 13),
(84, 37, 'customer', 'customer@gmail.com', '+919981207899', 84, 1, 'Mxcar\\CarRentals\\Models\\Booking', 84, 'INV-84', 2131, 0, 0, 2557.2, 'completed', '2026-04-09 14:35:07', '2026-04-09 14:33:18', '2026-04-09 14:35:07', 35),
(85, 36, 'User Demo', 'user@demo.com', '+918302786761', NULL, 1, 'Mxcar\\CarRentals\\Models\\Booking', 91, 'INV-85', 311, 0, 0, 393.2, 'completed', NULL, '2026-04-22 10:50:48', '2026-04-22 10:50:48', 11),
(86, 36, 'User Demo', 'user@demo.com', '+918302786761', NULL, 1, 'Mxcar\\CarRentals\\Models\\Booking', 92, 'INV-86', 1336, 0, 0, 1623.2, 'completed', NULL, '2026-04-22 11:22:18', '2026-04-22 11:22:18', 35),
(87, 36, 'User Demo', 'user@demo.com', '+918302786761', NULL, 1, 'Mxcar\\CarRentals\\Models\\Booking', 93, 'INV-87', 768, 0, 0, 941.6, 'completed', NULL, '2026-04-22 11:27:15', '2026-04-22 11:27:15', 35),
(88, 36, 'User Demo', 'user@demo.com', '+918302786761', NULL, 1, 'Mxcar\\CarRentals\\Models\\Booking', 94, 'INV-88', 200, 0, 0, 260, 'completed', NULL, '2026-04-22 11:33:09', '2026-04-22 11:33:09', 35),
(89, 37, 'customer', 'customer@gmail.com', '+919981207899', NULL, 1, 'Mxcar\\CarRentals\\Models\\Booking', 95, 'INV-89', 877, 0, 0, 1072.4, 'completed', NULL, '2026-04-22 14:06:51', '2026-04-22 14:06:51', 1),
(90, 36, 'User Demo', 'user@demo.com', '+918302786761', NULL, 1, 'Mxcar\\CarRentals\\Models\\Booking', 96, 'INV-90', 783, 189.02, 0, 1148.62, 'completed', NULL, '2026-04-30 07:13:22', '2026-04-30 07:13:22', 34),
(91, 1, 'Elite Auto Group', 'dealer@demo.com', '+17356074636', NULL, 1, 'Mxcar\\CarRentals\\Models\\Booking', 97, 'INV-91', 132, 31.86, 0, 210.26, 'completed', NULL, '2026-06-09 05:47:50', '2026-06-09 05:47:50', 13),
(92, 1, 'Elite Auto Group', 'dealer@demo.com', '+17356074636', NULL, 1, 'Mxcar\\CarRentals\\Models\\Booking', 98, 'INV-92', 72, 17.38, 0, 123.78, 'completed', NULL, '2026-06-09 09:40:22', '2026-06-09 09:40:22', 18);

-- --------------------------------------------------------

--
-- Table structure for table `cr_invoice_items`
--

CREATE TABLE `cr_invoice_items` (
  `id` bigint(20) UNSIGNED NOT NULL,
  `invoice_id` bigint(20) UNSIGNED NOT NULL,
  `name` varchar(191) NOT NULL,
  `description` varchar(400) DEFAULT NULL,
  `qty` int(10) UNSIGNED NOT NULL,
  `sub_total` decimal(15,2) UNSIGNED NOT NULL,
  `tax_amount` decimal(15,2) UNSIGNED NOT NULL DEFAULT 0.00,
  `discount_amount` decimal(15,2) UNSIGNED NOT NULL DEFAULT 0.00,
  `amount` decimal(15,2) UNSIGNED NOT NULL,
  `created_at` timestamp NULL DEFAULT NULL,
  `updated_at` timestamp NULL DEFAULT NULL
) ENGINE=InnoDB DEFAULT CHARSET=utf8mb4 COLLATE=utf8mb4_unicode_ci;

--
-- Dumping data for table `cr_invoice_items`
--

INSERT INTO `cr_invoice_items` (`id`, `invoice_id`, `name`, `description`, `qty`, `sub_total`, `tax_amount`, `discount_amount`, `amount`, `created_at`, `updated_at`) VALUES
(1, 1, 'Lamborghini Urus Performante 2024', '', 1, 249.00, 0.00, 0.00, 249.00, '2026-03-06 08:24:05', '2026-03-06 08:24:05'),
(2, 2, 'Lamborghini Huracán EVO 2024', '', 1, 47.00, 0.00, 0.00, 47.00, '2026-03-06 08:24:05', '2026-03-06 08:24:05'),
(3, 3, 'Audi A4 Premium Plus quattro 2024', '', 1, 308.00, 0.00, 0.00, 308.00, '2026-03-06 08:24:05', '2026-03-06 08:24:05'),
(4, 4, 'Mercedes-Benz G550 4MATIC 2024', '', 1, 186.00, 0.00, 0.00, 186.00, '2026-03-06 08:24:05', '2026-03-06 08:24:05'),
(5, 5, 'Mercedes-Maybach S 580 4MATIC 2024', '', 1, 224.00, 0.00, 0.00, 224.00, '2026-03-06 08:24:05', '2026-03-06 08:24:05'),
(6, 6, 'Toyota Corolla Hybrid LE 2024', '', 1, 396.00, 0.00, 0.00, 396.00, '2026-03-06 08:24:05', '2026-03-06 08:24:05'),
(7, 7, 'Kia Stinger GT2 AWD 2024', '', 1, 245.00, 0.00, 0.00, 245.00, '2026-03-06 08:24:05', '2026-03-06 08:24:05'),
(8, 8, 'Genesis GV70 2.5T Sport AWD 2024', '', 1, 190.00, 0.00, 0.00, 190.00, '2026-03-06 08:24:05', '2026-03-06 08:24:05'),
(9, 9, 'Acura MDX Type S Advance 2024', '', 1, 230.00, 0.00, 0.00, 230.00, '2026-03-06 08:24:05', '2026-03-06 08:24:05'),
(10, 10, 'GMC Sierra 1500 Denali 2024', '', 1, 33.00, 0.00, 0.00, 33.00, '2026-03-06 08:24:05', '2026-03-06 08:24:05'),
(11, 11, 'Range Rover Evoque P250 S 2024', '', 1, 204.00, 0.00, 0.00, 204.00, '2026-03-06 08:24:05', '2026-03-06 08:24:05'),
(12, 12, 'Range Rover Sport HSE Dynamic 2024', '', 1, 196.00, 0.00, 0.00, 196.00, '2026-03-06 08:24:05', '2026-03-06 08:24:05'),
(13, 13, 'Audi RS Q8 quattro 2024', '', 1, 60.00, 0.00, 0.00, 60.00, '2026-03-06 08:24:05', '2026-03-06 08:24:05'),
(14, 14, 'BMW XM Label Red 2024', '', 1, 297.00, 0.00, 0.00, 297.00, '2026-03-06 08:24:05', '2026-03-06 08:24:05'),
(15, 15, 'Chevrolet Camaro SS 1LE 2024', '', 1, 106.00, 0.00, 0.00, 106.00, '2026-03-06 08:24:06', '2026-03-06 08:24:06'),
(16, 16, 'Nissan GT-R NISMO Special Edition 2024', '', 1, 195.00, 0.00, 0.00, 195.00, '2026-03-06 08:24:06', '2026-03-06 08:24:06'),
(17, 17, 'Mercedes-Benz E450 4MATIC All-Terrain 2024', '', 1, 364.00, 0.00, 0.00, 364.00, '2026-03-06 08:24:06', '2026-03-06 08:24:06'),
(18, 18, 'Mazda MX-5 Miata Grand Touring 2024', '', 1, 400.00, 0.00, 0.00, 400.00, '2026-03-06 08:24:06', '2026-03-06 08:24:06'),
(19, 19, 'Volkswagen Atlas Cross Sport SEL Premium 2024', '', 1, 342.00, 0.00, 0.00, 342.00, '2026-03-06 08:24:06', '2026-03-06 08:24:06'),
(20, 20, 'GMC Sierra 1500 Denali 2024', '', 1, 165.00, 0.00, 0.00, 165.00, '2026-03-06 08:24:06', '2026-03-06 08:24:06'),
(21, 21, 'Chevrolet Camaro SS 1LE 2024', '', 1, 212.00, 0.00, 0.00, 212.00, '2026-03-06 08:24:06', '2026-03-06 08:24:06'),
(22, 22, 'Porsche Taycan Turbo S Cross Turismo 2024', '', 1, 270.00, 0.00, 0.00, 270.00, '2026-03-06 08:24:06', '2026-03-06 08:24:06'),
(23, 23, 'Koenigsegg Jesko Absolut 2024', '', 1, 184.00, 0.00, 0.00, 184.00, '2026-03-06 08:24:06', '2026-03-06 08:24:06'),
(24, 24, 'Porsche Macan S 2024', '', 1, 445.00, 0.00, 0.00, 445.00, '2026-03-06 08:24:06', '2026-03-06 08:24:06'),
(25, 25, 'Mercedes-AMG GLE 63 S 4MATIC+ 2024', '', 1, 90.00, 0.00, 0.00, 90.00, '2026-03-06 08:24:06', '2026-03-06 08:24:06'),
(26, 26, 'BMW X5 xDrive40i M Sport 2024', '', 1, 588.00, 0.00, 0.00, 588.00, '2026-03-06 08:24:06', '2026-03-06 08:24:06'),
(27, 27, 'Toyota RAV4 Prime XSE AWD 2024', '', 1, 144.00, 0.00, 0.00, 144.00, '2026-03-06 08:24:06', '2026-03-06 08:24:06'),
(28, 28, 'Acura MDX Type S Advance 2024', '', 1, 276.00, 0.00, 0.00, 276.00, '2026-03-06 08:24:06', '2026-03-06 08:24:06'),
(29, 29, 'McLaren GT Luxe 2024', '', 1, 658.00, 0.00, 0.00, 658.00, '2026-03-06 08:24:06', '2026-03-06 08:24:06'),
(30, 30, 'Toyota Camry XLE Hybrid 2024', '', 1, 395.00, 0.00, 0.00, 395.00, '2026-03-06 08:24:06', '2026-03-06 08:24:06'),
(31, 31, 'Rolls-Royce Cullinan Black Badge 2024', '', 1, 249.00, 0.00, 0.00, 249.00, '2026-03-06 08:24:06', '2026-03-06 08:24:06'),
(32, 32, 'Volkswagen Tiguan SEL R-Line 2024', '', 1, 58.00, 0.00, 0.00, 58.00, '2026-03-06 08:24:06', '2026-03-06 08:24:06'),
(33, 33, 'Nissan GT-R NISMO Special Edition 2024', '', 1, 390.00, 0.00, 0.00, 390.00, '2026-03-06 08:24:06', '2026-03-06 08:24:06'),
(34, 34, 'Lexus RX 350 F Sport Handling AWD 2024', '', 1, 560.00, 0.00, 0.00, 560.00, '2026-03-06 08:24:06', '2026-03-06 08:24:06'),
(35, 35, 'Ford GT Heritage Edition 2024', '', 1, 282.00, 0.00, 0.00, 282.00, '2026-03-06 08:24:06', '2026-03-06 08:24:06'),
(36, 36, 'Honda Pilot TrailSport AWD 2024', '', 1, 234.00, 0.00, 0.00, 234.00, '2026-03-06 08:24:06', '2026-03-06 08:24:06'),
(37, 37, 'Genesis Electrified GV70 Advanced AWD 2024', '', 1, 340.00, 0.00, 0.00, 340.00, '2026-03-06 08:24:06', '2026-03-06 08:24:06'),
(38, 38, 'McLaren GT Luxe 2024', '', 1, 470.00, 0.00, 0.00, 470.00, '2026-03-06 08:24:06', '2026-03-06 08:24:06'),
(39, 39, 'Mitsubishi Outlander SEL S-AWC 2024', '', 1, 248.00, 0.00, 0.00, 248.00, '2026-03-06 08:24:06', '2026-03-06 08:24:06'),
(40, 40, 'Alfa Romeo Stelvio Veloce AWD 2024', '', 1, 564.00, 0.00, 0.00, 564.00, '2026-03-06 08:24:06', '2026-03-06 08:24:06'),
(41, 41, 'Mercedes-AMG GLE 63 S 4MATIC+ 2024', '', 1, 90.00, 0.00, 0.00, 90.00, '2026-03-06 08:24:06', '2026-03-06 08:24:06'),
(42, 42, 'Toyota Corolla Hybrid LE 2024', '', 1, 132.00, 0.00, 0.00, 132.00, '2026-03-06 08:24:06', '2026-03-06 08:24:06'),
(43, 43, 'Aston Martin DBX707 2024', '', 1, 170.00, 0.00, 0.00, 170.00, '2026-03-06 08:24:06', '2026-03-06 08:24:06'),
(44, 44, 'Toyota Corolla Hybrid LE 2024', '', 1, 132.00, 0.00, 0.00, 132.00, '2026-03-06 08:24:06', '2026-03-06 08:24:06'),
(45, 45, 'Ford Mustang GT Premium 2024', '', 1, 97.00, 0.00, 0.00, 97.00, '2026-03-06 08:24:06', '2026-03-06 08:24:06'),
(46, 46, 'Porsche Cayenne Turbo GT 2024', '', 1, 258.00, 0.00, 0.00, 258.00, '2026-03-06 08:24:06', '2026-03-06 08:24:06'),
(47, 47, 'Porsche Macan S 2024', '', 1, 445.00, 0.00, 0.00, 445.00, '2026-03-06 08:24:06', '2026-03-06 08:24:06'),
(48, 48, 'Mazda MX-5 Miata Grand Touring 2024', '', 1, 240.00, 0.00, 0.00, 240.00, '2026-03-06 08:24:06', '2026-03-06 08:24:06'),
(49, 49, 'Hyundai Tucson Limited AWD 2024', '', 1, 230.00, 0.00, 0.00, 230.00, '2026-03-06 08:24:07', '2026-03-06 08:24:07'),
(50, 50, 'Genesis GV70 2.5T Sport AWD 2024', '', 1, 114.00, 0.00, 0.00, 114.00, '2026-03-06 08:24:07', '2026-03-06 08:24:07'),
(51, 51, 'Lexus RX 350 F Sport Handling AWD 2024', '', 1, 240.00, 0.00, 0.00, 240.00, '2026-03-06 08:24:07', '2026-03-06 08:24:07'),
(52, 52, 'Aston Martin DBX707 2024', '', 1, 255.00, 0.00, 0.00, 255.00, '2026-03-06 08:24:07', '2026-03-06 08:24:07'),
(53, 53, 'Mercedes-Benz G550 4MATIC 2024', '', 1, 217.00, 0.00, 0.00, 217.00, '2026-03-06 08:24:07', '2026-03-06 08:24:07'),
(54, 54, 'Aston Martin DBX707 2024', '', 1, 425.00, 0.00, 0.00, 425.00, '2026-03-06 08:24:07', '2026-03-06 08:24:07'),
(55, 55, 'Pagani Huayra Roadster BC 2024', '', 1, 39.00, 0.00, 0.00, 39.00, '2026-03-06 08:24:07', '2026-03-06 08:24:07'),
(56, 56, 'BMW M5 Competition xDrive 2024', '', 1, 365.00, 0.00, 0.00, 365.00, '2026-03-06 08:24:07', '2026-03-06 08:24:07'),
(57, 57, 'Lamborghini Huracán EVO 2024', '', 1, 282.00, 0.00, 0.00, 282.00, '2026-03-06 08:24:07', '2026-03-06 08:24:07'),
(58, 58, 'McLaren GT Luxe 2024', '', 1, 94.00, 0.00, 0.00, 94.00, '2026-03-06 08:24:07', '2026-03-06 08:24:07'),
(59, 59, 'Acura MDX Type S Advance 2024', '', 1, 230.00, 0.00, 0.00, 230.00, '2026-03-06 08:24:07', '2026-03-06 08:24:07'),
(60, 60, 'Genesis GV70 2.5T Sport AWD 2024', '', 1, 152.00, 0.00, 0.00, 152.00, '2026-03-06 08:24:07', '2026-03-06 08:24:07'),
(61, 61, 'BMW XM Label Red 2024', '', 1, 594.00, 0.00, 0.00, 594.00, '2026-03-06 08:24:07', '2026-03-06 08:24:07'),
(62, 62, 'Chevrolet Blazer RS AWD 2024', '', 1, 350.00, 0.00, 0.00, 350.00, '2026-03-06 08:24:07', '2026-03-06 08:24:07'),
(63, 63, 'Chevrolet Blazer RS AWD 2024', '', 1, 350.00, 0.00, 0.00, 350.00, '2026-03-06 08:24:07', '2026-03-06 08:24:07'),
(64, 64, 'Lexus RX 350 F Sport Handling AWD 2024', '', 1, 320.00, 0.00, 0.00, 320.00, '2026-03-06 08:24:07', '2026-03-06 08:24:07'),
(65, 65, 'Honda Accord Sport 2.0T 2024', '', 1, 208.00, 0.00, 0.00, 208.00, '2026-03-06 08:24:07', '2026-03-06 08:24:07'),
(66, 66, 'Ferrari Roma Spider 2024', '', 1, 171.00, 0.00, 0.00, 171.00, '2026-03-06 08:24:07', '2026-03-06 08:24:07'),
(67, 67, 'Mini Cooper S Hardtop 2024', '', 1, 183.00, 0.00, 0.00, 183.00, '2026-03-06 08:24:07', '2026-03-06 08:24:07'),
(68, 68, 'Tesla Model 3 Long Range AWD 2024', '', 1, 450.00, 0.00, 0.00, 450.00, '2026-03-06 08:24:07', '2026-03-06 08:24:07'),
(69, 69, 'Lucid Air Grand Touring Performance 2024', '', 1, 112.00, 0.00, 0.00, 112.00, '2026-03-06 08:24:07', '2026-03-06 08:24:07'),
(70, 70, 'Mitsubishi Outlander SEL S-AWC 2024', '', 1, 124.00, 0.00, 0.00, 124.00, '2026-03-06 08:24:07', '2026-03-06 08:24:07'),
(71, 71, 'Lexus ES 350 F Sport 2024', '', 1, 370.00, 0.00, 0.00, 370.00, '2026-03-06 08:24:07', '2026-03-06 08:24:07'),
(72, 72, 'Toyota Corolla Hybrid LE 2024', '', 1, 198.00, 0.00, 0.00, 198.00, '2026-03-06 08:24:07', '2026-03-06 08:24:07'),
(73, 73, 'Nissan GT-R NISMO Special Edition 2024', '', 1, 195.00, 0.00, 0.00, 195.00, '2026-03-06 08:24:07', '2026-03-06 08:24:07'),
(74, 74, 'Rivian R1S Adventure 2024', '', 1, 180.00, 0.00, 0.00, 180.00, '2026-03-06 08:24:07', '2026-03-06 08:24:07'),
(75, 75, 'Nissan GT-R NISMO Special Edition 2024', '', 1, 65.00, 0.00, 0.00, 65.00, '2026-03-06 08:24:07', '2026-03-06 08:24:07'),
(76, 76, 'Range Rover Sport HSE Dynamic 2024', '', 1, 245.00, 0.00, 0.00, 245.00, '2026-03-06 08:24:07', '2026-03-06 08:24:07'),
(77, 77, 'Audi A4 Premium Plus quattro 2024', '', 1, 154.00, 0.00, 0.00, 154.00, '2026-03-06 08:24:07', '2026-03-06 08:24:07'),
(78, 78, 'Mitsubishi Outlander SEL S-AWC 2024', '', 1, 372.00, 0.00, 0.00, 372.00, '2026-03-06 08:24:07', '2026-03-06 08:24:07'),
(79, 79, 'Acura MDX Type S Advance 2024', '', 1, 276.00, 0.00, 0.00, 276.00, '2026-03-06 08:24:07', '2026-03-06 08:24:07'),
(80, 80, 'Toyota Camry XLE Hybrid 2024', '', 1, 79.00, 0.00, 0.00, 79.00, '2026-03-06 08:24:07', '2026-03-06 08:24:07'),
(81, 81, 'Ford Bronco', '', 1, 50.00, 0.00, 0.00, 50.00, '2026-03-18 04:01:46', '2026-03-18 04:01:46'),
(82, 82, 'Ford Bronco', '', 1, 50.00, 0.00, 0.00, 50.00, '2026-04-06 04:50:31', '2026-04-06 04:50:31'),
(83, 83, 'Mercedes-Benz C300 4MATIC 2024', '', 1, 66.00, 0.00, 0.00, 66.00, '2026-04-09 14:21:52', '2026-04-09 14:21:52'),
(84, 83, 'Car Wash &amp; Detailing Package (Services)', '', 1, 217.00, 0.00, 0.00, 217.00, '2026-04-09 14:21:52', '2026-04-09 14:21:52'),
(85, 83, 'Temporary Car Replacement (Services)', '', 1, 259.00, 0.00, 0.00, 259.00, '2026-04-09 14:21:52', '2026-04-09 14:21:52'),
(86, 83, 'Pick-Up &amp; Drop-Off Service (Services)', '', 1, 168.00, 0.00, 0.00, 168.00, '2026-04-09 14:21:52', '2026-04-09 14:21:52'),
(87, 84, 'verna', '', 1, 200.00, 0.00, 0.00, 200.00, '2026-04-09 14:33:18', '2026-04-09 14:33:18'),
(88, 84, 'Tire Replacement &amp; Balancing (Services)', '', 1, 192.00, 0.00, 0.00, 192.00, '2026-04-09 14:33:18', '2026-04-09 14:33:18'),
(89, 84, 'Premium Fuel Service (Services)', '', 1, 959.00, 0.00, 0.00, 959.00, '2026-04-09 14:33:18', '2026-04-09 14:33:18'),
(90, 85, 'Honda Accord Sport 2.0T 2024', '', 1, 52.00, 0.00, 0.00, 52.00, '2026-04-22 10:50:48', '2026-04-22 10:50:48'),
(91, 85, 'Temporary Car Replacement (Services)', '', 1, 259.00, 0.00, 0.00, 259.00, '2026-04-22 10:50:48', '2026-04-22 10:50:48'),
(92, 86, 'Verna', '', 1, 800.00, 0.00, 0.00, 800.00, '2026-04-22 11:22:18', '2026-04-22 11:22:18'),
(93, 86, 'Driver Rental Service (Services)', '', 1, 536.00, 0.00, 0.00, 536.00, '2026-04-22 11:22:18', '2026-04-22 11:22:18'),
(94, 87, 'Verna', '', 1, 600.00, 0.00, 0.00, 600.00, '2026-04-22 11:27:15', '2026-04-22 11:27:15'),
(95, 87, 'Pick-Up &amp; Drop-Off Service (Services)', '', 1, 168.00, 0.00, 0.00, 168.00, '2026-04-22 11:27:15', '2026-04-22 11:27:15'),
(96, 88, 'Verna', '', 1, 200.00, 0.00, 0.00, 200.00, '2026-04-22 11:33:09', '2026-04-22 11:33:09'),
(97, 89, 'BMW 330i xDrive M Sport 2024', '', 1, 540.00, 0.00, 0.00, 540.00, '2026-04-22 14:06:51', '2026-04-22 14:06:51'),
(98, 89, 'Car Insurance Assistance (Services)', '', 1, 337.00, 0.00, 0.00, 337.00, '2026-04-22 14:06:51', '2026-04-22 14:06:51'),
(99, 90, 'Ford Bronco', '', 1, 50.00, 0.00, 0.00, 50.00, '2026-04-30 07:13:22', '2026-04-30 07:13:22'),
(100, 90, 'Get Cars for Business Travel and Work Meetings (Services)', '', 1, 733.00, 0.00, 0.00, 733.00, '2026-04-30 07:13:22', '2026-04-30 07:13:22'),
(101, 91, 'Mercedes-Benz C300 4MATIC 2024', '', 1, 132.00, 0.00, 0.00, 132.00, '2026-06-09 05:47:50', '2026-06-09 05:47:50'),
(102, 92, 'Toyota RAV4 Prime XSE AWD 2024', '', 1, 72.00, 0.00, 0.00, 72.00, '2026-06-09 09:40:22', '2026-06-09 09:40:22');

-- --------------------------------------------------------

--
-- Table structure for table `cr_messages`
--

CREATE TABLE `cr_messages` (
  `id` bigint(20) UNSIGNED NOT NULL,
  `car_id` bigint(20) UNSIGNED DEFAULT NULL,
  `customer_id` bigint(20) UNSIGNED DEFAULT NULL,
  `name` varchar(60) NOT NULL,
  `email` varchar(60) DEFAULT NULL,
  `content` text DEFAULT NULL,
  `ip_address` varchar(45) DEFAULT NULL,
  `created_at` timestamp NULL DEFAULT NULL,
  `updated_at` timestamp NULL DEFAULT NULL,
  `phone` varchar(60) DEFAULT NULL,
  `status` varchar(60) NOT NULL DEFAULT 'unread',
  `vendor_id` bigint(20) UNSIGNED DEFAULT NULL
) ENGINE=InnoDB DEFAULT CHARSET=utf8mb4 COLLATE=utf8mb4_unicode_ci;

--
-- Dumping data for table `cr_messages`
--

INSERT INTO `cr_messages` (`id`, `car_id`, `customer_id`, `name`, `email`, `content`, `ip_address`, `created_at`, `updated_at`, `phone`, `status`, `vendor_id`) VALUES
(1, NULL, 29, 'John Doe', 'johndoe@example.com', 'I would like to know more about your services.', '192.168.1.1', '2026-03-06 08:24:07', '2026-03-06 08:24:07', '123-456-7890', 'unread', 9),
(2, NULL, 31, 'Jane Smith', 'janesmith@example.com', 'Can you provide a quotation for the project?', '192.168.1.2', '2026-03-06 08:24:07', '2026-03-06 08:24:07', '987-654-3210', 'read', NULL),
(3, NULL, 17, 'Alice Brown', 'alicebrown@example.com', 'I am having an issue with my recent order.', '192.168.1.3', '2026-03-06 08:24:07', '2026-03-06 08:24:07', '555-666-7777', 'unread', NULL),
(4, NULL, 6, 'Bob Green', 'bobgreen@example.com', 'What are your business hours?', '192.168.1.4', '2026-03-06 08:24:07', '2026-03-06 08:24:07', '222-333-4444', 'read', 18),
(5, NULL, 25, 'Charlie White', 'charliewhite@example.com', 'I need assistance with your product.', '192.168.1.5', '2026-03-06 08:24:07', '2026-03-06 08:24:07', '333-444-5555', 'unread', NULL),
(6, NULL, 20, 'Diana Blue', 'dianablue@example.com', 'Do you offer international shipping?', '192.168.1.6', '2026-03-06 08:24:07', '2026-03-06 08:24:07', '444-555-6666', 'read', NULL),
(7, NULL, 8, 'Edward Black', 'edwardblack@example.com', 'Can I schedule an appointment?', '192.168.1.7', '2026-03-06 08:24:07', '2026-03-06 08:24:07', '555-666-7778', 'read', 5),
(8, NULL, 1, 'Fiona Gray', 'fionagray@example.com', 'Your website is not loading for me.', '192.168.1.8', '2026-03-06 08:24:07', '2026-03-06 08:24:07', '666-777-8888', 'read', NULL),
(9, NULL, 26, 'George Violet', 'georgeviolet@example.com', 'I want to change my order details.', '192.168.1.9', '2026-03-06 08:24:07', '2026-03-06 08:24:07', '777-888-9999', 'read', NULL),
(10, NULL, 12, 'Hannah Pink', 'hannahpink@example.com', 'Can you send me a catalog of your products?', '192.168.1.10', '2026-03-06 08:24:07', '2026-03-06 08:24:07', '888-999-0000', 'read', 20),
(11, NULL, 25, 'Ian Orange', 'ianorange@example.com', 'Do you offer discounts for bulk purchases?', '192.168.1.11', '2026-03-06 08:24:07', '2026-03-06 08:24:07', '999-000-1111', 'read', NULL),
(12, NULL, 14, 'Jack Purple', 'jackpurple@example.com', 'I forgot my account password.', '192.168.1.12', '2026-03-06 08:24:07', '2026-03-06 08:24:07', '000-111-2222', 'unread', NULL),
(13, NULL, 15, 'Karen Yellow', 'karenyellow@example.com', 'Can you expedite my order?', '192.168.1.13', '2026-03-06 08:24:07', '2026-03-06 08:24:07', '111-222-3333', 'unread', 20),
(14, NULL, 1, 'Liam Red', 'liamred@example.com', 'Do you have a return policy?', '192.168.1.14', '2026-03-06 08:24:07', '2026-03-06 08:24:07', '222-333-4445', 'read', NULL),
(15, NULL, 17, 'Mia Silver', 'miasilver@example.com', 'Thank you for resolving my issue quickly.', '192.168.1.15', '2026-03-06 08:24:07', '2026-03-06 08:24:07', '333-444-5556', 'unread', NULL),
(16, NULL, 19, 'Noah Gold', 'noahgold@example.com', 'Can I get an invoice for my purchase?', '192.168.1.16', '2026-03-06 08:24:07', '2026-03-06 08:24:07', '444-555-6667', 'read', 10),
(17, NULL, 16, 'Olivia Bronze', 'oliviabronze@example.com', 'I would like to cancel my order.', '192.168.1.17', '2026-03-06 08:24:07', '2026-03-06 08:24:07', '555-666-7779', 'unread', NULL),
(18, NULL, 24, 'Paul Amber', 'paulamber@example.com', 'Your support team is very helpful.', '192.168.1.18', '2026-03-06 08:24:07', '2026-03-06 08:24:07', '666-777-8889', 'read', NULL),
(19, NULL, 30, 'Quinn Platinum', 'quinnplatinum@example.com', 'How do I track my shipment?', '192.168.1.19', '2026-03-06 08:24:07', '2026-03-06 08:24:07', '777-888-9990', 'read', 20),
(20, NULL, 15, 'Ruby Diamond', 'rubydiamond@example.com', 'Great service and prompt delivery!', '192.168.1.20', '2026-03-06 08:24:07', '2026-03-06 08:24:07', '888-999-0001', 'unread', NULL),
(21, 43, NULL, 'Provider', 'provider@demo.com', 'Hello, I am interested in your car rental service.', '122.168.35.156', '2026-04-22 10:35:51', '2026-04-22 10:35:51', '1234567890', 'unread', 18),
(22, 43, NULL, 'User Demo', 'user@demo.com', 'Hello, I am interested in your car rental service.', '152.58.30.89', '2026-04-22 10:51:17', '2026-04-22 10:51:17', '+918302786761', 'unread', 18),
(23, 74, NULL, 'User Demo', 'user@demo.com', 'Hello, I am interested in your car rental service.', '127.0.0.1', '2026-04-23 09:39:03', '2026-04-23 09:39:03', '+918302786761', 'unread', 13);

-- --------------------------------------------------------

--
-- Table structure for table `cr_services`
--

CREATE TABLE `cr_services` (
  `id` bigint(20) UNSIGNED NOT NULL,
  `name` varchar(191) NOT NULL,
  `description` text DEFAULT NULL,
  `content` text DEFAULT NULL,
  `price` double UNSIGNED NOT NULL DEFAULT 0,
  `currency_id` bigint(20) UNSIGNED DEFAULT NULL,
  `price_type` varchar(191) NOT NULL DEFAULT 'once',
  `image` varchar(191) DEFAULT NULL,
  `logo` varchar(191) DEFAULT NULL,
  `status` varchar(191) NOT NULL DEFAULT 'pending',
  `created_at` timestamp NULL DEFAULT NULL,
  `updated_at` timestamp NULL DEFAULT NULL
) ENGINE=InnoDB DEFAULT CHARSET=utf8mb4 COLLATE=utf8mb4_unicode_ci;

--
-- Dumping data for table `cr_services`
--

INSERT INTO `cr_services` (`id`, `name`, `description`, `content`, `price`, `currency_id`, `price_type`, `image`, `logo`, `status`, `created_at`, `updated_at`) VALUES
(1, 'Driver Rental Service', 'In addition to our car rental service, we offer professional drivers for hire. Enjoy a stress-free journey with our experienced drivers handling the road.', '<h6>Determine Your Trip Purpose</h6><p class=\"neutral-1000\">The first step in choosing the right rental car is to clearly define the purpose of your trip. Are you traveling alone or with family? Is it a business trip or a leisure vacation? The purpose of your trip will greatly influence the type of car you need. For instance, a compact car might be ideal for a solo business trip in a busy city, while a spacious SUV or minivan would be better suited for a family road trip.</p><shortcode>[content-images quantity=\"2\" image_1=\"news/5.jpg\" image_2=\"news/2.jpg\"][/content-images]</shortcode><h6>Consider the Number of Passengers and Luggage</h6><p>The number of passengers and the amount of luggage you need to carry are crucial factors in choosing a rental car. If you\'re traveling with a large group or have plenty of baggage, a larger vehicle like an SUV or minivan will provide the space and comfort you need. On the other hand, if you\'re traveling light or with just one other person, a compact or mid-size car may be more economical and easier to maneuver.</p><h6>Think About the Terrain and Weather Conditions</h6><p>Where you’re going plays a significant role in your choice of rental car. If you\'re planning to drive in a mountainous region or during winter, a vehicle with all-wheel drive (AWD) or four-wheel drive (4WD) might be necessary for safety. For urban areas with smooth roads, a standard sedan or compact car should suffice. Additionally, consider the climate; air conditioning is essential in hot climates, while heated seats can be a nice touch in colder regions.</p><h6>Assess Your Budget</h6><p>Your budget is another crucial factor when choosing a rental car. Rental rates vary depending on the vehicle type, rental duration, and additional services or features. Set a budget before you start comparing options and stick to it. Remember to factor in additional costs like insurance, fuel, and any extras such as GPS, child seats, or toll passes.</p><h6>Check for Special Requirements or Preferences</h6><shortcode>[content-columns quantity=\"2\" content_1=\"Environmental responsibility is important to us. We use eco-friendly products and properly dispose of all automotive waste according to environmental regulations. We offer competitive pricing without compromising on quality. Our transparent pricing policy means no hidden fees or unexpected charges.\" content_2=\"Environmental responsibility is important to us. We use eco-friendly products and properly dispose of all automotive waste according to environmental regulations. Our state-of-the-art facility is equipped with the latest diagnostic tools and equipment to accurately identify and resolve any issues with your vehicle.\"][/content-columns]</shortcode><shortcode>[content-images quantity=\"2\" image_1=\"news/5.jpg\" image_2=\"news/2.jpg\"][/content-images]</shortcode><h6>Conclusion</h6><p>Choosing the right rental car involves more than just picking a vehicle that looks good. By considering the purpose of your trip, the number of passengers, the terrain, fuel efficiency, and your budget, you can select a car that will make your journey smooth, comfortable, and enjoyable. Take your time to compare options and book in advance to ensure you get the best vehicle for your needs. Whether you\'re hitting the open road or navigating city streets, the right rental car can make all the difference in your travel experience.</p>', 536, 1, 'once', 'services/citron-with-bg-1-520x380.png', 'icons/lexus.png', 'published', '2026-03-06 08:22:49', '2026-03-20 04:23:32'),
(2, 'Get Cars for Business Travel and Work Meetings', 'Navigate seamlessly between meetings or conferences with a self-drive car that works around your needs.', '<h6>Determine Your Trip Purpose</h6><p class=\"neutral-1000\">The first step in choosing the right rental car is to clearly define the purpose of your trip. Are you traveling alone or with family? Is it a business trip or a leisure vacation? The purpose of your trip will greatly influence the type of car you need. For instance, a compact car might be ideal for a solo business trip in a busy city, while a spacious SUV or minivan would be better suited for a family road trip.</p><shortcode>[content-images quantity=\"2\" image_1=\"news/9.jpg\" image_2=\"news/9.jpg\"][/content-images]</shortcode><h6>Consider the Number of Passengers and Luggage</h6><p>The number of passengers and the amount of luggage you need to carry are crucial factors in choosing a rental car. If you\'re traveling with a large group or have plenty of baggage, a larger vehicle like an SUV or minivan will provide the space and comfort you need. On the other hand, if you\'re traveling light or with just one other person, a compact or mid-size car may be more economical and easier to maneuver.</p><h6>Think About the Terrain and Weather Conditions</h6><p>Where you’re going plays a significant role in your choice of rental car. If you\'re planning to drive in a mountainous region or during winter, a vehicle with all-wheel drive (AWD) or four-wheel drive (4WD) might be necessary for safety. For urban areas with smooth roads, a standard sedan or compact car should suffice. Additionally, consider the climate; air conditioning is essential in hot climates, while heated seats can be a nice touch in colder regions.</p><h6>Assess Your Budget</h6><p>Your budget is another crucial factor when choosing a rental car. Rental rates vary depending on the vehicle type, rental duration, and additional services or features. Set a budget before you start comparing options and stick to it. Remember to factor in additional costs like insurance, fuel, and any extras such as GPS, child seats, or toll passes.</p><h6>Check for Special Requirements or Preferences</h6><shortcode>[content-columns quantity=\"2\" content_1=\"Customer satisfaction is our top priority. We understand that your time is valuable, which is why we offer flexible scheduling and quick turnaround times for all our services. Our convenient location and extended hours make it easy for you to access our services whenever you need them.\" content_2=\"Our convenient location and extended hours make it easy for you to access our services whenever you need them. We believe in building long-term relationships with our customers. That is why we offer loyalty programs and special discounts for returning clients.\"][/content-columns]</shortcode><shortcode>[content-images quantity=\"2\" image_1=\"news/9.jpg\" image_2=\"news/9.jpg\"][/content-images]</shortcode><h6>Conclusion</h6><p>Choosing the right rental car involves more than just picking a vehicle that looks good. By considering the purpose of your trip, the number of passengers, the terrain, fuel efficiency, and your budget, you can select a car that will make your journey smooth, comfortable, and enjoyable. Take your time to compare options and book in advance to ensure you get the best vehicle for your needs. Whether you\'re hitting the open road or navigating city streets, the right rental car can make all the difference in your travel experience.</p>', 733, 1, 'once', 'img-5.png', 'icons/mer.png', 'published', '2026-03-06 08:22:49', '2026-03-27 08:46:34'),
(3, 'Car Wash & Detailing Package', 'Enhance your car rental or repair experience with our premium car wash and detailing service, leaving your car spotless inside and out.', '<h6>Determine Your Trip Purpose</h6><p class=\"neutral-1000\">The first step in choosing the right rental car is to clearly define the purpose of your trip. Are you traveling alone or with family? Is it a business trip or a leisure vacation? The purpose of your trip will greatly influence the type of car you need. For instance, a compact car might be ideal for a solo business trip in a busy city, while a spacious SUV or minivan would be better suited for a family road trip.</p><shortcode>[content-images quantity=\"2\" image_1=\"news/9.jpg\" image_2=\"news/6.jpg\"][/content-images]</shortcode><h6>Consider the Number of Passengers and Luggage</h6><p>The number of passengers and the amount of luggage you need to carry are crucial factors in choosing a rental car. If you\'re traveling with a large group or have plenty of baggage, a larger vehicle like an SUV or minivan will provide the space and comfort you need. On the other hand, if you\'re traveling light or with just one other person, a compact or mid-size car may be more economical and easier to maneuver.</p><h6>Think About the Terrain and Weather Conditions</h6><p>Where you’re going plays a significant role in your choice of rental car. If you\'re planning to drive in a mountainous region or during winter, a vehicle with all-wheel drive (AWD) or four-wheel drive (4WD) might be necessary for safety. For urban areas with smooth roads, a standard sedan or compact car should suffice. Additionally, consider the climate; air conditioning is essential in hot climates, while heated seats can be a nice touch in colder regions.</p><h6>Assess Your Budget</h6><p>Your budget is another crucial factor when choosing a rental car. Rental rates vary depending on the vehicle type, rental duration, and additional services or features. Set a budget before you start comparing options and stick to it. Remember to factor in additional costs like insurance, fuel, and any extras such as GPS, child seats, or toll passes.</p><h6>Check for Special Requirements or Preferences</h6><shortcode>[content-columns quantity=\"2\" content_1=\"Environmental responsibility is important to us. We use eco-friendly products and properly dispose of all automotive waste according to environmental regulations. Customer satisfaction is our top priority. We understand that your time is valuable, which is why we offer flexible scheduling and quick turnaround times for all our services.\" content_2=\"Our state-of-the-art facility is equipped with the latest diagnostic tools and equipment to accurately identify and resolve any issues with your vehicle. Our team of certified professionals ensures that every service is delivered with the highest standards of quality and care. We use only genuine parts and industry-approved methods to maintain your vehicle.\"][/content-columns]</shortcode><shortcode>[content-images quantity=\"2\" image_1=\"news/9.jpg\" image_2=\"news/6.jpg\"][/content-images]</shortcode><h6>Conclusion</h6><p>Choosing the right rental car involves more than just picking a vehicle that looks good. By considering the purpose of your trip, the number of passengers, the terrain, fuel efficiency, and your budget, you can select a car that will make your journey smooth, comfortable, and enjoyable. Take your time to compare options and book in advance to ensure you get the best vehicle for your needs. Whether you\'re hitting the open road or navigating city streets, the right rental car can make all the difference in your travel experience.</p>', 217, 1, 'once', 'services/pexels-harrisonhaines-3536293.jpg', 'icons/bugatti.png', 'published', '2026-03-06 08:22:49', '2026-03-27 08:52:09'),
(4, 'Roadside Assistance', 'Our roadside assistance service ensures peace of mind while you rent or drive. Get help with breakdowns, flat tires, or towing when you need it most.', '<h6>Determine Your Trip Purpose</h6><p class=\"neutral-1000\">The first step in choosing the right rental car is to clearly define the purpose of your trip. Are you traveling alone or with family? Is it a business trip or a leisure vacation? The purpose of your trip will greatly influence the type of car you need. For instance, a compact car might be ideal for a solo business trip in a busy city, while a spacious SUV or minivan would be better suited for a family road trip.</p><shortcode>[content-images quantity=\"2\" image_1=\"news/7.jpg\" image_2=\"news/4.jpg\"][/content-images]</shortcode><h6>Consider the Number of Passengers and Luggage</h6><p>The number of passengers and the amount of luggage you need to carry are crucial factors in choosing a rental car. If you\'re traveling with a large group or have plenty of baggage, a larger vehicle like an SUV or minivan will provide the space and comfort you need. On the other hand, if you\'re traveling light or with just one other person, a compact or mid-size car may be more economical and easier to maneuver.</p><h6>Think About the Terrain and Weather Conditions</h6><p>Where you’re going plays a significant role in your choice of rental car. If you\'re planning to drive in a mountainous region or during winter, a vehicle with all-wheel drive (AWD) or four-wheel drive (4WD) might be necessary for safety. For urban areas with smooth roads, a standard sedan or compact car should suffice. Additionally, consider the climate; air conditioning is essential in hot climates, while heated seats can be a nice touch in colder regions.</p><h6>Assess Your Budget</h6><p>Your budget is another crucial factor when choosing a rental car. Rental rates vary depending on the vehicle type, rental duration, and additional services or features. Set a budget before you start comparing options and stick to it. Remember to factor in additional costs like insurance, fuel, and any extras such as GPS, child seats, or toll passes.</p><h6>Check for Special Requirements or Preferences</h6><shortcode>[content-columns quantity=\"2\" content_1=\"Safety is paramount in everything we do. Our technicians follow strict safety protocols to ensure your vehicle meets all safety standards. Safety is paramount in everything we do. Our technicians follow strict safety protocols to ensure your vehicle meets all safety standards.\" content_2=\"We believe in building long-term relationships with our customers. That is why we offer loyalty programs and special discounts for returning clients. Customer satisfaction is our top priority. We understand that your time is valuable, which is why we offer flexible scheduling and quick turnaround times for all our services.\"][/content-columns]</shortcode><shortcode>[content-images quantity=\"2\" image_1=\"news/7.jpg\" image_2=\"news/4.jpg\"][/content-images]</shortcode><h6>Conclusion</h6><p>Choosing the right rental car involves more than just picking a vehicle that looks good. By considering the purpose of your trip, the number of passengers, the terrain, fuel efficiency, and your budget, you can select a car that will make your journey smooth, comfortable, and enjoyable. Take your time to compare options and book in advance to ensure you get the best vehicle for your needs. Whether you\'re hitting the open road or navigating city streets, the right rental car can make all the difference in your travel experience.</p>', 214, 1, 'once', 'services/how-can-we-use-roadside-assistance-cover-in-car-insurance-520x380.jpg', 'icons/jaguar.png', 'published', '2026-03-06 08:22:49', '2026-03-20 04:24:17'),
(5, 'Temporary Car Replacement', 'If your car is in for repairs or maintenance, we offer a temporary car replacement service so you\'re never without transportation.', '<h6>Determine Your Trip Purpose</h6><p class=\"neutral-1000\">The first step in choosing the right rental car is to clearly define the purpose of your trip. Are you traveling alone or with family? Is it a business trip or a leisure vacation? The purpose of your trip will greatly influence the type of car you need. For instance, a compact car might be ideal for a solo business trip in a busy city, while a spacious SUV or minivan would be better suited for a family road trip.</p><shortcode>[content-images quantity=\"2\" image_1=\"news/9.jpg\" image_2=\"news/3.jpg\"][/content-images]</shortcode><h6>Consider the Number of Passengers and Luggage</h6><p>The number of passengers and the amount of luggage you need to carry are crucial factors in choosing a rental car. If you\'re traveling with a large group or have plenty of baggage, a larger vehicle like an SUV or minivan will provide the space and comfort you need. On the other hand, if you\'re traveling light or with just one other person, a compact or mid-size car may be more economical and easier to maneuver.</p><h6>Think About the Terrain and Weather Conditions</h6><p>Where you’re going plays a significant role in your choice of rental car. If you\'re planning to drive in a mountainous region or during winter, a vehicle with all-wheel drive (AWD) or four-wheel drive (4WD) might be necessary for safety. For urban areas with smooth roads, a standard sedan or compact car should suffice. Additionally, consider the climate; air conditioning is essential in hot climates, while heated seats can be a nice touch in colder regions.</p><h6>Assess Your Budget</h6><p>Your budget is another crucial factor when choosing a rental car. Rental rates vary depending on the vehicle type, rental duration, and additional services or features. Set a budget before you start comparing options and stick to it. Remember to factor in additional costs like insurance, fuel, and any extras such as GPS, child seats, or toll passes.</p><h6>Check for Special Requirements or Preferences</h6><shortcode>[content-columns quantity=\"2\" content_1=\"Our team of certified professionals ensures that every service is delivered with the highest standards of quality and care. We use only genuine parts and industry-approved methods to maintain your vehicle. Environmental responsibility is important to us. We use eco-friendly products and properly dispose of all automotive waste according to environmental regulations.\" content_2=\"Our team of certified professionals ensures that every service is delivered with the highest standards of quality and care. We use only genuine parts and industry-approved methods to maintain your vehicle. We stay up-to-date with the latest automotive technologies and continuously train our staff to handle both classic and modern vehicles.\"][/content-columns]</shortcode><shortcode>[content-images quantity=\"2\" image_1=\"news/9.jpg\" image_2=\"news/3.jpg\"][/content-images]</shortcode><h6>Conclusion</h6><p>Choosing the right rental car involves more than just picking a vehicle that looks good. By considering the purpose of your trip, the number of passengers, the terrain, fuel efficiency, and your budget, you can select a car that will make your journey smooth, comfortable, and enjoyable. Take your time to compare options and book in advance to ensure you get the best vehicle for your needs. Whether you\'re hitting the open road or navigating city streets, the right rental car can make all the difference in your travel experience.</p>', 259, 1, 'once', 'services/car-replace-520x380.jpg', 'icons/honda.png', 'published', '2026-03-06 08:22:49', '2026-03-20 04:25:08'),
(6, 'Tire Replacement & Balancing', 'We provide tire replacement and wheel balancing services, ensuring your car is safe and smooth on the road, available as an add-on to any maintenance package.', '<h6>Determine Your Trip Purpose</h6><p class=\"neutral-1000\">The first step in choosing the right rental car is to clearly define the purpose of your trip. Are you traveling alone or with family? Is it a business trip or a leisure vacation? The purpose of your trip will greatly influence the type of car you need. For instance, a compact car might be ideal for a solo business trip in a busy city, while a spacious SUV or minivan would be better suited for a family road trip.</p><shortcode>[content-images quantity=\"2\" image_1=\"news/7.jpg\" image_2=\"news/1.jpg\"][/content-images]</shortcode><h6>Consider the Number of Passengers and Luggage</h6><p>The number of passengers and the amount of luggage you need to carry are crucial factors in choosing a rental car. If you\'re traveling with a large group or have plenty of baggage, a larger vehicle like an SUV or minivan will provide the space and comfort you need. On the other hand, if you\'re traveling light or with just one other person, a compact or mid-size car may be more economical and easier to maneuver.</p><h6>Think About the Terrain and Weather Conditions</h6><p>Where you’re going plays a significant role in your choice of rental car. If you\'re planning to drive in a mountainous region or during winter, a vehicle with all-wheel drive (AWD) or four-wheel drive (4WD) might be necessary for safety. For urban areas with smooth roads, a standard sedan or compact car should suffice. Additionally, consider the climate; air conditioning is essential in hot climates, while heated seats can be a nice touch in colder regions.</p><h6>Assess Your Budget</h6><p>Your budget is another crucial factor when choosing a rental car. Rental rates vary depending on the vehicle type, rental duration, and additional services or features. Set a budget before you start comparing options and stick to it. Remember to factor in additional costs like insurance, fuel, and any extras such as GPS, child seats, or toll passes.</p><h6>Check for Special Requirements or Preferences</h6><shortcode>[content-columns quantity=\"2\" content_1=\"Our convenient location and extended hours make it easy for you to access our services whenever you need them. Customer satisfaction is our top priority. We understand that your time is valuable, which is why we offer flexible scheduling and quick turnaround times for all our services.\" content_2=\"We believe in building long-term relationships with our customers. That is why we offer loyalty programs and special discounts for returning clients. Customer satisfaction is our top priority. We understand that your time is valuable, which is why we offer flexible scheduling and quick turnaround times for all our services.\"][/content-columns]</shortcode><shortcode>[content-images quantity=\"2\" image_1=\"news/7.jpg\" image_2=\"news/1.jpg\"][/content-images]</shortcode><h6>Conclusion</h6><p>Choosing the right rental car involves more than just picking a vehicle that looks good. By considering the purpose of your trip, the number of passengers, the terrain, fuel efficiency, and your budget, you can select a car that will make your journey smooth, comfortable, and enjoyable. Take your time to compare options and book in advance to ensure you get the best vehicle for your needs. Whether you\'re hitting the open road or navigating city streets, the right rental car can make all the difference in your travel experience.</p>', 192, 1, 'once', 'services/tire-replacement-520x380.jpg', 'icons/chevrolet.png', 'published', '2026-03-06 08:22:49', '2026-03-20 04:25:26'),
(7, 'Vehicle Inspection Service', 'For those looking to sell or rent a car, we offer thorough vehicle inspection services to certify your car\'s condition and increase its market value.', '<h6>Determine Your Trip Purpose</h6>\n\n<p class=\"neutral-1000\">The first step in choosing the right rental car is to clearly define the purpose of your trip. Are you traveling alone or with family? Is it a business trip or a leisure vacation? The purpose of your trip will greatly influence the type of car you need. For instance, a compact car might be ideal for a solo business trip in a busy city, while a spacious SUV or minivan would be better suited for a family road trip.</p>\n\n[content-images quantity=\"2\" image_1=\"news/1.jpg\" image_2=\"news/6.jpg\"][/content-images]\n\n<h6>Consider the Number of Passengers and Luggage</h6>\n\n<p>The number of passengers and the amount of luggage you need to carry are crucial factors in choosing a rental car. If you\'re traveling with a large group or have plenty of baggage, a larger vehicle like an SUV or minivan will provide the space and comfort you need. On the other hand, if you\'re traveling light or with just one other person, a compact or mid-size car may be more economical and easier to maneuver.</p>\n\n<h6>Think About the Terrain and Weather Conditions</h6>\n\n<p>Where you’re going plays a significant role in your choice of rental car. If you\'re planning to drive in a mountainous region or during winter, a vehicle with all-wheel drive (AWD) or four-wheel drive (4WD) might be necessary for safety. For urban areas with smooth roads, a standard sedan or compact car should suffice. Additionally, consider the climate; air conditioning is essential in hot climates, while heated seats can be a nice touch in colder regions.</p>\n\n<h6>Assess Your Budget</h6>\n\n<p>Your budget is another crucial factor when choosing a rental car. Rental rates vary depending on the vehicle type, rental duration, and additional services or features. Set a budget before you start comparing options and stick to it. Remember to factor in additional costs like insurance, fuel, and any extras such as GPS, child seats, or toll passes.</p>\n\n<h6>Check for Special Requirements or Preferences</h6>\n\n[content-columns quantity=\"2\" content_1=\"Our convenient location and extended hours make it easy for you to access our services whenever you need them. With years of experience in the automotive industry, we have built a reputation for reliability and excellence. Our customers trust us to keep their vehicles running smoothly.\" content_2=\"Our state-of-the-art facility is equipped with the latest diagnostic tools and equipment to accurately identify and resolve any issues with your vehicle. Environmental responsibility is important to us. We use eco-friendly products and properly dispose of all automotive waste according to environmental regulations.\"][/content-columns]\n\n[content-images quantity=\"2\" image_1=\"news/1.jpg\" image_2=\"news/6.jpg\"][/content-images]\n\n<h6>Conclusion</h6>\n\n<p>Choosing the right rental car involves more than just picking a vehicle that looks good. By considering the purpose of your trip, the number of passengers, the terrain, fuel efficiency, and your budget, you can select a car that will make your journey smooth, comfortable, and enjoyable. Take your time to compare options and book in advance to ensure you get the best vehicle for your needs. Whether you\'re hitting the open road or navigating city streets, the right rental car can make all the difference in your travel experience.</p>\n', 765, NULL, 'once', 'news/7.jpg', 'icons/chevrolet.png', 'published', '2026-03-06 08:22:49', '2026-03-06 08:22:49'),
(8, 'Car Insurance Assistance', 'Our experts can help you find the right car insurance policy, available as an add-on when purchasing or renting a vehicle from us.', '<h6>Determine Your Trip Purpose</h6>\n\n<p class=\"neutral-1000\">The first step in choosing the right rental car is to clearly define the purpose of your trip. Are you traveling alone or with family? Is it a business trip or a leisure vacation? The purpose of your trip will greatly influence the type of car you need. For instance, a compact car might be ideal for a solo business trip in a busy city, while a spacious SUV or minivan would be better suited for a family road trip.</p>\n\n[content-images quantity=\"2\" image_1=\"news/5.jpg\" image_2=\"news/5.jpg\"][/content-images]\n\n<h6>Consider the Number of Passengers and Luggage</h6>\n\n<p>The number of passengers and the amount of luggage you need to carry are crucial factors in choosing a rental car. If you\'re traveling with a large group or have plenty of baggage, a larger vehicle like an SUV or minivan will provide the space and comfort you need. On the other hand, if you\'re traveling light or with just one other person, a compact or mid-size car may be more economical and easier to maneuver.</p>\n\n<h6>Think About the Terrain and Weather Conditions</h6>\n\n<p>Where you’re going plays a significant role in your choice of rental car. If you\'re planning to drive in a mountainous region or during winter, a vehicle with all-wheel drive (AWD) or four-wheel drive (4WD) might be necessary for safety. For urban areas with smooth roads, a standard sedan or compact car should suffice. Additionally, consider the climate; air conditioning is essential in hot climates, while heated seats can be a nice touch in colder regions.</p>\n\n<h6>Assess Your Budget</h6>\n\n<p>Your budget is another crucial factor when choosing a rental car. Rental rates vary depending on the vehicle type, rental duration, and additional services or features. Set a budget before you start comparing options and stick to it. Remember to factor in additional costs like insurance, fuel, and any extras such as GPS, child seats, or toll passes.</p>\n\n<h6>Check for Special Requirements or Preferences</h6>\n\n[content-columns quantity=\"2\" content_1=\"Our team of certified professionals ensures that every service is delivered with the highest standards of quality and care. We use only genuine parts and industry-approved methods to maintain your vehicle. Customer satisfaction is our top priority. We understand that your time is valuable, which is why we offer flexible scheduling and quick turnaround times for all our services.\" content_2=\"We believe in building long-term relationships with our customers. That is why we offer loyalty programs and special discounts for returning clients. With years of experience in the automotive industry, we have built a reputation for reliability and excellence. Our customers trust us to keep their vehicles running smoothly.\"][/content-columns]\n\n[content-images quantity=\"2\" image_1=\"news/5.jpg\" image_2=\"news/5.jpg\"][/content-images]\n\n<h6>Conclusion</h6>\n\n<p>Choosing the right rental car involves more than just picking a vehicle that looks good. By considering the purpose of your trip, the number of passengers, the terrain, fuel efficiency, and your budget, you can select a car that will make your journey smooth, comfortable, and enjoyable. Take your time to compare options and book in advance to ensure you get the best vehicle for your needs. Whether you\'re hitting the open road or navigating city streets, the right rental car can make all the difference in your travel experience.</p>\n', 337, NULL, 'once', 'news/8.jpg', 'icons/chevrolet.png', 'published', '2026-03-06 08:22:49', '2026-03-06 08:22:49'),
(9, 'Pick-Up & Drop-Off Service', 'We offer a convenient pick-up and drop-off service when you rent a car, have your car serviced, or use our detailing services.', '<h6>Determine Your Trip Purpose</h6>\n\n<p class=\"neutral-1000\">The first step in choosing the right rental car is to clearly define the purpose of your trip. Are you traveling alone or with family? Is it a business trip or a leisure vacation? The purpose of your trip will greatly influence the type of car you need. For instance, a compact car might be ideal for a solo business trip in a busy city, while a spacious SUV or minivan would be better suited for a family road trip.</p>\n\n[content-images quantity=\"2\" image_1=\"news/1.jpg\" image_2=\"news/1.jpg\"][/content-images]\n\n<h6>Consider the Number of Passengers and Luggage</h6>\n\n<p>The number of passengers and the amount of luggage you need to carry are crucial factors in choosing a rental car. If you\'re traveling with a large group or have plenty of baggage, a larger vehicle like an SUV or minivan will provide the space and comfort you need. On the other hand, if you\'re traveling light or with just one other person, a compact or mid-size car may be more economical and easier to maneuver.</p>\n\n<h6>Think About the Terrain and Weather Conditions</h6>\n\n<p>Where you’re going plays a significant role in your choice of rental car. If you\'re planning to drive in a mountainous region or during winter, a vehicle with all-wheel drive (AWD) or four-wheel drive (4WD) might be necessary for safety. For urban areas with smooth roads, a standard sedan or compact car should suffice. Additionally, consider the climate; air conditioning is essential in hot climates, while heated seats can be a nice touch in colder regions.</p>\n\n<h6>Assess Your Budget</h6>\n\n<p>Your budget is another crucial factor when choosing a rental car. Rental rates vary depending on the vehicle type, rental duration, and additional services or features. Set a budget before you start comparing options and stick to it. Remember to factor in additional costs like insurance, fuel, and any extras such as GPS, child seats, or toll passes.</p>\n\n<h6>Check for Special Requirements or Preferences</h6>\n\n[content-columns quantity=\"2\" content_1=\"Our team of certified professionals ensures that every service is delivered with the highest standards of quality and care. We use only genuine parts and industry-approved methods to maintain your vehicle. Our convenient location and extended hours make it easy for you to access our services whenever you need them.\" content_2=\"Our convenient location and extended hours make it easy for you to access our services whenever you need them. Our team of certified professionals ensures that every service is delivered with the highest standards of quality and care. We use only genuine parts and industry-approved methods to maintain your vehicle.\"][/content-columns]\n\n[content-images quantity=\"2\" image_1=\"news/1.jpg\" image_2=\"news/1.jpg\"][/content-images]\n\n<h6>Conclusion</h6>\n\n<p>Choosing the right rental car involves more than just picking a vehicle that looks good. By considering the purpose of your trip, the number of passengers, the terrain, fuel efficiency, and your budget, you can select a car that will make your journey smooth, comfortable, and enjoyable. Take your time to compare options and book in advance to ensure you get the best vehicle for your needs. Whether you\'re hitting the open road or navigating city streets, the right rental car can make all the difference in your travel experience.</p>\n', 168, NULL, 'once', 'news/9.jpg', 'icons/chevrolet.png', 'published', '2026-03-06 08:22:49', '2026-03-06 08:22:49'),
(10, 'Premium Fuel Service', 'Refuel your rental or serviced vehicle with high-quality premium fuel before hitting the road, ensuring optimal performance and mileage.', '<h6>Determine Your Trip Purpose</h6>\n\n<p class=\"neutral-1000\">The first step in choosing the right rental car is to clearly define the purpose of your trip. Are you traveling alone or with family? Is it a business trip or a leisure vacation? The purpose of your trip will greatly influence the type of car you need. For instance, a compact car might be ideal for a solo business trip in a busy city, while a spacious SUV or minivan would be better suited for a family road trip.</p>\n\n[content-images quantity=\"2\" image_1=\"news/1.jpg\" image_2=\"news/9.jpg\"][/content-images]\n\n<h6>Consider the Number of Passengers and Luggage</h6>\n\n<p>The number of passengers and the amount of luggage you need to carry are crucial factors in choosing a rental car. If you\'re traveling with a large group or have plenty of baggage, a larger vehicle like an SUV or minivan will provide the space and comfort you need. On the other hand, if you\'re traveling light or with just one other person, a compact or mid-size car may be more economical and easier to maneuver.</p>\n\n<h6>Think About the Terrain and Weather Conditions</h6>\n\n<p>Where you’re going plays a significant role in your choice of rental car. If you\'re planning to drive in a mountainous region or during winter, a vehicle with all-wheel drive (AWD) or four-wheel drive (4WD) might be necessary for safety. For urban areas with smooth roads, a standard sedan or compact car should suffice. Additionally, consider the climate; air conditioning is essential in hot climates, while heated seats can be a nice touch in colder regions.</p>\n\n<h6>Assess Your Budget</h6>\n\n<p>Your budget is another crucial factor when choosing a rental car. Rental rates vary depending on the vehicle type, rental duration, and additional services or features. Set a budget before you start comparing options and stick to it. Remember to factor in additional costs like insurance, fuel, and any extras such as GPS, child seats, or toll passes.</p>\n\n<h6>Check for Special Requirements or Preferences</h6>\n\n[content-columns quantity=\"2\" content_1=\"We offer competitive pricing without compromising on quality. Our transparent pricing policy means no hidden fees or unexpected charges. Our convenient location and extended hours make it easy for you to access our services whenever you need them.\" content_2=\"Our state-of-the-art facility is equipped with the latest diagnostic tools and equipment to accurately identify and resolve any issues with your vehicle. We offer competitive pricing without compromising on quality. Our transparent pricing policy means no hidden fees or unexpected charges.\"][/content-columns]\n\n[content-images quantity=\"2\" image_1=\"news/1.jpg\" image_2=\"news/9.jpg\"][/content-images]\n\n<h6>Conclusion</h6>\n\n<p>Choosing the right rental car involves more than just picking a vehicle that looks good. By considering the purpose of your trip, the number of passengers, the terrain, fuel efficiency, and your budget, you can select a car that will make your journey smooth, comfortable, and enjoyable. Take your time to compare options and book in advance to ensure you get the best vehicle for your needs. Whether you\'re hitting the open road or navigating city streets, the right rental car can make all the difference in your travel experience.</p>\n', 959, NULL, 'once', 'news/10.jpg', 'icons/chevrolet.png', 'published', '2026-03-06 08:22:49', '2026-03-06 08:22:49');

-- --------------------------------------------------------

--
-- Table structure for table `cr_services_translations`
--

CREATE TABLE `cr_services_translations` (
  `lang_code` varchar(191) NOT NULL,
  `cr_services_id` bigint(20) UNSIGNED NOT NULL,
  `name` varchar(191) DEFAULT NULL,
  `description` varchar(191) DEFAULT NULL,
  `content` text DEFAULT NULL
) ENGINE=InnoDB DEFAULT CHARSET=utf8mb4 COLLATE=utf8mb4_unicode_ci;

-- --------------------------------------------------------

--
-- Table structure for table `cr_tags`
--

CREATE TABLE `cr_tags` (
  `id` bigint(20) UNSIGNED NOT NULL,
  `name` varchar(120) NOT NULL,
  `description` varchar(400) DEFAULT NULL,
  `status` varchar(191) NOT NULL DEFAULT 'pending',
  `created_at` timestamp NULL DEFAULT NULL,
  `updated_at` timestamp NULL DEFAULT NULL
) ENGINE=InnoDB DEFAULT CHARSET=utf8mb4 COLLATE=utf8mb4_unicode_ci;

-- --------------------------------------------------------

--
-- Table structure for table `cr_tags_translations`
--

CREATE TABLE `cr_tags_translations` (
  `lang_code` varchar(191) NOT NULL,
  `cr_tags_id` bigint(20) UNSIGNED NOT NULL,
  `name` varchar(120) DEFAULT NULL,
  `description` varchar(400) DEFAULT NULL
) ENGINE=InnoDB DEFAULT CHARSET=utf8mb4 COLLATE=utf8mb4_unicode_ci;

-- --------------------------------------------------------

--
-- Table structure for table `cr_taxes`
--

CREATE TABLE `cr_taxes` (
  `id` bigint(20) UNSIGNED NOT NULL,
  `name` varchar(120) NOT NULL,
  `percentage` decimal(10,2) DEFAULT NULL,
  `status` varchar(30) NOT NULL DEFAULT 'published',
  `priority` smallint(5) UNSIGNED NOT NULL DEFAULT 1,
  `created_at` timestamp NULL DEFAULT NULL,
  `updated_at` timestamp NULL DEFAULT NULL
) ENGINE=InnoDB DEFAULT CHARSET=utf8mb4 COLLATE=utf8mb4_unicode_ci;

--
-- Dumping data for table `cr_taxes`
--

INSERT INTO `cr_taxes` (`id`, `name`, `percentage`, `status`, `priority`, `created_at`, `updated_at`) VALUES
(1, 'Import Duty', 1.78, 'published', 1, '2026-03-06 08:22:48', '2026-03-06 08:22:48'),
(2, 'Value Added Tax (VAT)', 0.21, 'published', 2, '2026-03-06 08:22:48', '2026-03-06 08:22:48'),
(3, 'Currency Conversion', 2.95, 'published', 3, '2026-03-06 08:22:48', '2026-03-06 08:22:48'),
(4, 'Brokerage', 2.89, 'published', 4, '2026-03-06 08:22:48', '2026-03-06 08:22:48'),
(5, 'Storage', 1.81, 'published', 5, '2026-03-06 08:22:48', '2026-03-06 08:22:48'),
(6, 'Administrative', 1.37, 'published', 6, '2026-03-06 08:22:48', '2026-03-06 08:22:48'),
(7, 'Handling', 2.15, 'published', 7, '2026-03-06 08:22:48', '2026-03-06 08:22:48'),
(8, 'Insurance', 4.51, 'published', 8, '2026-03-06 08:22:48', '2026-03-06 08:22:48'),
(9, 'Rural Delivery', 2.19, 'published', 9, '2026-03-06 08:22:48', '2026-03-06 08:22:48'),
(10, 'Return Shipping', 0.89, 'published', 10, '2026-03-06 08:22:48', '2026-03-06 08:22:48'),
(11, 'Environmental', 2.53, 'published', 11, '2026-03-06 08:22:48', '2026-03-06 08:22:48'),
(12, 'Excise', 0.86, 'published', 12, '2026-03-06 08:22:48', '2026-03-06 08:22:48');

-- --------------------------------------------------------

--
-- Table structure for table `cr_taxes_translations`
--

CREATE TABLE `cr_taxes_translations` (
  `lang_code` varchar(191) NOT NULL,
  `cr_taxes_id` bigint(20) UNSIGNED NOT NULL,
  `name` varchar(120) NOT NULL
) ENGINE=InnoDB DEFAULT CHARSET=utf8mb4 COLLATE=utf8mb4_unicode_ci;

-- --------------------------------------------------------

--
-- Table structure for table `cr_trip_messages`
--

CREATE TABLE `cr_trip_messages` (
  `id` bigint(20) UNSIGNED NOT NULL,
  `booking_id` bigint(20) UNSIGNED NOT NULL,
  `sender_type` varchar(191) DEFAULT NULL,
  `sender_id` bigint(20) UNSIGNED DEFAULT NULL,
  `message` text DEFAULT NULL,
  `type` varchar(60) NOT NULL DEFAULT 'user_message',
  `vendor_first_reply_at` timestamp NULL DEFAULT NULL,
  `created_at` timestamp NULL DEFAULT NULL,
  `updated_at` timestamp NULL DEFAULT NULL
) ENGINE=InnoDB DEFAULT CHARSET=utf8mb4 COLLATE=utf8mb4_unicode_ci;

--
-- Dumping data for table `cr_trip_messages`
--

INSERT INTO `cr_trip_messages` (`id`, `booking_id`, `sender_type`, `sender_id`, `message`, `type`, `vendor_first_reply_at`, `created_at`, `updated_at`) VALUES
(1, 82, 'Mxcar\\CarRentals\\Models\\Customer', 36, 'hii', 'user_message', NULL, '2026-04-09 15:38:18', '2026-04-09 15:38:18'),
(2, 82, 'Mxcar\\CarRentals\\Models\\Customer', 34, 'hello', 'user_message', NULL, '2026-04-09 15:38:28', '2026-04-09 15:38:28'),
(3, 82, 'Mxcar\\CarRentals\\Models\\Customer', 34, 'hii', 'user_message', NULL, '2026-04-09 15:38:32', '2026-04-09 15:38:32'),
(4, 82, 'Mxcar\\CarRentals\\Models\\Customer', 36, 'hi', 'user_message', NULL, '2026-04-09 15:38:47', '2026-04-09 15:38:47'),
(5, 82, 'Mxcar\\CarRentals\\Models\\Customer', 34, 'hii', 'user_message', NULL, '2026-04-09 16:00:43', '2026-04-09 16:00:43'),
(6, 82, 'Mxcar\\CarRentals\\Models\\Customer', 36, 'kya haal haii', 'user_message', NULL, '2026-04-09 16:00:54', '2026-04-09 16:00:54'),
(7, 82, 'Mxcar\\CarRentals\\Models\\Customer', 34, 'hi', 'user_message', NULL, '2026-04-09 16:01:05', '2026-04-09 16:01:05'),
(8, 82, 'Mxcar\\CarRentals\\Models\\Customer', 36, 'hii', 'user_message', NULL, '2026-04-09 16:01:59', '2026-04-09 16:01:59'),
(9, 82, 'Mxcar\\CarRentals\\Models\\Customer', 34, 'heello', 'user_message', NULL, '2026-04-09 16:02:05', '2026-04-09 16:02:05'),
(10, 82, 'Mxcar\\CarRentals\\Models\\Customer', 34, 'Trip escalated to Support Team by Host.', 'escalation', NULL, '2026-04-09 16:04:01', '2026-04-09 16:04:01'),
(11, 90, 'Mxcar\\ACL\\Models\\User', 1, 'hii', 'user_message', NULL, '2026-04-09 16:53:29', '2026-04-09 16:53:29'),
(12, 82, 'Mxcar\\CarRentals\\Models\\Customer', 36, 'Hi', 'user_message', NULL, '2026-04-22 11:17:09', '2026-04-22 11:17:09'),
(13, 97, 'Mxcar\\CarRentals\\Models\\Customer', 1, 'hello can we go?', 'user_message', NULL, '2026-06-10 06:52:43', '2026-06-10 06:52:43');

-- --------------------------------------------------------

--
-- Table structure for table `cr_vehicle_telematics_logs`
--

CREATE TABLE `cr_vehicle_telematics_logs` (
  `id` bigint(20) UNSIGNED NOT NULL,
  `car_id` bigint(20) UNSIGNED NOT NULL,
  `event_type` varchar(191) CHARACTER SET utf8mb4 COLLATE utf8mb4_unicode_ci NOT NULL DEFAULT 'periodic_ping',
  `latitude` decimal(10,8) DEFAULT NULL,
  `longitude` decimal(11,8) DEFAULT NULL,
  `speed_mph` double DEFAULT NULL,
  `odometer_miles` double DEFAULT NULL,
  `fuel_percentage` double DEFAULT NULL,
  `raw_payload` longtext CHARACTER SET utf8mb4 COLLATE utf8mb4_bin DEFAULT NULL,
  `created_at` timestamp NULL DEFAULT NULL,
  `updated_at` timestamp NULL DEFAULT NULL
) ENGINE=InnoDB DEFAULT CHARSET=utf8mb3 COLLATE=utf8mb3_general_ci;

-- --------------------------------------------------------

--
-- Table structure for table `cr_vendor_quality_scores`
--

CREATE TABLE `cr_vendor_quality_scores` (
  `id` bigint(20) UNSIGNED NOT NULL,
  `vendor_id` bigint(20) UNSIGNED NOT NULL,
  `rating_score` decimal(5,2) NOT NULL DEFAULT 0.00,
  `completion_rate` decimal(5,2) NOT NULL DEFAULT 0.00,
  `cancellation_score` decimal(5,2) NOT NULL DEFAULT 0.00,
  `response_score` decimal(5,2) NOT NULL DEFAULT 0.00,
  `acceptance_rate` decimal(5,2) NOT NULL DEFAULT 0.00,
  `total_score` decimal(5,2) NOT NULL DEFAULT 0.00,
  `badge_tier` varchar(30) DEFAULT NULL,
  `badge_override` tinyint(1) NOT NULL DEFAULT 0,
  `override_badge` varchar(30) DEFAULT NULL,
  `total_bookings` int(10) UNSIGNED NOT NULL DEFAULT 0,
  `completed_bookings` int(10) UNSIGNED NOT NULL DEFAULT 0,
  `cancelled_bookings` int(10) UNSIGNED NOT NULL DEFAULT 0,
  `avg_rating` decimal(3,2) NOT NULL DEFAULT 0.00,
  `avg_response_hours` decimal(8,2) NOT NULL DEFAULT 0.00,
  `last_calculated_at` timestamp NULL DEFAULT NULL,
  `created_at` timestamp NULL DEFAULT NULL,
  `updated_at` timestamp NULL DEFAULT NULL
) ENGINE=InnoDB DEFAULT CHARSET=utf8mb4 COLLATE=utf8mb4_unicode_ci;

--
-- Dumping data for table `cr_vendor_quality_scores`
--

INSERT INTO `cr_vendor_quality_scores` (`id`, `vendor_id`, `rating_score`, `completion_rate`, `cancellation_score`, `response_score`, `acceptance_rate`, `total_score`, `badge_tier`, `badge_override`, `override_badge`, `total_bookings`, `completed_bookings`, `cancelled_bookings`, `avg_rating`, `avg_response_hours`, `last_calculated_at`, `created_at`, `updated_at`) VALUES
(1, 1, 25.00, 50.00, 20.00, 4.00, 100.00, 63.00, 'rising_star', 0, NULL, 2, 1, 0, 4.57, 24.00, '2026-05-02 07:30:02', '2026-04-21 11:51:34', '2026-05-02 07:30:02'),
(2, 2, 0.00, 100.00, 20.00, 4.00, 100.00, 54.00, 'rising_star', 0, NULL, 1, 1, 0, 0.00, 24.00, '2026-05-02 07:30:02', '2026-04-21 11:51:34', '2026-05-02 07:30:02'),
(3, 3, 0.00, 0.00, 20.00, 4.00, 100.00, 38.00, 'none', 0, NULL, 0, 0, 0, 0.00, 24.00, '2026-05-02 07:30:02', '2026-04-21 11:51:34', '2026-05-02 07:30:02'),
(4, 4, 0.00, 33.33, 20.00, 4.00, 100.00, 38.00, 'none', 0, NULL, 3, 1, 0, 0.00, 24.00, '2026-05-02 07:30:02', '2026-04-21 11:51:34', '2026-05-02 07:30:02'),
(5, 5, 20.00, 66.67, 20.00, 4.00, 100.00, 58.00, 'rising_star', 0, NULL, 3, 2, 0, 4.00, 24.00, '2026-05-02 07:30:02', '2026-04-21 11:51:34', '2026-05-02 07:30:02'),
(6, 6, 14.00, 40.00, 20.00, 4.00, 100.00, 52.00, 'rising_star', 0, NULL, 5, 2, 0, 3.50, 24.00, '2026-05-02 07:30:02', '2026-04-21 11:51:34', '2026-05-02 07:30:02'),
(7, 7, 0.00, 33.33, 4.00, 4.00, 66.67, 16.00, 'none', 0, NULL, 3, 1, 1, 0.00, 24.00, '2026-05-02 07:30:02', '2026-04-21 11:51:34', '2026-05-02 07:30:02'),
(8, 8, 8.00, 0.00, 4.00, 4.00, 50.00, 22.00, 'none', 0, NULL, 4, 0, 1, 3.43, 24.00, '2026-05-02 07:30:02', '2026-04-21 11:51:34', '2026-05-02 07:30:02'),
(9, 9, 20.00, 0.00, 4.00, 4.00, 50.00, 34.00, 'none', 0, NULL, 3, 0, 1, 4.00, 24.00, '2026-05-02 07:30:02', '2026-04-21 11:51:34', '2026-05-02 07:30:02'),
(10, 10, 0.00, 60.00, 20.00, 4.00, 100.00, 38.00, 'none', 0, NULL, 5, 3, 0, 0.00, 24.00, '2026-05-02 07:30:02', '2026-04-21 11:51:34', '2026-05-02 07:30:02'),
(11, 11, 0.00, 0.00, 4.00, 4.00, 66.67, 16.00, 'none', 0, NULL, 4, 0, 1, 2.33, 24.00, '2026-05-02 07:30:02', '2026-04-21 11:51:34', '2026-05-02 07:30:02'),
(12, 12, 0.00, 40.00, 4.00, 4.00, 75.00, 18.00, 'none', 0, NULL, 5, 2, 1, 0.00, 24.00, '2026-05-02 07:30:02', '2026-04-21 11:51:34', '2026-05-02 07:30:02'),
(13, 13, 20.00, 100.00, 20.00, 4.00, 100.00, 74.00, 'top_host', 0, NULL, 2, 2, 0, 4.40, 24.00, '2026-05-02 07:30:02', '2026-04-21 11:51:34', '2026-05-02 07:30:02'),
(14, 14, 8.00, 40.00, 20.00, 4.00, 100.00, 46.00, 'none', 0, NULL, 5, 2, 0, 3.17, 24.00, '2026-05-02 07:30:02', '2026-04-21 11:51:34', '2026-05-02 07:30:02'),
(15, 15, 30.00, 0.00, 20.00, 4.00, 100.00, 68.00, 'none', 0, NULL, 0, 0, 0, 5.00, 24.00, '2026-05-02 07:30:02', '2026-04-21 11:51:34', '2026-05-02 07:30:02'),
(16, 16, 8.00, 60.00, 20.00, 4.00, 100.00, 46.00, 'none', 0, NULL, 5, 3, 0, 3.00, 24.00, '2026-05-02 07:30:02', '2026-04-21 11:51:34', '2026-05-02 07:30:02'),
(17, 17, 20.00, 50.00, 20.00, 4.00, 100.00, 58.00, 'rising_star', 0, NULL, 2, 1, 0, 4.00, 24.00, '2026-05-02 07:30:02', '2026-04-21 11:51:34', '2026-05-02 07:30:02'),
(18, 18, 25.00, 100.00, 20.00, 4.00, 100.00, 79.00, 'top_host', 0, NULL, 2, 2, 0, 4.50, 24.00, '2026-05-02 07:30:02', '2026-04-21 11:51:34', '2026-05-02 07:30:02'),
(19, 19, 8.00, 0.00, 20.00, 4.00, 100.00, 46.00, 'none', 0, NULL, 2, 0, 0, 3.00, 24.00, '2026-05-02 07:30:02', '2026-04-21 11:51:34', '2026-05-02 07:30:02'),
(20, 20, 14.00, 50.00, 20.00, 4.00, 100.00, 52.00, 'rising_star', 0, NULL, 2, 1, 0, 3.50, 24.00, '2026-05-02 07:30:02', '2026-04-21 11:51:34', '2026-05-02 07:30:02'),
(21, 32, 20.00, 0.00, 4.00, 4.00, 50.00, 34.00, 'none', 0, NULL, 2, 0, 1, 4.00, 24.00, '2026-05-02 07:30:02', '2026-04-21 11:51:34', '2026-05-02 07:30:02');

-- --------------------------------------------------------

--
-- Table structure for table `dashboard_widgets`
--

CREATE TABLE `dashboard_widgets` (
  `id` bigint(20) UNSIGNED NOT NULL,
  `name` varchar(120) NOT NULL,
  `created_at` timestamp NULL DEFAULT NULL,
  `updated_at` timestamp NULL DEFAULT NULL
) ENGINE=InnoDB DEFAULT CHARSET=utf8mb4 COLLATE=utf8mb4_unicode_ci;

--
-- Dumping data for table `dashboard_widgets`
--

INSERT INTO `dashboard_widgets` (`id`, `name`, `created_at`, `updated_at`) VALUES
(1, 'widget_total_themes', '2026-03-16 09:08:54', '2026-03-16 09:08:54'),
(2, 'widget_total_users', '2026-03-16 09:08:54', '2026-03-16 09:08:54'),
(3, 'widget_total_plugins', '2026-03-16 09:08:54', '2026-03-16 09:08:54'),
(4, 'widget_total_pages', '2026-03-16 09:08:54', '2026-03-16 09:08:54'),
(5, 'widget_posts_recent', '2026-03-16 09:08:54', '2026-03-16 09:08:54'),
(6, 'widget_audit_logs', '2026-03-16 09:08:54', '2026-03-16 09:08:54');

-- --------------------------------------------------------

--
-- Table structure for table `dashboard_widget_settings`
--

CREATE TABLE `dashboard_widget_settings` (
  `id` bigint(20) UNSIGNED NOT NULL,
  `settings` text DEFAULT NULL,
  `user_id` bigint(20) UNSIGNED NOT NULL,
  `widget_id` bigint(20) UNSIGNED NOT NULL,
  `order` tinyint(3) UNSIGNED NOT NULL DEFAULT 0,
  `status` tinyint(3) UNSIGNED NOT NULL DEFAULT 1,
  `created_at` timestamp NULL DEFAULT NULL,
  `updated_at` timestamp NULL DEFAULT NULL
) ENGINE=InnoDB DEFAULT CHARSET=utf8mb4 COLLATE=utf8mb4_unicode_ci;

-- --------------------------------------------------------

--
-- Table structure for table `device_tokens`
--

CREATE TABLE `device_tokens` (
  `id` bigint(20) UNSIGNED NOT NULL,
  `token` varchar(191) NOT NULL,
  `platform` varchar(191) DEFAULT NULL,
  `app_version` varchar(191) DEFAULT NULL,
  `device_id` varchar(191) DEFAULT NULL,
  `user_type` varchar(191) DEFAULT NULL,
  `user_id` bigint(20) UNSIGNED DEFAULT NULL,
  `is_active` tinyint(1) NOT NULL DEFAULT 1,
  `last_used_at` timestamp NULL DEFAULT NULL,
  `created_at` timestamp NULL DEFAULT NULL,
  `updated_at` timestamp NULL DEFAULT NULL
) ENGINE=InnoDB DEFAULT CHARSET=utf8mb4 COLLATE=utf8mb4_unicode_ci;

-- --------------------------------------------------------

--
-- Table structure for table `failed_jobs`
--

CREATE TABLE `failed_jobs` (
  `id` bigint(20) UNSIGNED NOT NULL,
  `uuid` varchar(191) NOT NULL,
  `connection` text NOT NULL,
  `queue` text NOT NULL,
  `payload` longtext NOT NULL,
  `exception` longtext NOT NULL,
  `failed_at` timestamp NOT NULL DEFAULT current_timestamp()
) ENGINE=InnoDB DEFAULT CHARSET=utf8mb4 COLLATE=utf8mb4_unicode_ci;

-- --------------------------------------------------------

--
-- Table structure for table `faqs`
--

CREATE TABLE `faqs` (
  `id` bigint(20) UNSIGNED NOT NULL,
  `question` text NOT NULL,
  `answer` text NOT NULL,
  `category_id` bigint(20) UNSIGNED NOT NULL,
  `status` varchar(60) NOT NULL DEFAULT 'published',
  `created_at` timestamp NULL DEFAULT NULL,
  `updated_at` timestamp NULL DEFAULT NULL
) ENGINE=InnoDB DEFAULT CHARSET=utf8mb4 COLLATE=utf8mb4_unicode_ci;

--
-- Dumping data for table `faqs`
--

INSERT INTO `faqs` (`id`, `question`, `answer`, `category_id`, `status`, `created_at`, `updated_at`) VALUES
(1, 'What sets Luxury Hotel apart from others area?', 'Our hotel stands out with its prime coastal location, captivating design that harmonizes with nature, impeccable service dedicated to fulfilling every guest’s desire, and an array of world-class amenities that redefine opulence and sophistication.', 1, 'published', '2026-03-06 08:22:22', '2026-03-06 08:22:22'),
(2, 'Are pets allowed at your hotel?', 'Unfortunately, as we strive to maintain an environment of tranquility and luxury for all our guests, we regret to inform you that we do not permit pets in our elegantly appointed rooms and meticulously designed public spaces.', 2, 'published', '2026-03-06 08:22:22', '2026-03-06 08:22:22'),
(3, 'Is there a service from airport to hotel?', 'Absolutely! For your convenience, we offer an exclusive airport shuttle service that can be arranged in advance. Our dedicated concierge team will be delighted to provide you with detailed information and assist with reservations.', 1, 'published', '2026-03-06 08:22:22', '2026-03-06 08:22:22'),
(4, 'What dining options are available at hotel?', 'Indulge in a culinary journey at our resort with a range of exquisite dining options. From elegantly crafted local and international cuisines to delightful specialty restaurants and inviting bars, every dining experience promises to tantalize your taste buds and elevate your stay to new heights of gastronomic pleasure.', 2, 'published', '2026-03-06 08:22:22', '2026-03-06 08:22:22'),
(5, 'Is there a spa and wellness center on-site?', 'Embrace holistic well-being at our luxurious on-site spa and wellness center. Immerse yourself in a world of serenity and rejuvenation with a diverse selection of treatments, therapies, and state-of-the-art facilities that cater to your body, mind, and soul.', 2, 'published', '2026-03-06 08:22:22', '2026-03-06 08:22:22'),
(6, 'Do you have family-friendly activities?', 'Families are warmly welcomed to our resort, where we have thoughtfully curated a range of family-friendly amenities and activities. From a dedicated kids’ club to a family pool and a host of engaging recreational options, we ensure a harmonious and enjoyable stay for guests of all ages.', 2, 'published', '2026-03-06 08:22:22', '2026-03-06 08:22:22'),
(7, 'How can I arrange special at resort?', 'Celebrate life’s most precious moments in the epitome of luxury and elegance. Our skilled event planning team is committed to orchestrating seamless and memorable celebrations, ensuring every detail is tailored to your vision. Contact our dedicated events department to embark on a journey of crafting extraordinary moments.', 3, 'published', '2026-03-06 08:22:22', '2026-03-06 08:22:22'),
(8, 'What safety measures do you have for guests?', 'Your well-being is our paramount concern. We have implemented stringent health and safety protocols to ensure a secure and comfortable environment for all our guests. These measures encompass enhanced cleaning procedures, social distancing guidelines, and a commitment to maintaining the highest standards of hygiene throughout the resort.', 4, 'published', '2026-03-06 08:22:22', '2026-03-06 08:22:22'),
(9, 'Can I cancel or modify my reservation?', 'Our reservation policies vary based on the rate type and specific booking conditions. We kindly advise reviewing the terms and details of your reservation or reaching out to our dedicated reservations team for personalized assistance regarding cancellations or modifications. Your comfort and satisfaction remain our utmost priority.', 1, 'published', '2026-03-06 08:22:22', '2026-03-06 08:22:22'),
(10, 'What activities are near your hotel?', 'Our hotel’s prime location offers easy access to a plethora of attractions. Explore the captivating Adriatic coastline, immerse yourself in historical landmarks, indulge in vibrant local culture, and embark on memorable excursions that our concierge team can readily assist in arranging.', 5, 'published', '2026-03-06 08:22:22', '2026-03-06 08:22:22');

-- --------------------------------------------------------

--
-- Table structure for table `faqs_translations`
--

CREATE TABLE `faqs_translations` (
  `lang_code` varchar(20) NOT NULL,
  `faqs_id` bigint(20) UNSIGNED NOT NULL,
  `question` text DEFAULT NULL,
  `answer` text DEFAULT NULL
) ENGINE=InnoDB DEFAULT CHARSET=utf8mb4 COLLATE=utf8mb4_unicode_ci;

-- --------------------------------------------------------

--
-- Table structure for table `faq_categories`
--

CREATE TABLE `faq_categories` (
  `id` bigint(20) UNSIGNED NOT NULL,
  `name` varchar(120) NOT NULL,
  `order` tinyint(4) NOT NULL DEFAULT 0,
  `status` varchar(60) NOT NULL DEFAULT 'published',
  `created_at` timestamp NULL DEFAULT NULL,
  `updated_at` timestamp NULL DEFAULT NULL,
  `description` varchar(400) DEFAULT NULL
) ENGINE=InnoDB DEFAULT CHARSET=utf8mb4 COLLATE=utf8mb4_unicode_ci;

--
-- Dumping data for table `faq_categories`
--

INSERT INTO `faq_categories` (`id`, `name`, `order`, `status`, `created_at`, `updated_at`, `description`) VALUES
(1, 'GENERAL INFORMATION', 0, 'published', '2026-03-06 08:22:22', '2026-03-06 08:22:22', NULL),
(2, 'ACCOMMODATIONS AND AMENITIES', 1, 'published', '2026-03-06 08:22:22', '2026-03-06 08:22:22', NULL),
(3, 'SPECIAL EVENTS', 2, 'published', '2026-03-06 08:22:22', '2026-03-06 08:22:22', NULL),
(4, 'SAFETY AND HEALTH', 3, 'published', '2026-03-06 08:22:22', '2026-03-06 08:22:22', NULL),
(5, 'EXPLORING', 4, 'published', '2026-03-06 08:22:22', '2026-03-06 08:22:22', NULL),
(6, 'Account Management', 5, 'published', '2026-03-06 08:22:22', '2026-03-06 08:22:22', NULL),
(7, 'Booking and Reservations', 6, 'published', '2026-03-06 08:22:22', '2026-03-06 08:22:22', NULL),
(8, 'Activity Information', 7, 'published', '2026-03-06 08:22:22', '2026-03-06 08:22:22', NULL);

-- --------------------------------------------------------

--
-- Table structure for table `faq_categories_translations`
--

CREATE TABLE `faq_categories_translations` (
  `lang_code` varchar(20) NOT NULL,
  `faq_categories_id` bigint(20) UNSIGNED NOT NULL,
  `name` varchar(120) DEFAULT NULL
) ENGINE=InnoDB DEFAULT CHARSET=utf8mb4 COLLATE=utf8mb4_unicode_ci;

-- --------------------------------------------------------

--
-- Table structure for table `fob_comments`
--

CREATE TABLE `fob_comments` (
  `id` bigint(20) UNSIGNED NOT NULL,
  `reply_to` bigint(20) UNSIGNED DEFAULT NULL,
  `author_type` varchar(191) DEFAULT NULL,
  `author_id` bigint(20) UNSIGNED DEFAULT NULL,
  `reference_type` varchar(191) DEFAULT NULL,
  `reference_id` bigint(20) UNSIGNED DEFAULT NULL,
  `reference_url` varchar(255) DEFAULT NULL,
  `name` varchar(120) NOT NULL,
  `email` varchar(120) DEFAULT NULL,
  `website` varchar(255) DEFAULT NULL,
  `content` longtext NOT NULL,
  `status` varchar(60) NOT NULL DEFAULT 'pending',
  `ip_address` varchar(45) NOT NULL,
  `user_agent` text DEFAULT NULL,
  `created_at` timestamp NULL DEFAULT NULL,
  `updated_at` timestamp NULL DEFAULT NULL
) ENGINE=InnoDB DEFAULT CHARSET=utf8mb4 COLLATE=utf8mb4_unicode_ci;

-- --------------------------------------------------------

--
-- Table structure for table `galleries`
--

CREATE TABLE `galleries` (
  `id` bigint(20) UNSIGNED NOT NULL,
  `name` varchar(120) NOT NULL,
  `description` longtext NOT NULL,
  `is_featured` tinyint(3) UNSIGNED NOT NULL DEFAULT 0,
  `order` tinyint(3) UNSIGNED NOT NULL DEFAULT 0,
  `image` varchar(191) DEFAULT NULL,
  `user_id` bigint(20) UNSIGNED DEFAULT NULL,
  `status` varchar(60) NOT NULL DEFAULT 'published',
  `created_at` timestamp NULL DEFAULT NULL,
  `updated_at` timestamp NULL DEFAULT NULL
) ENGINE=InnoDB DEFAULT CHARSET=utf8mb4 COLLATE=utf8mb4_unicode_ci;

--
-- Dumping data for table `galleries`
--

INSERT INTO `galleries` (`id`, `name`, `description`, `is_featured`, `order`, `image`, `user_id`, `status`, `created_at`, `updated_at`) VALUES
(1, 'Stunning Electric Cars of 2024', '<p>A beautiful collection of images showcasing memorable moments and stunning visuals.</p>', 0, 0, 'instagram/featured-the-advantages-and-disadvantages-of-hybrid-vs-electric-cars-150x150.jpg', 1, 'published', '2026-03-06 08:22:22', '2026-03-19 06:52:53'),
(2, 'Top Luxury Cars for Special Occasions', '<p>A beautiful collection of images showcasing memorable moments and stunning visuals.</p>', 0, 0, 'instagram/images-16-150x150.jpeg', 1, 'published', '2026-03-06 08:22:22', '2026-03-19 06:53:15'),
(3, 'Family Cars with Advanced Safety Features', '<p>A beautiful collection of images showcasing memorable moments and stunning visuals.</p>', 0, 0, 'instagram/images-18-150x150.jpeg', 1, 'published', '2026-03-06 08:22:22', '2026-03-19 06:53:30'),
(4, 'Off-Road Vehicles in Action', '<p>A beautiful collection of images showcasing memorable moments and stunning visuals.</p>', 0, 0, 'instagram/05-2023-honda-cr-v-sport-3-150x150.jpg', 1, 'published', '2026-03-06 08:22:22', '2026-03-19 06:53:52'),
(5, 'The Evolution of Car Design: A Visual Journey', '<p>A beautiful collection of images showcasing memorable moments and stunning visuals.</p>', 0, 0, 'instagram/12-04-24-gruzja-2857-150x150.jpg', 1, 'published', '2026-03-06 08:22:22', '2026-03-19 06:54:13'),
(6, 'Best Road Trip Cars of the Year', '<p>A beautiful collection of images showcasing memorable moments and stunning visuals.</p>', 0, 0, 'instagram/large-63358-2025tucsonhybrid-150x150.jpg', 1, 'published', '2026-03-06 08:22:22', '2026-03-19 06:54:27'),
(7, 'Exclusive New Car Models Unveiled', '<p>A beautiful collection of images showcasing memorable moments and stunning visuals.</p>', 0, 0, 'instagram/kia-ev6-india-150x150.jpg', 1, 'published', '2026-03-06 08:22:22', '2026-03-19 06:54:40'),
(8, 'Iconic Cars from Around the World', '<p>A beautiful collection of images showcasing memorable moments and stunning visuals.</p>', 0, 0, 'instagram/images-23-150x150.jpeg', 1, 'published', '2026-03-06 08:22:22', '2026-03-19 06:54:53'),
(9, 'The Future of Electric and Hybrid Cars', '<p>A beautiful collection of images showcasing memorable moments and stunning visuals.</p>', 0, 0, 'instagram/hybrid-x-design-study-of-the-next-generation-hybrid-vehicle-150x150.jpeg', 1, 'published', '2026-03-06 08:22:22', '2026-03-19 06:55:14'),
(10, 'Luxury Car Interiors: A Closer Look', 'A beautiful collection of images showcasing memorable moments and stunning visuals.', 0, 0, 'galleries/10.jpg', 1, 'published', '2026-03-06 08:22:22', '2026-03-06 08:22:22');

-- --------------------------------------------------------

--
-- Table structure for table `galleries_translations`
--

CREATE TABLE `galleries_translations` (
  `lang_code` varchar(20) NOT NULL,
  `galleries_id` bigint(20) UNSIGNED NOT NULL,
  `name` varchar(191) DEFAULT NULL,
  `description` longtext DEFAULT NULL
) ENGINE=InnoDB DEFAULT CHARSET=utf8mb4 COLLATE=utf8mb4_unicode_ci;

-- --------------------------------------------------------

--
-- Table structure for table `gallery_meta`
--

CREATE TABLE `gallery_meta` (
  `id` bigint(20) UNSIGNED NOT NULL,
  `images` text DEFAULT NULL,
  `reference_id` bigint(20) UNSIGNED NOT NULL,
  `reference_type` varchar(120) NOT NULL,
  `created_at` timestamp NULL DEFAULT NULL,
  `updated_at` timestamp NULL DEFAULT NULL
) ENGINE=InnoDB DEFAULT CHARSET=utf8mb4 COLLATE=utf8mb4_unicode_ci;

--
-- Dumping data for table `gallery_meta`
--

INSERT INTO `gallery_meta` (`id`, `images`, `reference_id`, `reference_type`, `created_at`, `updated_at`) VALUES
(1, '[{\"img\":\"galleries\\/1.jpg\",\"description\":\"\"},{\"img\":\"galleries\\/2.jpg\",\"description\":\"\"},{\"img\":\"galleries\\/3.jpg\",\"description\":\"\"},{\"img\":\"galleries\\/4.jpg\",\"description\":\"\"},{\"img\":\"galleries\\/5.jpg\",\"description\":\"\"},{\"img\":\"galleries\\/6.jpg\",\"description\":\"\"},{\"img\":\"galleries\\/7.jpg\",\"description\":\"\"},{\"img\":\"galleries\\/8.jpg\",\"description\":\"\"}]', 1, 'Mxcar\\Gallery\\Models\\Gallery', '2026-03-06 08:22:22', '2026-03-06 08:22:22'),
(2, '[{\"img\":\"galleries\\/1.jpg\",\"description\":\"\"},{\"img\":\"galleries\\/2.jpg\",\"description\":\"\"},{\"img\":\"galleries\\/3.jpg\",\"description\":\"\"},{\"img\":\"galleries\\/4.jpg\",\"description\":\"\"},{\"img\":\"galleries\\/5.jpg\",\"description\":\"\"},{\"img\":\"galleries\\/6.jpg\",\"description\":\"\"},{\"img\":\"galleries\\/7.jpg\",\"description\":\"\"},{\"img\":\"galleries\\/8.jpg\",\"description\":\"\"}]', 2, 'Mxcar\\Gallery\\Models\\Gallery', '2026-03-06 08:22:22', '2026-03-06 08:22:22'),
(3, '[{\"img\":\"galleries\\/1.jpg\",\"description\":\"\"},{\"img\":\"galleries\\/2.jpg\",\"description\":\"\"},{\"img\":\"galleries\\/3.jpg\",\"description\":\"\"},{\"img\":\"galleries\\/4.jpg\",\"description\":\"\"},{\"img\":\"galleries\\/5.jpg\",\"description\":\"\"},{\"img\":\"galleries\\/6.jpg\",\"description\":\"\"},{\"img\":\"galleries\\/7.jpg\",\"description\":\"\"},{\"img\":\"galleries\\/8.jpg\",\"description\":\"\"}]', 3, 'Mxcar\\Gallery\\Models\\Gallery', '2026-03-06 08:22:22', '2026-03-06 08:22:22'),
(4, '[{\"img\":\"galleries\\/1.jpg\",\"description\":\"\"},{\"img\":\"galleries\\/2.jpg\",\"description\":\"\"},{\"img\":\"galleries\\/3.jpg\",\"description\":\"\"},{\"img\":\"galleries\\/4.jpg\",\"description\":\"\"},{\"img\":\"galleries\\/5.jpg\",\"description\":\"\"},{\"img\":\"galleries\\/6.jpg\",\"description\":\"\"},{\"img\":\"galleries\\/7.jpg\",\"description\":\"\"},{\"img\":\"galleries\\/8.jpg\",\"description\":\"\"}]', 4, 'Mxcar\\Gallery\\Models\\Gallery', '2026-03-06 08:22:22', '2026-03-06 08:22:22'),
(5, '[{\"img\":\"galleries\\/1.jpg\",\"description\":\"\"},{\"img\":\"galleries\\/2.jpg\",\"description\":\"\"},{\"img\":\"galleries\\/3.jpg\",\"description\":\"\"},{\"img\":\"galleries\\/4.jpg\",\"description\":\"\"},{\"img\":\"galleries\\/5.jpg\",\"description\":\"\"},{\"img\":\"galleries\\/6.jpg\",\"description\":\"\"},{\"img\":\"galleries\\/7.jpg\",\"description\":\"\"},{\"img\":\"galleries\\/8.jpg\",\"description\":\"\"}]', 5, 'Mxcar\\Gallery\\Models\\Gallery', '2026-03-06 08:22:22', '2026-03-06 08:22:22'),
(6, '[{\"img\":\"galleries\\/1.jpg\",\"description\":\"\"},{\"img\":\"galleries\\/2.jpg\",\"description\":\"\"},{\"img\":\"galleries\\/3.jpg\",\"description\":\"\"},{\"img\":\"galleries\\/4.jpg\",\"description\":\"\"},{\"img\":\"galleries\\/5.jpg\",\"description\":\"\"},{\"img\":\"galleries\\/6.jpg\",\"description\":\"\"},{\"img\":\"galleries\\/7.jpg\",\"description\":\"\"},{\"img\":\"galleries\\/8.jpg\",\"description\":\"\"}]', 6, 'Mxcar\\Gallery\\Models\\Gallery', '2026-03-06 08:22:22', '2026-03-06 08:22:22'),
(7, '[{\"img\":\"galleries\\/1.jpg\",\"description\":\"\"},{\"img\":\"galleries\\/2.jpg\",\"description\":\"\"},{\"img\":\"galleries\\/3.jpg\",\"description\":\"\"},{\"img\":\"galleries\\/4.jpg\",\"description\":\"\"},{\"img\":\"galleries\\/5.jpg\",\"description\":\"\"},{\"img\":\"galleries\\/6.jpg\",\"description\":\"\"},{\"img\":\"galleries\\/7.jpg\",\"description\":\"\"},{\"img\":\"galleries\\/8.jpg\",\"description\":\"\"}]', 7, 'Mxcar\\Gallery\\Models\\Gallery', '2026-03-06 08:22:22', '2026-03-06 08:22:22'),
(8, '[{\"img\":\"galleries\\/1.jpg\",\"description\":\"\"},{\"img\":\"galleries\\/2.jpg\",\"description\":\"\"},{\"img\":\"galleries\\/3.jpg\",\"description\":\"\"},{\"img\":\"galleries\\/4.jpg\",\"description\":\"\"},{\"img\":\"galleries\\/5.jpg\",\"description\":\"\"},{\"img\":\"galleries\\/6.jpg\",\"description\":\"\"},{\"img\":\"galleries\\/7.jpg\",\"description\":\"\"},{\"img\":\"galleries\\/8.jpg\",\"description\":\"\"}]', 8, 'Mxcar\\Gallery\\Models\\Gallery', '2026-03-06 08:22:22', '2026-03-06 08:22:22'),
(9, '[{\"img\":\"galleries\\/1.jpg\",\"description\":\"\"},{\"img\":\"galleries\\/2.jpg\",\"description\":\"\"},{\"img\":\"galleries\\/3.jpg\",\"description\":\"\"},{\"img\":\"galleries\\/4.jpg\",\"description\":\"\"},{\"img\":\"galleries\\/5.jpg\",\"description\":\"\"},{\"img\":\"galleries\\/6.jpg\",\"description\":\"\"},{\"img\":\"galleries\\/7.jpg\",\"description\":\"\"},{\"img\":\"galleries\\/8.jpg\",\"description\":\"\"}]', 9, 'Mxcar\\Gallery\\Models\\Gallery', '2026-03-06 08:22:22', '2026-03-06 08:22:22'),
(10, '[{\"img\":\"galleries\\/1.jpg\",\"description\":\"\"},{\"img\":\"galleries\\/2.jpg\",\"description\":\"\"},{\"img\":\"galleries\\/3.jpg\",\"description\":\"\"},{\"img\":\"galleries\\/4.jpg\",\"description\":\"\"},{\"img\":\"galleries\\/5.jpg\",\"description\":\"\"},{\"img\":\"galleries\\/6.jpg\",\"description\":\"\"},{\"img\":\"galleries\\/7.jpg\",\"description\":\"\"},{\"img\":\"galleries\\/8.jpg\",\"description\":\"\"}]', 10, 'Mxcar\\Gallery\\Models\\Gallery', '2026-03-06 08:22:22', '2026-03-06 08:22:22'),
(66, NULL, 14, 'Mxcar\\Page\\Models\\Page', '2026-04-30 09:05:22', '2026-04-30 09:05:22'),
(68, NULL, 11, 'Mxcar\\Page\\Models\\Page', '2026-04-30 09:07:52', '2026-04-30 09:07:52'),
(71, NULL, 26, 'Mxcar\\Page\\Models\\Page', '2026-04-30 09:13:25', '2026-04-30 09:13:25'),
(72, NULL, 13, 'Mxcar\\Page\\Models\\Page', '2026-04-30 09:15:09', '2026-04-30 09:15:09'),
(74, NULL, 21, 'Mxcar\\Page\\Models\\Page', '2026-04-30 09:17:56', '2026-04-30 09:17:56'),
(75, NULL, 25, 'Mxcar\\Page\\Models\\Page', '2026-04-30 09:18:27', '2026-04-30 09:18:27'),
(76, NULL, 23, 'Mxcar\\Page\\Models\\Page', '2026-04-30 09:20:07', '2026-04-30 09:20:07'),
(77, NULL, 22, 'Mxcar\\Page\\Models\\Page', '2026-04-30 09:20:35', '2026-04-30 09:20:35'),
(79, NULL, 2, 'Mxcar\\Blog\\Models\\Post', '2026-04-30 17:17:34', '2026-04-30 17:17:34'),
(96, NULL, 37, 'Mxcar\\Page\\Models\\Page', '2026-05-11 13:52:21', '2026-05-11 13:52:21'),
(97, NULL, 36, 'Mxcar\\Page\\Models\\Page', '2026-05-11 13:53:34', '2026-05-11 13:53:34'),
(98, NULL, 35, 'Mxcar\\Page\\Models\\Page', '2026-05-11 13:54:33', '2026-05-11 13:54:33'),
(99, NULL, 34, 'Mxcar\\Page\\Models\\Page', '2026-05-11 13:55:37', '2026-05-11 13:55:37'),
(100, NULL, 33, 'Mxcar\\Page\\Models\\Page', '2026-05-11 13:56:37', '2026-05-11 13:56:37'),
(101, NULL, 32, 'Mxcar\\Page\\Models\\Page', '2026-05-11 13:57:30', '2026-05-11 13:57:30'),
(102, NULL, 30, 'Mxcar\\Page\\Models\\Page', '2026-05-11 14:02:04', '2026-05-11 14:02:04'),
(103, NULL, 29, 'Mxcar\\Page\\Models\\Page', '2026-05-11 14:02:53', '2026-05-11 14:02:53'),
(104, NULL, 27, 'Mxcar\\Page\\Models\\Page', '2026-05-11 14:06:50', '2026-05-11 14:06:50'),
(105, NULL, 16, 'Mxcar\\Page\\Models\\Page', '2026-05-11 14:15:57', '2026-05-11 14:15:57'),
(106, NULL, 18, 'Mxcar\\Page\\Models\\Page', '2026-05-11 14:18:28', '2026-05-11 14:18:28'),
(107, NULL, 19, 'Mxcar\\Page\\Models\\Page', '2026-05-11 14:18:58', '2026-05-11 14:18:58'),
(108, NULL, 1, 'Mxcar\\Page\\Models\\Page', '2026-06-10 04:31:34', '2026-06-10 04:31:34');

-- --------------------------------------------------------

--
-- Table structure for table `gallery_meta_translations`
--

CREATE TABLE `gallery_meta_translations` (
  `lang_code` varchar(20) NOT NULL,
  `gallery_meta_id` bigint(20) UNSIGNED NOT NULL,
  `images` text DEFAULT NULL
) ENGINE=InnoDB DEFAULT CHARSET=utf8mb4 COLLATE=utf8mb4_unicode_ci;

-- --------------------------------------------------------

--
-- Table structure for table `jobs`
--

CREATE TABLE `jobs` (
  `id` bigint(20) UNSIGNED NOT NULL,
  `queue` varchar(191) NOT NULL,
  `payload` longtext NOT NULL,
  `attempts` tinyint(3) UNSIGNED NOT NULL,
  `reserved_at` int(10) UNSIGNED DEFAULT NULL,
  `available_at` int(10) UNSIGNED NOT NULL,
  `created_at` int(10) UNSIGNED NOT NULL
) ENGINE=InnoDB DEFAULT CHARSET=utf8mb4 COLLATE=utf8mb4_unicode_ci;

-- --------------------------------------------------------

--
-- Table structure for table `languages`
--

CREATE TABLE `languages` (
  `lang_id` bigint(20) UNSIGNED NOT NULL,
  `lang_name` varchar(120) NOT NULL,
  `lang_locale` varchar(20) NOT NULL,
  `lang_code` varchar(20) NOT NULL,
  `lang_flag` varchar(20) DEFAULT NULL,
  `lang_is_default` tinyint(3) UNSIGNED NOT NULL DEFAULT 0,
  `lang_order` int(11) NOT NULL DEFAULT 0,
  `lang_is_rtl` tinyint(3) UNSIGNED NOT NULL DEFAULT 0
) ENGINE=InnoDB DEFAULT CHARSET=utf8mb4 COLLATE=utf8mb4_unicode_ci;

--
-- Dumping data for table `languages`
--

INSERT INTO `languages` (`lang_id`, `lang_name`, `lang_locale`, `lang_code`, `lang_flag`, `lang_is_default`, `lang_order`, `lang_is_rtl`) VALUES
(1, 'English', 'en', 'en_US', 'us', 1, 0, 0);

-- --------------------------------------------------------

--
-- Table structure for table `language_meta`
--

CREATE TABLE `language_meta` (
  `lang_meta_id` bigint(20) UNSIGNED NOT NULL,
  `lang_meta_code` varchar(20) DEFAULT NULL,
  `lang_meta_origin` varchar(32) NOT NULL,
  `reference_id` bigint(20) UNSIGNED NOT NULL,
  `reference_type` varchar(120) NOT NULL
) ENGINE=InnoDB DEFAULT CHARSET=utf8mb4 COLLATE=utf8mb4_unicode_ci;

--
-- Dumping data for table `language_meta`
--

INSERT INTO `language_meta` (`lang_meta_id`, `lang_meta_code`, `lang_meta_origin`, `reference_id`, `reference_type`) VALUES
(1, 'en_US', '0eb187bd677352da0b51fde2afe35cca', 1, 'Mxcar\\Menu\\Models\\MenuLocation'),
(2, 'en_US', 'd7eac16b9db725041f3076f62acb4468', 1, 'Mxcar\\Menu\\Models\\Menu'),
(3, 'en_US', '69f3ffbca46a6517b5a1b46559084e67', 1, 'Mxcar\\SimpleSlider\\Models\\SimpleSlider'),
(4, 'en_US', '491c39cf2dcb04a8e78914a1c432bd0d', 2, 'Mxcar\\SimpleSlider\\Models\\SimpleSlider'),
(5, 'en_US', '766dcb434b464b7ff69f4c651adda390', 1, 'Mxcar\\Menu\\Models\\MenuNode'),
(6, 'en_US', 'f4051fd48038280db455fa1ff9f5f56b', 5, 'Mxcar\\Menu\\Models\\MenuNode'),
(7, 'en_US', 'e1c7f7631deedc5030723921f3b961ed', 6, 'Mxcar\\Menu\\Models\\MenuNode'),
(8, 'en_US', '6ebbd1f87f7bc098a2635cf680875d5a', 7, 'Mxcar\\Menu\\Models\\MenuNode'),
(9, 'en_US', '2ea6cdd942bbc96bb02e00236ac4d7d4', 8, 'Mxcar\\Menu\\Models\\MenuNode'),
(10, 'en_US', 'd19e93ea85a00f768a2a099c2c723ac0', 9, 'Mxcar\\Menu\\Models\\MenuNode'),
(11, 'en_US', 'ca89bf2a81a26be4dc9bd31316a7b3a3', 10, 'Mxcar\\Menu\\Models\\MenuNode'),
(12, 'en_US', '435fd563e81bbf4a99f8699c917a4c5b', 11, 'Mxcar\\Menu\\Models\\MenuNode'),
(13, 'en_US', 'cf71765e48d683697ad7d08ef1995066', 12, 'Mxcar\\Menu\\Models\\MenuNode'),
(14, 'en_US', 'a3194558c9c6cee452c9b79dfd30b936', 13, 'Mxcar\\Menu\\Models\\MenuNode'),
(15, 'en_US', '72691facdbc42347ee1c3a887d37847e', 14, 'Mxcar\\Menu\\Models\\MenuNode'),
(16, 'en_US', '3425bdbab99d89fae21d581c4a8534ba', 15, 'Mxcar\\Menu\\Models\\MenuNode'),
(17, 'en_US', '49026eacbfac28d2152c723bb7e7be2a', 16, 'Mxcar\\Menu\\Models\\MenuNode'),
(18, 'en_US', '3af8f4b5b2195f970f748f81b8f5dd42', 17, 'Mxcar\\Menu\\Models\\MenuNode'),
(19, 'en_US', '16047c40a090691ae197ae3ab802ddb5', 18, 'Mxcar\\Menu\\Models\\MenuNode'),
(20, 'en_US', '3fce6d46fd8ef92427ced5e5146e7f74', 19, 'Mxcar\\Menu\\Models\\MenuNode'),
(21, 'en_US', 'e4a2f1cd8f29663a482f568ebf1a31b1', 20, 'Mxcar\\Menu\\Models\\MenuNode'),
(22, 'en_US', 'f8502ef0e806a3e2b36843694c245bbb', 21, 'Mxcar\\Menu\\Models\\MenuNode'),
(23, 'en_US', '75763e689e8df7bbe4360b1a1428979c', 22, 'Mxcar\\Menu\\Models\\MenuNode'),
(24, 'en_US', '8c935990012b1f26e8c5cb2c8df249a2', 23, 'Mxcar\\Menu\\Models\\MenuNode'),
(25, 'en_US', '40a00b858ed5ed2e1cc09604e8142000', 24, 'Mxcar\\Menu\\Models\\MenuNode'),
(26, 'en_US', '37a48771fa6c0fab019cc2e6cca49f6d', 25, 'Mxcar\\Menu\\Models\\MenuNode'),
(27, 'en_US', '7afb9a075d7334e3cfe3c4e56336eb74', 26, 'Mxcar\\Menu\\Models\\MenuNode'),
(28, 'en_US', 'e208dec2ea8a7002e9c052201702e88d', 27, 'Mxcar\\Menu\\Models\\MenuNode'),
(29, 'en_US', 'f785c0881b0d8b8cb892f4431a2beaae', 28, 'Mxcar\\Menu\\Models\\MenuNode'),
(30, 'en_US', '92717239c27e28414fb0000f02e93153', 30, 'Mxcar\\Menu\\Models\\MenuNode'),
(31, 'en_US', '0886bd17cfc9cc9bc98476c82a69a416', 31, 'Mxcar\\Menu\\Models\\MenuNode');

-- --------------------------------------------------------

--
-- Table structure for table `media_files`
--

CREATE TABLE `media_files` (
  `id` bigint(20) UNSIGNED NOT NULL,
  `user_id` bigint(20) UNSIGNED NOT NULL,
  `name` varchar(191) NOT NULL,
  `alt` varchar(191) DEFAULT NULL,
  `folder_id` bigint(20) UNSIGNED NOT NULL DEFAULT 0,
  `mime_type` varchar(120) NOT NULL,
  `size` int(11) NOT NULL,
  `url` varchar(191) NOT NULL,
  `options` text DEFAULT NULL,
  `created_at` timestamp NULL DEFAULT NULL,
  `updated_at` timestamp NULL DEFAULT NULL,
  `deleted_at` timestamp NULL DEFAULT NULL,
  `visibility` varchar(191) NOT NULL DEFAULT 'public'
) ENGINE=InnoDB DEFAULT CHARSET=utf8mb4 COLLATE=utf8mb4_unicode_ci;

--
-- Dumping data for table `media_files`
--

INSERT INTO `media_files` (`id`, `user_id`, `name`, `alt`, `folder_id`, `mime_type`, `size`, `url`, `options`, `created_at`, `updated_at`, `deleted_at`, `visibility`) VALUES
(1, 0, '1', '1', 1, 'image/jpeg', 10644, 'general/1.jpg', '[]', '2026-03-06 08:22:03', '2026-03-06 08:22:03', NULL, 'public'),
(2, 0, '2', '2', 1, 'image/jpeg', 4750, 'general/2.jpg', '[]', '2026-03-06 08:22:03', '2026-03-06 08:22:03', NULL, 'public'),
(3, 0, '3', '3', 1, 'image/jpeg', 8045, 'general/3.jpg', '[]', '2026-03-06 08:22:03', '2026-03-06 08:22:03', NULL, 'public'),
(4, 0, 'about-us-1', 'about-us-1', 1, 'image/jpeg', 11009, 'general/about-us-1.jpg', '[]', '2026-03-06 08:22:04', '2026-03-06 08:22:04', NULL, 'public'),
(5, 0, 'about-us-2', 'about-us-2', 1, 'image/jpeg', 11009, 'general/about-us-2.jpg', '[]', '2026-03-06 08:22:04', '2026-03-06 08:22:04', NULL, 'public'),
(6, 0, 'about-us-3', 'about-us-3', 1, 'image/jpeg', 9151, 'general/about-us-3.jpg', '[]', '2026-03-06 08:22:04', '2026-03-06 08:22:04', NULL, 'public'),
(8, 0, 'appstore', 'appstore', 1, 'image/png', 3718, 'general/appstore.png', '[]', '2026-03-06 08:22:05', '2026-03-06 08:22:05', NULL, 'public'),
(11, 0, 'googleplay', 'googleplay', 1, 'image/png', 3970, 'general/googleplay.png', '[]', '2026-03-06 08:22:05', '2026-03-06 08:22:05', NULL, 'public'),
(12, 0, 'img-1', 'img-1', 1, 'image/png', 8332, 'general/img-1.png', '[]', '2026-03-06 08:22:06', '2026-03-06 08:22:06', NULL, 'public'),
(13, 0, 'img-2-1', 'img-2-1', 1, 'image/png', 4793, 'general/img-2-1.png', '[]', '2026-03-06 08:22:06', '2026-03-06 08:22:06', NULL, 'public'),
(14, 0, 'img-2-2', 'img-2-2', 1, 'image/png', 4443, 'general/img-2-2.png', '[]', '2026-03-06 08:22:06', '2026-03-06 08:22:06', NULL, 'public'),
(15, 0, 'img-2-3', 'img-2-3', 1, 'image/png', 3547, 'general/img-2-3.png', '[]', '2026-03-06 08:22:06', '2026-03-06 08:22:06', NULL, 'public'),
(16, 0, 'img-2-4', 'img-2-4', 1, 'image/png', 4221, 'general/img-2-4.png', '[]', '2026-03-06 08:22:07', '2026-03-06 08:22:07', NULL, 'public'),
(17, 0, 'img-2', 'img-2', 1, 'image/png', 8360, 'general/img-2.png', '[]', '2026-03-06 08:22:07', '2026-03-06 08:22:07', NULL, 'public'),
(18, 0, 'img-3', 'img-3', 1, 'image/png', 7564, 'general/img-3.png', '[]', '2026-03-06 08:22:07', '2026-03-06 08:22:07', NULL, 'public'),
(19, 0, 'img-4', 'img-4', 1, 'image/png', 7335, 'general/img-4.png', '[]', '2026-03-06 08:22:07', '2026-03-06 08:22:07', NULL, 'public'),
(20, 0, 'img-5', 'img-5', 1, 'image/png', 8318, 'general/img-5.png', '[]', '2026-03-06 08:22:08', '2026-03-06 08:22:08', NULL, 'public'),
(23, 0, 'phone', 'phone', 1, 'image/png', 10618, 'general/phone.png', '[]', '2026-03-06 08:22:08', '2026-03-06 08:22:08', NULL, 'public'),
(24, 0, 'truck', 'truck', 1, 'image/png', 5660, 'general/truck.png', '[]', '2026-03-06 08:22:09', '2026-03-06 08:22:09', NULL, 'public'),
(29, 0, '1', '1', 3, 'image/jpeg', 19108, 'news/1.jpg', '[]', '2026-03-06 08:22:11', '2026-03-06 08:22:11', NULL, 'public'),
(30, 0, '10', '10', 3, 'image/jpeg', 19108, 'news/10.jpg', '[]', '2026-03-06 08:22:12', '2026-03-06 08:22:12', NULL, 'public'),
(31, 0, '11', '11', 3, 'image/jpeg', 19108, 'news/11.jpg', '[]', '2026-03-06 08:22:12', '2026-03-06 08:22:12', NULL, 'public'),
(32, 0, '12', '12', 3, 'image/jpeg', 19108, 'news/12.jpg', '[]', '2026-03-06 08:22:12', '2026-03-06 08:22:12', NULL, 'public'),
(33, 0, '13', '13', 3, 'image/jpeg', 19108, 'news/13.jpg', '[]', '2026-03-06 08:22:13', '2026-03-06 08:22:13', NULL, 'public'),
(34, 0, '14', '14', 3, 'image/jpeg', 19108, 'news/14.jpg', '[]', '2026-03-06 08:22:13', '2026-03-06 08:22:13', NULL, 'public'),
(35, 0, '15', '15', 3, 'image/jpeg', 19108, 'news/15.jpg', '[]', '2026-03-06 08:22:13', '2026-03-06 08:22:13', NULL, 'public'),
(36, 0, '16', '16', 3, 'image/jpeg', 19108, 'news/16.jpg', '[]', '2026-03-06 08:22:14', '2026-03-06 08:22:14', NULL, 'public'),
(37, 0, '17', '17', 3, 'image/jpeg', 19108, 'news/17.jpg', '[]', '2026-03-06 08:22:14', '2026-03-06 08:22:14', NULL, 'public'),
(38, 0, '18', '18', 3, 'image/jpeg', 19108, 'news/18.jpg', '[]', '2026-03-06 08:22:14', '2026-03-06 08:22:14', NULL, 'public'),
(39, 0, '19', '19', 3, 'image/jpeg', 19108, 'news/19.jpg', '[]', '2026-03-06 08:22:15', '2026-03-06 08:22:15', NULL, 'public'),
(40, 0, '2', '2', 3, 'image/jpeg', 19108, 'news/2.jpg', '[]', '2026-03-06 08:22:15', '2026-03-06 08:22:15', NULL, 'public'),
(41, 0, '20', '20', 3, 'image/jpeg', 19108, 'news/20.jpg', '[]', '2026-03-06 08:22:15', '2026-03-06 08:22:15', NULL, 'public'),
(42, 0, '3', '3', 3, 'image/jpeg', 19108, 'news/3.jpg', '[]', '2026-03-06 08:22:16', '2026-03-06 08:22:16', NULL, 'public'),
(43, 0, '4', '4', 3, 'image/jpeg', 19108, 'news/4.jpg', '[]', '2026-03-06 08:22:16', '2026-03-06 08:22:16', NULL, 'public'),
(44, 0, '5', '5', 3, 'image/jpeg', 19108, 'news/5.jpg', '[]', '2026-03-06 08:22:16', '2026-03-06 08:22:16', NULL, 'public'),
(45, 0, '6', '6', 3, 'image/jpeg', 19108, 'news/6.jpg', '[]', '2026-03-06 08:22:17', '2026-03-06 08:22:17', NULL, 'public'),
(46, 0, '7', '7', 3, 'image/jpeg', 19108, 'news/7.jpg', '[]', '2026-03-06 08:22:17', '2026-03-06 08:22:17', NULL, 'public'),
(47, 0, '8', '8', 3, 'image/jpeg', 19108, 'news/8.jpg', '[]', '2026-03-06 08:22:17', '2026-03-06 08:22:17', NULL, 'public'),
(48, 0, '9', '9', 3, 'image/jpeg', 19108, 'news/9.jpg', '[]', '2026-03-06 08:22:18', '2026-03-06 08:22:18', NULL, 'public'),
(49, 0, '1', '1', 4, 'image/jpeg', 12879, 'galleries/1.jpg', '[]', '2026-03-06 08:22:18', '2026-03-06 08:22:18', NULL, 'public'),
(50, 0, '10', '10', 4, 'image/jpeg', 12879, 'galleries/10.jpg', '[]', '2026-03-06 08:22:19', '2026-03-06 08:22:19', NULL, 'public'),
(51, 0, '2', '2', 4, 'image/jpeg', 12879, 'galleries/2.jpg', '[]', '2026-03-06 08:22:19', '2026-03-06 08:22:19', NULL, 'public'),
(52, 0, '3', '3', 4, 'image/jpeg', 12879, 'galleries/3.jpg', '[]', '2026-03-06 08:22:19', '2026-03-06 08:22:19', NULL, 'public'),
(53, 0, '4', '4', 4, 'image/jpeg', 12879, 'galleries/4.jpg', '[]', '2026-03-06 08:22:20', '2026-03-06 08:22:20', NULL, 'public'),
(54, 0, '5', '5', 4, 'image/jpeg', 12879, 'galleries/5.jpg', '[]', '2026-03-06 08:22:20', '2026-03-06 08:22:20', NULL, 'public'),
(55, 0, '6', '6', 4, 'image/jpeg', 12879, 'galleries/6.jpg', '[]', '2026-03-06 08:22:20', '2026-03-06 08:22:20', NULL, 'public'),
(56, 0, '7', '7', 4, 'image/jpeg', 12879, 'galleries/7.jpg', '[]', '2026-03-06 08:22:21', '2026-03-06 08:22:21', NULL, 'public'),
(57, 0, '8', '8', 4, 'image/jpeg', 12879, 'galleries/8.jpg', '[]', '2026-03-06 08:22:21', '2026-03-06 08:22:21', NULL, 'public'),
(58, 0, '9', '9', 4, 'image/jpeg', 12879, 'galleries/9.jpg', '[]', '2026-03-06 08:22:21', '2026-03-06 08:22:21', NULL, 'public'),
(59, 0, '1', '1', 5, 'image/jpeg', 9803, 'teams/1.jpg', '[]', '2026-03-06 08:22:22', '2026-03-06 08:22:22', NULL, 'public'),
(60, 0, '2', '2', 5, 'image/jpeg', 9803, 'teams/2.jpg', '[]', '2026-03-06 08:22:22', '2026-03-06 08:22:22', NULL, 'public'),
(61, 0, '3', '3', 5, 'image/jpeg', 9803, 'teams/3.jpg', '[]', '2026-03-06 08:22:23', '2026-03-06 08:22:23', NULL, 'public'),
(62, 0, '4', '4', 5, 'image/jpeg', 9803, 'teams/4.jpg', '[]', '2026-03-06 08:22:23', '2026-03-06 08:22:23', NULL, 'public'),
(63, 0, '5', '5', 5, 'image/jpeg', 9803, 'teams/5.jpg', '[]', '2026-03-06 08:22:23', '2026-03-06 08:22:23', NULL, 'public'),
(64, 0, '6', '6', 5, 'image/jpeg', 9803, 'teams/6.jpg', '[]', '2026-03-06 08:22:24', '2026-05-11 15:49:51', '2026-05-11 15:49:51', 'public'),
(65, 0, '7', '7', 5, 'image/jpeg', 9803, 'teams/7.jpg', '[]', '2026-03-06 08:22:24', '2026-03-06 08:22:24', NULL, 'public'),
(66, 0, '8', '8', 5, 'image/jpeg', 9803, 'teams/8.jpg', '[]', '2026-03-06 08:22:24', '2026-03-06 08:22:24', NULL, 'public'),
(71, 0, 'location1', 'location1', 7, 'image/jpeg', 11707, 'locations/location1.jpg', '[]', '2026-03-06 08:22:26', '2026-03-06 08:22:26', NULL, 'public'),
(72, 0, 'location2', 'location2', 7, 'image/jpeg', 11707, 'locations/location2.jpg', '[]', '2026-03-06 08:22:26', '2026-03-06 08:22:26', NULL, 'public'),
(74, 0, 'location4', 'location4', 7, 'image/jpeg', 11707, 'locations/location4.jpg', '[]', '2026-03-06 08:22:27', '2026-03-06 08:22:27', NULL, 'public'),
(75, 0, 'location5', 'location5', 7, 'image/jpeg', 11707, 'locations/location5.jpg', '[]', '2026-03-06 08:22:27', '2026-03-06 08:22:27', NULL, 'public'),
(76, 0, 'location6', 'location6', 7, 'image/jpeg', 11707, 'locations/location6.jpg', '[]', '2026-03-06 08:22:27', '2026-03-06 08:22:27', NULL, 'public'),
(77, 0, '1', '1', 8, 'image/jpeg', 3916, 'customers/1.jpg', '[]', '2026-03-06 08:22:28', '2026-03-06 08:22:28', NULL, 'public'),
(78, 0, '10', '10', 8, 'image/jpeg', 3916, 'customers/10.jpg', '[]', '2026-03-06 08:22:28', '2026-03-06 08:22:28', NULL, 'public'),
(79, 0, '11', '11', 8, 'image/jpeg', 3916, 'customers/11.jpg', '[]', '2026-03-06 08:22:28', '2026-03-06 08:22:28', NULL, 'public'),
(80, 0, '12', '12', 8, 'image/jpeg', 3916, 'customers/12.jpg', '[]', '2026-03-06 08:22:29', '2026-03-06 08:22:29', NULL, 'public'),
(81, 0, '13', '13', 8, 'image/jpeg', 3916, 'customers/13.jpg', '[]', '2026-03-06 08:22:29', '2026-03-06 08:22:29', NULL, 'public'),
(82, 0, '14', '14', 8, 'image/jpeg', 3916, 'customers/14.jpg', '[]', '2026-03-06 08:22:29', '2026-03-06 08:22:29', NULL, 'public'),
(83, 0, '15', '15', 8, 'image/jpeg', 3916, 'customers/15.jpg', '[]', '2026-03-06 08:22:30', '2026-03-06 08:22:30', NULL, 'public'),
(84, 0, '16', '16', 8, 'image/jpeg', 3916, 'customers/16.jpg', '[]', '2026-03-06 08:22:30', '2026-03-06 08:22:30', NULL, 'public'),
(85, 0, '17', '17', 8, 'image/jpeg', 3916, 'customers/17.jpg', '[]', '2026-03-06 08:22:30', '2026-03-06 08:22:30', NULL, 'public'),
(86, 0, '18', '18', 8, 'image/jpeg', 3916, 'customers/18.jpg', '[]', '2026-03-06 08:22:30', '2026-03-06 08:22:30', NULL, 'public'),
(87, 0, '19', '19', 8, 'image/jpeg', 3916, 'customers/19.jpg', '[]', '2026-03-06 08:22:31', '2026-03-06 08:22:31', NULL, 'public'),
(88, 0, '2', '2', 8, 'image/jpeg', 3916, 'customers/2.jpg', '[]', '2026-03-06 08:22:31', '2026-03-06 08:22:31', NULL, 'public'),
(89, 0, '20', '20', 8, 'image/jpeg', 3916, 'customers/20.jpg', '[]', '2026-03-06 08:22:31', '2026-03-06 08:22:31', NULL, 'public'),
(90, 0, '21', '21', 8, 'image/jpeg', 3916, 'customers/21.jpg', '[]', '2026-03-06 08:22:32', '2026-03-06 08:22:32', NULL, 'public'),
(91, 0, '22', '22', 8, 'image/jpeg', 3916, 'customers/22.jpg', '[]', '2026-03-06 08:22:32', '2026-03-06 08:22:32', NULL, 'public'),
(92, 0, '23', '23', 8, 'image/jpeg', 3916, 'customers/23.jpg', '[]', '2026-03-06 08:22:32', '2026-03-06 08:22:32', NULL, 'public'),
(93, 0, '24', '24', 8, 'image/jpeg', 3916, 'customers/24.jpg', '[]', '2026-03-06 08:22:33', '2026-03-06 08:22:33', NULL, 'public'),
(94, 0, '25', '25', 8, 'image/jpeg', 3916, 'customers/25.jpg', '[]', '2026-03-06 08:22:33', '2026-03-06 08:22:33', NULL, 'public'),
(95, 0, '26', '26', 8, 'image/jpeg', 3916, 'customers/26.jpg', '[]', '2026-03-06 08:22:33', '2026-03-06 08:22:33', NULL, 'public'),
(96, 0, '27', '27', 8, 'image/jpeg', 3916, 'customers/27.jpg', '[]', '2026-03-06 08:22:34', '2026-03-06 08:22:34', NULL, 'public'),
(97, 0, '28', '28', 8, 'image/jpeg', 3916, 'customers/28.jpg', '[]', '2026-03-06 08:22:34', '2026-03-06 08:22:34', NULL, 'public'),
(98, 0, '29', '29', 8, 'image/jpeg', 3916, 'customers/29.jpg', '[]', '2026-03-06 08:22:34', '2026-03-06 08:22:34', NULL, 'public'),
(99, 0, '3', '3', 8, 'image/jpeg', 3916, 'customers/3.jpg', '[]', '2026-03-06 08:22:35', '2026-03-06 08:22:35', NULL, 'public'),
(100, 0, '30', '30', 8, 'image/jpeg', 3916, 'customers/30.jpg', '[]', '2026-03-06 08:22:35', '2026-03-06 08:22:35', NULL, 'public'),
(101, 0, '31', '31', 8, 'image/jpeg', 3916, 'customers/31.jpg', '[]', '2026-03-06 08:22:35', '2026-03-06 08:22:35', NULL, 'public'),
(102, 0, '4', '4', 8, 'image/jpeg', 3916, 'customers/4.jpg', '[]', '2026-03-06 08:22:35', '2026-03-06 08:22:35', NULL, 'public'),
(103, 0, '5', '5', 8, 'image/jpeg', 3916, 'customers/5.jpg', '[]', '2026-03-06 08:22:36', '2026-03-06 08:22:36', NULL, 'public'),
(104, 0, '6', '6', 8, 'image/jpeg', 3916, 'customers/6.jpg', '[]', '2026-03-06 08:22:36', '2026-03-06 08:22:36', NULL, 'public'),
(105, 0, '7', '7', 8, 'image/jpeg', 3916, 'customers/7.jpg', '[]', '2026-03-06 08:22:36', '2026-03-06 08:22:36', NULL, 'public'),
(106, 0, '8', '8', 8, 'image/jpeg', 3916, 'customers/8.jpg', '[]', '2026-03-06 08:22:36', '2026-03-06 08:22:36', NULL, 'public'),
(107, 0, '9', '9', 8, 'image/jpeg', 3916, 'customers/9.jpg', '[]', '2026-03-06 08:22:37', '2026-03-06 08:22:37', NULL, 'public'),
(108, 0, '1', '1', 9, 'image/jpeg', 33268, 'cars/1.jpg', '[]', '2026-03-06 08:22:49', '2026-03-06 08:22:49', NULL, 'public'),
(109, 0, '10', '10', 9, 'image/jpeg', 33268, 'cars/10.jpg', '[]', '2026-03-06 08:22:50', '2026-03-06 08:22:50', NULL, 'public'),
(110, 0, '100', '100', 9, 'image/jpeg', 33268, 'cars/100.jpg', '[]', '2026-03-06 08:22:50', '2026-03-06 08:22:50', NULL, 'public'),
(111, 0, '101', '101', 9, 'image/jpeg', 33268, 'cars/101.jpg', '[]', '2026-03-06 08:22:51', '2026-03-06 08:22:51', NULL, 'public'),
(112, 0, '102', '102', 9, 'image/jpeg', 33268, 'cars/102.jpg', '[]', '2026-03-06 08:22:52', '2026-03-06 08:22:52', NULL, 'public'),
(113, 0, '103', '103', 9, 'image/jpeg', 33268, 'cars/103.jpg', '[]', '2026-03-06 08:22:52', '2026-03-06 08:22:52', NULL, 'public'),
(114, 0, '104', '104', 9, 'image/jpeg', 33268, 'cars/104.jpg', '[]', '2026-03-06 08:22:52', '2026-03-06 08:22:52', NULL, 'public'),
(115, 0, '105', '105', 9, 'image/jpeg', 33268, 'cars/105.jpg', '[]', '2026-03-06 08:22:53', '2026-03-06 08:22:53', NULL, 'public'),
(116, 0, '11', '11', 9, 'image/jpeg', 33268, 'cars/11.jpg', '[]', '2026-03-06 08:22:54', '2026-03-06 08:22:54', NULL, 'public'),
(117, 0, '12', '12', 9, 'image/jpeg', 33268, 'cars/12.jpg', '[]', '2026-03-06 08:22:54', '2026-03-06 08:22:54', NULL, 'public'),
(118, 0, '13', '13', 9, 'image/jpeg', 33268, 'cars/13.jpg', '[]', '2026-03-06 08:22:55', '2026-03-06 08:22:55', NULL, 'public'),
(119, 0, '14', '14', 9, 'image/jpeg', 33268, 'cars/14.jpg', '[]', '2026-03-06 08:22:55', '2026-03-06 08:22:55', NULL, 'public'),
(120, 0, '15', '15', 9, 'image/jpeg', 33268, 'cars/15.jpg', '[]', '2026-03-06 08:22:56', '2026-03-06 08:22:56', NULL, 'public'),
(121, 0, '16', '16', 9, 'image/jpeg', 33268, 'cars/16.jpg', '[]', '2026-03-06 08:22:56', '2026-03-06 08:22:56', NULL, 'public'),
(122, 0, '17', '17', 9, 'image/jpeg', 33268, 'cars/17.jpg', '[]', '2026-03-06 08:22:57', '2026-03-06 08:22:57', NULL, 'public'),
(123, 0, '18', '18', 9, 'image/jpeg', 33268, 'cars/18.jpg', '[]', '2026-03-06 08:22:57', '2026-03-06 08:22:57', NULL, 'public'),
(124, 0, '19', '19', 9, 'image/jpeg', 33268, 'cars/19.jpg', '[]', '2026-03-06 08:22:58', '2026-03-06 08:22:58', NULL, 'public'),
(125, 0, '2', '2', 9, 'image/jpeg', 33268, 'cars/2.jpg', '[]', '2026-03-06 08:22:59', '2026-03-06 08:22:59', NULL, 'public'),
(126, 0, '20', '20', 9, 'image/jpeg', 33268, 'cars/20.jpg', '[]', '2026-03-06 08:22:59', '2026-03-06 08:22:59', NULL, 'public'),
(127, 0, '21', '21', 9, 'image/jpeg', 33268, 'cars/21.jpg', '[]', '2026-03-06 08:23:00', '2026-03-06 08:23:00', NULL, 'public'),
(128, 0, '22', '22', 9, 'image/jpeg', 33268, 'cars/22.jpg', '[]', '2026-03-06 08:23:00', '2026-03-06 08:23:00', NULL, 'public'),
(129, 0, '23', '23', 9, 'image/jpeg', 33268, 'cars/23.jpg', '[]', '2026-03-06 08:23:01', '2026-03-06 08:23:01', NULL, 'public'),
(130, 0, '24', '24', 9, 'image/jpeg', 33268, 'cars/24.jpg', '[]', '2026-03-06 08:23:01', '2026-03-06 08:23:01', NULL, 'public'),
(131, 0, '25', '25', 9, 'image/jpeg', 33268, 'cars/25.jpg', '[]', '2026-03-06 08:23:02', '2026-03-06 08:23:02', NULL, 'public'),
(132, 0, '26', '26', 9, 'image/jpeg', 33268, 'cars/26.jpg', '[]', '2026-03-06 08:23:03', '2026-03-06 08:23:03', NULL, 'public'),
(133, 0, '27', '27', 9, 'image/jpeg', 33268, 'cars/27.jpg', '[]', '2026-03-06 08:23:05', '2026-03-06 08:23:05', NULL, 'public'),
(134, 0, '28', '28', 9, 'image/jpeg', 33268, 'cars/28.jpg', '[]', '2026-03-06 08:23:05', '2026-03-06 08:23:05', NULL, 'public'),
(135, 0, '29', '29', 9, 'image/jpeg', 33268, 'cars/29.jpg', '[]', '2026-03-06 08:23:06', '2026-03-06 08:23:06', NULL, 'public'),
(136, 0, '3', '3', 9, 'image/jpeg', 33268, 'cars/3.jpg', '[]', '2026-03-06 08:23:06', '2026-03-06 08:23:06', NULL, 'public'),
(137, 0, '30', '30', 9, 'image/jpeg', 33268, 'cars/30.jpg', '[]', '2026-03-06 08:23:07', '2026-03-06 08:23:07', NULL, 'public'),
(138, 0, '31', '31', 9, 'image/jpeg', 33268, 'cars/31.jpg', '[]', '2026-03-06 08:23:07', '2026-03-06 08:23:07', NULL, 'public'),
(139, 0, '32', '32', 9, 'image/jpeg', 33268, 'cars/32.jpg', '[]', '2026-03-06 08:23:08', '2026-03-06 08:23:08', NULL, 'public'),
(140, 0, '33', '33', 9, 'image/jpeg', 33268, 'cars/33.jpg', '[]', '2026-03-06 08:23:08', '2026-03-06 08:23:08', NULL, 'public'),
(141, 0, '34', '34', 9, 'image/jpeg', 33268, 'cars/34.jpg', '[]', '2026-03-06 08:23:09', '2026-03-06 08:23:09', NULL, 'public'),
(142, 0, '35', '35', 9, 'image/jpeg', 33268, 'cars/35.jpg', '[]', '2026-03-06 08:23:09', '2026-03-06 08:23:09', NULL, 'public'),
(143, 0, '36', '36', 9, 'image/jpeg', 33268, 'cars/36.jpg', '[]', '2026-03-06 08:23:10', '2026-03-06 08:23:10', NULL, 'public'),
(144, 0, '37', '37', 9, 'image/jpeg', 33268, 'cars/37.jpg', '[]', '2026-03-06 08:23:10', '2026-03-06 08:23:10', NULL, 'public'),
(145, 0, '38', '38', 9, 'image/jpeg', 33268, 'cars/38.jpg', '[]', '2026-03-06 08:23:11', '2026-03-06 08:23:11', NULL, 'public'),
(146, 0, '39', '39', 9, 'image/jpeg', 33268, 'cars/39.jpg', '[]', '2026-03-06 08:23:12', '2026-03-06 08:23:12', NULL, 'public'),
(147, 0, '4', '4', 9, 'image/jpeg', 33268, 'cars/4.jpg', '[]', '2026-03-06 08:23:14', '2026-03-06 08:23:14', NULL, 'public'),
(148, 0, '40', '40', 9, 'image/jpeg', 33268, 'cars/40.jpg', '[]', '2026-03-06 08:23:15', '2026-03-06 08:23:15', NULL, 'public'),
(149, 0, '41', '41', 9, 'image/jpeg', 33268, 'cars/41.jpg', '[]', '2026-03-06 08:23:16', '2026-03-06 08:23:16', NULL, 'public'),
(150, 0, '42', '42', 9, 'image/jpeg', 33268, 'cars/42.jpg', '[]', '2026-03-06 08:23:16', '2026-03-06 08:23:16', NULL, 'public'),
(151, 0, '43', '43', 9, 'image/jpeg', 33268, 'cars/43.jpg', '[]', '2026-03-06 08:23:17', '2026-03-06 08:23:17', NULL, 'public'),
(152, 0, '44', '44', 9, 'image/jpeg', 33268, 'cars/44.jpg', '[]', '2026-03-06 08:23:17', '2026-03-06 08:23:17', NULL, 'public'),
(153, 0, '45', '45', 9, 'image/jpeg', 33268, 'cars/45.jpg', '[]', '2026-03-06 08:23:18', '2026-03-06 08:23:18', NULL, 'public'),
(154, 0, '46', '46', 9, 'image/jpeg', 33268, 'cars/46.jpg', '[]', '2026-03-06 08:23:18', '2026-03-06 08:23:18', NULL, 'public'),
(155, 0, '47', '47', 9, 'image/jpeg', 33268, 'cars/47.jpg', '[]', '2026-03-06 08:23:19', '2026-03-06 08:23:19', NULL, 'public'),
(156, 0, '48', '48', 9, 'image/jpeg', 33268, 'cars/48.jpg', '[]', '2026-03-06 08:23:19', '2026-03-06 08:23:19', NULL, 'public'),
(157, 0, '49', '49', 9, 'image/jpeg', 33268, 'cars/49.jpg', '[]', '2026-03-06 08:23:20', '2026-03-06 08:23:20', NULL, 'public'),
(158, 0, '5', '5', 9, 'image/jpeg', 33268, 'cars/5.jpg', '[]', '2026-03-06 08:23:20', '2026-03-06 08:23:20', NULL, 'public'),
(159, 0, '50', '50', 9, 'image/jpeg', 33268, 'cars/50.jpg', '[]', '2026-03-06 08:23:21', '2026-03-06 08:23:21', NULL, 'public'),
(160, 0, '51', '51', 9, 'image/jpeg', 33268, 'cars/51.jpg', '[]', '2026-03-06 08:23:21', '2026-03-06 08:23:21', NULL, 'public'),
(161, 0, '52', '52', 9, 'image/jpeg', 33268, 'cars/52.jpg', '[]', '2026-03-06 08:23:22', '2026-03-06 08:23:22', NULL, 'public'),
(162, 0, '53', '53', 9, 'image/jpeg', 33268, 'cars/53.jpg', '[]', '2026-03-06 08:23:22', '2026-03-06 08:23:22', NULL, 'public'),
(163, 0, '54', '54', 9, 'image/jpeg', 33268, 'cars/54.jpg', '[]', '2026-03-06 08:23:23', '2026-03-06 08:23:23', NULL, 'public'),
(164, 0, '55', '55', 9, 'image/jpeg', 33268, 'cars/55.jpg', '[]', '2026-03-06 08:23:23', '2026-03-06 08:23:23', NULL, 'public'),
(165, 0, '56', '56', 9, 'image/jpeg', 33268, 'cars/56.jpg', '[]', '2026-03-06 08:23:24', '2026-03-06 08:23:24', NULL, 'public'),
(166, 0, '57', '57', 9, 'image/jpeg', 33268, 'cars/57.jpg', '[]', '2026-03-06 08:23:24', '2026-03-06 08:23:24', NULL, 'public'),
(167, 0, '58', '58', 9, 'image/jpeg', 33268, 'cars/58.jpg', '[]', '2026-03-06 08:23:25', '2026-03-06 08:23:25', NULL, 'public'),
(168, 0, '59', '59', 9, 'image/jpeg', 33268, 'cars/59.jpg', '[]', '2026-03-06 08:23:25', '2026-03-06 08:23:25', NULL, 'public'),
(169, 0, '6', '6', 9, 'image/jpeg', 33268, 'cars/6.jpg', '[]', '2026-03-06 08:23:26', '2026-03-06 08:23:26', NULL, 'public'),
(170, 0, '60', '60', 9, 'image/jpeg', 33268, 'cars/60.jpg', '[]', '2026-03-06 08:23:26', '2026-03-06 08:23:26', NULL, 'public'),
(171, 0, '61', '61', 9, 'image/jpeg', 33268, 'cars/61.jpg', '[]', '2026-03-06 08:23:27', '2026-03-06 08:23:27', NULL, 'public'),
(172, 0, '62', '62', 9, 'image/jpeg', 33268, 'cars/62.jpg', '[]', '2026-03-06 08:23:27', '2026-03-06 08:23:27', NULL, 'public'),
(173, 0, '63', '63', 9, 'image/jpeg', 33268, 'cars/63.jpg', '[]', '2026-03-06 08:23:28', '2026-03-06 08:23:28', NULL, 'public'),
(174, 0, '64', '64', 9, 'image/jpeg', 33268, 'cars/64.jpg', '[]', '2026-03-06 08:23:28', '2026-03-06 08:23:28', NULL, 'public'),
(175, 0, '65', '65', 9, 'image/jpeg', 33268, 'cars/65.jpg', '[]', '2026-03-06 08:23:29', '2026-03-06 08:23:29', NULL, 'public'),
(176, 0, '66', '66', 9, 'image/jpeg', 33268, 'cars/66.jpg', '[]', '2026-03-06 08:23:29', '2026-03-06 08:23:29', NULL, 'public'),
(177, 0, '67', '67', 9, 'image/jpeg', 33268, 'cars/67.jpg', '[]', '2026-03-06 08:23:30', '2026-03-06 08:23:30', NULL, 'public'),
(178, 0, '68', '68', 9, 'image/jpeg', 33268, 'cars/68.jpg', '[]', '2026-03-06 08:23:30', '2026-03-06 08:23:30', NULL, 'public'),
(179, 0, '69', '69', 9, 'image/jpeg', 33268, 'cars/69.jpg', '[]', '2026-03-06 08:23:31', '2026-03-06 08:23:31', NULL, 'public'),
(180, 0, '7', '7', 9, 'image/jpeg', 33268, 'cars/7.jpg', '[]', '2026-03-06 08:23:31', '2026-03-06 08:23:31', NULL, 'public'),
(181, 0, '70', '70', 9, 'image/jpeg', 33268, 'cars/70.jpg', '[]', '2026-03-06 08:23:32', '2026-03-06 08:23:32', NULL, 'public'),
(182, 0, '71', '71', 9, 'image/jpeg', 33268, 'cars/71.jpg', '[]', '2026-03-06 08:23:32', '2026-03-06 08:23:32', NULL, 'public'),
(183, 0, '72', '72', 9, 'image/jpeg', 33268, 'cars/72.jpg', '[]', '2026-03-06 08:23:33', '2026-03-06 08:23:33', NULL, 'public'),
(184, 0, '73', '73', 9, 'image/jpeg', 33268, 'cars/73.jpg', '[]', '2026-03-06 08:23:33', '2026-03-06 08:23:33', NULL, 'public'),
(185, 0, '74', '74', 9, 'image/jpeg', 33268, 'cars/74.jpg', '[]', '2026-03-06 08:23:34', '2026-03-06 08:23:34', NULL, 'public'),
(186, 0, '75', '75', 9, 'image/jpeg', 33268, 'cars/75.jpg', '[]', '2026-03-06 08:23:34', '2026-03-06 08:23:34', NULL, 'public'),
(187, 0, '76', '76', 9, 'image/jpeg', 33268, 'cars/76.jpg', '[]', '2026-03-06 08:23:34', '2026-03-06 08:23:34', NULL, 'public'),
(188, 0, '77', '77', 9, 'image/jpeg', 33268, 'cars/77.jpg', '[]', '2026-03-06 08:23:35', '2026-03-06 08:23:35', NULL, 'public'),
(189, 0, '78', '78', 9, 'image/jpeg', 33268, 'cars/78.jpg', '[]', '2026-03-06 08:23:35', '2026-03-06 08:23:35', NULL, 'public'),
(190, 0, '79', '79', 9, 'image/jpeg', 33268, 'cars/79.jpg', '[]', '2026-03-06 08:23:36', '2026-03-06 08:23:36', NULL, 'public'),
(191, 0, '8', '8', 9, 'image/jpeg', 33268, 'cars/8.jpg', '[]', '2026-03-06 08:23:37', '2026-03-06 08:23:37', NULL, 'public'),
(192, 0, '80', '80', 9, 'image/jpeg', 33268, 'cars/80.jpg', '[]', '2026-03-06 08:23:38', '2026-03-06 08:23:38', NULL, 'public'),
(193, 0, '81', '81', 9, 'image/jpeg', 33268, 'cars/81.jpg', '[]', '2026-03-06 08:23:38', '2026-03-06 08:23:38', NULL, 'public'),
(194, 0, '82', '82', 9, 'image/jpeg', 33268, 'cars/82.jpg', '[]', '2026-03-06 08:23:39', '2026-03-06 08:23:39', NULL, 'public'),
(195, 0, '83', '83', 9, 'image/jpeg', 33268, 'cars/83.jpg', '[]', '2026-03-06 08:23:40', '2026-03-06 08:23:40', NULL, 'public'),
(196, 0, '84', '84', 9, 'image/jpeg', 33268, 'cars/84.jpg', '[]', '2026-03-06 08:23:40', '2026-03-06 08:23:40', NULL, 'public'),
(197, 0, '85', '85', 9, 'image/jpeg', 33268, 'cars/85.jpg', '[]', '2026-03-06 08:23:41', '2026-03-06 08:23:41', NULL, 'public'),
(198, 0, '86', '86', 9, 'image/jpeg', 33268, 'cars/86.jpg', '[]', '2026-03-06 08:23:42', '2026-03-06 08:23:42', NULL, 'public'),
(199, 0, '87', '87', 9, 'image/jpeg', 33268, 'cars/87.jpg', '[]', '2026-03-06 08:23:42', '2026-03-06 08:23:42', NULL, 'public'),
(200, 0, '88', '88', 9, 'image/jpeg', 33268, 'cars/88.jpg', '[]', '2026-03-06 08:23:43', '2026-03-06 08:23:43', NULL, 'public'),
(201, 0, '89', '89', 9, 'image/jpeg', 33268, 'cars/89.jpg', '[]', '2026-03-06 08:23:44', '2026-03-06 08:23:44', NULL, 'public'),
(202, 0, '9', '9', 9, 'image/jpeg', 33268, 'cars/9.jpg', '[]', '2026-03-06 08:23:44', '2026-03-06 08:23:44', NULL, 'public'),
(203, 0, '90', '90', 9, 'image/jpeg', 33268, 'cars/90.jpg', '[]', '2026-03-06 08:23:45', '2026-03-06 08:23:45', NULL, 'public'),
(204, 0, '91', '91', 9, 'image/jpeg', 33268, 'cars/91.jpg', '[]', '2026-03-06 08:23:45', '2026-03-06 08:23:45', NULL, 'public'),
(205, 0, '92', '92', 9, 'image/jpeg', 33268, 'cars/92.jpg', '[]', '2026-03-06 08:23:46', '2026-03-06 08:23:46', NULL, 'public'),
(206, 0, '93', '93', 9, 'image/jpeg', 33268, 'cars/93.jpg', '[]', '2026-03-06 08:23:46', '2026-03-06 08:23:46', NULL, 'public'),
(207, 0, '94', '94', 9, 'image/jpeg', 33268, 'cars/94.jpg', '[]', '2026-03-06 08:23:47', '2026-03-06 08:23:47', NULL, 'public'),
(208, 0, '95', '95', 9, 'image/jpeg', 33268, 'cars/95.jpg', '[]', '2026-03-06 08:23:48', '2026-03-06 08:23:48', NULL, 'public'),
(209, 0, '96', '96', 9, 'image/jpeg', 33268, 'cars/96.jpg', '[]', '2026-03-06 08:23:48', '2026-03-06 08:23:48', NULL, 'public'),
(210, 0, '97', '97', 9, 'image/jpeg', 33268, 'cars/97.jpg', '[]', '2026-03-06 08:23:49', '2026-03-06 08:23:49', NULL, 'public'),
(211, 0, '98', '98', 9, 'image/jpeg', 33268, 'cars/98.jpg', '[]', '2026-03-06 08:23:49', '2026-03-06 08:23:49', NULL, 'public'),
(212, 0, '99', '99', 9, 'image/jpeg', 33268, 'cars/99.jpg', '[]', '2026-03-06 08:23:50', '2026-03-06 08:23:50', NULL, 'public'),
(213, 0, 'car-1', 'car-1', 9, 'image/jpeg', 33268, 'cars/car-1.jpg', '[]', '2026-03-06 08:23:51', '2026-03-06 08:23:51', NULL, 'public'),
(214, 0, 'car-2', 'car-2', 9, 'image/jpeg', 33268, 'cars/car-2.jpg', '[]', '2026-03-06 08:23:51', '2026-03-06 08:23:51', NULL, 'public'),
(215, 0, 'car-3', 'car-3', 9, 'image/jpeg', 33268, 'cars/car-3.jpg', '[]', '2026-03-06 08:23:52', '2026-03-06 08:23:52', NULL, 'public'),
(216, 0, 'car-4', 'car-4', 9, 'image/jpeg', 33268, 'cars/car-4.jpg', '[]', '2026-03-06 08:23:53', '2026-03-06 08:23:53', NULL, 'public'),
(217, 0, 'car-5', 'car-5', 9, 'image/jpeg', 33268, 'cars/car-5.jpg', '[]', '2026-03-06 08:23:53', '2026-03-06 08:23:53', NULL, 'public'),
(218, 0, 'car-6', 'car-6', 9, 'image/jpeg', 33268, 'cars/car-6.jpg', '[]', '2026-03-06 08:23:54', '2026-03-06 08:23:54', NULL, 'public'),
(219, 0, 'car-7', 'car-7', 9, 'image/jpeg', 33268, 'cars/car-7.jpg', '[]', '2026-03-06 08:23:55', '2026-03-06 08:23:55', NULL, 'public'),
(220, 0, 'car-8', 'car-8', 9, 'image/jpeg', 33268, 'cars/car-8.jpg', '[]', '2026-03-06 08:23:55', '2026-03-06 08:23:55', NULL, 'public'),
(221, 0, 'car-interiors-1', 'car-interiors-1', 9, 'image/jpeg', 33268, 'cars/car-interiors-1.jpg', '[]', '2026-03-06 08:23:56', '2026-03-06 08:23:56', NULL, 'public'),
(222, 0, 'car-interiors-2', 'car-interiors-2', 9, 'image/jpeg', 33268, 'cars/car-interiors-2.jpg', '[]', '2026-03-06 08:23:57', '2026-03-06 08:23:57', NULL, 'public'),
(223, 0, 'car-interiors-3', 'car-interiors-3', 9, 'image/jpeg', 33268, 'cars/car-interiors-3.jpg', '[]', '2026-03-06 08:23:58', '2026-03-06 08:23:58', NULL, 'public'),
(224, 0, 'car-interiors-4', 'car-interiors-4', 9, 'image/jpeg', 33268, 'cars/car-interiors-4.jpg', '[]', '2026-03-06 08:23:58', '2026-03-06 08:23:58', NULL, 'public'),
(225, 0, 'car-interiors-5', 'car-interiors-5', 9, 'image/jpeg', 33268, 'cars/car-interiors-5.jpg', '[]', '2026-03-06 08:23:59', '2026-03-06 08:23:59', NULL, 'public'),
(226, 0, 'car-interiors-6', 'car-interiors-6', 9, 'image/jpeg', 33268, 'cars/car-interiors-6.jpg', '[]', '2026-03-06 08:23:59', '2026-03-06 08:23:59', NULL, 'public'),
(227, 0, 'car-interiors-7', 'car-interiors-7', 9, 'image/jpeg', 33268, 'cars/car-interiors-7.jpg', '[]', '2026-03-06 08:24:00', '2026-03-06 08:24:00', NULL, 'public'),
(228, 0, 'car-interiors-8', 'car-interiors-8', 9, 'image/jpeg', 33268, 'cars/car-interiors-8.jpg', '[]', '2026-03-06 08:24:00', '2026-03-06 08:24:00', NULL, 'public'),
(229, 0, 'img-1', 'img-1', 9, 'image/png', 33268, 'cars/img-1.png', '[]', '2026-03-06 08:24:01', '2026-03-06 08:24:01', NULL, 'public'),
(230, 0, 'img-2', 'img-2', 9, 'image/png', 33268, 'cars/img-2.png', '[]', '2026-03-06 08:24:01', '2026-03-06 08:24:01', NULL, 'public'),
(231, 0, 'banner-1', 'banner-1', 10, 'image/jpeg', 23738, 'sliders/banner-1.jpg', '[]', '2026-03-06 08:24:08', '2026-03-06 08:24:08', NULL, 'public'),
(232, 0, 'banner-2', 'banner-2', 10, 'image/jpeg', 23738, 'sliders/banner-2.jpg', '[]', '2026-03-06 08:24:08', '2026-03-06 08:24:08', NULL, 'public'),
(233, 0, 'img-1-1', 'img-1-1', 10, 'image/jpeg', 23738, 'sliders/img-1-1.jpg', '[]', '2026-03-06 08:24:09', '2026-03-06 08:24:09', NULL, 'public'),
(234, 0, 'img-1', 'img-1', 10, 'image/jpeg', 23738, 'sliders/img-1.jpg', '[]', '2026-03-06 08:24:09', '2026-03-06 08:24:09', NULL, 'public'),
(235, 1, 'Bronco3', 'Bronco3', 11, 'image/jpeg', 413050, 'customers/34/bronco3.jpg', '[]', '2026-03-18 03:58:31', '2026-03-18 03:58:31', NULL, 'public'),
(236, 1, 'Bronco2', 'Bronco2', 11, 'image/jpeg', 6738, 'customers/34/bronco2.jpg', '[]', '2026-03-18 03:58:35', '2026-03-18 03:58:35', NULL, 'public'),
(237, 1, '1-520x520', '1-520x520', 0, 'image/jpeg', 24329, '1-520x520.jpg', '[]', '2026-03-18 10:00:17', '2026-03-18 10:00:17', NULL, 'public'),
(238, 1, 'Bronco2', 'Bronco2', 0, 'image/jpeg', 6738, 'bronco2.jpg', '[]', '2026-03-18 10:01:44', '2026-03-18 10:01:44', NULL, 'public'),
(239, 1, 'Bronco3', 'Bronco3', 0, 'image/jpeg', 413050, 'bronco3.jpg', '[]', '2026-03-18 10:01:49', '2026-03-18 10:01:49', NULL, 'public'),
(240, 1, 'car-loan-form-bg', 'car-loan-form-bg', 0, 'image/jpeg', 89320, 'car-loan-form-bg.jpg', '[]', '2026-03-18 10:01:51', '2026-03-18 10:01:51', NULL, 'public'),
(241, 1, 'dark', 'dark', 0, 'image/png', 12606, 'dark.png', '[]', '2026-03-18 10:01:52', '2026-03-18 10:01:52', NULL, 'public'),
(242, 1, 'hero-banner', 'hero-banner', 0, 'image/jpeg', 86254, 'hero-banner.jpg', '[]', '2026-03-18 10:01:53', '2026-03-18 10:01:53', NULL, 'public'),
(243, 1, 'img-1', 'img-1', 0, 'image/png', 269487, 'img-1.png', '[]', '2026-03-18 10:01:56', '2026-03-18 10:01:56', NULL, 'public'),
(244, 1, 'img-2', 'img-2', 0, 'image/png', 231919, 'img-2.png', '[]', '2026-03-18 10:01:58', '2026-03-18 10:01:58', NULL, 'public'),
(245, 1, 'img-3', 'img-3', 0, 'image/png', 129458, 'img-3.png', '[]', '2026-03-18 10:02:00', '2026-03-18 10:02:00', NULL, 'public'),
(246, 1, 'img-4', 'img-4', 0, 'image/png', 124702, 'img-4.png', '[]', '2026-03-18 10:02:02', '2026-03-18 10:02:02', NULL, 'public'),
(247, 1, 'img-5', 'img-5', 0, 'image/png', 161159, 'img-5.png', '[]', '2026-03-18 10:02:04', '2026-03-18 10:02:04', NULL, 'public'),
(248, 1, 'light', 'light', 0, 'image/png', 13322, 'light.png', '[]', '2026-03-18 10:06:32', '2026-03-18 10:06:32', NULL, 'public'),
(249, 1, 'img-1-1', 'img-1-1', 0, 'image/png', 71597, 'img-1-1.png', '[]', '2026-03-18 10:11:46', '2026-03-18 10:11:46', NULL, 'public'),
(250, 1, 'img-2-1', 'img-2-1', 0, 'image/png', 69522, 'img-2-1.png', '[]', '2026-03-18 10:12:05', '2026-03-18 10:12:05', NULL, 'public'),
(251, 1, 'about-us-bg', 'about-us-bg', 0, 'image/jpeg', 98688, 'about-us-bg.jpg', '[]', '2026-03-18 10:28:50', '2026-03-18 10:28:50', NULL, 'public'),
(252, 1, '4a17324c0cdc150503c394ba27d9c772', '4a17324c0cdc150503c394ba27d9c772', 12, 'image/jpeg', 42423, 'blogs/4a17324c0cdc150503c394ba27d9c772.jpg', '[]', '2026-03-19 06:35:41', '2026-03-19 06:35:41', NULL, 'public'),
(253, 1, '19-1920x1080-520x380', '19-1920x1080-520x380', 12, 'image/jpeg', 25742, 'blogs/19-1920x1080-520x380.jpg', '[]', '2026-03-19 06:35:43', '2026-03-19 06:35:43', NULL, 'public'),
(254, 1, '25-years-car-side-onpng-520x380', '25-years-car-side-onpng-520x380', 12, 'image/webp', 10272, 'blogs/25-years-car-side-onpng-520x380.webp', '[]', '2026-03-19 06:35:43', '2026-03-19 06:35:43', NULL, 'public'),
(255, 1, '61ve5cdifgl-ac-uf10001000-ql80-520x380', '61ve5cdifgl-ac-uf10001000-ql80-520x380', 12, 'image/jpeg', 28614, 'blogs/61ve5cdifgl-ac-uf10001000-ql80-520x380.jpg', '[]', '2026-03-19 06:35:45', '2026-03-19 06:35:45', NULL, 'public'),
(256, 1, '113984896-150x150', '113984896-150x150', 12, 'image/jpeg', 2996, 'blogs/113984896-150x150.jpg', '[]', '2026-03-19 06:35:45', '2026-03-19 06:35:45', NULL, 'public'),
(257, 1, 'blog-smart-car-and-autonomous-selfdriving-mode-vehicle-on-metro-city-road-picture-id877349122-hero-a-520x380', 'blog-smart-car-and-autonomous-selfdriving-mode-vehicle-on-metro-city-road-picture-id877349122-hero-a-520x380', 12, 'image/jpeg', 45966, 'blogs/blog-smart-car-and-autonomous-selfdriving-mode-vehicle-on-metro-city-road-picture-id877349122-hero-a.jpg', '[]', '2026-03-19 06:35:47', '2026-03-19 06:35:47', NULL, 'public'),
(258, 1, 'brand-new-electric-vehicle-production-600nw-2287564725-520x380', 'brand-new-electric-vehicle-production-600nw-2287564725-520x380', 12, 'image/webp', 10818, 'blogs/brand-new-electric-vehicle-production-600nw-2287564725-520x380.webp', '[]', '2026-03-19 06:35:48', '2026-03-19 06:35:48', NULL, 'public'),
(259, 1, 'car-leasing-1000x687-520x380', 'car-leasing-1000x687-520x380', 12, 'image/jpeg', 22110, 'blogs/car-leasing-1000x687-520x380.jpg', '[]', '2026-03-19 06:35:49', '2026-03-19 06:35:49', NULL, 'public'),
(260, 1, 'electric-hybrid-102-6606e5cea9494-1-150x150', 'electric-hybrid-102-6606e5cea9494-1-150x150', 12, 'image/jpeg', 6005, 'blogs/electric-hybrid-102-6606e5cea9494-1-150x150.jpeg', '[]', '2026-03-19 06:35:50', '2026-03-19 06:35:50', NULL, 'public'),
(261, 1, 'images-7-520x380', 'images-7-520x380', 12, 'image/jpeg', 25656, 'blogs/images-7-520x380.jpeg', '[]', '2026-03-19 06:35:51', '2026-03-19 06:35:51', NULL, 'public'),
(262, 1, 'images-11-520x380', 'images-11-520x380', 12, 'image/jpeg', 24715, 'blogs/images-11-520x380.jpeg', '[]', '2026-03-19 06:35:52', '2026-03-19 06:35:52', NULL, 'public'),
(263, 1, 'images-12-150x150', 'images-12-150x150', 12, 'image/jpeg', 5181, 'blogs/images-12-150x150.jpeg', '[]', '2026-03-19 06:35:53', '2026-03-19 06:35:53', NULL, 'public'),
(264, 1, 'images-13', 'images-13', 12, 'image/jpeg', 7371, 'blogs/images-13.jpeg', '[]', '2026-03-19 06:35:54', '2026-03-19 06:35:54', NULL, 'public'),
(265, 1, 'images-14-520x380', 'images-14-520x380', 12, 'image/jpeg', 26265, 'blogs/images-14-520x380.jpeg', '[]', '2026-03-19 06:35:55', '2026-03-19 06:35:55', NULL, 'public'),
(266, 1, 'images-15-520x380', 'images-15-520x380', 12, 'image/jpeg', 21694, 'blogs/images-15-520x380.jpeg', '[]', '2026-03-19 06:35:56', '2026-03-19 06:35:56', NULL, 'public'),
(267, 1, 'images-18-520x380', 'images-18-520x380', 12, 'image/jpeg', 35043, 'blogs/images-18-520x380.jpeg', '[]', '2026-03-19 06:35:57', '2026-03-19 06:35:57', NULL, 'public'),
(268, 1, 'istockphoto-1438308925-612x612-1-520x380', 'istockphoto-1438308925-612x612-1-520x380', 12, 'image/jpeg', 26874, 'blogs/istockphoto-1438308925-612x612-1-520x380.jpg', '[]', '2026-03-19 06:35:58', '2026-03-19 06:35:58', NULL, 'public'),
(269, 1, 'mahindra-thar-1024x576-520x380', 'mahindra-thar-1024x576-520x380', 12, 'image/webp', 10272, 'blogs/mahindra-thar-1024x576-520x380.webp', '[]', '2026-03-19 06:35:59', '2026-03-19 06:35:59', NULL, 'public'),
(270, 1, 'the-evolution-of-electric-vehicles-1024x585-520x380', 'the-evolution-of-electric-vehicles-1024x585-520x380', 12, 'image/png', 317789, 'blogs/the-evolution-of-electric-vehicles-1024x585-520x380.png', '[]', '2026-03-19 06:36:01', '2026-03-19 06:36:01', NULL, 'public'),
(271, 1, 'images-4-1920x1080', 'images-4-1920x1080', 12, 'image/jpeg', 149808, 'blogs/images-4-1920x1080.jpeg', '[]', '2026-03-19 06:47:41', '2026-03-19 06:47:41', NULL, 'public'),
(272, 1, '05-2023-honda-cr-v-sport-3-150x150', '05-2023-honda-cr-v-sport-3-150x150', 13, 'image/jpeg', 5215, 'instagram/05-2023-honda-cr-v-sport-3-150x150.jpg', '[]', '2026-03-19 06:52:32', '2026-03-19 06:52:32', NULL, 'public'),
(273, 1, '12-04-24-gruzja-2857-150x150', '12-04-24-gruzja-2857-150x150', 13, 'image/jpeg', 4849, 'instagram/12-04-24-gruzja-2857-150x150.jpg', '[]', '2026-03-19 06:52:34', '2026-03-19 06:52:34', NULL, 'public'),
(274, 1, 'featured-the-advantages-and-disadvantages-of-hybrid-vs-electric-cars-150x150', 'featured-the-advantages-and-disadvantages-of-hybrid-vs-electric-cars-150x150', 13, 'image/jpeg', 4908, 'instagram/featured-the-advantages-and-disadvantages-of-hybrid-vs-electric-cars-150x150.jpg', '[]', '2026-03-19 06:52:36', '2026-03-19 06:52:36', NULL, 'public'),
(275, 1, 'hybrid-x-design-study-of-the-next-generation-hybrid-vehicle-150x150', 'hybrid-x-design-study-of-the-next-generation-hybrid-vehicle-150x150', 13, 'image/jpeg', 4495, 'instagram/hybrid-x-design-study-of-the-next-generation-hybrid-vehicle-150x150.jpeg', '[]', '2026-03-19 06:52:37', '2026-03-19 06:52:37', NULL, 'public'),
(276, 1, 'images-16-150x150', 'images-16-150x150', 13, 'image/jpeg', 7402, 'instagram/images-16-150x150.jpeg', '[]', '2026-03-19 06:52:38', '2026-03-19 06:52:38', NULL, 'public'),
(277, 1, 'images-18-150x150', 'images-18-150x150', 13, 'image/jpeg', 6921, 'instagram/images-18-150x150.jpeg', '[]', '2026-03-19 06:52:38', '2026-03-19 06:52:38', NULL, 'public'),
(278, 1, 'images-23-150x150', 'images-23-150x150', 13, 'image/jpeg', 4084, 'instagram/images-23-150x150.jpeg', '[]', '2026-03-19 06:52:40', '2026-03-19 06:52:40', NULL, 'public'),
(279, 1, 'kia-ev6-india-150x150', 'kia-ev6-india-150x150', 13, 'image/jpeg', 6014, 'instagram/kia-ev6-india-150x150.jpg', '[]', '2026-03-19 06:52:41', '2026-03-19 06:52:41', NULL, 'public'),
(280, 1, 'large-63358-2025tucsonhybrid-150x150', 'large-63358-2025tucsonhybrid-150x150', 13, 'image/jpeg', 5341, 'instagram/large-63358-2025tucsonhybrid-150x150.jpg', '[]', '2026-03-19 06:52:42', '2026-03-19 06:52:42', NULL, 'public'),
(281, 1, 'coupe', 'coupe', 14, 'image/jpeg', 6235, 'car-types/coupe.jpg', '[]', '2026-03-19 09:10:39', '2026-03-19 09:10:39', NULL, 'public'),
(282, 1, 'cressover', 'cressover', 14, 'image/jpeg', 6623, 'car-types/cressover.jpg', '[]', '2026-03-19 09:10:40', '2026-03-19 09:10:40', NULL, 'public'),
(283, 1, 'hatchback', 'hatchback', 14, 'image/jpeg', 5863, 'car-types/hatchback.jpg', '[]', '2026-03-19 09:10:41', '2026-03-19 09:10:41', NULL, 'public'),
(284, 1, 'minivan', 'minivan', 14, 'image/jpeg', 6056, 'car-types/minivan.jpg', '[]', '2026-03-19 09:10:42', '2026-03-19 09:10:42', NULL, 'public'),
(285, 1, 'pickup', 'pickup', 14, 'image/jpeg', 9111, 'car-types/pickup.jpg', '[]', '2026-03-19 09:10:43', '2026-03-19 09:10:43', NULL, 'public'),
(286, 1, 'sedan', 'sedan', 14, 'image/jpeg', 5836, 'car-types/sedan.jpg', '[]', '2026-03-19 09:10:43', '2026-03-19 09:10:43', NULL, 'public'),
(287, 1, 'sports-car', 'sports-car', 14, 'image/jpeg', 35590, 'car-types/sports-car.jpg', '[]', '2026-03-19 09:10:44', '2026-03-19 09:10:44', NULL, 'public'),
(288, 1, 'suv', 'suv', 14, 'image/jpeg', 6066, 'car-types/suv.jpg', '[]', '2026-03-19 09:10:45', '2026-03-19 09:10:45', NULL, 'public'),
(289, 1, 'about-us-1', 'about-us-1', 15, 'image/jpeg', 48419, 'about-us/about-us-1.jpg', '[]', '2026-03-19 11:28:17', '2026-03-19 11:28:17', NULL, 'public'),
(290, 1, 'about-us-2', 'about-us-2', 15, 'image/jpeg', 42062, 'about-us/about-us-2.jpg', '[]', '2026-03-19 11:28:18', '2026-03-19 11:28:18', NULL, 'public'),
(291, 1, 'images-33', 'images-33', 15, 'image/jpeg', 10611, 'about-us/images-33.jpeg', '[]', '2026-03-19 11:28:19', '2026-03-19 11:28:19', NULL, 'public'),
(292, 1, 'download-3-520x520', 'download-3-520x520', 15, 'image/jpeg', 33294, 'about-us/download-3-520x520.jfif', '[]', '2026-03-19 11:38:06', '2026-03-19 11:38:06', NULL, 'public'),
(293, 1, 'images-3-520x520', 'images-3-520x520', 15, 'image/jpeg', 22000, 'about-us/images-3-520x520.jfif', '[]', '2026-03-19 11:38:07', '2026-03-19 11:38:07', NULL, 'public'),
(294, 1, 'images-4-520x520', 'images-4-520x520', 15, 'image/jpeg', 28305, 'about-us/images-4-520x520.jfif', '[]', '2026-03-19 11:38:08', '2026-03-19 11:38:08', NULL, 'public'),
(295, 1, 'images-6-520x520', 'images-6-520x520', 15, 'image/jpeg', 23276, 'about-us/images-6-520x520.jfif', '[]', '2026-03-19 11:38:09', '2026-03-19 11:38:09', NULL, 'public'),
(296, 1, 'img-2-1', 'img-2-1', 15, 'image/png', 103946, 'about-us/img-2-1.png', '[]', '2026-03-19 11:38:11', '2026-03-19 11:38:11', NULL, 'public'),
(297, 1, 'img-2-2', 'img-2-2', 15, 'image/png', 92240, 'about-us/img-2-2.png', '[]', '2026-03-19 11:38:13', '2026-03-19 11:38:13', NULL, 'public'),
(298, 1, 'img-2-3', 'img-2-3', 15, 'image/png', 64227, 'about-us/img-2-3.png', '[]', '2026-03-19 11:38:14', '2026-03-19 11:38:14', NULL, 'public'),
(299, 1, 'img-2-4', 'img-2-4', 15, 'image/png', 91459, 'about-us/img-2-4.png', '[]', '2026-03-19 11:38:16', '2026-03-19 11:38:16', NULL, 'public'),
(300, 1, 'car', 'car', 0, 'image/jpeg', 20149, 'car.jpg', '[]', '2026-03-20 03:50:32', '2026-03-20 03:50:32', NULL, 'public'),
(301, 1, '3-520x380-520x380', '3-520x380-520x380', 16, 'image/jpeg', 29967, 'services/3-520x380-520x380.jpg', '[]', '2026-03-20 04:19:39', '2026-03-20 04:19:39', NULL, 'public'),
(302, 1, 'black-car-hd-42p5pzpxl5na0cmh', 'black-car-hd-42p5pzpxl5na0cmh', 16, 'image/jpeg', 196501, 'services/black-car-hd-42p5pzpxl5na0cmh.jpg', '[]', '2026-03-20 04:19:41', '2026-03-20 04:19:41', NULL, 'public'),
(303, 1, 'car-replace-520x380', 'car-replace-520x380', 16, 'image/jpeg', 40899, 'services/car-replace-520x380.jpg', '[]', '2026-03-20 04:19:42', '2026-03-20 04:19:42', NULL, 'public'),
(304, 1, 'citron-with-bg-1-520x380', 'citron-with-bg-1-520x380', 16, 'image/png', 233280, 'services/citron-with-bg-1-520x380.png', '[]', '2026-03-20 04:19:44', '2026-03-20 04:19:44', NULL, 'public'),
(305, 1, 'how-can-we-use-roadside-assistance-cover-in-car-insurance-520x380', 'how-can-we-use-roadside-assistance-cover-in-car-insurance-520x380', 16, 'image/jpeg', 33872, 'services/how-can-we-use-roadside-assistance-cover-in-car-insurance-520x380.jpg', '[]', '2026-03-20 04:19:46', '2026-03-20 04:19:46', NULL, 'public'),
(306, 1, 'promotion-block-bg', 'promotion-block-bg', 16, 'image/jpeg', 66248, 'services/promotion-block-bg.jpg', '[]', '2026-03-20 04:19:47', '2026-03-20 04:19:47', NULL, 'public'),
(307, 1, 'tire-replacement-520x380', 'tire-replacement-520x380', 16, 'image/jpeg', 31693, 'services/tire-replacement-520x380.jpg', '[]', '2026-03-20 04:19:49', '2026-03-20 04:19:49', NULL, 'public'),
(309, 1, 'download', 'download', 6, 'image/jpeg', 6168, 'testimonials/download.jfif', '[]', '2026-03-20 05:14:45', '2026-03-20 05:14:45', NULL, 'public'),
(310, 1, 'download-1', 'download-1', 6, 'image/jpeg', 7477, 'testimonials/download-1.jfif', '[]', '2026-03-20 05:14:46', '2026-03-20 05:14:46', NULL, 'public'),
(311, 1, 'download-2', 'download-2', 6, 'image/jpeg', 10584, 'testimonials/download-2.jfif', '[]', '2026-03-20 05:14:47', '2026-03-20 05:14:47', NULL, 'public'),
(312, 1, 'images', 'images', 6, 'image/jpeg', 4184, 'testimonials/images.jfif', '[]', '2026-03-20 05:14:48', '2026-03-20 05:14:48', NULL, 'public'),
(313, 1, 'newsletter-bg', 'newsletter-bg', 0, 'image/jpeg', 31997, 'newsletter-bg.jpg', '[]', '2026-03-20 10:48:29', '2026-03-20 10:48:29', NULL, 'public'),
(314, 1, '2', '2', 0, 'image/jpeg', 73454, '2.jpg', '[]', '2026-03-20 11:26:01', '2026-03-20 11:26:01', NULL, 'public'),
(315, 1, 'ford-mustang-gt02-520x380', 'ford-mustang-gt02-520x380', 17, 'image/jpeg', 26909, 'cars2/ford-mustang-gt02-520x380.jpeg', '[]', '2026-03-25 10:03:36', '2026-03-25 10:03:36', NULL, 'public'),
(316, 1, 'ford-mustang-gt-520x380', 'ford-mustang-gt-520x380', 17, 'image/jpeg', 30285, 'cars2/ford-mustang-gt-520x380.jpeg', '[]', '2026-03-25 10:03:36', '2026-03-25 10:03:36', NULL, 'public'),
(317, 1, '2025-toyota-rav4-hybrid-4dr-suv-se-fq-oem-1-815jpg-1920x1080', '2025-toyota-rav4-hybrid-4dr-suv-se-fq-oem-1-815jpg-1920x1080', 17, 'image/jpeg', 131151, 'cars2/2025-toyota-rav4-hybrid-4dr-suv-se-fq-oem-1-815jpg-1920x1080.jpeg', '[]', '2026-03-25 10:23:21', '2026-03-25 10:23:21', NULL, 'public'),
(318, 1, '2024-honda-cr-v-sport-l-520x380', '2024-honda-cr-v-sport-l-520x380', 17, 'image/jpeg', 25036, 'cars2/2024-honda-cr-v-sport-l-520x380.jpg', '[]', '2026-03-25 10:24:58', '2026-03-25 10:24:58', NULL, 'public'),
(319, 1, 'car-interiors-2-520x380-520x380', 'car-interiors-2-520x380-520x380', 17, 'image/jpeg', 35900, 'cars2/car-interiors-2-520x380-520x380.jpg', '[]', '2026-03-25 10:24:59', '2026-03-25 10:24:59', NULL, 'public'),
(320, 1, 'car-interiors-4-520x380-520x380', 'car-interiors-4-520x380-520x380', 17, 'image/jpeg', 29863, 'cars2/car-interiors-4-520x380-520x380.jpg', '[]', '2026-03-25 10:25:00', '2026-03-25 10:25:00', NULL, 'public'),
(321, 1, '2020-honda-cr-v-4dr-suv-touring-fq-oem-1-815jpg-520x380', '2020-honda-cr-v-4dr-suv-touring-fq-oem-1-815jpg-520x380', 17, 'image/jpeg', 34842, 'cars2/2020-honda-cr-v-4dr-suv-touring-fq-oem-1-815jpg-520x380.jpeg', '[]', '2026-03-25 10:25:01', '2026-03-25 10:25:01', NULL, 'public'),
(322, 1, 'download-4-520x520', 'download-4-520x520', 15, 'image/jpeg', 22587, 'about-us/download-4-520x520.jfif', '[]', '2026-03-25 10:35:47', '2026-03-25 10:35:47', NULL, 'public'),
(323, 1, 'images-2-520x520', 'images-2-520x520', 15, 'image/jpeg', 24178, 'about-us/images-2-520x520.jfif', '[]', '2026-03-25 10:35:48', '2026-03-25 10:35:48', NULL, 'public'),
(324, 1, 'images-5-520x520', 'images-5-520x520', 15, 'image/jpeg', 29481, 'about-us/images-5-520x520.jfif', '[]', '2026-03-25 10:35:49', '2026-03-25 10:35:49', NULL, 'public'),
(325, 1, 'images-7-520x520', 'images-7-520x520', 15, 'image/jpeg', 21364, 'about-us/images-7-520x520.jfif', '[]', '2026-03-25 10:35:50', '2026-03-25 10:35:50', NULL, 'public'),
(326, 1, 'car-interiors-7-520x380-520x380', 'car-interiors-7-520x380-520x380', 17, 'image/jpeg', 25049, 'cars2/car-interiors-7-520x380-520x380.jpg', '[]', '2026-03-25 10:38:39', '2026-03-25 10:38:39', NULL, 'public'),
(327, 1, 'bmw-x-series-x5-sp-desktop-520x380', 'bmw-x-series-x5-sp-desktop-520x380', 17, 'image/jpeg', 24708, 'cars2/bmw-x-series-x5-sp-desktop-520x380.jpg', '[]', '2026-03-25 10:38:40', '2026-03-25 10:38:40', NULL, 'public'),
(328, 1, 'download-1-520x380', 'download-1-520x380', 17, 'image/jpeg', 25416, 'cars2/download-1-520x380.jpeg', '[]', '2026-03-25 10:38:41', '2026-03-25 10:38:41', NULL, 'public'),
(329, 1, 'download-520x380', 'download-520x380', 17, 'image/jpeg', 23579, 'cars2/download-520x380.jpeg', '[]', '2026-03-25 10:38:42', '2026-03-25 10:38:42', NULL, 'public'),
(330, 1, '8-520x380-520x380', '8-520x380-520x380', 17, 'image/jpeg', 40012, 'cars2/8-520x380-520x380.jpg', '[]', '2026-03-25 10:42:33', '2026-03-25 10:42:33', NULL, 'public'),
(331, 1, '6-1920x1080-520x380', '6-1920x1080-520x380', 17, 'image/jpeg', 32666, 'cars2/6-1920x1080-520x380.jpg', '[]', '2026-03-25 10:42:34', '2026-03-25 10:42:34', NULL, 'public'),
(332, 1, 'car-interiors-4-1920x1080-520x380', 'car-interiors-4-1920x1080-520x380', 17, 'image/jpeg', 30798, 'cars2/car-interiors-4-1920x1080-520x380.jpg', '[]', '2026-03-25 10:42:35', '2026-03-25 10:42:35', NULL, 'public'),
(333, 1, 'car-interiors-6-520x380-520x380', 'car-interiors-6-520x380-520x380', 17, 'image/jpeg', 35666, 'cars2/car-interiors-6-520x380-520x380.jpg', '[]', '2026-03-25 10:42:36', '2026-03-25 10:42:36', NULL, 'public'),
(334, 1, 'car-interiors-5-520x380-520x380', 'car-interiors-5-520x380-520x380', 17, 'image/jpeg', 37102, 'cars2/car-interiors-5-520x380-520x380.jpg', '[]', '2026-03-25 10:42:36', '2026-03-25 10:42:36', NULL, 'public'),
(335, 1, '10-520x380-520x380', '10-520x380-520x380', 17, 'image/jpeg', 36145, 'cars2/10-520x380-520x380.jpg', '[]', '2026-03-25 10:44:01', '2026-03-25 10:44:01', NULL, 'public'),
(336, 1, 'car-interiors-8-520x380-520x380', 'car-interiors-8-520x380-520x380', 17, 'image/jpeg', 33011, 'cars2/car-interiors-8-520x380-520x380.jpg', '[]', '2026-03-25 10:44:02', '2026-03-25 10:44:02', NULL, 'public'),
(337, 1, '2021-toyota-camry-sedan-xle-fq-oem-1-815jpg-520x380', '2021-toyota-camry-sedan-xle-fq-oem-1-815jpg-520x380', 17, 'image/jpeg', 30333, 'cars2/2021-toyota-camry-sedan-xle-fq-oem-1-815jpg-520x380.jpeg', '[]', '2026-03-25 10:44:54', '2026-03-25 10:44:54', NULL, 'public'),
(338, 1, '2021-honda-accord-sedan-touring-fq-oem-2-1600x1067jpg-520x380', '2021-honda-accord-sedan-touring-fq-oem-2-1600x1067jpg-520x380', 17, 'image/jpeg', 34172, 'cars2/2021-honda-accord-sedan-touring-fq-oem-2-1600x1067jpg-520x380.jpeg', '[]', '2026-03-25 10:45:38', '2026-03-25 10:45:38', NULL, 'public'),
(339, 1, '2025-mercedes-benz-c-class-sedan-amg-c-43-fq-oem-2-1600x1067jpg-520x380', '2025-mercedes-benz-c-class-sedan-amg-c-43-fq-oem-2-1600x1067jpg-520x380', 17, 'image/jpeg', 30328, 'cars2/2025-mercedes-benz-c-class-sedan-amg-c-43-fq-oem-2-1600x1067jpg-520x380.jpeg', '[]', '2026-03-25 10:46:28', '2026-03-25 10:46:28', NULL, 'public'),
(340, 1, '2025-bmw-3-series-sedan-330i-fq-oem-3-1600x1067jpg-520x380', '2025-bmw-3-series-sedan-330i-fq-oem-3-1600x1067jpg-520x380', 17, 'image/jpeg', 35534, 'cars2/2025-bmw-3-series-sedan-330i-fq-oem-3-1600x1067jpg-520x380.jpeg', '[]', '2026-03-25 10:47:16', '2026-03-25 10:47:16', NULL, 'public'),
(341, 1, 'download-3-520x380', 'download-3-520x380', 17, 'image/jpeg', 35198, 'cars2/download-3-520x380.jpeg', '[]', '2026-03-25 10:50:08', '2026-03-25 10:50:08', NULL, 'public'),
(342, 1, 'download-2-520x380', 'download-2-520x380', 17, 'image/jpeg', 34923, 'cars2/download-2-520x380.jpeg', '[]', '2026-03-25 10:50:09', '2026-03-25 10:50:09', NULL, 'public'),
(343, 1, 'images-2-520x380', 'images-2-520x380', 17, 'image/jpeg', 23762, 'cars2/images-2-520x380.jpeg', '[]', '2026-03-25 10:50:10', '2026-03-25 10:50:10', NULL, 'public'),
(344, 1, '2024-lexus-es-interior-102-649f39cc5db39-520x380', '2024-lexus-es-interior-102-649f39cc5db39-520x380', 17, 'image/jpeg', 24401, 'cars2/2024-lexus-es-interior-102-649f39cc5db39-520x380.jpg', '[]', '2026-03-25 10:50:11', '2026-03-25 10:50:11', NULL, 'public'),
(345, 1, '2023-lexus-es350-f-sport-7-520x380', '2023-lexus-es350-f-sport-7-520x380', 17, 'image/jpeg', 38212, 'cars2/2023-lexus-es350-f-sport-7-520x380.jpg', '[]', '2026-03-25 10:50:12', '2026-03-25 10:50:12', NULL, 'public');
INSERT INTO `media_files` (`id`, `user_id`, `name`, `alt`, `folder_id`, `mime_type`, `size`, `url`, `options`, `created_at`, `updated_at`, `deleted_at`, `visibility`) VALUES
(346, 1, '2024-lexus-es-interior-101-649f39cc72916-520x380', '2024-lexus-es-interior-101-649f39cc72916-520x380', 17, 'image/jpeg', 23898, 'cars2/2024-lexus-es-interior-101-649f39cc72916-520x380.jpg', '[]', '2026-03-25 10:50:13', '2026-03-25 10:50:13', NULL, 'public'),
(347, 1, 'pexels-harrisonhaines-3536293', 'pexels-harrisonhaines-3536293', 16, 'image/jpeg', 119129, 'services/pexels-harrisonhaines-3536293.jpg', '[]', '2026-03-27 08:52:00', '2026-03-27 08:52:00', NULL, 'public'),
(348, 1, 'icon', 'icon', 0, 'image/png', 38005, 'icon.png', '[]', '2026-04-01 11:18:23', '2026-04-01 11:18:23', NULL, 'public'),
(349, 1, 'imockup-iphone-14 (1)', 'imockup-iphone-14 (1)', 0, 'image/png', 834514, 'imockup-iphone-14-1.png', '[]', '2026-04-02 08:13:25', '2026-04-02 08:13:25', NULL, 'public'),
(350, 1, 'berlin2-240x320', 'berlin2-240x320', 7, 'image/jpeg', 17769, 'locations/berlin2-240x320.jpg', '[]', '2026-04-02 08:28:10', '2026-04-02 08:28:10', NULL, 'public'),
(351, 1, 'copenhagen-240x320', 'copenhagen-240x320', 7, 'image/jpeg', 22723, 'locations/copenhagen-240x320.jpg', '[]', '2026-04-02 08:28:11', '2026-04-02 08:28:11', NULL, 'public'),
(352, 1, 'Golden-Gate-Bridge-San-Francisco', 'Golden-Gate-Bridge-San-Francisco', 7, 'image/webp', 79816, 'locations/golden-gate-bridge-san-francisco.webp', '[]', '2026-04-02 08:28:12', '2026-04-02 08:28:12', NULL, 'public'),
(353, 1, 'images', 'images', 7, 'image/jpeg', 13054, 'locations/images.jpg', '[]', '2026-04-02 08:28:14', '2026-04-02 08:28:14', NULL, 'public'),
(354, 1, 'london2-240x320', 'london2-240x320', 7, 'image/jpeg', 19302, 'locations/london2-240x320.jpg', '[]', '2026-04-02 08:28:15', '2026-04-02 08:28:15', NULL, 'public'),
(355, 1, 'new-york-240x320', 'new-york-240x320', 7, 'image/jpeg', 13096, 'locations/new-york-240x320.jpg', '[]', '2026-04-02 08:28:16', '2026-04-02 08:28:16', NULL, 'public'),
(356, 1, 'paris-240x320', 'paris-240x320', 7, 'image/jpeg', 19208, 'locations/paris-240x320.jpg', '[]', '2026-04-02 08:28:16', '2026-04-02 08:28:16', NULL, 'public'),
(357, 1, '1', '1', 0, 'image/jpeg', 669255, '1.jpg', '[]', '2026-04-03 05:46:36', '2026-04-03 05:46:36', NULL, 'public'),
(358, 1, '8', '8', 0, 'image/jpeg', 512757, '8.jpg', '[]', '2026-04-03 05:47:47', '2026-04-03 05:47:47', NULL, 'public'),
(359, 1, '4', '4', 0, 'image/jpeg', 915919, '4.jpg', '[]', '2026-04-03 05:47:52', '2026-04-03 05:47:52', NULL, 'public'),
(360, 1, '2-1', '2-1', 0, 'image/jpeg', 596638, '2-1.jpg', '[]', '2026-04-03 05:47:56', '2026-04-03 05:47:56', NULL, 'public'),
(361, 1, '6', '6', 0, 'image/jpeg', 500026, '6.jpg', '[]', '2026-04-03 05:48:44', '2026-04-03 05:48:44', NULL, 'public'),
(362, 1, '6-1', '6-1', 0, 'image/jpeg', 500026, '6-1.jpg', '[]', '2026-04-03 05:49:07', '2026-04-03 05:49:07', NULL, 'public'),
(363, 1, 'ext-Mercedes-Benz1-C300', 'ext-Mercedes-Benz1-C300', 0, 'image/png', 820631, 'ext-mercedes-benz1-c300.png', '[]', '2026-04-06 06:16:26', '2026-04-06 06:16:26', NULL, 'public'),
(364, 1, 'ext-Mercedes-Benz4-C300', 'ext-Mercedes-Benz4-C300', 0, 'image/jpeg', 73290, 'ext-mercedes-benz4-c300.jpg', '[]', '2026-04-06 06:16:29', '2026-04-06 06:16:29', NULL, 'public'),
(365, 1, 'ext-Mercedes-Benz5-C300', 'ext-Mercedes-Benz5-C300', 0, 'image/jpeg', 128865, 'ext-mercedes-benz5-c300.jpg', '[]', '2026-04-06 06:16:31', '2026-04-06 06:16:31', NULL, 'public'),
(366, 1, 'ext-Mercedes-Benz9-C300', 'ext-Mercedes-Benz9-C300', 0, 'image/jpeg', 40313, 'ext-mercedes-benz9-c300.jpg', '[]', '2026-04-06 06:16:32', '2026-04-06 06:16:32', NULL, 'public'),
(367, 1, 'ext-Mercedes-Benz10-C300', 'ext-Mercedes-Benz10-C300', 0, 'image/jpeg', 188696, 'ext-mercedes-benz10-c300.jpeg', '[]', '2026-04-06 06:16:33', '2026-04-06 06:16:33', NULL, 'public'),
(368, 1, 'ext-Mercedes-Benz-C300', 'ext-Mercedes-Benz-C300', 0, 'image/jpeg', 7858, 'ext-mercedes-benz-c300.jpeg', '[]', '2026-04-06 06:16:34', '2026-04-06 06:16:34', NULL, 'public'),
(369, 1, 'int-Mercedes-Benz0-C300', 'int-Mercedes-Benz0-C300', 0, 'image/jpeg', 11513, 'int-mercedes-benz0-c300.jpeg', '[]', '2026-04-06 06:16:35', '2026-04-06 06:16:35', NULL, 'public'),
(370, 1, 'int-Mercedes-Benz000-C300', 'int-Mercedes-Benz000-C300', 0, 'image/jpeg', 8308, 'int-mercedes-benz000-c300.jpeg', '[]', '2026-04-06 06:16:36', '2026-04-06 06:16:36', NULL, 'public'),
(371, 1, 'int-Mercedes-Benz00-C300', 'int-Mercedes-Benz00-C300', 0, 'image/jpeg', 257631, 'int-mercedes-benz00-c300.jpg', '[]', '2026-04-06 06:16:38', '2026-04-06 06:16:38', NULL, 'public'),
(372, 1, 'int-Mercedes-Benz2-C300', 'int-Mercedes-Benz2-C300', 0, 'image/jpeg', 52226, 'int-mercedes-benz2-c300.jpeg', '[]', '2026-04-06 06:16:39', '2026-04-06 06:16:39', NULL, 'public'),
(373, 1, 'int-Mercedes-Benz4-C300', 'int-Mercedes-Benz4-C300', 0, 'image/jpeg', 42896, 'int-mercedes-benz4-c300.jpg', '[]', '2026-04-06 06:16:41', '2026-04-06 06:16:41', NULL, 'public'),
(374, 1, 'int-Mercedes-Benz5-C300', 'int-Mercedes-Benz5-C300', 0, 'image/jpeg', 48265, 'int-mercedes-benz5-c300.jpg', '[]', '2026-04-06 06:16:42', '2026-04-06 06:16:42', NULL, 'public'),
(375, 1, 'int-Mercedes-Benz77-C300', 'int-Mercedes-Benz77-C300', 0, 'image/jpeg', 709479, 'int-mercedes-benz77-c300.jpg', '[]', '2026-04-06 06:16:45', '2026-04-06 06:16:45', NULL, 'public'),
(376, 1, 'int-Mercedes-Benz-C200', 'int-Mercedes-Benz-C200', 0, 'image/jpeg', 90238, 'int-mercedes-benz-c200.jpg', '[]', '2026-04-06 06:16:48', '2026-04-06 06:16:48', NULL, 'public'),
(377, 1, 'ext-Mercedes-Benz10-C300', 'ext-Mercedes-Benz10-C300', 19, 'image/jpeg', 188696, 'bookings/after-photos/ext-mercedes-benz10-c300.jpeg', '[]', '2026-04-09 14:23:44', '2026-04-09 14:23:44', NULL, 'public'),
(378, 0, 'verna2', 'verna2', 20, 'image/jpeg', 6185, 'customers/35/verna2.jpeg', '[]', '2026-04-09 14:29:17', '2026-04-09 14:29:17', NULL, 'public'),
(379, 0, 'verna1', 'verna1', 20, 'image/jpeg', 10797, 'customers/35/verna1.jpeg', '[]', '2026-04-09 14:29:18', '2026-04-09 14:29:18', NULL, 'public'),
(380, 1, 'verna1', 'verna1', 19, 'image/jpeg', 10797, 'bookings/after-photos/verna1.jpeg', '[]', '2026-04-09 14:38:47', '2026-04-09 14:38:47', NULL, 'public'),
(381, 1, 'verna', 'verna', 19, 'image/jpeg', 3259, 'bookings/after-photos/verna.jpeg', '[]', '2026-04-09 14:38:47', '2026-04-09 14:38:47', NULL, 'public'),
(383, 1, 'verna1', 'verna1', 23, 'image/jpeg', 10797, 'bookings/pickup-photos/verna1.jpeg', '[]', '2026-04-10 12:48:50', '2026-04-10 12:48:50', NULL, 'public'),
(384, 1, 'images (5)', 'images (5)', 23, 'image/jpeg', 11108, 'bookings/pickup-photos/images-5.jpeg', '[]', '2026-04-10 12:49:21', '2026-04-10 12:49:21', NULL, 'public'),
(385, 1, 'verna2', 'verna2', 23, 'image/jpeg', 6185, 'bookings/pickup-photos/verna2.jpeg', '[]', '2026-04-10 12:49:44', '2026-04-10 12:49:44', NULL, 'public'),
(389, 1, 'car-location', 'car-location', 15, 'image/png', 6800, 'about-us/car-location.png', '[]', '2026-04-21 16:44:03', '2026-04-21 16:44:03', NULL, 'public'),
(390, 1, 'convenient', 'convenient', 15, 'image/png', 3708, 'about-us/convenient.png', '[]', '2026-04-21 16:44:04', '2026-04-21 16:44:04', NULL, 'public'),
(391, 1, 'money', 'money', 15, 'image/png', 5109, 'about-us/money.png', '[]', '2026-04-21 16:44:05', '2026-04-21 16:44:05', NULL, 'public'),
(392, 1, 'supporter', 'supporter', 15, 'image/png', 7273, 'about-us/supporter.png', '[]', '2026-04-21 16:44:06', '2026-04-21 16:44:06', NULL, 'public'),
(396, 1, 'download', 'download', 17, 'image/jpeg', 7662, 'cars2/download.jpg', '[]', '2026-04-22 11:10:35', '2026-04-22 11:10:35', NULL, 'public'),
(397, 1, 'images', 'images', 17, 'image/jpeg', 10320, 'cars2/images.jpg', '[]', '2026-04-22 11:11:59', '2026-04-22 11:11:59', NULL, 'public'),
(399, 1, 's24-0160-fine', 's24-0160-fine', 17, 'image/webp', 23588, 'cars2/s24-0160-fine.webp', '[]', '2026-04-22 11:14:59', '2026-04-22 11:14:59', NULL, 'public'),
(401, 1, 'ff26c6d5-cae9-4bba-9366-66f35173bd4b', 'ff26c6d5-cae9-4bba-9366-66f35173bd4b', 17, 'image/jpeg', 63312, 'cars2/ff26c6d5-cae9-4bba-9366-66f35173bd4b.jpg', '[]', '2026-04-22 11:17:57', '2026-04-22 11:17:57', NULL, 'public'),
(402, 1, 'hq720', 'hq720', 17, 'image/jpeg', 63421, 'cars2/hq720.jpg', '[]', '2026-04-22 11:19:23', '2026-04-22 11:19:23', NULL, 'public'),
(403, 1, '2024-gmc-sierra-1500-denali-ultimate-review-truck-luxury', '2024-gmc-sierra-1500-denali-ultimate-review-truck-luxury', 17, 'image/webp', 83432, 'cars2/2024-gmc-sierra-1500-denali-ultimate-review-truck-luxury.webp', '[]', '2026-04-22 11:20:43', '2026-04-22 11:20:43', NULL, 'public'),
(404, 1, '2024-mitsubishi-outlander-phev-770x496', '2024-mitsubishi-outlander-phev-770x496', 17, 'image/jpeg', 85224, 'cars2/2024-mitsubishi-outlander-phev-770x496.jpg', '[]', '2026-04-22 11:22:25', '2026-04-22 11:22:25', NULL, 'public'),
(405, 1, 'images (1)', 'images (1)', 17, 'image/jpeg', 15269, 'cars2/images-1.jpg', '[]', '2026-04-22 11:23:42', '2026-04-22 11:23:42', NULL, 'public'),
(406, 1, 'images (2)', 'images (2)', 17, 'image/jpeg', 10806, 'cars2/images-2.jpg', '[]', '2026-04-22 11:24:34', '2026-04-22 11:24:34', NULL, 'public'),
(407, 1, 'images (3)', 'images (3)', 17, 'image/jpeg', 10998, 'cars2/images-3.jpg', '[]', '2026-04-22 11:36:40', '2026-04-22 11:36:40', NULL, 'public'),
(408, 1, 'model-s-plaid-2024-v0-8u4pk7gvee3d1', 'model-s-plaid-2024-v0-8u4pk7gvee3d1', 17, 'image/webp', 71384, 'cars2/model-s-plaid-2024-v0-8u4pk7gvee3d1.webp', '[]', '2026-04-22 11:37:53', '2026-04-22 11:37:53', NULL, 'public'),
(409, 1, 'ecae39d6-2024-lucid-air-grand-touring-ev-press-gtlaunch-ext-gt-zenithred-lifestyle1-768x432', 'ecae39d6-2024-lucid-air-grand-touring-ev-press-gtlaunch-ext-gt-zenithred-lifestyle1-768x432', 17, 'image/webp', 26718, 'cars2/ecae39d6-2024-lucid-air-grand-touring-ev-press-gtlaunch-ext-gt-zenithred-lifestyle1-768x432.webp', '[]', '2026-04-22 11:38:46', '2026-04-22 11:38:46', NULL, 'public'),
(411, 1, 'hq720 (1)', 'hq720 (1)', 17, 'image/jpeg', 54683, 'cars2/hq720-1.jpg', '[]', '2026-04-22 11:40:54', '2026-04-22 11:40:54', NULL, 'public'),
(412, 1, 'intro-1690570812', 'intro-1690570812', 17, 'image/jpeg', 74766, 'cars2/intro-1690570812.jpg', '[]', '2026-04-22 11:42:04', '2026-04-22 11:42:04', NULL, 'public'),
(413, 1, 'images (4)', 'images (4)', 17, 'image/jpeg', 12779, 'cars2/images-4.jpg', '[]', '2026-04-22 11:42:57', '2026-04-22 11:42:57', NULL, 'public'),
(415, 1, 'subaru_100882893_m', 'subaru_100882893_m', 17, 'image/jpeg', 43803, 'cars2/subaru-100882893-m.jpg', '[]', '2026-04-22 11:44:38', '2026-04-22 11:44:38', NULL, 'public'),
(416, 1, 'carrera_4s_092fef0de5', 'carrera_4s_092fef0de5', 17, 'image/jpeg', 70144, 'cars2/carrera-4s-092fef0de5.jpeg', '[]', '2026-04-22 11:45:54', '2026-04-22 11:45:54', NULL, 'public'),
(417, 1, 'images (5)', 'images (5)', 17, 'image/jpeg', 6511, 'cars2/images-5.jpg', '[]', '2026-04-22 11:49:02', '2026-04-22 11:49:02', NULL, 'public'),
(418, 1, '2024-hyundai-tucson-limited-awd-front-view-26', '2024-hyundai-tucson-limited-awd-front-view-26', 17, 'image/webp', 54260, 'cars2/2024-hyundai-tucson-limited-awd-front-view-26.webp', '[]', '2026-04-22 11:50:02', '2026-04-22 11:50:02', NULL, 'public'),
(420, 1, 'hq720 (2)', 'hq720 (2)', 17, 'image/jpeg', 68155, 'cars2/hq720-2.jpg', '[]', '2026-04-22 11:51:39', '2026-04-22 11:51:39', NULL, 'public'),
(421, 1, '2024-lamborghini-urus-performante-16-1920x800', '2024-lamborghini-urus-performante-16-1920x800', 17, 'image/jpeg', 163810, 'cars2/2024-lamborghini-urus-performante-16-1920x800.jpg', '[]', '2026-04-22 11:51:46', '2026-04-22 11:51:46', NULL, 'public'),
(422, 1, '001-2023-dodge-challenger-scat-pack-shakedown-front-three-quarters-in-action', '001-2023-dodge-challenger-scat-pack-shakedown-front-three-quarters-in-action', 17, 'image/webp', 25018, 'cars2/001-2023-dodge-challenger-scat-pack-shakedown-front-three-quarters-in-action.webp', '[]', '2026-04-22 11:52:32', '2026-04-22 11:52:32', NULL, 'public'),
(423, 1, 'images (6)', 'images (6)', 17, 'image/jpeg', 12025, 'cars2/images-6.jpg', '[]', '2026-04-22 11:53:30', '2026-04-22 11:53:30', NULL, 'public'),
(424, 1, '11127834a (1)', '11127834a (1)', 17, 'image/webp', 37798, 'cars2/11127834a-1.webp', '[]', '2026-04-22 11:54:05', '2026-04-22 11:54:05', NULL, 'public'),
(425, 1, 'images (7)', 'images (7)', 17, 'image/jpeg', 12720, 'cars2/images-7.jpg', '[]', '2026-04-22 11:54:24', '2026-04-22 11:54:24', NULL, 'public'),
(426, 1, '2299781350', '2299781350', 17, 'image/jpeg', 71554, 'cars2/2299781350.jpg', '[]', '2026-04-22 11:55:32', '2026-04-22 11:55:32', NULL, 'public'),
(427, 1, '2024_toyota_gr-supra_coupe_30-premium_fq_oem_1_1280x855', '2024_toyota_gr-supra_coupe_30-premium_fq_oem_1_1280x855', 17, 'image/avif', 67614, 'cars2/2024-toyota-gr-supra-coupe-30-premium-fq-oem-1-1280x855.avif', '[]', '2026-04-22 11:56:06', '2026-04-22 11:56:06', NULL, 'public'),
(429, 1, 'images (8)', 'images (8)', 17, 'image/jpeg', 16913, 'cars2/images-8.jpg', '[]', '2026-04-22 11:56:42', '2026-04-22 11:56:42', NULL, 'public'),
(430, 1, '2024_toyota_gr-supra_coupe_30-premium_fq_oem_1_1280x855 (1)', '2024_toyota_gr-supra_coupe_30-premium_fq_oem_1_1280x855 (1)', 17, 'image/png', 67614, 'cars2/2024-toyota-gr-supra-coupe-30-premium-fq-oem-1-1280x855-1.png', '[]', '2026-04-22 11:57:06', '2026-04-22 11:57:06', NULL, 'public'),
(431, 1, 'images (9)', 'images (9)', 17, 'image/jpeg', 8934, 'cars2/images-9.jpg', '[]', '2026-04-22 11:59:14', '2026-04-22 11:59:14', NULL, 'public'),
(432, 1, '098b0d9566b6c0fd4c663fb97f92c072x', '098b0d9566b6c0fd4c663fb97f92c072x', 17, 'image/jpeg', 109215, 'cars2/098b0d9566b6c0fd4c663fb97f92c072x.jpg', '[]', '2026-04-22 11:59:15', '2026-04-22 11:59:15', NULL, 'public'),
(433, 1, 'images (10)', 'images (10)', 17, 'image/jpeg', 13187, 'cars2/images-10.jpg', '[]', '2026-04-22 12:00:14', '2026-04-22 12:00:14', NULL, 'public'),
(434, 1, 'Fiat_500X_Sport_2024', 'Fiat_500X_Sport_2024', 17, 'image/jpeg', 23398, 'cars2/fiat-500x-sport-2024.jpg', '[]', '2026-04-22 12:01:09', '2026-04-22 12:01:09', NULL, 'public'),
(435, 1, '01-2024-toyota-highlander-angular-front-jms', '01-2024-toyota-highlander-angular-front-jms', 17, 'image/webp', 75758, 'cars2/01-2024-toyota-highlander-angular-front-jms.webp', '[]', '2026-04-22 12:01:18', '2026-04-22 12:01:18', NULL, 'public'),
(436, 1, 'images (11)', 'images (11)', 17, 'image/jpeg', 13074, 'cars2/images-11.jpg', '[]', '2026-04-22 12:03:15', '2026-04-22 12:03:15', NULL, 'public'),
(437, 1, 'images (12)', 'images (12)', 17, 'image/jpeg', 14037, 'cars2/images-12.jpg', '[]', '2026-04-22 12:05:22', '2026-04-22 12:05:22', NULL, 'public'),
(438, 1, 'DSC_0121', 'DSC_0121', 17, 'image/jpeg', 122415, 'cars2/dsc-0121.jpg', '[]', '2026-04-22 12:05:50', '2026-04-22 12:05:50', NULL, 'public'),
(439, 1, 'image-processing20200211-6895-1sv4pgy', 'image-processing20200211-6895-1sv4pgy', 17, 'image/jpeg', 54155, 'cars2/image-processing20200211-6895-1sv4pgy.jpg', '[]', '2026-04-22 12:06:54', '2026-04-22 12:06:54', NULL, 'public'),
(440, 1, 'images (13)', 'images (13)', 17, 'image/jpeg', 7340, 'cars2/images-13.jpg', '[]', '2026-04-22 12:07:51', '2026-04-22 12:07:51', NULL, 'public'),
(441, 1, 'image-1', 'image-1', 17, 'image/webp', 19312, 'cars2/image-1.webp', '[]', '2026-04-22 12:07:53', '2026-04-22 12:07:53', NULL, 'public'),
(442, 1, 'images (14)', 'images (14)', 17, 'image/jpeg', 10983, 'cars2/images-14.jpg', '[]', '2026-04-22 12:08:41', '2026-04-22 12:08:41', NULL, 'public'),
(443, 1, 'images (15)', 'images (15)', 17, 'image/jpeg', 7628, 'cars2/images-15.jpg', '[]', '2026-04-22 12:09:29', '2026-04-22 12:09:29', NULL, 'public'),
(444, 1, 'images (16)', 'images (16)', 17, 'image/jpeg', 13234, 'cars2/images-16.jpg', '[]', '2026-04-22 12:10:35', '2026-04-22 12:10:35', NULL, 'public'),
(445, 1, 'preview-928x522', 'preview-928x522', 17, 'image/jpeg', 98169, 'cars2/preview-928x522.jpg', '[]', '2026-04-22 12:10:41', '2026-04-22 12:10:41', NULL, 'public'),
(446, 1, 'images (17)', 'images (17)', 17, 'image/jpeg', 11999, 'cars2/images-17.jpg', '[]', '2026-04-22 12:11:16', '2026-04-22 12:11:16', NULL, 'public'),
(447, 1, 'images (18)', 'images (18)', 17, 'image/jpeg', 10893, 'cars2/images-18.jpg', '[]', '2026-04-22 12:12:29', '2026-04-22 12:12:29', NULL, 'public'),
(448, 1, 'images (19)', 'images (19)', 17, 'image/jpeg', 11466, 'cars2/images-19.jpg', '[]', '2026-04-22 12:14:18', '2026-04-22 12:14:18', NULL, 'public'),
(449, 1, '69-alfa-giulia-quadrifoglio-front-cornering', '69-alfa-giulia-quadrifoglio-front-cornering', 17, 'image/webp', 41218, 'cars2/69-alfa-giulia-quadrifoglio-front-cornering.webp', '[]', '2026-04-22 12:14:50', '2026-04-22 12:14:50', NULL, 'public'),
(450, 1, 'hq720 (3)', 'hq720 (3)', 17, 'image/jpeg', 77036, 'cars2/hq720-3.jpg', '[]', '2026-04-22 12:15:24', '2026-04-22 12:15:24', NULL, 'public'),
(451, 1, 'images (20)', 'images (20)', 17, 'image/jpeg', 11804, 'cars2/images-20.jpg', '[]', '2026-04-22 12:16:08', '2026-04-22 12:16:08', NULL, 'public'),
(452, 1, 'Range-Rover-Sport-SUV-Car-Hire-Dundass-01', 'Range-Rover-Sport-SUV-Car-Hire-Dundass-01', 17, 'image/jpeg', 79084, 'cars2/range-rover-sport-suv-car-hire-dundass-01.jpg', '[]', '2026-04-22 12:17:12', '2026-04-22 12:17:12', NULL, 'public'),
(453, 1, '2026-dodge-viper-acr-looks-like-a-supercar-built-in-a-digital-shed-247187-7', '2026-dodge-viper-acr-looks-like-a-supercar-built-in-a-digital-shed-247187-7', 17, 'image/jpeg', 49309, 'cars2/2026-dodge-viper-acr-looks-like-a-supercar-built-in-a-digital-shed-247187-7.jpg', '[]', '2026-04-22 12:17:16', '2026-04-22 12:17:16', NULL, 'public'),
(454, 1, '2024-m5-renders-v0-6x6pusm029kb1', '2024-m5-renders-v0-6x6pusm029kb1', 17, 'image/webp', 62808, 'cars2/2024-m5-renders-v0-6x6pusm029kb1.webp', '[]', '2026-04-22 12:25:30', '2026-04-22 12:25:30', NULL, 'public'),
(455, 1, 'LandRover_RangeRover_Evoque_P250_Core_S_2024', 'LandRover_RangeRover_Evoque_P250_Core_S_2024', 17, 'image/jpeg', 25437, 'cars2/landrover-rangerover-evoque-p250-core-s-2024.jpg', '[]', '2026-04-22 12:30:07', '2026-04-22 12:30:07', NULL, 'public'),
(456, 0, 'Voiture Logo PNG , Icône De La Papouasie   Nouvelle   Guinée, Voiture, Icône De Voiture PNG et vecteur pour téléchargement gratuit', 'Voiture Logo PNG , Icône De La Papouasie   Nouvelle   Guinée, Voiture, Icône De Voiture PNG et vecteur pour téléchargement gratuit', 27, 'image/jpeg', 14578, 'kyc/37/voiture-logo-png-icone-de-la-papouasie-nouvelle-guinee-voiture-icone-de-voiture-png-et-vecteur-pour-.jpeg', '[]', '2026-04-22 13:59:45', '2026-04-22 13:59:45', NULL, 'public'),
(457, 0, 'thar3', 'thar3', 27, 'image/jpeg', 291551, 'kyc/37/thar3.jpg', '[]', '2026-04-22 13:59:46', '2026-04-22 13:59:46', NULL, 'public'),
(458, 0, 'thar2', 'thar2', 27, 'image/jpeg', 999632, 'kyc/37/thar2.jpg', '[]', '2026-04-22 13:59:47', '2026-04-22 13:59:47', NULL, 'public'),
(459, 0, 'profile', 'profile', 28, 'image/jpeg', 39923, 'customers\\36/profile.jpg', '[]', '2026-04-28 12:54:07', '2026-04-28 12:54:07', NULL, 'public'),
(461, 0, 'profile-1', 'profile-1', 28, 'image/jpeg', 39923, 'customers\\36/profile-1.jpg', '[]', '2026-04-29 06:16:52', '2026-04-29 06:16:52', NULL, 'public'),
(529, 1, '1', '1', 29, 'image/jpeg', 43283, 'admin-login/1.jpg', '[]', '2026-05-11 09:56:07', '2026-05-11 09:56:07', NULL, 'public'),
(530, 1, '3', '3', 29, 'image/jpeg', 150800, 'admin-login/3.jpg', '[]', '2026-05-11 09:56:10', '2026-05-11 09:56:10', NULL, 'public'),
(531, 1, '2', '2', 29, 'image/jpeg', 73454, 'admin-login/2.jpg', '[]', '2026-05-11 09:56:13', '2026-05-11 09:56:13', NULL, 'public'),
(532, 1, 'maxresdefault (1)', 'maxresdefault (1)', 9, 'image/jpeg', 149169, 'cars/maxresdefault-1.jpg', '[]', '2026-05-11 10:01:45', '2026-05-11 10:01:45', NULL, 'public'),
(533, 1, 'New-2024-Bentley-Bentayga-S-V8-1713479414', 'New-2024-Bentley-Bentayga-S-V8-1713479414', 9, 'image/jpeg', 224018, 'cars/new-2024-bentley-bentayga-s-v8-1713479414.jpg', '[]', '2026-05-11 10:01:48', '2026-05-11 10:01:48', NULL, 'public'),
(534, 1, 'maxresdefault', 'maxresdefault', 9, 'image/jpeg', 145415, 'cars/maxresdefault.jpg', '[]', '2026-05-11 10:01:50', '2026-05-11 10:01:50', NULL, 'public'),
(535, 1, 'maxresdefault (4)', 'maxresdefault (4)', 9, 'image/jpeg', 172714, 'cars/maxresdefault-4.jpg', '[]', '2026-05-11 10:04:29', '2026-05-11 10:04:29', NULL, 'public'),
(536, 1, 'maxresdefault (3)', 'maxresdefault (3)', 9, 'image/jpeg', 145700, 'cars/maxresdefault-3.jpg', '[]', '2026-05-11 10:04:31', '2026-05-11 10:04:31', NULL, 'public'),
(537, 1, 'maxresdefault (2)', 'maxresdefault (2)', 9, 'image/jpeg', 158501, 'cars/maxresdefault-2.jpg', '[]', '2026-05-11 10:04:33', '2026-05-11 10:04:33', NULL, 'public'),
(538, 1, '02-2023-Rivian-R1S-Adventure-Performance-Dual-Motor-Max-interior', '02-2023-Rivian-R1S-Adventure-Performance-Dual-Motor-Max-interior', 9, 'image/webp', 76234, 'cars/02-2023-rivian-r1s-adventure-performance-dual-motor-max-interior.webp', '[]', '2026-05-11 10:07:41', '2026-05-11 10:07:41', NULL, 'public'),
(539, 1, '9aaD0gDl-rL0poFyHfG-(edit)', '9aaD0gDl-rL0poFyHfG-(edit)', 9, 'image/jpeg', 32751, 'cars/9aad0gdl-rl0pofyhfg-edit.jpg', '[]', '2026-05-11 10:07:42', '2026-05-11 10:07:42', NULL, 'public'),
(540, 1, 'KVpxWBwz-CxlH8qzosS-(edit)', 'KVpxWBwz-CxlH8qzosS-(edit)', 9, 'image/jpeg', 492996, 'cars/kvpxwbwz-cxlh8qzoss-edit.jpg', '[]', '2026-05-11 10:07:46', '2026-05-11 10:07:46', NULL, 'public'),
(541, 1, 'bmw-x7-dashboard-view-633648', 'bmw-x7-dashboard-view-633648', 9, 'image/webp', 69980, 'cars/bmw-x7-dashboard-view-633648.webp', '[]', '2026-05-11 10:09:47', '2026-05-11 10:09:47', NULL, 'public'),
(542, 1, '23060511131DSC_1801', '23060511131DSC_1801', 9, 'image/webp', 48316, 'cars/23060511131dsc-1801.webp', '[]', '2026-05-11 10:09:49', '2026-05-11 10:09:49', NULL, 'public'),
(543, 1, 'hq720', 'hq720', 9, 'image/jpeg', 58994, 'cars/hq720.jpg', '[]', '2026-05-11 10:09:51', '2026-05-11 10:09:51', NULL, 'public'),
(544, 1, '89-jaguarfpace-interior', '89-jaguarfpace-interior', 9, 'image/webp', 40366, 'cars/89-jaguarfpace-interior.webp', '[]', '2026-05-11 10:14:06', '2026-05-11 10:14:06', NULL, 'public'),
(545, 1, '403458-2024-jaguar-f-pace', '403458-2024-jaguar-f-pace', 9, 'image/jpeg', 160922, 'cars/403458-2024-jaguar-f-pace.jpg', '[]', '2026-05-11 10:14:08', '2026-05-11 10:14:08', NULL, 'public'),
(546, 1, '2024_jaguar_f-pace_svr_21', '2024_jaguar_f-pace_svr_21', 9, 'image/jpeg', 39196, 'cars/2024-jaguar-f-pace-svr-21.jpg', '[]', '2026-05-11 10:14:09', '2026-05-11 10:14:09', NULL, 'public'),
(547, 1, '2024 Ferrari F8 Tributo rear ', '2024 Ferrari F8 Tributo rear ', 9, 'image/jpeg', 90524, 'cars/2024-ferrari-f8-tributo-rear.jpg', '[]', '2026-05-11 10:16:41', '2026-05-11 10:16:41', NULL, 'public'),
(548, 1, 'generation_64a7f689334d4_ferrari-f8-spider-exterior-front', 'generation_64a7f689334d4_ferrari-f8-spider-exterior-front', 9, 'image/webp', 90594, 'cars/generation-64a7f689334d4-ferrari-f8-spider-exterior-front.webp', '[]', '2026-05-11 10:16:42', '2026-05-11 10:16:42', NULL, 'public'),
(549, 1, '2021_ferrari_f8-tributo_photo-aug-15-2024-2-32-54-am-1-90083', '2021_ferrari_f8-tributo_photo-aug-15-2024-2-32-54-am-1-90083', 9, 'image/webp', 152938, 'cars/2021-ferrari-f8-tributo-photo-aug-15-2024-2-32-54-am-1-90083.webp', '[]', '2026-05-11 10:16:45', '2026-05-11 10:16:45', NULL, 'public'),
(550, 1, '2024-chevrolet-camaro-1ss-1le', '2024-chevrolet-camaro-1ss-1le', 9, 'image/jpeg', 208343, 'cars/2024-chevrolet-camaro-1ss-1le.jpg', '[]', '2026-05-11 10:25:29', '2026-05-11 10:25:29', NULL, 'public'),
(551, 1, 'camaro-2ss-1le-2024-v0-necq5cub3p9c1', 'camaro-2ss-1le-2024-v0-necq5cub3p9c1', 9, 'image/jpeg', 184653, 'cars/camaro-2ss-1le-2024-v0-necq5cub3p9c1.jpg', '[]', '2026-05-11 10:25:42', '2026-05-11 10:25:42', NULL, 'public'),
(552, 1, 'ozark-dealer-won-t-sell-2024-camaro-zl1-collector-edition-for-102000-call-jason-bateman_18', 'ozark-dealer-won-t-sell-2024-camaro-zl1-collector-edition-for-102000-call-jason-bateman_18', 9, 'image/jpeg', 205370, 'cars/ozark-dealer-won-t-sell-2024-camaro-zl1-collector-edition-for-102000-call-jason-bateman-18.jpg', '[]', '2026-05-11 10:26:45', '2026-05-11 10:26:45', NULL, 'public'),
(553, 1, 'Everything-You-Need-To-Know-About-The-2024-Nissan-Rogue-9-800x532', 'Everything-You-Need-To-Know-About-The-2024-Nissan-Rogue-9-800x532', 9, 'image/webp', 31904, 'cars/everything-you-need-to-know-about-the-2024-nissan-rogue-9-800x532.webp', '[]', '2026-05-11 10:32:43', '2026-05-11 10:32:43', NULL, 'public'),
(554, 1, 'thumbnail-364x204', 'thumbnail-364x204', 9, 'image/jpeg', 19781, 'cars/thumbnail-364x204.jpg', '[]', '2026-05-11 10:32:45', '2026-05-11 10:32:45', NULL, 'public'),
(555, 1, 'Everything-You-Need-To-Know-About-The-2024-Nissan-Rogue-3', 'Everything-You-Need-To-Know-About-The-2024-Nissan-Rogue-3', 9, 'image/webp', 62912, 'cars/everything-you-need-to-know-about-the-2024-nissan-rogue-3.webp', '[]', '2026-05-11 10:32:46', '2026-05-11 10:32:46', NULL, 'public'),
(556, 1, 'kia-sportage-sx_09', 'kia-sportage-sx_09', 9, 'image/jpeg', 115100, 'cars/kia-sportage-sx-09.jpg', '[]', '2026-05-11 10:35:13', '2026-05-11 10:35:13', NULL, 'public'),
(557, 1, '2024-Kia-Sportage-Hybrid-6', '2024-Kia-Sportage-Hybrid-6', 9, 'image/jpeg', 209253, 'cars/2024-kia-sportage-hybrid-6.jpg', '[]', '2026-05-11 10:35:15', '2026-05-11 10:35:15', NULL, 'public'),
(558, 1, '2024-kia-sportage', '2024-kia-sportage', 9, 'image/webp', 56794, 'cars/2024-kia-sportage.webp', '[]', '2026-05-11 10:35:17', '2026-05-11 10:35:17', NULL, 'public'),
(559, 1, 'New-2024-Bentley-Continental-GT-V8-1710934060', 'New-2024-Bentley-Continental-GT-V8-1710934060', 9, 'image/jpeg', 292210, 'cars/new-2024-bentley-continental-gt-v8-1710934060.jpg', '[]', '2026-05-11 10:37:12', '2026-05-11 10:37:12', NULL, 'public'),
(560, 1, 'maxresdefault (5)', 'maxresdefault (5)', 9, 'image/jpeg', 247600, 'cars/maxresdefault-5.jpg', '[]', '2026-05-11 10:37:14', '2026-05-11 10:37:14', NULL, 'public'),
(561, 1, 'images', 'images', 9, 'image/jpeg', 14016, 'cars/images.jpg', '[]', '2026-05-11 10:37:15', '2026-05-11 10:37:15', NULL, 'public'),
(562, 1, 'P90536850-highRes-scaled-e1707305913308', 'P90536850-highRes-scaled-e1707305913308', 9, 'image/jpeg', 352007, 'cars/p90536850-highres-scaled-e1707305913308.jpg', '[]', '2026-05-11 10:39:13', '2026-05-11 10:39:13', NULL, 'public'),
(563, 1, '2024-m4-interior', '2024-m4-interior', 9, 'image/jpeg', 122506, 'cars/2024-m4-interior.jpg', '[]', '2026-05-11 10:39:15', '2026-05-11 10:39:15', NULL, 'public'),
(564, 1, 'cobb-i7launch-031122-20876', 'cobb-i7launch-031122-20876', 9, 'image/webp', 40884, 'cars/cobb-i7launch-031122-20876.webp', '[]', '2026-05-11 10:39:16', '2026-05-11 10:39:16', NULL, 'public'),
(565, 1, '2024_LAMBORGHINI_HURACAN_TECNICA_V10_Red_WB-5', '2024_LAMBORGHINI_HURACAN_TECNICA_V10_Red_WB-5', 9, 'image/jpeg', 148824, 'cars/2024-lamborghini-huracan-tecnica-v10-red-wb-5.jpg', '[]', '2026-05-11 10:41:46', '2026-05-11 10:41:46', NULL, 'public'),
(566, 1, '6ec47ec8a85777240ac02498bcdbb1bc', '6ec47ec8a85777240ac02498bcdbb1bc', 9, 'image/jpeg', 58738, 'cars/6ec47ec8a85777240ac02498bcdbb1bc.jpeg', '[]', '2026-05-11 10:41:48', '2026-05-11 10:41:48', NULL, 'public'),
(567, 1, 'LamboHur1', 'LamboHur1', 9, 'image/webp', 93166, 'cars/lambohur1.webp', '[]', '2026-05-11 10:41:49', '2026-05-11 10:41:49', NULL, 'public'),
(568, 1, '2024 Audi R8 interior', '2024 Audi R8 interior', 9, 'image/jpeg', 91834, 'cars/2024-audi-r8-interior.jpg', '[]', '2026-05-11 10:50:34', '2026-05-11 10:50:34', NULL, 'public'),
(569, 1, 'images (1)', 'images (1)', 9, 'image/jpeg', 11408, 'cars/images-1.jpg', '[]', '2026-05-11 10:50:35', '2026-05-11 10:50:35', NULL, 'public'),
(571, 1, 'hq720 (1)', 'hq720 (1)', 9, 'image/jpeg', 66168, 'cars/hq720-1.jpg', '[]', '2026-05-11 10:51:31', '2026-05-11 10:51:31', NULL, 'public'),
(572, 1, 'hq720 (2)', 'hq720 (2)', 9, 'image/jpeg', 44744, 'cars/hq720-2.jpg', '[]', '2026-05-11 10:53:44', '2026-05-11 10:53:44', NULL, 'public'),
(573, 1, 'download', 'download', 9, 'image/jpeg', 98732, 'cars/download.jpg', '[]', '2026-05-11 10:53:45', '2026-05-11 10:53:45', NULL, 'public'),
(574, 1, '2024-ford-mustang-gt-premium-hero-2-carpro', '2024-ford-mustang-gt-premium-hero-2-carpro', 9, 'image/jpeg', 108117, 'cars/2024-ford-mustang-gt-premium-hero-2-carpro.jpg', '[]', '2026-05-11 10:53:46', '2026-05-11 10:53:46', NULL, 'public'),
(575, 1, 'Interior-01-1120x600-min', 'Interior-01-1120x600-min', 9, 'image/jpeg', 80236, 'cars/interior-01-1120x600-min.jpg', '[]', '2026-05-11 10:58:58', '2026-05-11 10:58:58', NULL, 'public'),
(576, 1, 'Highlights-031-960x510-min', 'Highlights-031-960x510-min', 9, 'image/webp', 37948, 'cars/highlights-031-960x510-min.webp', '[]', '2026-05-11 10:58:59', '2026-05-11 10:58:59', NULL, 'public'),
(577, 1, '652de68e-2024-hyundai-sonata-n-line-sedan-39', '652de68e-2024-hyundai-sonata-n-line-sedan-39', 9, 'image/webp', 623198, 'cars/652de68e-2024-hyundai-sonata-n-line-sedan-39.webp', '[]', '2026-05-11 10:59:05', '2026-05-11 10:59:05', NULL, 'public'),
(578, 1, '2024_audi_a4_sedan_dashboard', '2024_audi_a4_sedan_dashboard', 9, 'image/jpeg', 23182, 'cars/2024-audi-a4-sedan-dashboard.jpg', '[]', '2026-05-11 11:47:53', '2026-05-11 11:47:53', NULL, 'public'),
(579, 1, '9948557_3', '9948557_3', 9, 'image/jpeg', 177979, 'cars/9948557-3.jpg', '[]', '2026-05-11 11:47:56', '2026-05-11 11:47:56', NULL, 'public'),
(580, 1, '97e0d79ca1_800', '97e0d79ca1_800', 9, 'image/jpeg', 111896, 'cars/97e0d79ca1-800.jpg', '[]', '2026-05-11 11:47:57', '2026-05-11 11:47:57', NULL, 'public'),
(581, 1, 'pNakbZS27fKKjeDDnjwttVKuXVkrhEwciCxUE4JM', 'pNakbZS27fKKjeDDnjwttVKuXVkrhEwciCxUE4JM', 9, 'image/png', 1021646, 'cars/pnakbzs27fkkjeddnjwttvkuxvkrhewcicxue4jm.png', '[]', '2026-05-11 11:50:33', '2026-05-11 11:50:33', NULL, 'public'),
(582, 1, 'IMG_6164-1-scaled', 'IMG_6164-1-scaled', 9, 'image/jpeg', 525918, 'cars/img-6164-1-scaled.jpg', '[]', '2026-05-11 11:50:38', '2026-05-11 11:50:38', NULL, 'public'),
(583, 1, '2024-Lexus-RX-350h-Premium-AWD', '2024-Lexus-RX-350h-Premium-AWD', 9, 'image/jpeg', 284772, 'cars/2024-lexus-rx-350h-premium-awd.jpg', '[]', '2026-05-11 11:50:42', '2026-05-11 11:50:42', NULL, 'public'),
(584, 1, 'maxresdefault (6)', 'maxresdefault (6)', 9, 'image/jpeg', 147634, 'cars/maxresdefault-6.jpg', '[]', '2026-05-11 11:53:36', '2026-05-11 11:53:36', NULL, 'public'),
(585, 1, '2024-cr-v-hybrid-interior', '2024-cr-v-hybrid-interior', 9, 'image/jpeg', 27463, 'cars/2024-cr-v-hybrid-interior.jpg', '[]', '2026-05-11 11:53:37', '2026-05-11 11:53:37', NULL, 'public'),
(586, 1, 'CG_2024_Honda_CR-V_Sport_Touring_Hybrid_Blue_Front_Quarter_View', 'CG_2024_Honda_CR-V_Sport_Touring_Hybrid_Blue_Front_Quarter_View', 9, 'image/jpeg', 172557, 'cars/cg-2024-honda-cr-v-sport-touring-hybrid-blue-front-quarter-view.jpeg', '[]', '2026-05-11 11:53:39', '2026-05-11 11:53:39', NULL, 'public'),
(587, 1, 'IMG_6164-1-scaled (1)', 'IMG_6164-1-scaled (1)', 9, 'image/jpeg', 525918, 'cars/img-6164-1-scaled-1.jpg', '[]', '2026-05-11 11:56:28', '2026-05-11 11:56:28', NULL, 'public'),
(588, 1, '2024-lexus-is-350-fsport-006-1', '2024-lexus-is-350-fsport-006-1', 9, 'image/webp', 48598, 'cars/2024-lexus-is-350-fsport-006-1.webp', '[]', '2026-05-11 11:56:29', '2026-05-11 11:56:29', NULL, 'public'),
(589, 1, 'maxresdefault (7)', 'maxresdefault (7)', 9, 'image/jpeg', 137372, 'cars/maxresdefault-7.jpg', '[]', '2026-05-11 11:56:31', '2026-05-11 11:56:31', NULL, 'public'),
(590, 1, 'IMG_5972-71-scaled', 'IMG_5972-71-scaled', 9, 'image/jpeg', 459093, 'cars/img-5972-71-scaled.jpg', '[]', '2026-05-11 11:58:57', '2026-05-11 11:58:57', NULL, 'public'),
(591, 1, '2022-Honda-Accord-1HGCV2F3XNA020531-3', '2022-Honda-Accord-1HGCV2F3XNA020531-3', 9, 'image/jpeg', 69216, 'cars/2022-honda-accord-1hgcv2f3xna020531-3.jpg', '[]', '2026-05-11 11:58:59', '2026-05-11 11:58:59', NULL, 'public'),
(592, 1, 'unnamed', 'unnamed', 9, 'image/jpeg', 236652, 'cars/unnamed.jpg', '[]', '2026-05-11 11:59:00', '2026-05-11 11:59:00', NULL, 'public'),
(593, 1, 'images', 'images', 5, 'image/png', 4779, 'teams/images.png', '[]', '2026-05-11 12:24:12', '2026-05-11 12:24:12', NULL, 'public'),
(594, 1, 'attachment_142602548', 'attachment_142602548', 5, 'image/png', 19058, 'teams/attachment-142602548.png', '[]', '2026-05-11 12:28:15', '2026-05-11 12:28:15', NULL, 'public'),
(595, 0, 'attachment_142602548', 'attachment_142602548', 30, 'image/png', 19058, 'customers/1/attachment-142602548.png', '[]', '2026-05-11 12:56:32', '2026-05-11 12:56:32', NULL, 'public'),
(596, 0, 'channels4_profile', 'channels4_profile', 31, 'image/jpeg', 35056, 'customers/2/channels4-profile.jpg', '[]', '2026-05-11 12:59:32', '2026-05-11 12:59:32', NULL, 'public'),
(597, 0, 'EMOV8Xlc', 'EMOV8Xlc', 32, 'image/jpeg', 8392, 'customers/4/emov8xlc.jpg', '[]', '2026-05-11 13:03:43', '2026-05-11 13:03:43', NULL, 'public'),
(598, 0, 'minimalistic-rental-car-logo-with-car-outline-vector', 'minimalistic-rental-car-logo-with-car-outline-vector', 33, 'image/jpeg', 6329, 'customers/3/minimalistic-rental-car-logo-with-car-outline-vector.jpg', '[]', '2026-05-11 13:04:24', '2026-05-11 13:04:24', NULL, 'public'),
(599, 0, 'images (2)', 'images (2)', 34, 'image/jpeg', 6513, 'customers/5/images-2.jpg', '[]', '2026-05-11 13:06:58', '2026-05-11 13:06:58', NULL, 'public'),
(600, 0, 'images (1)', 'images (1)', 35, 'image/png', 9694, 'customers/6/images-1.png', '[]', '2026-05-11 13:08:51', '2026-05-11 13:08:51', NULL, 'public'),
(601, 0, 'logo_horizon_01', 'logo_horizon_01', 36, 'image/jpeg', 27155, 'customers/7/logo-horizon-01.jpg', '[]', '2026-05-11 13:11:00', '2026-05-11 13:11:00', NULL, 'public'),
(602, 0, 'prestigemotorsca_logo', 'prestigemotorsca_logo', 37, 'image/jpeg', 4120, 'customers/8/prestigemotorsca-logo.jpg', '[]', '2026-05-11 13:12:54', '2026-05-11 13:12:54', NULL, 'public'),
(603, 0, 'unnamed', 'unnamed', 38, 'image/png', 80503, 'customers/9/unnamed.png', '[]', '2026-05-11 13:14:14', '2026-05-11 13:14:14', NULL, 'public'),
(604, 0, 'images (2)', 'images (2)', 39, 'image/png', 9941, 'customers/10/images-2.png', '[]', '2026-05-11 13:17:25', '2026-05-11 13:17:25', NULL, 'public'),
(605, 0, 'images (3)', 'images (3)', 40, 'image/jpeg', 5607, 'customers/11/images-3.jpg', '[]', '2026-05-11 13:18:49', '2026-05-11 13:18:49', NULL, 'public'),
(606, 0, 'attachment_85657378', 'attachment_85657378', 41, 'image/png', 42967, 'customers/12/attachment-85657378.png', '[]', '2026-05-11 13:19:45', '2026-05-11 13:19:45', NULL, 'public'),
(607, 0, 'images (4)', 'images (4)', 42, 'image/jpeg', 4152, 'customers/13/images-4.jpg', '[]', '2026-05-11 13:24:36', '2026-05-11 13:24:36', NULL, 'public'),
(608, 0, '488f3a62031f3a7aeb4f07777dd1fd01', '488f3a62031f3a7aeb4f07777dd1fd01', 43, 'image/jpeg', 8582, 'customers/14/488f3a62031f3a7aeb4f07777dd1fd01.jpg', '[]', '2026-05-11 13:33:00', '2026-05-11 13:33:00', NULL, 'public'),
(609, 0, 'images (5)', 'images (5)', 44, 'image/jpeg', 7578, 'customers/15/images-5.jpg', '[]', '2026-05-11 13:33:52', '2026-05-11 13:33:52', NULL, 'public'),
(610, 0, '432085_14455703_2670575_a39f71ad_image', '432085_14455703_2670575_a39f71ad_image', 45, 'image/jpeg', 48628, 'customers/16/432085-14455703-2670575-a39f71ad-image.jpg', '[]', '2026-05-11 13:35:09', '2026-05-11 13:35:09', NULL, 'public'),
(611, 0, '348s', '348s', 46, 'image/png', 31940, 'customers/17/348s.png', '[]', '2026-05-11 13:36:06', '2026-05-11 13:36:06', NULL, 'public'),
(612, 0, 'alliance_d_o_o_logo', 'alliance_d_o_o_logo', 47, 'image/jpeg', 5841, 'customers/18/alliance-d-o-o-logo.jpg', '[]', '2026-05-11 13:37:16', '2026-05-11 13:37:16', NULL, 'public'),
(613, 0, 'images (6)', 'images (6)', 48, 'image/jpeg', 3598, 'customers/19/images-6.jpg', '[]', '2026-05-11 13:38:00', '2026-05-11 13:38:00', NULL, 'public'),
(614, 0, 'sterling_automotive_group_logo', 'sterling_automotive_group_logo', 49, 'image/jpeg', 4216, 'customers/20/sterling-automotive-group-logo.jpg', '[]', '2026-05-11 13:38:40', '2026-05-11 13:38:40', NULL, 'public'),
(615, 0, 'modern-blue-fast-car-cartoon-logo-free-vector', 'modern-blue-fast-car-cartoon-logo-free-vector', 50, 'image/jpeg', 85026, 'customers/32/modern-blue-fast-car-cartoon-logo-free-vector.jpg', '[]', '2026-05-11 13:43:41', '2026-05-11 13:43:41', NULL, 'public'),
(616, 1, 'f54cdd2c-a21e-449f-ad27-54ba45374604', 'f54cdd2c-a21e-449f-ad27-54ba45374604', 51, 'image/png', 6022, 'users/f54cdd2c-a21e-449f-ad27-54ba45374604.png', '[]', '2026-05-11 15:49:51', '2026-05-11 15:49:51', NULL, 'public'),
(617, 0, '23cc1afc-c03c-4f77-868f-f44144d4167c', '23cc1afc-c03c-4f77-868f-f44144d4167c', 30, 'image/webp', 28884, 'customers/1/23cc1afc-c03c-4f77-868f-f44144d4167c.webp', '[]', '2026-05-18 11:21:52', '2026-05-18 11:21:52', NULL, 'public'),
(618, 1, 'bronco3-1', 'bronco3-1', 0, 'image/jpeg', 413041, 'bronco3-1.jpg', '[]', '2026-05-22 09:41:51', '2026-05-22 09:41:51', NULL, 'public'),
(619, 1, 'photo-1535713875002-d1d0cf377fde', 'photo-1535713875002-d1d0cf377fde', 52, 'image/jpeg', 1144870, 'kyc\\1/photo-1535713875002-d1d0cf377fde.jpg', '[]', '2026-06-09 05:42:18', '2026-06-09 05:42:18', NULL, 'public'),
(620, 1, 'photo-1535713875002-d1d0cf377fde-1', 'photo-1535713875002-d1d0cf377fde-1', 52, 'image/jpeg', 1144870, 'kyc\\1/photo-1535713875002-d1d0cf377fde-1.jpg', '[]', '2026-06-09 05:42:22', '2026-06-09 05:42:22', NULL, 'public'),
(621, 1, 'photo-1535713875002-d1d0cf377fde-2', 'photo-1535713875002-d1d0cf377fde-2', 52, 'image/jpeg', 1144870, 'kyc\\1/photo-1535713875002-d1d0cf377fde-2.jpg', '[]', '2026-06-09 05:42:26', '2026-06-09 05:42:26', NULL, 'public');

-- --------------------------------------------------------

--
