-- Table structure for table `request_ratings`
--

CREATE TABLE `request_ratings` (
  `id` int(10) unsigned NOT NULL AUTO_INCREMENT,
  `request_id` char(36) COLLATE utf8mb4_unicode_ci NOT NULL,
  `user_id` int(10) unsigned DEFAULT NULL,
  `driver_id` int(10) unsigned NOT NULL,
  `rating` double(8,2) NOT NULL DEFAULT 0.00,
  `comment` varchar(191) COLLATE utf8mb4_unicode_ci DEFAULT NULL,
  `user_rating` tinyint(1) NOT NULL DEFAULT 0,
  `driver_rating` tinyint(1) NOT NULL DEFAULT 0,
  `created_at` timestamp NULL DEFAULT NULL,
  `updated_at` timestamp NULL DEFAULT NULL,
  PRIMARY KEY (`id`),
  KEY `request_ratings_request_id_foreign` (`request_id`),
  KEY `request_ratings_user_id_foreign` (`user_id`),
  KEY `request_ratings_driver_id_foreign` (`driver_id`),
  CONSTRAINT `request_ratings_driver_id_foreign` FOREIGN KEY (`driver_id`) REFERENCES `drivers` (`id`) ON DELETE CASCADE,
  CONSTRAINT `request_ratings_request_id_foreign` FOREIGN KEY (`request_id`) REFERENCES `requests` (`id`) ON DELETE CASCADE,
  CONSTRAINT `request_ratings_user_id_foreign` FOREIGN KEY (`user_id`) REFERENCES `users` (`id`) ON DELETE CASCADE
) ENGINE=InnoDB AUTO_INCREMENT=57 DEFAULT CHARSET=utf8mb4 COLLATE=utf8mb4_unicode_ci;

--
-- Dumping data for table `request_ratings`
--

INSERT INTO `request_ratings` VALUES
(1,'47d2d8bd-7ae9-4dad-ad7f-e020e8606a3e',NULL,1,5.00,'good',0,1,'2025-07-07 09:18:11','2025-07-07 09:18:11'),
(2,'3baa28d3-697b-4959-a3de-b73ef2791460',2,1,5.00,'done',1,0,'2025-07-07 09:21:03','2025-07-07 09:21:03'),
(3,'3baa28d3-697b-4959-a3de-b73ef2791460',2,1,5.00,'good',0,1,'2025-07-07 09:21:34','2025-07-07 09:21:34'),
(4,'e2065c02-e924-479e-a069-d0264e464214',2,1,5.00,'done',1,0,'2025-07-07 09:36:17','2025-07-07 09:36:17'),
(5,'e2065c02-e924-479e-a069-d0264e464214',2,1,5.00,'good',0,1,'2025-07-07 09:37:51','2025-07-07 09:37:51'),
(6,'b17323f5-c6a7-4551-aea0-64a89ac68d1c',NULL,1,5.00,'good',0,1,'2025-07-07 09:40:59','2025-07-07 09:40:59'),
(7,'02f4fac4-0507-4634-9e6a-3228ea7f92f9',NULL,1,5.00,'good',0,1,'2025-07-08 09:08:20','2025-07-08 09:08:20'),
(8,'ec1f4da7-bb27-4811-8a40-f219d5968e87',2,1,5.00,NULL,0,1,'2025-07-08 13:01:38','2025-07-08 13:01:38'),
(9,'ec1f4da7-bb27-4811-8a40-f219d5968e87',2,1,5.00,NULL,1,0,'2025-07-08 13:01:48','2025-07-08 13:01:48'),
(10,'307f8283-136c-4ad1-9530-7bb3a8a9458a',2,1,5.00,NULL,1,0,'2025-07-09 04:29:18','2025-07-09 04:29:18'),
(11,'307f8283-136c-4ad1-9530-7bb3a8a9458a',2,1,5.00,NULL,0,1,'2025-07-09 04:29:25','2025-07-09 04:29:25'),
(12,'31de28d3-53a6-4294-a097-24d2bc34d652',2,1,5.00,'good',0,1,'2025-07-09 06:17:39','2025-07-09 06:17:39'),
(13,'31de28d3-53a6-4294-a097-24d2bc34d652',2,1,5.00,'test',1,0,'2025-07-09 06:19:52','2025-07-09 06:19:52'),
(14,'0c894e81-d9d7-4b32-bbd8-5a3c4b2d080f',NULL,1,5.00,'test',0,1,'2025-07-09 06:28:44','2025-07-09 06:28:44'),
(15,'51012261-2174-4d55-9aa9-5402236611f8',2,1,5.00,'good',0,1,'2025-07-09 06:39:33','2025-07-09 06:39:33'),
(16,'80836517-ad42-4282-b2d5-2e2aceb82063',2,1,5.00,NULL,0,1,'2025-07-09 09:13:17','2025-07-09 09:13:17'),
(17,'72f9fa1e-a38e-42a4-a93c-d47b47f3316b',2,1,5.00,NULL,0,1,'2025-07-09 09:15:35','2025-07-09 09:15:35'),
(18,'7645a091-dc10-4aea-9840-4759e2727abb',2,6,5.00,NULL,0,1,'2025-07-09 09:37:19','2025-07-09 09:37:19'),
(19,'3fd1d886-0790-4a46-ab7a-4811da57dd78',20,6,5.00,NULL,0,1,'2025-07-09 09:44:08','2025-07-09 09:44:08'),
(20,'71dd8364-0905-4539-9db5-74aef01b2b01',20,6,5.00,NULL,0,1,'2025-07-09 09:58:48','2025-07-09 09:58:48'),
(21,'3568a981-3b82-422a-9bb6-e1a442386a8f',20,6,5.00,NULL,0,1,'2025-07-09 10:45:01','2025-07-09 10:45:01'),
(22,'8ddd9f2b-bd34-4fc2-8c06-570e228acff0',2,1,5.00,NULL,1,0,'2025-07-09 11:14:44','2025-07-09 11:14:44'),
(23,'8ddd9f2b-bd34-4fc2-8c06-570e228acff0',2,1,5.00,NULL,0,1,'2025-07-09 11:14:46','2025-07-09 11:14:46'),
(24,'94022826-a02e-4412-b49c-8f050106240f',2,6,5.00,NULL,1,0,'2025-07-09 11:19:38','2025-07-09 11:19:38'),
(25,'94022826-a02e-4412-b49c-8f050106240f',2,6,5.00,NULL,0,1,'2025-07-09 11:19:39','2025-07-09 11:19:39'),
(26,'a3c84139-f709-410c-9ffc-cb87eaf42d81',2,6,5.00,NULL,0,1,'2025-07-09 11:25:24','2025-07-09 11:25:24'),
(27,'a3c84139-f709-410c-9ffc-cb87eaf42d81',2,6,5.00,NULL,1,0,'2025-07-09 11:25:25','2025-07-09 11:25:25'),
(28,'99435eae-549c-4de5-8a87-5a5a4e4ef22c',NULL,1,5.00,'test',0,1,'2025-07-09 11:51:28','2025-07-09 11:51:28'),
(29,'7fdf9a78-80ec-42a6-8228-361fab41a194',22,1,5.00,'good service',0,1,'2025-07-10 07:07:46','2025-07-10 07:07:46'),
(30,'fbc532a3-d04e-4b5d-b51a-9356bc5ececa',2,1,5.00,'test',1,0,'2025-07-10 09:23:33','2025-07-10 09:23:33'),
(31,'fbc532a3-d04e-4b5d-b51a-9356bc5ececa',2,1,5.00,'woke',0,1,'2025-07-10 09:23:46','2025-07-10 09:23:46'),
(32,'a4e70763-222a-4eeb-903e-4e8d09f62895',NULL,1,5.00,'ghj',0,1,'2025-07-10 09:25:09','2025-07-10 09:25:09'),
(33,'897e7bbe-c27c-482b-8b4b-864197d5ec7f',2,1,5.00,'best',0,1,'2025-07-10 09:34:26','2025-07-10 09:34:26'),
(34,'897e7bbe-c27c-482b-8b4b-864197d5ec7f',2,1,5.00,'good',1,0,'2025-07-10 09:34:42','2025-07-10 09:34:42'),
(35,'ed62c19e-8ffc-4e6e-80d1-e147b99c3990',2,1,5.00,'test',1,0,'2025-07-10 09:42:15','2025-07-10 09:42:15'),
(36,'ed62c19e-8ffc-4e6e-80d1-e147b99c3990',2,1,5.00,'truck',0,1,'2025-07-10 09:42:23','2025-07-10 09:42:23'),
(37,'aa18c435-5ab8-4910-84df-a2734b395e4d',2,1,5.00,NULL,1,0,'2025-07-10 10:18:17','2025-07-10 10:18:17'),
(38,'aa18c435-5ab8-4910-84df-a2734b395e4d',2,1,5.00,NULL,0,1,'2025-07-10 10:18:51','2025-07-10 10:18:51'),
(39,'91f2f1b5-1236-486c-a0ad-420825939763',2,1,5.00,NULL,0,1,'2025-07-10 10:20:45','2025-07-10 10:20:45'),
(40,'91f2f1b5-1236-486c-a0ad-420825939763',2,1,5.00,NULL,1,0,'2025-07-10 10:21:06','2025-07-10 10:21:06'),
(41,'3676a8da-98f9-4440-81f6-7ea9e48e2c3d',NULL,1,4.00,'ghgh',0,1,'2025-07-10 10:38:26','2025-07-10 10:38:26'),
(42,'8b33759a-4b53-484b-96cd-a26f2a146f5e',2,1,5.00,'yehhs',0,1,'2025-07-10 15:13:34','2025-07-10 15:13:34'),
(43,'b4e6cd31-098d-4dad-8a85-fb98c2f96864',NULL,1,4.00,'gykik',0,1,'2025-07-11 04:50:38','2025-07-11 04:50:38'),
(44,'faa44e82-f8f4-413b-ad58-d3aeaa110d0d',2,1,4.00,'fggh',0,1,'2025-07-11 04:54:25','2025-07-11 04:54:25'),
(45,'faa44e82-f8f4-413b-ad58-d3aeaa110d0d',2,1,4.00,'fggh',1,0,'2025-07-11 04:56:05','2025-07-11 04:56:05'),
(46,'35254a08-0ed4-4262-ae91-caceab0208d9',2,1,4.00,'ghj',0,1,'2025-07-11 05:28:06','2025-07-11 05:28:06'),
(47,'35254a08-0ed4-4262-ae91-caceab0208d9',2,1,4.00,'fg',1,0,'2025-07-11 05:28:45','2025-07-11 05:28:45'),
(48,'fb13b372-3cd1-48a4-9449-356f7493c463',2,1,3.00,'hjkh',0,1,'2025-07-11 05:47:21','2025-07-11 05:47:21'),
(49,'fb13b372-3cd1-48a4-9449-356f7493c463',2,1,4.00,'ghj',1,0,'2025-07-11 05:47:29','2025-07-11 05:47:29'),
(50,'451f7ca4-3fc4-42a5-ae05-a53f301c46eb',2,4,5.00,NULL,1,0,'2025-07-11 09:29:16','2025-07-11 09:29:16'),
(51,'451f7ca4-3fc4-42a5-ae05-a53f301c46eb',2,4,4.00,NULL,0,1,'2025-07-11 09:29:25','2025-07-11 09:29:25'),
(52,'c0355fc3-e282-4bc0-8693-032d2d4e7dfd',2,4,4.00,'kkh',0,1,'2025-07-11 09:37:53','2025-07-11 09:37:53'),
(53,'c0355fc3-e282-4bc0-8693-032d2d4e7dfd',2,4,4.00,'hjk',1,0,'2025-07-11 09:38:04','2025-07-11 09:38:04'),
(54,'64643543-1157-4075-a890-1cbeeb235fb1',2,4,4.00,'cvh',0,1,'2025-07-11 09:46:35','2025-07-11 09:46:35'),
(55,'c1c62b02-41e8-4b0d-a1c9-5de2af52db0e',2,4,4.00,'uiu',0,1,'2025-07-11 10:01:23','2025-07-11 10:01:23'),
(56,'33337975-4fdb-48d4-93ee-50f4f1c018d6',44,16,4.00,'iu',0,1,'2025-07-11 11:04:37','2025-07-11 11:04:37');

--
-- Table structure for table `request_stops`
--

CREATE TABLE `request_stops` (
  `id` int(10) unsigned NOT NULL AUTO_INCREMENT,
  `request_id` char(36) COLLATE utf8mb4_unicode_ci NOT NULL,
  `address` varchar(191) COLLATE utf8mb4_unicode_ci DEFAULT NULL,
  `latitude` double(15,8) DEFAULT NULL,
  `longitude` double(15,8) DEFAULT NULL,
  `poc_name` varchar(191) COLLATE utf8mb4_unicode_ci DEFAULT NULL,
  `poc_mobile` varchar(14) COLLATE utf8mb4_unicode_ci DEFAULT NULL,
  `poc_instruction` varchar(191) COLLATE utf8mb4_unicode_ci DEFAULT NULL,
  `completed_at` timestamp NULL DEFAULT NULL,
  `order` int(10) unsigned NOT NULL DEFAULT 0,
  `created_at` timestamp NULL DEFAULT NULL,
  `updated_at` timestamp NULL DEFAULT NULL,
  PRIMARY KEY (`id`),
  KEY `request_stops_request_id_foreign` (`request_id`),
  CONSTRAINT `request_stops_request_id_foreign` FOREIGN KEY (`request_id`) REFERENCES `requests` (`id`) ON DELETE CASCADE
) ENGINE=InnoDB AUTO_INCREMENT=15 DEFAULT CHARSET=utf8mb4 COLLATE=utf8mb4_unicode_ci;

--
-- Dumping data for table `request_stops`
--

INSERT INTO `request_stops` VALUES
(1,'aa18c435-5ab8-4910-84df-a2734b395e4d','7Q37+HJ5, Apana Nagar, Parbhani, Maharashtra 431401, India',19.25403172,76.76412564,NULL,NULL,NULL,NULL,3,'2025-07-10 10:13:36','2025-07-10 10:13:36'),
(2,'aa18c435-5ab8-4910-84df-a2734b395e4d','Anusaya E-Square, Gangakhed Road, Apana Nagar, Parbhani, Maharashtra, India',19.25731560,76.76468490,NULL,NULL,NULL,NULL,2,'2025-07-10 10:13:36','2025-07-10 10:13:36'),
(3,'c445a1bf-ff67-42b1-b36e-c5f7be1b696d','Vashi station entry, Vashi Railway Station Road, Sector 30A, Vashi, Navi Mumbai, Maharashtra, India',19.06454970,72.99929430,NULL,NULL,NULL,NULL,3,'2025-07-11 09:23:23','2025-07-11 09:23:23'),
(4,'c445a1bf-ff67-42b1-b36e-c5f7be1b696d','Seawoods Grand Central Mall, Nerul East, Sector 28, Nerul, Navi Mumbai, Maharashtra, India',19.02219650,73.01804160,NULL,NULL,NULL,NULL,2,'2025-07-11 09:23:23','2025-07-11 09:23:23'),
(5,'cb169179-8c09-401e-b33f-4afc2a4db02a','Vashi station entry, Vashi Railway Station Road, Sector 30A, Vashi, Navi Mumbai, Maharashtra, India',19.06454970,72.99929430,NULL,NULL,NULL,NULL,3,'2025-07-11 09:24:03','2025-07-11 09:24:03'),
(6,'cb169179-8c09-401e-b33f-4afc2a4db02a','Seawoods Grand Central Mall, Nerul East, Sector 28, Nerul, Navi Mumbai, Maharashtra, India',19.02219650,73.01804160,NULL,NULL,NULL,NULL,2,'2025-07-11 09:24:03','2025-07-11 09:24:03'),
(7,'4c1ad53f-2d19-490c-91ec-f47484afca73','Vashi station entry, Vashi Railway Station Road, Sector 30A, Vashi, Navi Mumbai, Maharashtra, India',19.06454970,72.99929430,NULL,NULL,NULL,NULL,3,'2025-07-11 09:25:34','2025-07-11 09:25:34'),
(8,'4c1ad53f-2d19-490c-91ec-f47484afca73','Seawoods Grand Central Mall, Nerul East, Sector 28, Nerul, Navi Mumbai, Maharashtra, India',19.02219650,73.01804160,NULL,NULL,NULL,NULL,2,'2025-07-11 09:25:34','2025-07-11 09:25:34'),
(9,'451f7ca4-3fc4-42a5-ae05-a53f301c46eb','Vashi station entry, Vashi Railway Station Road, Sector 30A, Vashi, Navi Mumbai, Maharashtra, India',19.06454970,72.99929430,NULL,NULL,NULL,'2025-07-11 09:28:36',2,'2025-07-11 09:26:29','2025-07-11 09:28:36'),
(10,'451f7ca4-3fc4-42a5-ae05-a53f301c46eb','Seawoods Grand Central Mall, Nerul East, Sector 28, Nerul, Navi Mumbai, Maharashtra, India',19.02219650,73.01804160,NULL,NULL,NULL,NULL,3,'2025-07-11 09:26:29','2025-07-11 09:26:29'),
(11,'c0355fc3-e282-4bc0-8693-032d2d4e7dfd','Googleplex, Amphitheatre Parkway, Mountain View, CA, USA',37.42205410,-122.08532420,NULL,NULL,NULL,'2025-07-11 09:37:16',3,'2025-07-11 09:35:50','2025-07-11 09:37:16'),
(12,'c0355fc3-e282-4bc0-8693-032d2d4e7dfd','2211 Old Middlefield Way, Mountain View, CA 94043, USA',37.41424640,-122.09492750,NULL,NULL,NULL,NULL,2,'2025-07-11 09:35:50','2025-07-11 09:35:50'),
(13,'c1c62b02-41e8-4b0d-a1c9-5de2af52db0e','Googleplex, Amphitheatre Parkway, Mountain View, CA, USA',37.42205410,-122.08532420,NULL,NULL,NULL,'2025-07-11 09:56:32',3,'2025-07-11 09:50:17','2025-07-11 09:56:32'),
(14,'c1c62b02-41e8-4b0d-a1c9-5de2af52db0e','885 Altaire Walk, Palo Alto, CA 94303, USA',37.42385726,-122.10173361,NULL,NULL,NULL,NULL,2,'2025-07-11 09:50:17','2025-07-11 09:50:17');

--
-- Table structure for table `requests`
--

CREATE TABLE `requests` (
  `id` char(36) COLLATE utf8mb4_unicode_ci NOT NULL,
  `company_key` varchar(191) COLLATE utf8mb4_unicode_ci DEFAULT NULL,
  `request_number` varchar(191) COLLATE utf8mb4_unicode_ci NOT NULL,
  `is_later` tinyint(1) NOT NULL DEFAULT 0,
  `poly_line` longtext COLLATE utf8mb4_unicode_ci DEFAULT NULL,
  `on_search` tinyint(1) NOT NULL DEFAULT 1,
  `assign_method` varchar(191) COLLATE utf8mb4_unicode_ci NOT NULL DEFAULT '0',
  `is_rental` tinyint(1) NOT NULL DEFAULT 0,
  `rental_package_id` int(10) unsigned DEFAULT NULL,
  `is_out_station` tinyint(1) NOT NULL DEFAULT 0,
  `ride_otp` int(11) DEFAULT NULL,
  `instant_ride` tinyint(1) NOT NULL DEFAULT 0,
  `book_for_other` tinyint(1) NOT NULL DEFAULT 0,
  `book_for_other_contact` varchar(191) COLLATE utf8mb4_unicode_ci NOT NULL DEFAULT '0',
  `attempt_for_schedule` int(11) NOT NULL DEFAULT 0,
  `user_id` int(10) unsigned DEFAULT NULL,
  `transport_type` enum('taxi','delivery') COLLATE utf8mb4_unicode_ci DEFAULT NULL,
  `goods_type_id` int(10) unsigned DEFAULT NULL,
  `goods_type_quantity` varchar(191) COLLATE utf8mb4_unicode_ci DEFAULT NULL,
  `service_location_id` char(36) COLLATE utf8mb4_unicode_ci NOT NULL,
  `zone_type_id` char(36) COLLATE utf8mb4_unicode_ci DEFAULT NULL,
  `driver_id` int(10) unsigned DEFAULT NULL,
  `fleet_id` char(36) COLLATE utf8mb4_unicode_ci DEFAULT NULL,
  `owner_id` char(36) COLLATE utf8mb4_unicode_ci DEFAULT NULL,
  `trip_start_time` timestamp NULL DEFAULT NULL,
  `return_time` timestamp NULL DEFAULT NULL,
  `discounted_total` double(10,2) DEFAULT NULL,
  `is_round_trip` tinyint(1) DEFAULT NULL,
  `arrived_at` timestamp NULL DEFAULT NULL,
  `accepted_at` timestamp NULL DEFAULT NULL,
  `completed_at` timestamp NULL DEFAULT NULL,
  `cancelled_at` timestamp NULL DEFAULT NULL,
  `is_driver_started` tinyint(1) NOT NULL DEFAULT 0,
  `is_driver_arrived` tinyint(1) NOT NULL DEFAULT 0,
  `is_trip_start` tinyint(1) NOT NULL DEFAULT 0,
  `is_completed` tinyint(1) NOT NULL DEFAULT 0,
  `is_cancelled` tinyint(1) NOT NULL DEFAULT 0,
  `is_pet_available` tinyint(1) DEFAULT 0,
  `is_luggage_available` tinyint(1) DEFAULT 0,
  `reason` char(36) COLLATE utf8mb4_unicode_ci DEFAULT NULL,
  `custom_reason` varchar(191) COLLATE utf8mb4_unicode_ci DEFAULT NULL,
  `cancel_method` enum('0','1','2','3') COLLATE utf8mb4_unicode_ci NOT NULL COMMENT '0 => Automatic,1 => User,2 => Driver,3=> Dispatcher',
  `total_distance` double(15,2) NOT NULL DEFAULT 0.00,
  `total_time` double(15,2) NOT NULL DEFAULT 0.00,
  `is_surge_applied` tinyint(1) NOT NULL DEFAULT 0,
  `payment_opt` varchar(191) COLLATE utf8mb4_unicode_ci NOT NULL COMMENT '0 => card,1 => cash,2 => wallet,3=>wallet/cash',
  `is_paid` tinyint(1) NOT NULL DEFAULT 0,
  `request_eta_amount` double(15,2) NOT NULL DEFAULT 0.00,
  `offerred_ride_fare` double(15,2) NOT NULL DEFAULT 0.00,
  `is_bid_ride` tinyint(1) NOT NULL DEFAULT 0,
  `accepted_ride_fare` double(15,2) NOT NULL DEFAULT 0.00,
  `user_rated` tinyint(1) NOT NULL DEFAULT 0,
  `driver_rated` tinyint(1) NOT NULL DEFAULT 0,
  `promo_id` char(36) COLLATE utf8mb4_unicode_ci DEFAULT NULL,
  `timezone` varchar(191) COLLATE utf8mb4_unicode_ci DEFAULT NULL,
  `requested_currency_code` varchar(191) COLLATE utf8mb4_unicode_ci DEFAULT NULL,
  `requested_currency_symbol` varchar(191) COLLATE utf8mb4_unicode_ci DEFAULT NULL,
  `additional_charges_reason` varchar(191) COLLATE utf8mb4_unicode_ci DEFAULT NULL,
  `additional_charges_amount` double(10,2) NOT NULL DEFAULT 0.00,
  `unit` enum('1','2') COLLATE utf8mb4_unicode_ci NOT NULL COMMENT '1 => kilometers,2 => miles',
  `if_dispatch` tinyint(1) NOT NULL DEFAULT 0,
  `dispatcher_id` char(36) COLLATE utf8mb4_unicode_ci DEFAULT NULL,
  `web_booking` tinyint(4) DEFAULT 0,
  `created_at` timestamp NULL DEFAULT NULL,
  `updated_at` timestamp NULL DEFAULT NULL,
  `deleted_at` timestamp NULL DEFAULT NULL,
  PRIMARY KEY (`id`),
  KEY `requests_user_id_foreign` (`user_id`),
  KEY `requests_promo_id_foreign` (`promo_id`),
  KEY `requests_dispatcher_id_foreign` (`dispatcher_id`),
  KEY `requests_zone_type_id_foreign` (`zone_type_id`),
  KEY `requests_driver_id_foreign` (`driver_id`),
  KEY `requests_service_location_id_foreign` (`service_location_id`),
  KEY `requests_rental_package_id_foreign` (`rental_package_id`),
  KEY `requests_owner_id_foreign` (`owner_id`),
  KEY `requests_fleet_id_foreign` (`fleet_id`),
  KEY `requests_goods_type_id_foreign` (`goods_type_id`),
  CONSTRAINT `requests_dispatcher_id_foreign` FOREIGN KEY (`dispatcher_id`) REFERENCES `admin_details` (`id`) ON DELETE CASCADE,
  CONSTRAINT `requests_driver_id_foreign` FOREIGN KEY (`driver_id`) REFERENCES `drivers` (`id`) ON DELETE CASCADE,
  CONSTRAINT `requests_fleet_id_foreign` FOREIGN KEY (`fleet_id`) REFERENCES `fleets` (`id`) ON DELETE CASCADE,
  CONSTRAINT `requests_goods_type_id_foreign` FOREIGN KEY (`goods_type_id`) REFERENCES `goods_types` (`id`) ON DELETE CASCADE,
  CONSTRAINT `requests_owner_id_foreign` FOREIGN KEY (`owner_id`) REFERENCES `owners` (`id`) ON DELETE CASCADE,
  CONSTRAINT `requests_promo_id_foreign` FOREIGN KEY (`promo_id`) REFERENCES `promo` (`id`) ON DELETE CASCADE,
  CONSTRAINT `requests_rental_package_id_foreign` FOREIGN KEY (`rental_package_id`) REFERENCES `package_types` (`id`) ON DELETE CASCADE,
  CONSTRAINT `requests_service_location_id_foreign` FOREIGN KEY (`service_location_id`) REFERENCES `service_locations` (`id`) ON DELETE CASCADE,
  CONSTRAINT `requests_user_id_foreign` FOREIGN KEY (`user_id`) REFERENCES `users` (`id`) ON DELETE CASCADE,
  CONSTRAINT `requests_zone_type_id_foreign` FOREIGN KEY (`zone_type_id`) REFERENCES `zone_types` (`id`) ON DELETE CASCADE
) ENGINE=InnoDB DEFAULT CHARSET=utf8mb4 COLLATE=utf8mb4_unicode_ci;

--
-- Dumping data for table `requests`
--

INSERT INTO `requests` VALUES
('02f4fac4-0507-4634-9e6a-3228ea7f92f9',NULL,'REQ_000018',0,NULL,0,'0',0,NULL,0,NULL,1,0,'0',0,NULL,'taxi',NULL,NULL,'fc839e9a-ba34-4f76-b0a0-60215746d87a','cee75e37-0545-4afa-92c4-b8f133660c90',1,NULL,NULL,'2025-07-08 09:07:49',NULL,NULL,NULL,'2025-07-08 09:07:49','2025-07-08 09:07:49','2025-07-08 09:08:01',NULL,1,1,1,1,0,0,0,NULL,NULL,'0',0.00,0.00,0,'1',1,175.00,0.00,0,0.00,0,1,NULL,NULL,'USD','$',NULL,0.00,'1',0,NULL,0,'2025-07-08 09:07:49','2025-07-08 09:08:20',NULL),
('0c894e81-d9d7-4b32-bbd8-5a3c4b2d080f',NULL,'REQ_000034',0,NULL,0,'0',0,NULL,0,NULL,1,0,'0',0,NULL,'taxi',NULL,NULL,'fc839e9a-ba34-4f76-b0a0-60215746d87a','cee75e37-0545-4afa-92c4-b8f133660c90',1,NULL,NULL,'2025-07-09 06:20:47',NULL,NULL,NULL,'2025-07-09 06:20:47','2025-07-09 06:20:47','2025-07-09 06:26:32',NULL,1,1,1,1,0,0,0,NULL,NULL,'0',0.00,5.00,0,'1',1,8.00,0.00,0,0.00,0,1,NULL,NULL,'USD','$',NULL,0.00,'1',0,NULL,0,'2025-07-09 06:20:47','2025-07-09 06:28:44',NULL),
('0fef6b16-0d60-432b-9099-7cf4af3429c0',NULL,'REQ_000029',1,'mo{qBgx|dMrAkBj@`@lBhBxGcIF[DuAIkAi@g@uBwAiBoAoAaAwBmBeBoAcA}@',0,'0',0,NULL,1,6886,0,0,'0',0,11,'taxi',NULL,NULL,'fc839e9a-ba34-4f76-b0a0-60215746d87a','cee75e37-0545-4afa-92c4-b8f133660c90',NULL,NULL,NULL,'2025-07-09 06:29:00',NULL,NULL,NULL,NULL,NULL,NULL,NULL,0,0,0,0,0,0,0,NULL,NULL,'0',0.00,0.00,0,'1',0,30.00,30.00,1,0.00,0,0,NULL,'Asia/Calcutta','USD','$',NULL,0.00,'1',0,NULL,0,'2025-07-09 05:25:48','2025-07-09 05:25:48',NULL),
('104e83e0-250a-4511-b9e1-cea09ff65cd6',NULL,'REQ_000032',0,NULL,1,'0',0,NULL,0,8120,0,0,'0',1,11,'taxi',NULL,NULL,'fc839e9a-ba34-4f76-b0a0-60215746d87a','cee75e37-0545-4afa-92c4-b8f133660c90',NULL,NULL,NULL,NULL,NULL,NULL,NULL,NULL,NULL,NULL,'2025-07-09 05:34:52',0,0,0,0,1,0,0,NULL,NULL,'2',0.00,0.00,0,'1',0,8.00,0.00,0,0.00,0,0,NULL,'Asia/Calcutta','USD','$',NULL,0.00,'1',0,NULL,0,'2025-07-09 05:34:15','2025-07-09 05:34:52',NULL),
('1278f072-23be-4e87-8961-250ca84821b1',NULL,'REQ_1752149637',0,'qblcFhnchVLiAGUKKS\\SFa@AGrDY|Ea@bEIHkAxJ[~C?vABb@Z|Ah@vB\\p@`@l@h@d@zAn@dAf@lJ~Dp@RhBt@h@Vd@F|@CTOnGi@zDOjBMRwKdAC',1,'0',0,NULL,0,7883,0,0,'0',1,2,'taxi',NULL,NULL,'fc839e9a-ba34-4f76-b0a0-60215746d87a','74b0e12c-a6fb-424d-85bc-462fb5c222e8',NULL,NULL,NULL,NULL,NULL,NULL,NULL,NULL,NULL,NULL,'2025-07-11 05:45:21',0,0,0,0,1,0,0,NULL,NULL,'1',0.00,0.00,0,'1',0,42.00,0.00,0,0.00,0,0,NULL,'Asia/Calcutta','USD','$',NULL,0.00,'1',0,NULL,0,'2025-07-11 05:44:36','2025-07-11 05:45:21',NULL),
('134d13c8-4192-419f-8cf1-dd9c40062e51',NULL,'REQ_1752057127',0,NULL,1,'0',0,NULL,0,NULL,0,0,'0',2,22,'delivery',17,'loose','fc839e9a-ba34-4f76-b0a0-60215746d87a','d40477d6-577c-4b0b-be67-787b19c4d5e2',NULL,NULL,NULL,NULL,NULL,NULL,NULL,NULL,NULL,NULL,'2025-07-09 11:13:25',0,0,0,0,1,0,0,NULL,NULL,'0',0.00,0.00,0,'1',0,21.00,0.00,0,0.00,0,0,NULL,NULL,'USD','$',NULL,0.00,'1',1,'36c8f0b2-c9e7-430f-8a28-893972331dab',0,'2025-07-09 10:47:08','2025-07-09 11:13:25',NULL),
('1974b926-d2e5-4a3e-97d6-bdcdbf5edbc6',NULL,'REQ_1752149667',0,'qblcFhnchVLiAGUKKS\\SFa@AGrDY|Ea@bEIHkAxJ[~C?vABb@Z|Ah@vB\\p@`@l@h@d@zAn@dAf@lJ~Dp@RhBt@h@Vd@F|@CTOf@E@f@?DEB',1,'0',0,NULL,0,1946,0,0,'0',1,44,'taxi',NULL,NULL,'fc839e9a-ba34-4f76-b0a0-60215746d87a','74b0e12c-a6fb-424d-85bc-462fb5c222e8',NULL,NULL,NULL,NULL,NULL,NULL,NULL,NULL,NULL,NULL,'2025-07-11 11:01:32',0,0,0,0,1,0,0,NULL,NULL,'1',0.00,0.00,0,'1',0,33.00,0.00,0,0.00,0,0,NULL,'Asia/Calcutta','USD','$',NULL,0.00,'1',0,NULL,0,'2025-07-11 11:01:24','2025-07-11 11:01:32',NULL),
('1ae2dbe4-651d-4ec2-ad1e-a28ad9f6c456',NULL,'REQ_1752149636',0,'qblcFhnchVLiAGUKKS\\SFa@AGrDY|Ea@bEIHkAxJ[~C?vABb@Z|Ah@vB\\p@`@l@h@d@zAn@dAf@lJ~Dp@RhBt@h@Vd@F|@CTOnGi@zDOjBMRwKJcCgABCJ?l@@PBD',1,'0',0,NULL,0,9109,0,0,'0',1,2,'taxi',NULL,NULL,'fc839e9a-ba34-4f76-b0a0-60215746d87a','259d5b5e-4645-476b-8e99-5a6945b2e39a',NULL,NULL,NULL,NULL,NULL,NULL,NULL,NULL,NULL,NULL,'2025-07-11 05:37:01',0,0,0,0,1,0,0,NULL,NULL,'1',0.00,0.00,0,'1',0,43.00,0.00,0,0.00,0,0,NULL,'Asia/Calcutta','USD','$',NULL,0.00,'1',0,NULL,0,'2025-07-11 05:36:59','2025-07-11 05:37:01',NULL),
('1af3c6f2-b6e1-4241-9720-62883df3a1d3',NULL,'REQ_1752127927',1,NULL,1,'0',0,NULL,0,NULL,0,0,'0',0,2,NULL,14,'loose','fc839e9a-ba34-4f76-b0a0-60215746d87a','df1f72a4-fda4-490c-aa9a-b49d9f195b6a',NULL,NULL,NULL,'2025-07-11 06:11:00',NULL,NULL,NULL,NULL,NULL,NULL,NULL,0,0,0,0,0,0,0,NULL,NULL,'0',0.00,0.00,0,'1',0,108.00,0.00,0,0.00,0,0,NULL,NULL,'USD','$',NULL,0.00,'1',1,'36c8f0b2-c9e7-430f-8a28-893972331dab',0,'2025-07-10 06:12:07','2025-07-10 06:12:07',NULL),
('1d5b24af-b10d-4654-958f-bd28ce19a52a',NULL,'REQ_1752127941',0,'oxotBcppsM_@fFS`BcB[s@SoH_DcAe@c@}@m@qBQw@QaBEcBBYZ{@Fk@Rw@Bc@LkA^gBp@}A\\kBCC\\o@VG^ANBx@`@LAxAq@|@Y~@QbCGj@E`@SrAU|AWHM@O?iMzJC?kC',1,'0',0,NULL,0,1363,0,0,'0',2,2,'taxi',NULL,NULL,'fc839e9a-ba34-4f76-b0a0-60215746d87a','7a8ab5c4-2998-49bb-8bff-8aa32e51fcd9',NULL,NULL,NULL,NULL,NULL,NULL,NULL,NULL,NULL,NULL,'2025-07-10 10:30:59',0,0,0,0,1,0,0,NULL,NULL,'1',0.00,0.00,0,'1',0,53.00,0.00,0,0.00,0,0,NULL,'Asia/Calcutta','USD','$',NULL,0.00,'1',0,NULL,0,'2025-07-10 10:30:40','2025-07-10 10:30:59',NULL),
('228870d7-bdee-41f6-8e58-b0c8db4f0e39',NULL,'REQ_1752127932',0,'oxotBappsM_@dFS`BcB[s@SoH_DgAg@k@ImA@[HKFv@~@r@bApBdDL`@APVPTDFH',1,'0',0,NULL,0,8277,0,0,'0',1,2,'taxi',NULL,NULL,'fc839e9a-ba34-4f76-b0a0-60215746d87a','7a8ab5c4-2998-49bb-8bff-8aa32e51fcd9',NULL,NULL,NULL,NULL,NULL,NULL,NULL,NULL,NULL,NULL,'2025-07-10 08:39:41',0,0,0,0,1,0,0,NULL,NULL,'1',0.00,0.00,0,'1',0,31.00,0.00,0,0.00,0,0,NULL,'Asia/Calcutta','USD','$',NULL,0.00,'1',0,NULL,0,'2025-07-10 08:36:45','2025-07-10 08:39:41',NULL),
('23bb8c8e-abc1-4715-8a64-14b15be1da48',NULL,'REQ_1752149645',0,'qblcFhnchVLiAGUKKS\\SFa@AGrDY|Ea@bEIHkAxJ[~C?vABb@Z|Ah@vB\\p@`@l@h@d@zAn@dAf@lJ~Dp@RhBt@h@Vd@F|@CTOnGi@zDOdNeAtBS~CW`@?IzC',1,'0',0,NULL,0,4181,0,0,'0',0,2,'taxi',NULL,NULL,'fc839e9a-ba34-4f76-b0a0-60215746d87a','7a8ab5c4-2998-49bb-8bff-8aa32e51fcd9',NULL,NULL,NULL,NULL,NULL,NULL,NULL,NULL,NULL,NULL,'2025-07-11 08:17:29',0,0,0,0,1,0,0,NULL,NULL,'1',0.00,0.00,0,'1',0,41.00,0.00,0,0.00,0,0,NULL,'Asia/Calcutta','USD','$',NULL,0.00,'1',0,NULL,0,'2025-07-11 08:16:16','2025-07-11 08:17:29',NULL),
('263725ec-0ab6-4747-9350-b895d29b24bd',NULL,'REQ_000004',0,'elgbDog}kNi@bAp@Pt@@rA`@`@Dt@q@VILAn@JvB`@nBt@tA^vAPx@?fAOvAWfAKhANnA^xHhCrCl@`DPpBjChHhKtHxIpH`J`BzApEbDxBjAtEbFdCdCd@j@|EhHhFtI|BlDvArAzEbFhDfDhCxAv@NxA~@`CtBfAxAzBbCfElCzCxBlHdG`@XrDpB|IpFjFfLXb@n@d@b@Nr@H~@F~@d@hHnFyE|E}BvBkCnCkC`CaIhGmCbBsEzBiIpDeB~@aB|@kGxDwTxM{E`DsKpIqAz@_A`@aFtAiLzCoDh@iKrC}ClAiJ~Do@R}D`BoC|AyCzBiD~BCJ{JnHyJnH_Ap@o@^m@TaElAsLfDcA^eBfAcK~HcO`LuC~BwPlMeDxBmEbDcLvIuLxIoMzJyJvHyCxBcC~AmAn@wCrB{@b@GH}NlJoRvJz@`GvA~NxApPpAfN@p@Gx@Ur@iAdD`BhHRl@d@bA^b@l@`@hCbAlHbDnAh@xCbBf@ZtAvAp@z@jA}@nBo@`BOhAEnMn@|G\\nNn@vJr@tARpNtCzT|E|LvCrGxA`IlB`E~@pEvAxBj@~Bz@rEtAxEnBj@Zn@TvDfCdIdGbAv@dD~BjEbD`@TfA\\vHdBrDn@`AVrE|@~A`@tBb@~Bh@|Bd@lBf@`FbAzG|AzE`AzDr@lYzD~AThCp@vMlEpEvAlDbArCj@rKhAvFn@vJx@tEb@nE\\l@@pFh@`DF`DKdJ}@pIeAtG}@fEe@x@SLSpEm@rAMv@@t@XbFbCjJvE|KjKrDbDdAbAX}ENk@NYf@m@No@Be@DY^mAv@yB@[CQ_@{@CUtAsFJYt@iA`BgBNMjBqD~@{Az@mAp@eBLo@D]C}@Ji@Xg@PQVOd@e@HSAQcCsBwAiAMQAOhCcF\\oAr@oDCWk@i@cCeBuBmBmCgB}BmBGK?OrAuCJEb@CLOfAoC?Q_Ag@NIqB}Au@}@g@[q@[m@U@c@CKa@e@Qc@?QB_@Jm@A_@c@qAWk@_@m@GOKeAAy@F]t@mBvBwCXk@gBeBkCsBkAiAdAyAb@s@`@cA|AoC',1,'0',0,NULL,0,2443,0,0,'0',0,2,'taxi',NULL,NULL,'fc839e9a-ba34-4f76-b0a0-60215746d87a','abe0be4d-b6c2-41c7-bbca-888720341b55',NULL,NULL,NULL,NULL,NULL,NULL,NULL,NULL,NULL,NULL,'2025-07-07 08:39:56',0,0,0,0,1,0,0,NULL,NULL,'1',0.00,0.00,0,'1',0,342.00,0.00,0,0.00,0,0,NULL,'Asia/Calcutta','USD','$',NULL,0.00,'1',0,NULL,0,'2025-07-07 08:37:00','2025-07-07 08:39:56',NULL),
('265e10ef-544f-47b0-8644-e202460170e5',NULL,'REQ_1752057125',1,NULL,1,'0',0,NULL,0,NULL,0,0,'0',0,20,NULL,NULL,NULL,'fc839e9a-ba34-4f76-b0a0-60215746d87a','d40477d6-577c-4b0b-be67-787b19c4d5e2',NULL,NULL,NULL,'2025-07-09 10:33:00',NULL,NULL,NULL,NULL,NULL,NULL,NULL,0,0,0,0,0,0,0,NULL,NULL,'0',0.00,0.00,0,'1',0,21.00,0.00,0,0.00,0,0,NULL,NULL,'USD','$',NULL,0.00,'1',1,'36c8f0b2-c9e7-430f-8a28-893972331dab',0,'2025-07-09 10:32:05','2025-07-09 10:32:05',NULL),
('26cf9df4-2436-4f1e-a95d-8d863e4f42b3',NULL,'REQ_1752149665',0,'ykgtBijl|Lg@@n@x@`BdBLM\\Kl@bA^j@~HbID`@lBtBtFpFnAhAR^pPnQfQfRxHjI|@v@`BfAbAf@`A`@vC~@r@NvBX~BB~AAnCQp[oCnK}@fJ{BjGqA|HsBhCo@tKuC~@[|G{ChEgBvBm@hCc@dBWtB]^KnEg@rAA|Hb@hAN~Dx@nA\\n@RbE~BzC~AnA`A~Av@z@j@vIhFbLbHvPtJzD~B`GdDzGbEzEzChMxH|DzBjFdDxGtDvnAzo@dBhArQdJdL~FrDjB|UrLbEnB`F~AvFxA`Cv@pGrB|DrA~l@`RxBj@vGtB~@ZvVpHfM`E~F|AvOxEzDtAH[rLpDvKdD`u@lUxBv@|BlAlBrAvJ`Id@`@tI~G`JlHTt@dCdCzSvPpAx@dA~@xCdDbCdDrFpIXb@h@`A`@n@lG|Kb@t@\\h@R^nDfGnBfDz@vAZJtDzFdAfBLn@B`AFVxF|JtBfE~BdEN`@T~AD|@Cl@Gl@sDnTaCjNYv@e@z@sDdEiGjF_DfC_At@aKlI}A~AsC~Co@~@]x@WjAMpACzAGjAG\\e@dBu@|AiCdEiArCqBrD}AlCe@dAYxACr@D`AXvAbAtCd@hANFTb@z@vB@Jr@hBfBrFTr@`@T`@JPB^ChGwAZa@f@[|@]hCs@pAg@n@KVC`@@bATrDfAtA|B^r@iDvBADr@tA',1,'0',0,NULL,0,4742,0,0,'0',1,2,'taxi',NULL,NULL,'fc839e9a-ba34-4f76-b0a0-60215746d87a','259d5b5e-4645-476b-8e99-5a6945b2e39a',NULL,NULL,NULL,NULL,NULL,153.00,NULL,NULL,NULL,NULL,'2025-07-11 10:47:11',0,0,0,0,1,0,0,NULL,NULL,'1',0.00,0.00,0,'1',0,303.00,0.00,0,0.00,0,0,'9b78671c-dc3e-49ca-b2ae-ed21a5700c32','Asia/Calcutta','USD','$',NULL,0.00,'1',0,NULL,0,'2025-07-11 10:46:04','2025-07-11 10:47:11',NULL),
('27b25f48-ccd0-4aa2-9b13-e8d0ab529d4e',NULL,'REQ_000016',0,'}kgbD{g}kNq@nASGGl@Sr@Gr@',1,'0',0,NULL,0,8578,0,0,'0',1,2,'taxi',NULL,NULL,'fc839e9a-ba34-4f76-b0a0-60215746d87a','cee75e37-0545-4afa-92c4-b8f133660c90',NULL,NULL,NULL,NULL,NULL,NULL,NULL,NULL,NULL,NULL,'2025-07-08 05:01:34',0,0,0,0,1,0,0,NULL,NULL,'1',0.00,0.00,0,'1',0,11.00,0.00,0,0.00,0,0,NULL,'Asia/Calcutta','USD','$',NULL,0.00,'1',0,NULL,0,'2025-07-08 05:00:30','2025-07-08 05:01:34',NULL),
('2f9a2365-8cf8-47bd-b8ae-d2621938c6a6',NULL,'REQ_1752149650',1,'__|xBk~paMfADpAJnCJtB~GpBpIbEeF|AsBlB{BtKiNfF_HdFgH~BmDJSjNyRfDgFhGiInAeBxAeBpFuHt@oAjA_B`BiCfAsA`IgL~EkHh@{@pAuClAiCRw@JaALcCt@gGTiAf@wAf@{@z@eAdA{@x@c@lA_@~D{@lCqAx@g@f@c@rA{AbByBbImI~PuPpPgPzA}A|AyBbAsB`@}@`@iArD{I~@kBt@eAtBqBvAkAtHaHzCcCn@o@\\i@^w@hEqKvAwDr@_BnBcGlBkGdGoR\\mAvBiG~@uB|@gBfBoClA{AvCgDz@kA|JwLvCaEjCwFvBmFt@wB~EsR`A_DhBsFxBcIzBkLdBoI~AwHbAcDz@gB`IkMnAcCxBoDp@sBbFyHxDkGdBwAfGqJdJkOlCiExHuMp@eA~CoFbGwJnDsFxAaCJ[bAqAjHqLfDyFfGyJzBsDnCiEdJmOnMkTjE{GpH_MvIsNfCgEzBuEpA}Bz@eAlAgApAq@dLmEtEgBh@UlBiAlAiAb@i@Zi@pAmCrBwEd@aAt@eBp@iAd@_@l@WjAOtADfAHb@Aj@UNKRSPc@Fs@AWGWu@eB}@oBQq@McAAs@Di@Hq@Z}@Te@x@w@`@Ub@QzC}@bAOdAEx@BfDPrACfCQ|@MjAc@j@Yr@m@r@_AhAaCnGwOzHsR`AcCp@qAZ_@|AcAv@UzKeCxIoB`Ci@`[_HfCe@zCq@|DgAvBeAnSiL|DeCpCeBvFaDrJ{FlOqIp@UhU{MxQ_J|@g@hFcCbG_DzCmB|EeCvAcAb@a@p@}@v@kAZm@r@_BxIwW`DuI|FiPtFoObDqIfFoNvByGfAwChFaOt@qDNoALyBV}N@{C`@aSDgDRyKXsQf@q\\?sCDcEH[JyBByBBiF@m@PaALgATsATu@|@yBhBqCtEiG|KwOh@aAbFgH|BoDhB{ChA}BpLgTlJiPrJwPdFuI~EkHfNcRjCwDpCiDfN}Qja@yh@fDwEdAqAzNoRtH_K~AoBjAcB~LiP`DeExG{IrEcGtFoGlDoEtHwIjAkA|LaNtOuP`FkFfHmHbQkRrHuHrDmD`FcFfPuOh@c@zVeVtBmBfByAfMkL~OeOzDoDfBiBfKuJdFwEtEoEzGiG`AeAzCcCfReQnTyRzJsIlAgAzBcC`C_DnAsB|@d@|@R|E{DtCwB~GsFnJiHtHiGtCwBfB_B`@k@bAiAv@k@dFqC`Am@`@[~CmB`Bw@rIsDbBo@bFaBPK~DoAn@Wj@[`BoA|AmBjE{D~@aAR_@Bs@Os@CWjBq@lBaAbCwBnAmAj@o@xQwQrDkDbHeGhAy@fAk@xAe@tAYxAMzKQhCA`ACtAKvAOxAWfDcA`C}@dGuBpA_@nDs@dCWbDYlQ_BjOkBdQ}BlBUx^yEvDm@fDu@xFaBbVcIfDaAzBc@`JwArBMbFD`Kj@pABr@E`ASd@QtBqApA_AhDyChAo@vAWr@Cv@B`APtCr@rAd@rA\\pAJ|A?v@KrAEvOuArDI`NOlAEnAMz@MnAWbCs@~B}@rEkBtAg@vB}@jQ_H|EcCvCqAvI_FjDuBxEyBbCwAjBmAfC}BlFaId@k@n@q@tByAvCaArFoAnD}@nBq@r@[jE_CzIcFxBmApA{@dH{DtEmCzAy@vA{@~LgHxHqEnIyEjCqAtC}@nFqAVMVSVKrAQbAItDe@hBOVBr@AxBUl@ItQoBbSgCdGc@bDDtDRlD`@lIjAdBPbHZbINh@HrDGvEWzBSfBIvJu@x@SlDq@~Bq@zBu@tCqAlJmFvJkFzDqBBIpPyI~G}DhJcFbAe@|Ac@dAStF[nC[t@OrDa@~@AjBOdN{ApI}@pH}@dKsAtAQ|Ey@vMiBhC]hDm@rA_@vAYtCs@hEs@r@KfH{A`OsC`E_AlCw@lC_AjAe@|Aw@xCcBpEgDrF_EnGuEh@Sp@g@|@e@`Am@vAo@pCgA`AUdDc@bCEZErBBrE^jPdAdQjAtBJz@HhNh@|BJfDXpJjA`Fb@nDTjBVlSzAdIj@zDLjMn@`BX`Eh@hRzAbJp@dBNvOlAlCTbVbBvPfAjOhA~E\\zDRjEFzEElGUvCIfGq@|k@}IbB]f@OpAg@hAk@xAcAp@u@pEgEbDkC~CaCjBmAv@i@fCwA`CeAhLkEjBo@dCs@~D}@bHcAjC[nCQj@AjAJpA^t@`@pBnBXXp@v@p@h@`@VzD|AhDzAjE~AtAp@nAdALLd@v@pCjHr@|Al@bA~EjHp@r@x@r@t@h@vAp@x@RvATfAHbBBrCOzEi@`@ElBArAHn@P\\Nx@n@PRhApBfAxAp@l@r@d@pBbA~@^xDbApAd@dAr@v@n@n@hAZt@Nl@PzCLfDT|Cn@nDrClKfApEx@jCf@fBp@fBb@j@~@f@j@P|@Bj@A^G^Mf@Ut@q@V_@Na@R{@F}@B}JA_B@mC@kCJeBFi@P}@Ni@j@wAt@qAf@q@rEuErAwA|JaKnAqAvBcBdBaAvHeDjAe@lEwBj@[dBsA~@{@\\i@rFqGlAoArBcBvFwDnCqBdEsC|C_CjAo@jCeA~Be@jEg@hFe@nRyBvFe@hMwAlEm@pWuCbC]bDw@hX_HxCq@pA]~GyAfCs@fB_@xC]`BIzBCh\\@dCJnBVpBf@nBv@vHhDdNdGpFdCdAb@n@^zAd@vRlE`B`@jCdAxGvCbBj@jBb@vATjv@lJjARlBAjAIb@KbBo@xBwAvBmAtCqBrAeAzC_DtEcFl@e@jAwAvDuDrBwAxBmAxEoCxDaCfCaBpJ}FTIfAYz@EjAF|@Vd@Td@`@r@jAxAbEjCfH\\r@r@`AjA~@^Rv@TvF~@|@Zp@`@l@h@b@n@^v@Nf@j@`DV~Ad@lBL`@Vf@d@n@^Zr@`@t@VVFnHf@bD`@v@Nj@PpHnCpIpC`C~@z@f@lDhCtNdL~MnKvU|Q`DfCzAtAp@z@h@z@dAfCVbAz@bGf@xDJj@`@fBfAjDxAnDx@tBbA~BbEvIzEpJdG`LbA|AzCfD`HbHpChC~DpElChC`Ar@v@f@nAd@rD~@zG~AnDn@fUtC~OzBdFl@pJrAzJjA|Kv@bCN`Ff@jGb@nEb@jBXxA^~@^vAz@f@\\pArAt@fAhAtB|AfD~CdGbGlMfCbF|@zBlDbH~@pA`A~@jAr@nAj@lUzGd@JbBp@|Az@tCbC~EjGj@f@nDfCl@`@xGxCzPjHnFdCjCz@pE|@hC^lDn@jLhBtFv@z@NjBf@dBx@r@`@vBfBXZjA~AfAbBbGrJzBpD`BzBPRl@j@tBbBf@Zf@NrAr@tBt@`AV`Cb@zCT|@@lA?zEQ`G_@pAAjIg@jACd@?tAFhALbBb@zAj@lBtAnAhAtJ|J`B|A~@l@hAl@|Al@xLjEpBv@dF`BxBx@rEzAvDzAfEhBnEdBbB~@`BbAlKdIbEdD`FzDlClB~@`@dAZvDt@hQ|CxC`@vPzCjBd@bF~AlC|@~A`@bBVfBJbIDlDCzDBnAHnAP`APxAf@bAd@dAv@~c@hZt@^fPrK|@n@fBfB~Z|[lB|B~HlIfAtAbA~AXj@DPJBxAnBrAxAnB`BfAv@n@j@jAx@dItGj@h@~IdHtGhFvEtDvIzIh@j@tAbCv@~AbBhEv@jAZ`@^\\d@GPIL_Db@aD`@{AlAoD`BsEd@kBb@aC^iDl@sLLuEDiDHwCBm@Fa@b@yAl@gA^i@x@u@hAw@dBo@lDi@~Fs@bKaB|A[bBi@bAg@p@o@jCmFdBoCpAkBj@gA`@iANuADiBGcBEaDBy@PoAXqAl@sAXc@^e@tAgALAXWnDeB~B}A|CaCvFeEzG_GxCkBdA{@~C_Dt@s@nAeAjEuCn@g@jIuHvCgCbBuAx@u@~@eAx@cAnAgB`G{HhAoAlHiHz@o@fAg@d@Or@OvEo@nCYp@I^Q`BUx@Wn@[l@e@d@k@Xg@Zw@tAoGb@iA`@w@NSh@c@|@}@nOmLhQoNbC{AjC{AnAeAtAwAf@q@fHmKhByB|AyAlAcA|@o@rKwGnF{DnAw@|FgD`As@p@q@dFsF|CwCrGwFn@k@d@i@nFmHl@o@bAu@bGgE|@aAnYo`@`A_B\\u@bAaDVaAXoCLq@BiB?oCl@VnOfK`@XVGLIDsFJ}B`@_DZ{APo@`@eAXmA`@o@r@_Ab@{@d@{AZi@p@eAXm@p@wBTaArD`A`ARnAB`BIRCFiCFcAXeCX}CH]dBqFpB_H\\w@vFaHx@qAdBmDdAcC`CkGbAwBpBmD|EsGx@gAdCiDrAeBjBoCjA{AhAsAtAgBpAoALEdAQjA[dA]ZQxAqAhGyF`FkEpAsAlAsAnBoB~B_BZWzCgDtCcDtBaCpDwDdBoBtAkBxBsDn@u@xBqBrIsHzBkCtEuEhH_IfD}DvGgId@e@^U^MzCm@bEeAz@]x@e@\\e@HWfAoGDc@@eAEkD?mEJqAHm@`AkEt@sEX_ARa@hFyHnAwAzD}Dn@q@H[L?hM_MhAcAdCcCbB}Ah@s@r@uAr@}Ax@gAtAyAP[`@yAHc@JwADqBZ_AX[RIn@MhKiAfBSb@KxMoF`Bg@nAg@f@a@l@qAtC{GN]POXCh@PxChBn@TfBTx@@`@IPUF[VgDNm@`@mAl@wCl@uC~@cCdB{Fj@yBj@iDVcArAyD~CwIvAkDh@gAvC}Dh@oAxA{Db@}@zA~@~FbElA`A`B`BrBhBbAr@lBlArBxApAfAl@ZtBj@jBd@t@LjE^fADz@IhHyBxBa@nF}@hAYhJmEvDkB|Aq@vBgAnDsEn@_AzByElAuCbAiD^_AfAyAnEoFx@iAx@_@h@MrBkATIj@C`AFlFtAlFf@`ADj@KvBmAnDeBzEiBdMqE`EyAjEwAbEcBl@Kr@Sv@G`HKvEGzDGZBfBK`Ac@r@_@pAc@tA{@ZYT]Zu@^g@`@q@t@}Ax@gALGJBpBbAf@Np@Bd@GhFkBpBy@lH{DfG{C`@Gp@EnA?f@K|KmDnHkBhOqI`DsB`@Q|Cq@vFaAn@Ub@WhBgBdK_Jx@YdBg@hDw@tAYtEk@p@K~Bq@nGaC~Aa@VQlB[rBg@jDs@h@GfACvDF`BJxO^t@Az@MnMuD^G~FYdGSxCc@zEw@xFm@`Fo@fI_AxIy@tFq@P?RIr@Yv@g@pAgAfByB|BcDn@iA|CcE|BsCR]J_@DmBT{DHk@^qADc@Pq@NqAAk@XR`@JXCPKnB{Bj@k@fA{@bB_A`EaBp@a@jFoD`A{@fFiFf@i@tBsCrRkYbEsGpDmGbAgBlF_Jp@_Af@m@bFiFbIuGbLeJ~@c@j@OrEw@lDe@j@MPI^_@^m@tAiCl@_Ah@a@hJqFtEmCbAc@|FgArAc@n@e@j@q@fA}AxLoOtBwC~GaMx@_B|CiFbGuGxMqOj@s@b@c@dDcCnKgItDoB|Au@t@g@PUJ_@DoDByKDs@L_@LSRK|Bm@xEcAhDo@hBg@~BgArLaGbBcAh@Qd@E~@CrAGx@O^SLKnA{BpAeDp@_C`@sAJa@\\s@V[`CiChHcIjEmDlBmAnCmAlIcDfE{AxIyCrGoCxC{AhCmAbIkDr@_@z@k@hRoOpBiB\\i@Ni@LeBF[v@cC`AaDpAaE^qA`@w@b@_@jDmArBo@zAi@hDeAz@IhG[|\\mAlI_@dCKf@Er@OtWyH`AYvA[v@ErN[lAKr@O|IoCtBSrOgAbL_AzM{@|EWxAQx@WvAq@bX_OjJwFxGgElAk@tCaAjEmAzM}DvNgFz@]|@m@jFkEpAqAl@u@pBiEl@aBtHgUT}@By@_@_GeAgOi@yI?o@fAiJt@wI\\sEt@qIPwA\\eAtA_DF[Ao@u@uH}Ac]CkB@k@\\{C~AgJt@gCT]b@WL@HlARjAZbAv@zA`@v@v@lA|@~@\\X`Bz@pCdAfMfEhBr@bE`Bf@NITR~@`IfKlCzD~AvB^t@`@rAb@|BL~AH|A?|AZdNVxDtAbLPr@JN^^`BrAhAv@',0,'0',0,NULL,0,2389,0,0,'0',0,2,'taxi',NULL,NULL,'fc839e9a-ba34-4f76-b0a0-60215746d87a','259d5b5e-4645-476b-8e99-5a6945b2e39a',NULL,NULL,NULL,'2025-07-14 05:03:00',NULL,NULL,NULL,NULL,NULL,NULL,NULL,0,0,0,0,0,0,0,NULL,NULL,'0',0.00,0.00,0,'1',0,2042.00,0.00,0,0.00,0,0,NULL,'Asia/Calcutta','USD','$',NULL,0.00,'1',0,NULL,0,'2025-07-11 09:03:40','2025-07-11 09:03:40',NULL),
('307f8283-136c-4ad1-9530-7bb3a8a9458a',NULL,'REQ_000023',0,'{kgbD}g}kNs@pAp@Pt@@rA`@`@Dt@q@VILAn@JvB`@nBt@tA^vAPx@?fAOvAWfAKhANnA^xHhCrCl@`DPpBjChHhKtHxIpH`JlAfAq@fAOl@',1,'0',0,NULL,0,9822,0,0,'0',0,2,'taxi',NULL,NULL,'fc839e9a-ba34-4f76-b0a0-60215746d87a','cee75e37-0545-4afa-92c4-b8f133660c90',1,NULL,NULL,'2025-07-09 04:27:34',NULL,NULL,NULL,'2025-07-09 04:27:20','2025-07-09 04:26:32','2025-07-09 04:29:06',NULL,1,1,1,1,0,0,0,NULL,NULL,'0',0.00,1.00,0,'1',1,30.00,0.00,0,0.00,1,1,NULL,'Asia/Calcutta','USD','$',NULL,0.00,'1',0,NULL,0,'2025-07-09 04:26:22','2025-07-09 04:29:25',NULL),
('31de28d3-53a6-4294-a097-24d2bc34d652',NULL,'REQ_000033',0,'kq{qBez|dMj@s@`@m@nBtAlBhBxGcIF[DuAIkAi@g@uBwAiBoAoAaAwBmBeBoAcA}@',1,'0',0,NULL,0,4300,0,0,'0',0,2,'taxi',NULL,NULL,'fc839e9a-ba34-4f76-b0a0-60215746d87a','cee75e37-0545-4afa-92c4-b8f133660c90',1,NULL,NULL,'2025-07-09 06:17:08',NULL,NULL,NULL,'2025-07-09 06:16:25','2025-07-09 06:16:20','2025-07-09 06:17:22',NULL,1,1,1,1,0,0,0,NULL,NULL,'0',0.00,0.00,0,'1',1,32.00,0.00,0,0.00,1,1,NULL,'Asia/Calcutta','USD','$',NULL,0.00,'1',0,NULL,0,'2025-07-09 06:15:55','2025-07-09 06:19:52',NULL),
('32de4573-adf6-4b5c-9cfd-d425779944a9',NULL,'REQ_000002',0,'elgbDog}kNi@bAp@Pt@@rA`@`@Dt@q@VILAn@JvB`@nBt@tA^vAPx@?fAOvAWfAKhANnA^xHhCrCl@`DPpBjChHhKtHxIpH`J`BzApEbDxBjAtEbFdCdCd@j@|EhHhFtI|BlDvArAzEbFhDfDhCxAv@NxA~@`CtBfAxAzBbCfElCzCxBlHdG`@XrDpB|IpFjFfLXb@n@d@b@Nr@H~@F~@d@hHnFyE|E}BvBkCnCkC`CaIhGmCbBsEzBiIpDeB~@aB|@kGxDwTxM{E`DsKpIqAz@_A`@aFtAiLzCoDh@iKrC}ClAiJ~Do@R}D`BoC|AyCzBiD~BCJ{JnHyJnH_Ap@o@^m@TaElAsLfDcA^eBfAcK~HcO`LuC~BwPlMeDxBmEbDcLvIuLxIoMzJyJvHyCxBcC~AmAn@wCrB{@b@GH}NlJoRvJz@`GvA~NxApPpAfN@p@Gx@Ur@iAdD`BhHRl@d@bA^b@l@`@hCbAlHbDnAh@xCbBf@ZtAvAp@z@jA}@nBo@`BOhAEnMn@|G\\nNn@vJr@tARpNtCzT|E|LvCrGxA`IlB`E~@pEvAxBj@~Bz@rEtAxEnBj@Zn@TvDfCdIdGbAv@dD~BjEbD`@TfA\\vHdBrDn@`AVrE|@~A`@tBb@~Bh@|Bd@lBf@`FbAzG|AzE`AzDr@lYzD~AThCp@vMlEpEvAlDbArCj@rKhAvFn@vJx@tEb@nE\\l@@pFh@`DF`DKdJ}@pIeAtG}@fEe@x@SLSpEm@rAMv@@t@XbFbCjJvE|KjKrDbDdAbAX}ENk@NYf@m@No@Be@DY^mAv@yB@[CQ_@{@CUtAsFJYt@iA`BgBNMjBqD~@{Az@mAp@eBLo@D]C}@Ji@Xg@PQVOd@e@HSAQcCsBwAiAMQAOhCcF\\oAr@oDCWk@i@cCeBuBmBmCgB}BmBGK?OrAuCJEb@CLOfAoC?Q_Ag@NIqB}Au@}@g@[q@[m@U@c@CKa@e@Qc@?QB_@Jm@A_@c@qAWk@_@m@GOKeAAy@F]t@mBvBwCXk@gBeBkCsBkAiAdAyAb@s@`@cA|AoC',1,'0',0,NULL,0,6014,0,0,'0',0,2,'taxi',NULL,NULL,'fc839e9a-ba34-4f76-b0a0-60215746d87a','cee75e37-0545-4afa-92c4-b8f133660c90',NULL,NULL,NULL,NULL,NULL,NULL,NULL,NULL,NULL,NULL,'2025-07-07 08:40:59',0,0,0,0,1,0,0,NULL,NULL,'1',0.00,0.00,0,'1',0,342.00,0.00,0,0.00,0,0,NULL,'Asia/Calcutta','USD','$',NULL,0.00,'1',0,NULL,0,'2025-07-07 08:36:41','2025-07-07 08:40:59',NULL),
('33337975-4fdb-48d4-93ee-50f4f1c018d6',NULL,'REQ_1752149668',0,'qblcFhnchVLiAGUKKS\\SFa@AGrDY|Ea@bEIHkAxJ[~C?vABb@Z|Ah@vB\\p@`@l@h@d@zAn@dAf@lJ~Dp@RhBt@h@Vd@F|@CTOf@E@f@?DEB',1,'0',0,NULL,0,8581,0,0,'0',0,44,'taxi',NULL,NULL,'fc839e9a-ba34-4f76-b0a0-60215746d87a','7a8ab5c4-2998-49bb-8bff-8aa32e51fcd9',16,NULL,NULL,'2025-07-11 11:03:03',NULL,NULL,NULL,'2025-07-11 11:02:32','2025-07-11 11:02:17','2025-07-11 11:03:07',NULL,1,1,1,1,0,0,0,NULL,NULL,'0',0.00,0.00,0,'1',1,33.00,0.00,0,0.00,0,1,NULL,'Asia/Calcutta','USD','$',NULL,0.00,'1',0,NULL,0,'2025-07-11 11:01:37','2025-07-11 11:04:37',NULL),
('35254a08-0ed4-4262-ae91-caceab0208d9',NULL,'REQ_1752149634',0,'qblcFhnchVLiAGUKKS\\SFa@AGrDY|Ea@bEIHkAxJ[~C?vABb@Z|Ah@vB\\p@`@l@h@d@zAn@dAf@lJ~Dp@RhBt@h@Vd@F|@C?oBTeFR_IHSLE|K{@ApA',1,'0',0,NULL,0,5027,0,0,'0',0,2,'taxi',NULL,NULL,'fc839e9a-ba34-4f76-b0a0-60215746d87a','7a8ab5c4-2998-49bb-8bff-8aa32e51fcd9',1,NULL,NULL,'2025-07-11 05:27:36',NULL,NULL,NULL,'2025-07-11 05:27:25','2025-07-11 05:27:16','2025-07-11 05:27:47',NULL,1,1,1,1,0,0,0,NULL,NULL,'0',0.00,0.00,0,'1',1,43.00,0.00,0,0.00,1,1,NULL,'Asia/Calcutta','USD','$',NULL,0.00,'1',0,NULL,0,'2025-07-11 05:27:06','2025-07-11 05:28:45',NULL),
('3568a981-3b82-422a-9bb6-e1a442386a8f',NULL,'REQ_1752057126',0,NULL,1,'1',0,NULL,0,NULL,0,0,'0',0,20,'taxi',NULL,NULL,'fc839e9a-ba34-4f76-b0a0-60215746d87a','d40477d6-577c-4b0b-be67-787b19c4d5e2',6,NULL,NULL,'2025-07-09 10:44:36',NULL,NULL,NULL,'2025-07-09 10:44:30','2025-07-09 10:44:25','2025-07-09 10:44:45',NULL,1,1,1,1,0,0,0,NULL,NULL,'0',0.66,0.00,0,'1',1,21.00,0.00,0,0.00,0,1,NULL,NULL,'USD','$',NULL,0.00,'1',1,'36c8f0b2-c9e7-430f-8a28-893972331dab',0,'2025-07-09 10:43:40','2025-07-09 10:45:01',NULL),
('35a42837-67af-48a5-b01b-55f9c14b04b7',NULL,'REQ_000009',0,'}igbDso}kN^hA@p@_@GoBIC@IZSfAKz@DXNXGl@Sr@Gr@',1,'0',0,NULL,0,2730,0,0,'0',0,2,'taxi',NULL,NULL,'fc839e9a-ba34-4f76-b0a0-60215746d87a','cee75e37-0545-4afa-92c4-b8f133660c90',1,NULL,NULL,NULL,NULL,NULL,NULL,NULL,'2025-07-07 09:23:57',NULL,'2025-07-07 09:25:13',1,0,0,0,1,0,0,'Self Cancelation',NULL,'1',0.00,0.00,0,'1',0,13.00,0.00,0,0.00,0,0,NULL,'Asia/Calcutta','USD','$',NULL,0.00,'1',0,NULL,0,'2025-07-07 09:23:47','2025-07-07 09:25:13',NULL),
('35cb97ac-effa-4f9a-9576-7691f03c2388',NULL,'REQ_1752149629',1,'wcotBmnpsM@gNIwd@{JBAvMGLMFwC`@_@NOHk@DcCF_APqBt@i@VMAu@_@a@C]DMJUf@?J]hBq@~Aa@nBIz@Cb@WhAGd@Wn@CXDbBP`B^~A^hAb@|@o@KmA@[HKF}EaBsCbLWr@MTMBs@x@e@^w@^qA\\U?QEEE{@LVaAsGsCmFyBk@WtCaInAsDz@^',0,'0',0,NULL,0,4414,0,0,'0',0,2,'taxi',NULL,NULL,'fc839e9a-ba34-4f76-b0a0-60215746d87a','7a8ab5c4-2998-49bb-8bff-8aa32e51fcd9',NULL,NULL,NULL,'2025-07-10 15:45:23',NULL,NULL,NULL,NULL,NULL,NULL,NULL,0,0,0,0,0,0,0,NULL,NULL,'0',0.00,0.00,0,'1',0,78.00,0.00,0,0.00,0,0,NULL,'Asia/Calcutta','USD','$',NULL,0.00,'1',0,NULL,0,'2025-07-10 15:15:31','2025-07-10 15:15:31',NULL),
('3676a8da-98f9-4440-81f6-7ea9e48e2c3d',NULL,'REQ_1752127943',0,NULL,0,'0',0,NULL,0,NULL,1,0,'0',0,NULL,'taxi',NULL,NULL,'fc839e9a-ba34-4f76-b0a0-60215746d87a','7a8ab5c4-2998-49bb-8bff-8aa32e51fcd9',1,NULL,NULL,'2025-07-10 10:32:22',NULL,NULL,NULL,'2025-07-10 10:32:22','2025-07-10 10:32:22','2025-07-10 10:32:33',NULL,1,1,1,1,0,0,0,NULL,NULL,'0',0.00,0.00,0,'1',1,55.00,0.00,0,0.00,0,1,NULL,NULL,'USD','$',NULL,0.00,'1',0,NULL,0,'2025-07-10 10:32:22','2025-07-10 10:38:26',NULL),
('3b48379f-b72d-413c-b576-18d142eabebd',NULL,'REQ_000010',1,'sngbDeh}kNE\\DXNXGl@Sr@Gr@',0,'0',0,NULL,1,1293,0,0,'0',0,2,'taxi',NULL,NULL,'fc839e9a-ba34-4f76-b0a0-60215746d87a','cee75e37-0545-4afa-92c4-b8f133660c90',NULL,NULL,NULL,'2025-07-07 10:06:00','2025-07-08 10:16:00',NULL,1,NULL,NULL,NULL,NULL,0,0,0,0,0,0,0,NULL,NULL,'0',0.00,0.00,0,'1',0,10.00,10.00,1,0.00,0,0,NULL,'Asia/Calcutta','USD','$',NULL,0.00,'1',0,NULL,0,'2025-07-07 09:27:22','2025-07-07 09:27:22',NULL),
('3baa28d3-697b-4959-a3de-b73ef2791460',NULL,'REQ_000008',0,NULL,1,'0',0,NULL,0,9734,0,0,'0',0,2,'taxi',NULL,NULL,'fc839e9a-ba34-4f76-b0a0-60215746d87a','cee75e37-0545-4afa-92c4-b8f133660c90',1,NULL,NULL,'2025-07-07 09:19:54',NULL,NULL,NULL,'2025-07-07 09:19:38','2025-07-07 09:19:23','2025-07-07 09:20:08',NULL,1,1,1,1,0,0,0,NULL,NULL,'0',0.24,0.00,0,'1',1,8.00,0.00,0,0.00,1,1,NULL,'Asia/Calcutta','USD','$',NULL,0.00,'1',0,NULL,0,'2025-07-07 09:19:10','2025-07-07 09:21:34',NULL),
('3fd1d886-0790-4a46-ab7a-4811da57dd78',NULL,'REQ_000042',0,NULL,1,'1',0,NULL,0,NULL,0,0,'0',0,20,'delivery',16,'1','fc839e9a-ba34-4f76-b0a0-60215746d87a','d40477d6-577c-4b0b-be67-787b19c4d5e2',6,NULL,NULL,'2025-07-09 09:42:06',NULL,NULL,NULL,'2025-07-09 09:41:43','2025-07-09 09:41:35','2025-07-09 09:43:50',NULL,1,1,1,1,0,0,0,NULL,NULL,'0',0.66,1.00,0,'1',1,23.00,0.00,0,0.00,0,1,NULL,NULL,'USD','$',NULL,0.00,'1',1,'36c8f0b2-c9e7-430f-8a28-893972331dab',0,'2025-07-09 09:40:37','2025-07-09 09:44:08',NULL),
('4057c805-146b-424f-be21-0bda5c96f74e',NULL,'REQ_1752149647',0,'qblcFhnchVLiAGUKKS\\SFa@AGrDY|Ea@bEIHkAxJ[~C?vABb@Z|Ah@vB\\p@`@l@h@d@zAn@dAf@lJ~Dp@RhBt@h@Vd@F|@CTOnGi@zDOdNeAtBS~CW`@?IzC',1,'0',0,NULL,0,3073,0,0,'0',0,2,'taxi',NULL,NULL,'fc839e9a-ba34-4f76-b0a0-60215746d87a','7a8ab5c4-2998-49bb-8bff-8aa32e51fcd9',NULL,NULL,NULL,NULL,NULL,NULL,NULL,NULL,NULL,NULL,'2025-07-11 08:19:58',0,0,0,0,1,0,0,NULL,NULL,'0',0.00,0.00,0,'1',0,41.00,0.00,0,0.00,0,0,NULL,'Asia/Calcutta','USD','$',NULL,0.00,'1',0,NULL,0,'2025-07-11 08:19:46','2025-07-11 08:19:58',NULL),
('451f7ca4-3fc4-42a5-ae05-a53f301c46eb',NULL,'REQ_1752149655',0,'_~csBu`~|LJREH[PE?S[_Al@gBwCsCxB|BrDdAdBu@l@bEzGfCpEBd@hEvGzHjMvEbInF|IrDlGhC`EfA|B|D~Jp@|BNhAJbAKlD}@~Ku@~IQpDy@dLm@fGO`Aa@~@g@~@wGzIyEfF{JxLoCtCoBlBYb@Ul@GZEv@Bt@j@xE?p@Kp@Yv@OZu@v@_@T{@TeF\\aPrAmKx@gKz@sCHqPnA{@Lo@Ng@PaAh@k@`@gH|FgLhJgHjGqHhG_A|@eEpDqBlBuAhAeAj@}@XcB^{@F{LDsFF_ITmQPy@BkBBKH{@PiKFoCBmB@cADSHOVs@rBIz@g@|OIf@KJE@yB|i@WhRb@`AVL^FrCNTFTEdGPLCxA|Ip@`GFjATvFCVMP[LpolykpjsBotp|LyChAGQ`DiATUBSYqHo@uGuAaImCGYJ_@\\MRBd@KtEFn@P`@ZVt@J\\FNLnWdAdGNdB?zADLKPCPHBBlAUtAWv@_@jA]hAi@x@o@n@k@zFsGpQyS|A}At@i@|BaAxA]hAOpACx`@x@~@LxEF`]r@f_@x@|BDrAJhBHrZhBfCBvAKjAOl@O~JkDlBg@lAS~@IvB@`@YR_@b@wK@sACe@]}CQqBGM@G]q@}AqDiAyBUYoCgC`AcAr@}@`AaAtCgDYWE@',1,'0',0,NULL,0,5463,0,0,'0',0,2,'taxi',NULL,NULL,'fc839e9a-ba34-4f76-b0a0-60215746d87a','7a8ab5c4-2998-49bb-8bff-8aa32e51fcd9',4,NULL,NULL,'2025-07-11 09:27:53',NULL,NULL,NULL,'2025-07-11 09:27:16','2025-07-11 09:26:35','2025-07-11 09:28:43',NULL,1,1,1,1,0,0,0,NULL,NULL,'0',0.01,0.00,0,'1',1,240.00,0.00,0,0.00,1,1,NULL,'Asia/Calcutta','USD','$',NULL,0.00,'1',0,NULL,0,'2025-07-11 09:26:29','2025-07-11 09:29:25',NULL),
('47d2d8bd-7ae9-4dad-ad7f-e020e8606a3e',NULL,'REQ_000007',0,NULL,0,'0',0,NULL,0,NULL,1,0,'0',0,NULL,'taxi',NULL,NULL,'fc839e9a-ba34-4f76-b0a0-60215746d87a','cee75e37-0545-4afa-92c4-b8f133660c90',1,NULL,NULL,'2025-07-07 09:15:51',NULL,NULL,NULL,'2025-07-07 09:15:51','2025-07-07 09:15:51','2025-07-07 09:17:40',NULL,1,1,1,1,0,0,0,NULL,NULL,'0',0.00,1.00,0,'1',1,176.00,0.00,0,0.00,0,1,NULL,NULL,'USD','$',NULL,0.00,'1',0,NULL,0,'2025-07-07 09:15:51','2025-07-07 09:18:11',NULL),
('48d2d00d-14fb-4106-add9-4da5eedd8518',NULL,'REQ_000022',0,'{kgbD}g}kNs@pAp@Pt@@rA`@`@Dt@q@VILAn@JvB`@nBt@tA^vAPx@?fAOvAWfAKhANnA^xHhCrCl@`DPpBjChHhKtHxIpH`JlAfAq@fAOl@',1,'0',0,NULL,0,5696,0,0,'0',1,2,'taxi',NULL,NULL,'fc839e9a-ba34-4f76-b0a0-60215746d87a','cee75e37-0545-4afa-92c4-b8f133660c90',NULL,NULL,NULL,NULL,NULL,NULL,NULL,NULL,NULL,NULL,'2025-07-09 04:25:47',0,0,0,0,1,0,0,NULL,NULL,'1',0.00,0.00,0,'1',0,30.00,0.00,0,0.00,0,0,NULL,'Asia/Calcutta','USD','$',NULL,0.00,'1',0,NULL,0,'2025-07-09 04:24:17','2025-07-09 04:25:47',NULL),
('4c1ad53f-2d19-490c-91ec-f47484afca73',NULL,'REQ_1752149654',0,'_~csBu`~|LJREH[PE?S[_Al@gBwCsCxB|BrDdAdBu@l@bEzGfCpEBd@hEvGzHjMvEbInF|IrDlGhC`EfA|B|D~Jp@|BNhAJbAKlD}@~Ku@~IQpDy@dLm@fGO`Aa@~@g@~@wGzIyEfF{JxLoCtCoBlBYb@Ul@GZEv@Bt@j@xE?p@Kp@Yv@OZu@v@_@T{@TeF\\aPrAmKx@gKz@sCHqPnA{@Lo@Ng@PaAh@k@`@gH|FgLhJgHjGqHhG_A|@eEpDqBlBuAhAeAj@}@XcB^{@F{LDsFF_ITmQPy@BkBBKH{@PiKFoCBmB@cADSHOVs@rBIz@g@|OIf@KJE@yB|i@WhRb@`AVL^FrCNTFTEdGPLCxA|Ip@`GFjATvFCVMP[LpolykpjsBotp|LyChAGQ`DiATUBSYqHo@uGuAaImCGYJ_@\\MRBd@KtEFn@P`@ZVt@J\\FNLnWdAdGNdB?zADLKPCPHBBlAUtAWv@_@jA]hAi@x@o@n@k@zFsGpQyS|A}At@i@|BaAxA]hAOpACx`@x@~@LxEF`]r@f_@x@|BDrAJhBHrZhBfCBvAKjAOl@O~JkDlBg@lAS~@IvB@`@YR_@b@wK@sACe@]}CQqBGM@G]q@}AqDiAyBUYoCgC`AcAr@}@`AaAtCgDYWE@',1,'0',0,NULL,0,5943,0,0,'0',2,2,'taxi',NULL,NULL,'fc839e9a-ba34-4f76-b0a0-60215746d87a','7a8ab5c4-2998-49bb-8bff-8aa32e51fcd9',NULL,NULL,NULL,NULL,NULL,NULL,NULL,NULL,NULL,NULL,'2025-07-11 09:26:18',0,0,0,0,1,0,0,NULL,NULL,'1',0.00,0.00,0,'1',0,240.00,0.00,0,0.00,0,0,NULL,'Asia/Calcutta','USD','$',NULL,0.00,'1',0,NULL,0,'2025-07-11 09:25:34','2025-07-11 09:26:18',NULL),
('4d140234-5dbc-4635-9c86-63a845da1867',NULL,'REQ_1752149661',0,NULL,1,'0',1,1,0,4867,0,0,'0',1,2,'taxi',NULL,NULL,'fc839e9a-ba34-4f76-b0a0-60215746d87a','c9fd43a5-b107-4196-97d2-b63dc338b14a',NULL,NULL,NULL,NULL,NULL,NULL,NULL,NULL,NULL,NULL,'2025-07-11 09:43:36',0,0,0,0,1,0,0,NULL,NULL,'1',0.00,0.00,0,'1',0,8.00,0.00,0,0.00,0,0,NULL,'Asia/Calcutta','USD','$',NULL,0.00,'1',0,NULL,0,'2025-07-11 09:43:20','2025-07-11 09:43:36',NULL),
('4df296fe-fb6a-410a-ac6a-65e562029e28',NULL,'REQ_1752149640',0,NULL,1,'0',0,NULL,0,NULL,0,0,'0',1,36,'delivery',15,'10','fc839e9a-ba34-4f76-b0a0-60215746d87a','df1f72a4-fda4-490c-aa9a-b49d9f195b6a',NULL,NULL,NULL,NULL,NULL,NULL,NULL,NULL,NULL,NULL,'2025-07-11 08:13:48',0,0,0,0,1,0,0,NULL,NULL,'0',0.00,0.00,0,'1',0,37350.00,0.00,0,0.00,0,0,NULL,NULL,'USD','$',NULL,0.00,'1',1,'36c8f0b2-c9e7-430f-8a28-893972331dab',0,'2025-07-11 06:45:51','2025-07-11 08:13:48',NULL),
('4e5d6bae-5b21-4a82-91f5-37c20dd9f7b8',NULL,'REQ_1752148051',1,NULL,1,'0',0,NULL,0,NULL,0,0,'0',0,34,NULL,NULL,NULL,'fc839e9a-ba34-4f76-b0a0-60215746d87a','7a8ab5c4-2998-49bb-8bff-8aa32e51fcd9',NULL,NULL,NULL,'2025-07-10 11:47:00',NULL,NULL,NULL,NULL,NULL,NULL,NULL,0,0,0,0,0,0,0,NULL,NULL,'0',0.00,0.00,0,'1',0,26.00,0.00,0,0.00,0,0,NULL,NULL,'USD','$',NULL,0.00,'1',1,'36c8f0b2-c9e7-430f-8a28-893972331dab',0,'2025-07-10 11:47:31','2025-07-10 11:47:31',NULL),
('51012261-2174-4d55-9aa9-5402236611f8',NULL,'REQ_000035',0,'}q{qBqy|dM|@gA`@m@nBtAlBhBxGcIF[DuAIkAi@g@uBwAiBoAoAaAwBmBeBoAcA}@',1,'0',0,NULL,0,3332,0,0,'0',0,2,'taxi',NULL,NULL,'fc839e9a-ba34-4f76-b0a0-60215746d87a','cee75e37-0545-4afa-92c4-b8f133660c90',1,NULL,NULL,'2025-07-09 06:38:58',NULL,NULL,NULL,'2025-07-09 06:37:52','2025-07-09 06:37:46','2025-07-09 06:39:11',NULL,1,1,1,1,0,0,0,NULL,NULL,'0',0.00,0.00,0,'1',1,32.00,0.00,0,0.00,0,1,NULL,'Asia/Calcutta','USD','$',NULL,0.00,'1',0,NULL,0,'2025-07-09 06:37:16','2025-07-09 06:39:33',NULL),
('5962f12b-54c4-4ad9-9ab0-4f8fb5a588b2',NULL,'REQ_1752127937',0,NULL,1,'0',1,1,0,4711,0,0,'0',1,2,'taxi',NULL,NULL,'fc839e9a-ba34-4f76-b0a0-60215746d87a','c9fd43a5-b107-4196-97d2-b63dc338b14a',NULL,NULL,NULL,NULL,NULL,NULL,NULL,NULL,NULL,NULL,'2025-07-10 09:44:07',0,0,0,0,1,0,0,NULL,NULL,'1',0.00,0.00,0,'1',0,8.00,0.00,0,0.00,0,0,NULL,'Asia/Calcutta','USD','$',NULL,0.00,'1',0,NULL,0,'2025-07-10 09:43:49','2025-07-10 09:44:07',NULL),
('5a168d14-741a-4eb4-8942-2bb6ef90c42e',NULL,'REQ_000026',0,'uo{qB{w|dMzAwBj@`@lBhBtFwG',1,'0',0,NULL,0,7615,0,0,'0',0,2,'taxi',NULL,NULL,'fc839e9a-ba34-4f76-b0a0-60215746d87a','cee75e37-0545-4afa-92c4-b8f133660c90',1,NULL,NULL,NULL,NULL,NULL,NULL,'2025-07-09 06:11:41','2025-07-09 04:36:59',NULL,'2025-07-09 06:12:35',1,1,0,0,1,0,0,NULL,NULL,'1',0.00,0.00,0,'1',0,16.00,0.00,0,0.00,0,0,NULL,'Asia/Calcutta','USD','$',NULL,0.00,'1',0,NULL,0,'2025-07-09 04:36:54','2025-07-09 06:12:35',NULL),
('5a4151b0-a845-4c36-a2d4-2f8974cb333d',NULL,'REQ_1752127939',0,'oxotBappsM_@dFS`BcB[s@SoH_DgAg@k@ImA@[HKFv@~@r@bApBdDL`@APVPTDFH',1,'0',0,NULL,0,5117,0,0,'0',1,2,'taxi',NULL,NULL,'fc839e9a-ba34-4f76-b0a0-60215746d87a','74b0e12c-a6fb-424d-85bc-462fb5c222e8',NULL,NULL,NULL,NULL,NULL,NULL,NULL,NULL,NULL,NULL,'2025-07-10 10:19:05',0,0,0,0,1,0,0,NULL,NULL,'1',0.00,0.00,0,'1',0,31.00,0.00,0,0.00,0,0,NULL,'Asia/Calcutta','USD','$',NULL,0.00,'1',0,NULL,0,'2025-07-10 10:18:42','2025-07-10 10:19:05',NULL),
('5ec6977d-fb83-44fc-8199-b645e6bcd3d1',NULL,'REQ_1752149664',1,'qblcFhnchVLiAGUKKS\\SFa@AGrDY|Ea@bEIHkAxJ[~C?vABb@Z|Ah@vB\\p@`@l@h@d@zAn@dAf@lJ~Dp@RhBt@@ROd@OLQBW?',0,'0',0,NULL,1,8281,0,0,'0',0,44,'taxi',NULL,NULL,'fc839e9a-ba34-4f76-b0a0-60215746d87a','7a8ab5c4-2998-49bb-8bff-8aa32e51fcd9',NULL,NULL,NULL,'2025-07-11 10:47:33',NULL,NULL,NULL,NULL,NULL,NULL,NULL,0,0,0,0,0,0,0,NULL,NULL,'0',0.00,0.00,0,'1',0,33.00,33.00,1,0.00,0,0,NULL,'Asia/Calcutta','USD','$',NULL,0.00,'1',0,NULL,0,'2025-07-11 10:18:13','2025-07-11 10:18:13',NULL),
('5f7e35fc-b569-450d-bfde-7fd1d2f6b024',NULL,'REQ_000027',1,'uo{qB}w|dMzAuBj@`@lBhBxGcIF[DuAIkAi@g@uBwAiBoAoAaAwBmBeBoAcA}@',0,'0',0,NULL,1,4668,0,0,'0',0,2,'taxi',NULL,NULL,'fc839e9a-ba34-4f76-b0a0-60215746d87a','cee75e37-0545-4afa-92c4-b8f133660c90',NULL,NULL,NULL,'2025-07-09 05:07:43',NULL,NULL,NULL,NULL,NULL,NULL,NULL,0,0,0,0,0,0,0,NULL,NULL,'0',0.00,0.00,0,'1',0,29.00,29.00,1,0.00,0,0,NULL,'Asia/Calcutta','USD','$',NULL,0.00,'1',0,NULL,0,'2025-07-09 04:38:05','2025-07-09 04:38:05',NULL),
('609fe5a0-4b80-46fa-bfd0-ba9b49f506f5',NULL,'REQ_000001',0,'elgbDog}kNi@bAp@Pt@@rA`@`@Dt@q@VILAn@JvB`@nBt@tA^vAPx@?fAOvAWfAKhANnA^xHhCrCl@`DPpBjChHhKtHxIpH`J`BzApEbDxBjAtEbFdCdCd@j@|EhHhFtI|BlDvArAzEbFhDfDhCxAv@NxA~@`CtBfAxAzBbCfElCzCxBlHdG`@XrDpB|IpFjFfLXb@n@d@b@Nr@H~@F~@d@hHnFyE|E}BvBkCnCkC`CaIhGmCbBsEzBiIpDeB~@aB|@kGxDwTxM{E`DsKpIqAz@_A`@aFtAiLzCoDh@iKrC}ClAiJ~Do@R}D`BoC|AyCzBiD~BCJ{JnHyJnH_Ap@o@^m@TaElAsLfDcA^eBfAcK~HcO`LuC~BwPlMeDxBmEbDcLvIuLxIoMzJyJvHyCxBcC~AmAn@wCrB{@b@GH}NlJoRvJz@`GvA~NxApPpAfN@p@Gx@Ur@iAdD`BhHRl@d@bA^b@l@`@hCbAlHbDnAh@xCbBf@ZtAvAp@z@jA}@nBo@`BOhAEnMn@|G\\nNn@vJr@tARpNtCzT|E|LvCrGxA`IlB`E~@pEvAxBj@~Bz@rEtAxEnBj@Zn@TvDfCdIdGbAv@dD~BjEbD`@TfA\\vHdBrDn@`AVrE|@~A`@tBb@~Bh@|Bd@lBf@`FbAzG|AzE`AzDr@lYzD~AThCp@vMlEpEvAlDbArCj@rKhAvFn@vJx@tEb@nE\\l@@pFh@`DF`DKdJ}@pIeAtG}@fEe@x@SLSpEm@rAMv@@t@XbFbCjJvE|KjKrDbDdAbAX}ENk@NYf@m@No@Be@DY^mAv@yB@[CQ_@{@CUtAsFJYt@iA`BgBNMjBqD~@{Az@mAp@eBLo@D]C}@Ji@Xg@PQVOd@e@HSAQcCsBwAiAMQAOhCcF\\oAr@oDCWk@i@cCeBuBmBmCgB}BmBGK?OrAuCJEb@CLOfAoC?Q_Ag@NIqB}Au@}@g@[q@[m@U@c@CKa@e@Qc@?QB_@Jm@A_@c@qAWk@_@m@GOKeAAy@F]t@mBvBwCXk@gBeBkCsBkAiAdAyAb@s@`@cA|AoC',1,'0',0,NULL,0,7864,0,0,'0',0,2,'taxi',NULL,NULL,'fc839e9a-ba34-4f76-b0a0-60215746d87a','cee75e37-0545-4afa-92c4-b8f133660c90',NULL,NULL,NULL,NULL,NULL,NULL,NULL,NULL,NULL,NULL,'2025-07-07 08:42:18',0,0,0,0,1,0,0,NULL,NULL,'1',0.00,0.00,0,'1',0,342.00,0.00,0,0.00,0,0,NULL,'Asia/Calcutta','USD','$',NULL,0.00,'1',0,NULL,0,'2025-07-07 08:36:15','2025-07-07 08:42:18',NULL),
('64643543-1157-4075-a890-1cbeeb235fb1',NULL,'REQ_1752149658',0,'qblcFhnchVLiAGUKKS\\SFa@AGrDY|Ea@bEIHkAxJ[~C?vABb@Z|Ah@vB\\p@`@l@h@d@zAn@dAf@lJ~Dp@RhBt@h@Vd@F|@CTOtCWKdELBn@@BiA',1,'0',0,NULL,0,2893,0,0,'0',0,2,'taxi',NULL,NULL,'fc839e9a-ba34-4f76-b0a0-60215746d87a','7a8ab5c4-2998-49bb-8bff-8aa32e51fcd9',4,NULL,NULL,'2025-07-11 09:43:19',NULL,NULL,NULL,'2025-07-11 09:43:06','2025-07-11 09:38:41','2025-07-11 09:43:25',NULL,1,1,1,1,0,0,0,NULL,NULL,'0',0.00,0.00,0,'1',1,38.00,0.00,0,0.00,0,1,NULL,'Asia/Calcutta','USD','$',NULL,0.00,'1',0,NULL,0,'2025-07-11 09:38:27','2025-07-11 09:46:35',NULL),
('64f995dc-2c57-4fdd-95e4-e130cd08b052',NULL,'REQ_1752149630',0,NULL,1,'1',0,NULL,0,NULL,0,0,'0',0,2,'taxi',NULL,NULL,'fc839e9a-ba34-4f76-b0a0-60215746d87a','74b0e12c-a6fb-424d-85bc-462fb5c222e8',NULL,NULL,NULL,NULL,NULL,NULL,NULL,NULL,NULL,NULL,'2025-07-11 04:48:50',0,0,0,0,1,0,0,NULL,NULL,'1',0.00,0.00,0,'1',0,132.00,0.00,0,0.00,0,0,NULL,NULL,'USD','$',NULL,0.00,'1',1,'36c8f0b2-c9e7-430f-8a28-893972331dab',0,'2025-07-11 04:31:02','2025-07-11 04:48:50',NULL),
('707dcbdf-0e0a-4ee4-b7e8-00f5706496a1',NULL,'REQ_000021',0,'yp{qB{z|dMz@kAnBtAlBhBtFwG',1,'0',0,NULL,0,2745,0,0,'0',0,2,'taxi',NULL,NULL,'fc839e9a-ba34-4f76-b0a0-60215746d87a','cee75e37-0545-4afa-92c4-b8f133660c90',1,NULL,NULL,NULL,NULL,NULL,NULL,'2025-07-09 04:24:39','2025-07-09 04:21:39',NULL,'2025-07-09 04:26:15',1,1,0,0,1,0,0,NULL,NULL,'1',0.00,0.00,0,'1',0,16.00,0.00,0,0.00,0,0,NULL,'Asia/Calcutta','USD','$',NULL,0.00,'1',0,NULL,0,'2025-07-09 04:19:34','2025-07-09 04:26:15',NULL),
('718a093c-a73a-46a5-b3e7-7a658f0f139e',NULL,'REQ_1752056548',1,NULL,1,'0',0,NULL,0,NULL,0,0,'0',0,2,NULL,NULL,NULL,'fc839e9a-ba34-4f76-b0a0-60215746d87a','d40477d6-577c-4b0b-be67-787b19c4d5e2',NULL,NULL,NULL,'2025-07-09 10:23:00',NULL,NULL,NULL,NULL,NULL,NULL,NULL,0,0,0,0,0,0,0,NULL,NULL,'0',0.00,0.00,0,'1',0,21.00,0.00,0,0.00,0,0,NULL,NULL,'USD','$',NULL,0.00,'1',1,'36c8f0b2-c9e7-430f-8a28-893972331dab',0,'2025-07-09 10:22:28','2025-07-09 10:22:28',NULL),
('71984356-b8dc-42f7-9159-6345c444a184',NULL,'REQ_1752149648',0,'qblcFhnchVLiAGUKKS\\SFa@AGrDY|Ea@bEIHkAxJ[~C?vABb@Z|Ah@vB\\p@`@l@h@d@zAn@dAf@lJ~Dp@RhBt@h@Vd@F|@CTOnGi@zDOdNeAtBS~CW`@?IzC',1,'0',0,NULL,0,3159,0,0,'0',0,2,'taxi',NULL,NULL,'fc839e9a-ba34-4f76-b0a0-60215746d87a','7a8ab5c4-2998-49bb-8bff-8aa32e51fcd9',NULL,NULL,NULL,NULL,NULL,NULL,NULL,NULL,NULL,NULL,'2025-07-11 08:58:33',0,0,0,0,1,0,0,NULL,NULL,'1',0.00,0.00,0,'1',0,41.00,0.00,0,0.00,0,0,NULL,'Asia/Calcutta','USD','$',NULL,0.00,'1',0,NULL,0,'2025-07-11 08:19:58','2025-07-11 08:58:33',NULL),
('71dd8364-0905-4539-9db5-74aef01b2b01',NULL,'REQ_000043',0,NULL,1,'0',0,NULL,0,NULL,0,0,'0',0,20,'delivery',17,'loose','fc839e9a-ba34-4f76-b0a0-60215746d87a','d40477d6-577c-4b0b-be67-787b19c4d5e2',6,NULL,NULL,'2025-07-09 09:49:58',NULL,NULL,NULL,'2025-07-09 09:48:54','2025-07-09 09:48:50','2025-07-09 09:58:37',NULL,1,1,1,1,0,0,0,NULL,NULL,'0',0.66,8.00,0,'1',1,22.00,0.00,0,0.00,0,1,NULL,NULL,'USD','$',NULL,0.00,'1',1,'36c8f0b2-c9e7-430f-8a28-893972331dab',0,'2025-07-09 09:48:43','2025-07-09 09:58:48',NULL),
('72f9fa1e-a38e-42a4-a93c-d47b47f3316b',NULL,'REQ_000040',0,NULL,1,'0',0,NULL,0,NULL,0,0,'0',0,2,'taxi',NULL,NULL,'fc839e9a-ba34-4f76-b0a0-60215746d87a','cee75e37-0545-4afa-92c4-b8f133660c90',1,NULL,NULL,'2025-07-09 09:14:24',NULL,NULL,NULL,'2025-07-09 09:14:18','2025-07-09 09:13:58','2025-07-09 09:15:21',NULL,1,1,1,1,0,0,0,NULL,NULL,'0',0.66,0.00,0,'1',1,23.00,0.00,0,0.00,0,1,NULL,NULL,'USD','$',NULL,0.00,'1',1,'36c8f0b2-c9e7-430f-8a28-893972331dab',0,'2025-07-09 09:13:48','2025-07-09 09:15:35',NULL),
('752e1e5c-773f-4929-8ad1-e7f52d4d7ec1',NULL,'REQ_000031',0,'}q{qBqy|dM|@gA`@m@nBtAlBhBxGcIF[DuAIkAi@g@uBwAiBoAoAaAwBmBeBoAcA}@',1,'0',0,NULL,0,9273,0,0,'0',1,11,'delivery',1,'Loose','fc839e9a-ba34-4f76-b0a0-60215746d87a','d40477d6-577c-4b0b-be67-787b19c4d5e2',NULL,NULL,NULL,NULL,NULL,NULL,NULL,NULL,NULL,NULL,'2025-07-09 05:33:39',0,0,0,0,1,0,0,NULL,NULL,'1',0.00,0.00,0,'1',0,30.00,0.00,0,0.00,0,0,NULL,NULL,'USD','$',NULL,0.00,'1',0,NULL,0,'2025-07-09 05:33:06','2025-07-09 05:33:39',NULL),
('758571c9-570d-4d6f-b850-5740304284cd',NULL,'REQ_000017',0,'}kgbD{g}kNq@nASGGl@Sr@Gr@',1,'0',0,NULL,0,1898,0,0,'0',1,2,'taxi',NULL,NULL,'fc839e9a-ba34-4f76-b0a0-60215746d87a','fcd6ac17-381c-41e4-95ef-f42198f135b9',NULL,NULL,NULL,NULL,NULL,NULL,NULL,NULL,NULL,NULL,'2025-07-08 06:08:51',0,0,0,0,1,0,0,NULL,NULL,'1',0.00,0.00,0,'1',0,11.00,0.00,0,0.00,0,0,NULL,'Asia/Calcutta','USD','$',NULL,0.00,'1',0,NULL,0,'2025-07-08 06:08:48','2025-07-08 06:08:51',NULL),
('7645a091-dc10-4aea-9840-4759e2727abb',NULL,'REQ_000041',0,NULL,1,'0',0,NULL,0,NULL,0,0,'0',0,2,'delivery',12,'loose','fc839e9a-ba34-4f76-b0a0-60215746d87a','d40477d6-577c-4b0b-be67-787b19c4d5e2',6,NULL,NULL,'2025-07-09 09:35:47',NULL,NULL,NULL,'2025-07-09 09:34:48','2025-07-09 09:34:38','2025-07-09 09:37:04',NULL,1,1,1,1,0,0,0,NULL,NULL,'0',0.84,1.00,0,'1',1,23.00,0.00,0,0.00,0,1,NULL,NULL,'USD','$',NULL,0.00,'1',1,'36c8f0b2-c9e7-430f-8a28-893972331dab',0,'2025-07-09 09:34:28','2025-07-09 09:37:19',NULL),
('7b75c032-8039-4c13-bfa6-d1f0dc870e5f',NULL,'REQ_000037',0,NULL,1,'0',0,NULL,0,NULL,0,0,'0',1,15,'taxi',NULL,NULL,'fc839e9a-ba34-4f76-b0a0-60215746d87a','d40477d6-577c-4b0b-be67-787b19c4d5e2',NULL,NULL,NULL,NULL,NULL,NULL,NULL,NULL,NULL,NULL,'2025-07-09 09:13:58',0,0,0,0,1,0,0,NULL,NULL,'0',0.00,0.00,0,'1',0,23.00,0.00,0,0.00,0,0,NULL,NULL,'USD','$',NULL,0.00,'1',1,'36c8f0b2-c9e7-430f-8a28-893972331dab',0,'2025-07-09 08:44:18','2025-07-09 09:13:58',NULL),
('7d4d5857-658f-4a31-86ea-3836f5740e3c',NULL,'REQ_1752149651',0,'qa|xBw|paMK~BB^x@lDdCO~CKdBUr@QpBpIbEeF|AsBlB{BtKiNfF_HdFgH~BmDJSjNyRfDgFhGiInAeBxAeBpFuHt@oAjA_B`BiCfAsA`IgL~EkHh@{@pAuClAiCRw@JaALcCt@gGTiAf@wAf@{@z@eAdA{@x@c@lA_@~D{@lCqAx@g@f@c@rA{AbByBbImI~PuPpPgPzA}A|AyBbAsB`@}@`@iArD{I~@kBt@eAtBqBvAkAtHaHzCcCn@o@\\i@^w@hEqKvAwDr@_BnBcGlBkGdGoR\\mAvBiG~@uB|@gBfBoClA{AvCgDz@kA|JwLvCaEjCwFvBmFt@wB~EsR`A_DhBsFxBcIzBkLdBoI~AwHbAcDz@gB`IkMnAcCxBoDp@sBbFyHxDkGdBwAfGqJdJkOlCiExHuMp@eA~CoFbGwJnDsFxAaCJ[bAqAjHqLfDyFfGyJzBsDnCiEdJmOnMkTjE{GpH_MvIsNfCgEzBuEpA}Bz@eAlAgApAq@dLmEtEgBh@UlBiAlAiAb@i@Zi@pAmCrBwEd@aAt@eBp@iAd@_@l@WjAOtADfAHb@Aj@UNKRSPc@Fs@AWGWu@eB}@oBQq@McAAs@Di@Hq@Z}@Te@x@w@`@Ub@QzC}@bAOdAEx@BfDPrACfCQ|@MjAc@j@Yr@m@r@_AhAaCnGwOzHsR`AcCp@qAZ_@|AcAv@UzKeCxIoB`Ci@`[_HfCe@zCq@|DgAvBeAnSiL|DeCpCeBvFaDrJ{FlOqIp@UhU{MxQ_J|@g@hFcCbG_DzCmB|EeCvAcAb@a@p@}@v@kAZm@r@_BxIwW`DuI|FiPtFoObDqIfFoNvByGfAwChFaOt@qDNoALyBV}N@{C`@aSDgDRyKXsQf@q\\?sCDcEH[JyBByBBiF@m@PaALgATsATu@|@yBhBqCtEiG|KwOh@aAbFgH|BoDhB{ChA}BpLgTlJiPrJwPdFuI~EkHfNcRjCwDpCiDfN}Qja@yh@fDwEdAqAzNoRtH_K~AoBjAcB~LiP`DeExG{IrEcGtFoGlDoEtHwIjAkA|LaNtOuP`FkFfHmHbQkRrHuHrDmD`FcFfPuOh@c@zVeVtBmBfByAfMkL~OeOzDoDfBiBfKuJdFwEtEoEzGiG`AeAzCcCfReQnTyRzJsIlAgAzBcC`C_DnAsB|@d@|@R|E{DtCwB~GsFnJiHtHiGtCwBfB_B`@k@bAiAv@k@dFqC`Am@`@[~CmB`Bw@rIsDbBo@bFaBPK~DoAn@Wj@[`BoA|AmBjE{D~@aAR_@Bs@Os@CWjBq@lBaAbCwBnAmAj@o@xQwQrDkDbHeGhAy@fAk@xAe@tAYxAMzKQhCA`ACtAKvAOxAWfDcA`C}@dGuBpA_@nDs@dCWbDYlQ_BjOkBdQ}BlBUx^yEvDm@fDu@xFaBbVcIfDaAzBc@`JwArBMbFD`Kj@pABr@E`ASd@QtBqApA_AhDyChAo@vAWr@Cv@B`APtCr@rAd@rA\\pAJ|A?v@KrAEvOuArDI`NOlAEnAMz@MnAWbCs@~B}@rEkBtAg@vB}@jQ_H|EcCvCqAvI_FjDuBxEyBbCwAjBmAfC}BlFaId@k@n@q@tByAvCaArFoAnD}@nBq@r@[jE_CzIcFxBmApA{@dH{DtEmCzAy@vA{@~LgHxHqEnIyEjCqAtC}@nFqAVMVSVKrAQbAItDe@hBOVBr@AxBUl@ItQoBbSgCdGc@bDDtDRlD`@lIjAdBPbHZbINh@HrDGvEWzBSfBIvJu@x@SlDq@~Bq@zBu@tCqAlJmFvJkFzDqBBIpPyI~G}DhJcFbAe@|Ac@dAStF[nC[t@OrDa@~@AjBOdN{ApI}@pH}@dKsAtAQ|Ey@vMiBhC]hDm@rA_@vAYtCs@hEs@r@KfH{A`OsC`E_AlCw@lC_AjAe@|Aw@xCcBpEgDrF_EnGuEh@Sp@g@|@e@`Am@vAo@pCgA`AUdDc@bCEZErBBrE^jPdAdQjAtBJz@HhNh@|BJfDXpJjA`Fb@nDTjBVlSzAdIj@zDLjMn@`BX`Eh@hRzAbJp@dBNvOlAlCTbVbBvPfAjOhA~E\\zDRjEFzEElGUvCIfGq@|k@}IbB]f@OpAg@hAk@xAcAp@u@pEgEbDkC~CaCjBmAv@i@fCwA`CeAhLkEjBo@dCs@~D}@bHcAjC[nCQj@AjAJpA^t@`@pBnBXXp@v@p@h@`@VzD|AhDzAjE~AtAp@nAdALLd@v@pCjHr@|Al@bA~EjHp@r@x@r@t@h@vAp@x@RvATfAHbBBrCOzEi@`@ElBArAHn@P\\Nx@n@PRhApBfAxAp@l@r@d@pBbA~@^xDbApAd@dAr@v@n@n@hAZt@Nl@PzCLfDT|Cn@nDrClKfApEx@jCf@fBp@fBb@j@~@f@j@P|@Bj@A^G^Mf@Ut@q@V_@Na@R{@F}@B}JA_B@mC@kCJeBFi@P}@Ni@j@wAt@qAf@q@rEuErAwA|JaKnAqAvBcBdBaAvHeDjAe@lEwBj@[dBsA~@{@\\i@rFqGlAoArBcBvFwDnCqBdEsC|C_CjAo@jCeA~Be@jEg@hFe@nRyBvFe@hMwAlEm@pWuCbC]bDw@hX_HxCq@pA]~GyAfCs@fB_@xC]`BIzBCh\\@dCJnBVpBf@nBv@vHhDdNdGpFdCdAb@n@^zAd@vRlE`B`@jCdAxGvCbBj@jBb@vATjv@lJjARlBAjAIb@KbBo@xBwAvBmAtCqBrAeAzC_DtEcFl@e@jAwAvDuDrBwAxBmAxEoCxDaCfCaBpJ}FTIfAYz@EjAF|@Vd@Td@`@r@jAxAbEjCfH\\r@r@`AjA~@^Rv@TvF~@|@Zp@`@l@h@b@n@^v@Nf@j@`DV~Ad@lBL`@Vf@d@n@^Zr@`@t@VVFnHf@bD`@v@Nj@PpHnCpIpC`C~@z@f@lDhCtNdL~MnKvU|Q`DfCzAtAp@z@h@z@dAfCVbAz@bGf@xDJj@`@fBfAjDxAnDx@tBbA~BbEvIzEpJdG`LbA|AzCfD`HbHpChC~DpElChC`Ar@v@f@nAd@rD~@zG~AnDn@fUtC~OzBdFl@pJrAzJjA|Kv@bCN`Ff@jGb@nEb@jBXxA^~@^vAz@f@\\pArAt@fAhAtB|AfD~CdGbGlMfCbF|@zBlDbH~@pA`A~@jAr@nAj@lUzGd@JbBp@|Az@tCbC~EjGj@f@nDfCl@`@xGxCzPjHnFdCjCz@pE|@hC^lDn@jLhBtFv@z@NjBf@dBx@r@`@vBfBXZjA~AfAbBbGrJzBpD`BzBPRl@j@tBbBf@Zf@NrAr@tBt@`AV`Cb@zCT|@@lA?zEQ`G_@pAAjIg@jACd@?tAFhALbBb@zAj@lBtAnAhAtJ|J`B|A~@l@hAl@|Al@xLjEpBv@dF`BxBx@rEzAvDzAfEhBnEdBbB~@`BbAlKdIbEdD`FzDlClB~@`@dAZvDt@hQ|CxC`@vPzCjBd@bF~AlC|@~A`@bBVfBJbIDlDCzDBnAHnAP`APxAf@bAd@dAv@~c@hZt@^fPrK|@n@fBfB~Z|[lB|B~HlIfAtAbA~AXj@DPJBxAnBrAxAnB`BfAv@n@j@jAx@dItGj@h@~IdHtGhFvEtDvIzIh@j@tAbCv@~AbBhEv@jAZ`@^\\d@GPIL_Db@aD`@{AlAoD`BsEd@kBb@aC^iDl@sLLuEDiDHwCBm@Fa@b@yAl@gA^i@x@u@hAw@dBo@lDi@~Fs@bKaB|A[bBi@bAg@p@o@jCmFdBoCpAkBj@gA`@iANuADiBGcBEaDBy@PoAXqAl@sAXc@^e@tAgALAXWnDeB~B}A|CaCvFeEzG_GxCkBdA{@~C_Dt@s@nAeAjEuCn@g@jIuHvCgCbBuAx@u@~@eAx@cAnAgB`G{HhAoAlHiHz@o@fAg@d@Or@OvEo@nCYp@I^Q`BUx@Wn@[l@e@d@k@Xg@Zw@tAoGb@iA`@w@NSh@c@|@}@nOmLhQoNbC{AjC{AnAeAtAwAf@q@fHmKhByB|AyAlAcA|@o@rKwGnF{DnAw@|FgD`As@p@q@dFsF|CwCrGwFn@k@d@i@nFmHl@o@bAu@bGgE|@aAnYo`@`A_B\\u@bAaDVaAXoCLq@BiB?oCl@VnOfK`@XVGLIDsFJ}B`@_DZ{APo@`@eAXmA`@o@r@_Ab@{@d@{AZi@p@eAXm@p@wBTaArD`A`ARnAB`BIRCFiCFcAXeCX}CH]dBqFpB_H\\w@vFaHx@qAdBmDdAcC`CkGbAwBpBmD|EsGx@gAdCiDrAeBjBoCjA{AhAsAtAgBpAoALEdAQjA[dA]ZQxAqAhGyF`FkEpAsAlAsAnBoB~B_BZWzCgDtCcDtBaCpDwDdBoBtAkBxBsDn@u@xBqBrIsHzBkCtEuEhH_IfD}DvGgId@e@^U^MzCm@bEeAz@]x@e@\\e@HWfAoGDc@@eAEkD?mEJqAHm@`AkEt@sEX_ARa@hFyHnAwAzD}Dn@q@H[L?hM_MhAcAdCcCbB}Ah@s@r@uAr@}Ax@gAtAyAP[`@yAHc@JwADqBZ_AX[RIn@MhKiAfBSb@KxMoF`Bg@nAg@f@a@l@qAtC{GN]POXCh@PxChBn@TfBTx@@`@IPUF[VgDNm@`@mAl@wCl@uC~@cCdB{Fj@yBj@iDVcArAyD~CwIvAkDh@gAvC}Dh@oAxA{Db@}@zA~@~FbElA`A`B`BrBhBbAr@lBlArBxApAfAl@ZtBj@jBd@t@LjE^fADz@IhHyBxBa@nF}@hAYhJmEvDkB|Aq@vBgAnDsEn@_AzByElAuCbAiD^_AfAyAnEoFx@iAx@_@h@MrBkATIj@C`AFlFtAlFf@`ADj@KvBmAnDeBzEiBdMqE`EyAjEwAbEcBl@Kr@Sv@G`HKvEGzDGZBfBK`Ac@r@_@pAc@tA{@ZYT]Zu@^g@`@q@t@}Ax@gALGJBpBbAf@Np@Bd@GhFkBpBy@lH{DfG{C`@Gp@EnA?f@K|KmDnHkBhOqI`DsB`@Q|Cq@vFaAn@Ub@WhBgBdK_Jx@YdBg@hDw@tAYtEk@p@K~Bq@nGaC~Aa@VQlB[rBg@jDs@h@GfACvDF`BJxO^t@Az@MnMuD^G~FYdGSxCc@zEw@xFm@`Fo@fI_AxIy@tFq@P?RIr@Yv@g@pAgAfByB|BcDn@iA|CcE|BsCR]J_@DmBT{DHk@^qADc@Pq@NqAAk@XR`@JXCPKnB{Bj@k@fA{@bB_A`EaBp@a@jFoD`A{@fFiFf@i@tBsCrRkYbEsGpDmGbAgBlF_Jp@_Af@m@bFiFbIuGbLeJ~@c@j@OrEw@lDe@j@MPI^_@^m@tAiCl@_Ah@a@hJqFtEmCbAc@|FgArAc@n@e@j@q@fA}AxLoOtBwC~GaMx@_B|CiFbGuGxMqOj@s@b@c@dDcCnKgItDoB|Au@t@g@PUJ_@DoDByKDs@L_@LSRK|Bm@xEcAhDo@hBg@~BgArLaGbBcAh@Qd@E~@CrAGx@O^SLKnA{BpAeDp@_C`@sAJa@\\s@V[`CiChHcIjEmDlBmAnCmAlIcDfE{AxIyCrGoCxC{AhCmAbIkDr@_@z@k@hRoOpBiB\\i@Ni@LeBF[v@cC`AaDpAaE^qA`@w@b@_@jDmArBo@zAi@hDeAz@IhG[|\\mAlI_@dCKf@Er@OtWyH`AYvA[v@ErN[lAKr@O|IoCtBSrOgAbL_AzM{@|EWxAQx@WvAq@bX_OjJwFxGgElAk@tCaAjEmAzM}DvNgFz@]|@m@jFkEpAqAl@u@pBiEl@aBtHgUT}@By@_@_GeAgOi@yI?o@fAiJt@wI\\sEt@qIPwA\\eAtA_DF[Ao@u@uH}Ac]CkB@k@\\{C~AgJt@gCT]b@WL@HlARjAZbAv@zA`@v@v@lA|@~@\\X`Bz@pCdAfMfEhBr@bE`Bf@NITR~@`IfKlCzD~AvB^t@`@rAb@|BL~AH|A?|AZdNVxDtAbLPr@JN^^`BrAhAv@',1,'0',0,NULL,0,1793,0,0,'0',1,2,'delivery',2,'Loose','fc839e9a-ba34-4f76-b0a0-60215746d87a','df1f72a4-fda4-490c-aa9a-b49d9f195b6a',NULL,NULL,NULL,NULL,NULL,NULL,NULL,NULL,NULL,NULL,'2025-07-11 09:06:04',0,0,0,0,1,0,0,NULL,NULL,'1',0.00,0.00,0,'1',0,2042.00,0.00,0,0.00,0,0,NULL,NULL,'USD','$',NULL,0.00,'1',0,NULL,0,'2025-07-11 09:05:58','2025-07-11 09:06:04',NULL),
('7dcaf4c2-5229-4263-af17-fd79aeefd187',NULL,'REQ_1752056669',1,NULL,1,'0',0,NULL,0,NULL,0,0,'0',0,21,NULL,NULL,NULL,'fc839e9a-ba34-4f76-b0a0-60215746d87a','d40477d6-577c-4b0b-be67-787b19c4d5e2',NULL,NULL,NULL,'2025-07-09 10:25:00',NULL,NULL,NULL,NULL,NULL,NULL,NULL,0,0,0,0,0,0,0,NULL,NULL,'0',0.00,0.00,0,'1',0,21.00,0.00,0,0.00,0,0,NULL,NULL,'USD','$',NULL,0.00,'1',1,'36c8f0b2-c9e7-430f-8a28-893972331dab',0,'2025-07-09 10:24:29','2025-07-09 10:24:29',NULL),
('7eef7aea-2b42-4cca-828b-1bdba82084ae',NULL,'REQ_1752127942',1,'oxotBcppsM_@fFS`BcB[s@SoH_DcAe@c@}@m@qBQw@QaBEcBBYZ{@Fk@Rw@Bc@LkA^gBp@}A\\kBCC\\o@VG^ANBx@`@LAxAq@|@Y~@QbCGj@E`@SrAU|AWHM@O?iMzJC?kC',0,'0',0,NULL,0,9560,0,0,'0',0,2,'taxi',NULL,NULL,'fc839e9a-ba34-4f76-b0a0-60215746d87a','7a8ab5c4-2998-49bb-8bff-8aa32e51fcd9',NULL,NULL,NULL,'2025-07-10 11:01:08',NULL,NULL,NULL,NULL,NULL,NULL,NULL,0,0,0,0,0,0,0,NULL,NULL,'0',0.00,0.00,0,'1',0,53.00,0.00,0,0.00,0,0,NULL,'Asia/Calcutta','USD','$',NULL,0.00,'1',0,NULL,0,'2025-07-10 10:31:18','2025-07-10 10:31:18',NULL),
('7fdf9a78-80ec-42a6-8228-361fab41a194',NULL,'REQ_1752127930',0,NULL,1,'1',0,NULL,0,NULL,0,0,'0',0,22,'taxi',NULL,NULL,'fc839e9a-ba34-4f76-b0a0-60215746d87a','7a8ab5c4-2998-49bb-8bff-8aa32e51fcd9',1,NULL,NULL,'2025-07-10 07:06:28',NULL,NULL,NULL,'2025-07-10 07:06:14','2025-07-10 07:05:32','2025-07-10 07:07:02',NULL,1,1,1,1,0,0,0,NULL,NULL,'0',0.36,0.00,0,'1',1,26.00,0.00,0,0.00,0,1,NULL,NULL,'USD','$',NULL,0.00,'1',1,'36c8f0b2-c9e7-430f-8a28-893972331dab',0,'2025-07-10 07:05:04','2025-07-10 07:07:46',NULL),
('80836517-ad42-4282-b2d5-2e2aceb82063',NULL,'REQ_000036',0,NULL,1,'1',0,NULL,0,NULL,0,0,'0',0,2,'taxi',NULL,NULL,'fc839e9a-ba34-4f76-b0a0-60215746d87a','cee75e37-0545-4afa-92c4-b8f133660c90',1,NULL,NULL,'2025-07-09 09:13:01',NULL,NULL,NULL,'2025-07-09 09:12:57','2025-07-09 08:42:16','2025-07-09 09:13:06',NULL,1,1,1,1,0,0,0,NULL,NULL,'0',0.66,0.00,0,'1',1,23.00,0.00,0,0.00,0,1,NULL,NULL,'USD','$',NULL,0.00,'1',1,'36c8f0b2-c9e7-430f-8a28-893972331dab',0,'2025-07-09 08:40:09','2025-07-09 09:13:17',NULL),
('821a1751-6f0d-4a37-9881-2d3698a4c9a9',NULL,'REQ_000013',1,'}kgbD{g}kNq@nASGGl@Sr@Gr@',0,'0',0,NULL,1,5192,0,0,'0',0,2,'taxi',NULL,NULL,'fc839e9a-ba34-4f76-b0a0-60215746d87a','abe0be4d-b6c2-41c7-bbca-888720341b55',NULL,NULL,NULL,'2025-07-08 04:50:50',NULL,NULL,NULL,NULL,NULL,NULL,NULL,0,0,0,0,0,0,0,NULL,NULL,'0',0.00,0.00,0,'1',0,11.00,11.00,1,0.00,0,0,NULL,'Asia/Calcutta','USD','$',NULL,0.00,'1',0,NULL,0,'2025-07-08 04:23:33','2025-07-08 04:23:33',NULL),
('897e7bbe-c27c-482b-8b4b-864197d5ec7f',NULL,'REQ_1752127935',0,'oxotBcppsM_@fFS`BcB[s@SoH_DgAg@k@ImA@[HKFv@~@r@bApBdDL`@APVPTDFH',1,'0',0,NULL,0,3552,0,0,'0',0,2,'taxi',NULL,NULL,'fc839e9a-ba34-4f76-b0a0-60215746d87a','7a8ab5c4-2998-49bb-8bff-8aa32e51fcd9',1,NULL,NULL,'2025-07-10 09:29:40',NULL,NULL,NULL,'2025-07-10 09:29:21','2025-07-10 09:28:14','2025-07-10 09:29:58',NULL,1,1,1,1,0,0,0,NULL,NULL,'0',0.38,0.00,0,'1',1,31.00,0.00,0,0.00,1,1,NULL,'Asia/Calcutta','USD','$',NULL,0.00,'1',0,NULL,0,'2025-07-10 09:28:02','2025-07-10 09:34:42',NULL),
('8abdf914-7310-489c-b19b-b6261f9710e3',NULL,'REQ_1752149628',1,NULL,1,'0',0,NULL,0,NULL,0,0,'0',0,33,NULL,18,'loose','fc839e9a-ba34-4f76-b0a0-60215746d87a','7a8ab5c4-2998-49bb-8bff-8aa32e51fcd9',NULL,NULL,NULL,'2025-07-10 12:15:00',NULL,NULL,NULL,NULL,NULL,NULL,NULL,0,0,0,0,0,0,0,NULL,NULL,'0',0.00,0.00,0,'1',0,26.00,0.00,0,0.00,0,0,NULL,NULL,'USD','$',NULL,0.00,'1',1,'36c8f0b2-c9e7-430f-8a28-893972331dab',0,'2025-07-10 12:13:48','2025-07-10 12:13:48',NULL),
('8b33759a-4b53-484b-96cd-a26f2a146f5e',NULL,'REQ_1752127944',0,'qblcFhnchVLiAGUKKS\\SFa@AGrDY|Ea@bEIHkAxJ[~C?vABb@Z|Ah@vB\\p@`@l@h@d@zAn@dAf@lJ~Dp@RhBt@h@Vd@F|@CTOnGi@zDOdNeAtBS~CWrBG|ANzG`Dnd@|TJPjAp@`Bv@`CnAzFvCR@jMxGo@pBSd@aAzA}B|B',1,'0',0,NULL,0,2704,0,0,'0',0,2,'taxi',NULL,NULL,'fc839e9a-ba34-4f76-b0a0-60215746d87a','7a8ab5c4-2998-49bb-8bff-8aa32e51fcd9',1,NULL,NULL,'2025-07-10 10:41:21',NULL,NULL,NULL,'2025-07-10 10:40:32','2025-07-10 10:39:58','2025-07-10 10:41:35',NULL,1,1,1,1,0,0,0,NULL,NULL,'0',0.00,0.00,0,'1',1,54.00,0.00,0,0.00,0,1,NULL,'Asia/Calcutta','USD','$',NULL,0.00,'1',0,NULL,0,'2025-07-10 10:39:45','2025-07-10 15:13:34',NULL),
('8b7b0d4e-a915-4faf-b7db-2c1baa5ca38b',NULL,'REQ_1752149663',0,NULL,1,'0',1,1,0,7508,0,0,'0',1,41,'taxi',NULL,NULL,'fc839e9a-ba34-4f76-b0a0-60215746d87a','c9fd43a5-b107-4196-97d2-b63dc338b14a',NULL,NULL,NULL,NULL,NULL,NULL,NULL,NULL,NULL,NULL,'2025-07-11 10:20:29',0,0,0,0,1,0,0,NULL,NULL,'1',0.00,0.00,0,'1',0,8.00,0.00,0,0.00,0,0,NULL,'Asia/Calcutta','USD','$',NULL,0.00,'1',0,NULL,0,'2025-07-11 10:15:32','2025-07-11 10:20:29',NULL),
('8ddd9f2b-bd34-4fc2-8c06-570e228acff0',NULL,'REQ_1752057128',0,'gr{qBax|dMp@h@r@{@fA_Bj@`@lBhBxGcIF[DuAIkAi@g@uBwAiBoAoAaAwBmBeBoAcA}@',1,'0',0,NULL,0,6355,0,0,'0',0,2,'taxi',NULL,NULL,'fc839e9a-ba34-4f76-b0a0-60215746d87a','cee75e37-0545-4afa-92c4-b8f133660c90',1,NULL,NULL,'2025-07-09 11:13:58',NULL,NULL,NULL,'2025-07-09 11:13:34','2025-07-09 11:13:25','2025-07-09 11:14:20',NULL,1,1,1,1,0,0,0,NULL,NULL,'0',0.04,0.00,0,'1',1,30.00,0.00,0,0.00,1,1,NULL,'Asia/Calcutta','USD','$',NULL,0.00,'1',0,NULL,0,'2025-07-09 11:13:16','2025-07-09 11:14:46',NULL),
('91f2f1b5-1236-486c-a0ad-420825939763',NULL,'REQ_1752127940',0,'oxotBappsM_@dFS`BcB[s@SoH_DgAg@k@ImA@[HKFv@~@r@bApBdDL`@APVPTDFH',1,'0',0,NULL,0,3467,0,0,'0',0,2,'taxi',NULL,NULL,'fc839e9a-ba34-4f76-b0a0-60215746d87a','7a8ab5c4-2998-49bb-8bff-8aa32e51fcd9',1,NULL,NULL,'2025-07-10 10:19:50',NULL,NULL,NULL,'2025-07-10 10:19:37','2025-07-10 10:19:25','2025-07-10 10:20:06',NULL,1,1,1,1,0,0,0,NULL,NULL,'0',2.52,0.00,0,'1',1,31.00,0.00,0,0.00,1,1,NULL,'Asia/Calcutta','USD','$',NULL,0.00,'1',0,NULL,0,'2025-07-10 10:19:11','2025-07-10 10:21:06',NULL),
('9293f5f8-8b9b-4991-8b2a-5ab4998eed34',NULL,'REQ_1752056972',1,NULL,1,'0',0,NULL,0,NULL,0,0,'0',0,2,NULL,17,'loose','fc839e9a-ba34-4f76-b0a0-60215746d87a','d40477d6-577c-4b0b-be67-787b19c4d5e2',NULL,NULL,NULL,'2025-07-09 10:30:00',NULL,NULL,NULL,NULL,NULL,NULL,NULL,0,0,0,0,0,0,0,NULL,NULL,'0',0.00,0.00,0,'1',0,21.00,0.00,0,0.00,0,0,NULL,NULL,'USD','$',NULL,0.00,'1',1,'36c8f0b2-c9e7-430f-8a28-893972331dab',0,'2025-07-09 10:29:32','2025-07-09 10:29:32',NULL),
('94022826-a02e-4412-b49c-8f050106240f',NULL,'REQ_1752057129',0,'}q{qBqy|dM|@gA`@m@nBtAlBhBtFwG',1,'0',0,NULL,0,9375,0,0,'0',0,2,'delivery',1,'Loose','fc839e9a-ba34-4f76-b0a0-60215746d87a','d40477d6-577c-4b0b-be67-787b19c4d5e2',6,NULL,NULL,'2025-07-09 11:18:42',NULL,NULL,NULL,'2025-07-09 11:18:02','2025-07-09 11:17:52','2025-07-09 11:19:14',NULL,1,1,1,1,0,0,0,NULL,NULL,'0',0.04,0.00,0,'1',1,17.00,0.00,0,0.00,1,1,NULL,NULL,'USD','$',NULL,0.00,'1',0,NULL,0,'2025-07-09 11:17:39','2025-07-09 11:19:39',NULL),
('9498c8a3-2282-4987-8ee6-59734a26ad31',NULL,'REQ_000006',0,'sngbDgh}kNE^DXNXdAXt@@rA`@`@Dt@q@VILAn@JvB`@nBt@tA^vAPx@?fAOvAWfAKhANnA^xHhCrCl@`DPpBjChHhKtHxIpH`J`BzApEbDxBjAtEbFdCdCd@j@|EhHhFtI|BlDvArAzEbFhDfDhCxAv@NxA~@`CtBfAxAzBbCfElCzCxBlHdG`@XrDpB|IpFjFfLXb@n@d@b@Nr@H~@F~@d@hHnFyE|E}BvBkCnCkC`CaIhGmCbBsEzBiIpDeB~@aB|@kGxDwTxM{E`DsKpIqAz@_A`@aFtAiLzCoDh@iKrC}ClAiJ~Do@R}D`BoC|AyCzBiD~BCJ{JnHyJnH_Ap@o@^m@TaElAsLfDcA^eBfAcK~HcO`LuC~BwPlMeDxBmEbDcLvIuLxIoMzJyJvHyCxBcC~AmAn@wCrB{@b@GH}NlJoRvJz@`GvA~NxApPpAfN@p@Gx@Ur@iAdD`BhHRl@d@bA^b@l@`@hCbAlHbDnAh@xCbBf@ZtAvAp@z@jA}@nBo@`BOhAEnMn@|G\\nNn@vJr@tARpNtCzT|E|LvCrGxA`IlB`E~@pEvAxBj@~Bz@rEtAxEnBj@Zn@TvDfCdIdGbAv@dD~BjEbD`@TfA\\vHdBrDn@`AVrE|@~A`@tBb@~Bh@|Bd@lBf@`FbAzG|AzE`AzDr@lYzD~AThCp@vMlEpEvAlDbArCj@rKhAvFn@vJx@tEb@nE\\l@@pFh@`DF`DKdJ}@pIeAtG}@fEe@x@SLSpEm@rAMv@@t@XbFbCjJvE|KjKrDbDdAbAX}ENk@NYf@m@No@Be@DY^mAv@yB@[CQ_@{@CUtAsFJYt@iA`BgBNMjBqD~@{Az@mAp@eBLo@D]C}@Ji@Xg@PQVOd@e@HSAQcCsBwAiAMQAOhCcF\\oAr@oDCWk@i@cCeBuBmBmCgB}BmBGK?OrAuCJEb@CLOfAoC?Q_Ag@NIqB}Au@}@g@[q@[m@U@c@CKa@e@Qc@?QB_@Jm@A_@c@qAWk@_@m@GOKeAAy@F]t@mBvBwCXk@gBeBkCsBkAiAdAyAb@s@`@cA|AoC',1,'0',0,NULL,0,3315,0,0,'0',0,2,'taxi',NULL,NULL,'fc839e9a-ba34-4f76-b0a0-60215746d87a','cee75e37-0545-4afa-92c4-b8f133660c90',NULL,NULL,NULL,NULL,NULL,NULL,NULL,NULL,NULL,NULL,'2025-07-07 09:06:08',0,0,0,0,1,0,0,NULL,NULL,'1',0.00,0.00,0,'1',0,342.00,0.00,0,0.00,0,0,NULL,'Asia/Calcutta','USD','$',NULL,0.00,'1',0,NULL,0,'2025-07-07 09:00:54','2025-07-07 09:06:08',NULL),
('99435eae-549c-4de5-8a87-5a5a4e4ef22c',NULL,'REQ_1752057131',0,NULL,0,'0',0,NULL,0,NULL,1,0,'0',0,NULL,'taxi',NULL,NULL,'fc839e9a-ba34-4f76-b0a0-60215746d87a','cee75e37-0545-4afa-92c4-b8f133660c90',1,NULL,NULL,'2025-07-09 11:26:48',NULL,NULL,NULL,'2025-07-09 11:26:48','2025-07-09 11:26:48','2025-07-09 11:42:37',NULL,1,1,1,1,0,0,0,NULL,NULL,'0',0.38,15.00,0,'1',1,22.00,0.00,0,0.00,0,1,NULL,NULL,'USD','$',NULL,0.00,'1',0,NULL,0,'2025-07-09 11:26:48','2025-07-09 11:51:29',NULL),
('a0b2492d-de2c-4908-b3d1-79beabd4381a',NULL,'REQ_1752149643',0,NULL,1,'1',0,NULL,0,NULL,0,0,'0',0,38,'taxi',NULL,NULL,'fc839e9a-ba34-4f76-b0a0-60215746d87a','74b0e12c-a6fb-424d-85bc-462fb5c222e8',NULL,NULL,NULL,NULL,NULL,NULL,NULL,NULL,NULL,NULL,'2025-07-11 08:13:49',0,0,0,0,1,0,0,NULL,NULL,'0',0.00,0.00,0,'1',0,1039.00,0.00,0,0.00,0,0,NULL,NULL,'USD','$',NULL,0.00,'1',1,'36c8f0b2-c9e7-430f-8a28-893972331dab',0,'2025-07-11 07:05:29','2025-07-11 08:13:49',NULL),
('a3c84139-f709-410c-9ffc-cb87eaf42d81',NULL,'REQ_1752057130',0,'}q{qBqy|dM|@gA`@m@nBtAlBhBxGcIF[DuAIkAi@g@uBwAiBoAoAaAwBmBeBoAcA}@',1,'0',0,NULL,0,7443,0,0,'0',0,2,'delivery',1,'Loose','fc839e9a-ba34-4f76-b0a0-60215746d87a','d40477d6-577c-4b0b-be67-787b19c4d5e2',6,NULL,NULL,'2025-07-09 11:23:31',NULL,NULL,NULL,'2025-07-09 11:22:57','2025-07-09 11:22:49','2025-07-09 11:24:00',NULL,1,1,1,1,0,0,0,NULL,NULL,'0',0.04,0.00,0,'1',1,30.00,0.00,0,0.00,1,1,NULL,NULL,'USD','$',NULL,0.00,'1',0,NULL,0,'2025-07-09 11:22:43','2025-07-09 11:25:25',NULL),
('a4687ae8-5230-4bf7-b0a0-43add699e109',NULL,'REQ_000025',0,'uo{qB{w|dMzAwBj@`@lBhBtFwG',1,'0',0,NULL,0,7537,0,0,'0',2,2,'taxi',NULL,NULL,'fc839e9a-ba34-4f76-b0a0-60215746d87a','cee75e37-0545-4afa-92c4-b8f133660c90',NULL,NULL,NULL,NULL,NULL,NULL,NULL,NULL,NULL,NULL,'2025-07-09 04:36:48',0,0,0,0,1,0,0,NULL,NULL,'1',0.00,0.00,0,'1',0,16.00,0.00,0,0.00,0,0,NULL,'Asia/Calcutta','USD','$',NULL,0.00,'1',0,NULL,0,'2025-07-09 04:34:53','2025-07-09 04:36:48',NULL),
('a47f7c82-798f-4d6c-bead-a32a4d3577e1',NULL,'REQ_000024',0,'wp{qBg_}dMd@d@RXnBtAlBhBxGcIF[DuAIkAi@g@uBwAiBoAoAaAwBmBeBoAcA}@',1,'0',0,NULL,0,1722,0,0,'0',1,2,'delivery',1,'Loose','fc839e9a-ba34-4f76-b0a0-60215746d87a','f934dc9d-e83c-48c9-af17-c365e9d5ad66',NULL,NULL,NULL,NULL,NULL,NULL,NULL,NULL,NULL,NULL,'2025-07-09 04:34:03',0,0,0,0,1,0,0,NULL,NULL,'1',0.00,0.00,0,'1',0,29.00,0.00,0,0.00,0,0,NULL,NULL,'USD','$',NULL,0.00,'1',0,NULL,0,'2025-07-09 04:33:36','2025-07-09 04:34:03',NULL),
('a4aeb21c-ca5b-432f-8785-0fa13efad79d',NULL,'REQ_1752149635',0,'qblcFhnchVLiAGUKKS\\SFa@AGrDY|Ea@bEIHkAxJ[~C?vABb@Z|Ah@vB\\p@`@l@h@d@zAn@dAf@lJ~Dp@RhBt@h@Vd@F|@CTOnGi@zDOjBMRwKJcCgABCJ?l@@PBD',1,'0',0,NULL,0,4477,0,0,'0',1,2,'taxi',NULL,NULL,'fc839e9a-ba34-4f76-b0a0-60215746d87a','259d5b5e-4645-476b-8e99-5a6945b2e39a',NULL,NULL,NULL,NULL,NULL,NULL,NULL,NULL,NULL,NULL,'2025-07-11 05:36:56',0,0,0,0,1,0,0,NULL,NULL,'1',0.00,0.00,0,'1',0,43.00,0.00,0,0.00,0,0,NULL,'Asia/Calcutta','USD','$',NULL,0.00,'1',0,NULL,0,'2025-07-11 05:36:39','2025-07-11 05:36:56',NULL),
('a4e70763-222a-4eeb-903e-4e8d09f62895',NULL,'REQ_1752127934',0,NULL,0,'0',0,NULL,0,NULL,1,0,'0',0,NULL,'taxi',NULL,NULL,'fc839e9a-ba34-4f76-b0a0-60215746d87a','7a8ab5c4-2998-49bb-8bff-8aa32e51fcd9',1,NULL,NULL,'2025-07-10 09:24:20',NULL,NULL,NULL,'2025-07-10 09:24:20','2025-07-10 09:24:20','2025-07-10 09:24:46',NULL,1,1,1,1,0,0,0,NULL,NULL,'0',0.00,0.00,0,'1',1,22.00,0.00,0,0.00,0,1,NULL,NULL,'USD','$',NULL,0.00,'1',0,NULL,0,'2025-07-10 09:24:20','2025-07-10 09:25:09',NULL),
('a61e5802-6e04-4ca4-b385-c753661eff9e',NULL,'REQ_1752149659',0,NULL,1,'0',1,1,0,5961,0,0,'0',1,2,'taxi',NULL,NULL,'fc839e9a-ba34-4f76-b0a0-60215746d87a','c9fd43a5-b107-4196-97d2-b63dc338b14a',NULL,NULL,NULL,NULL,NULL,NULL,NULL,NULL,NULL,NULL,'2025-07-11 09:41:52',0,0,0,0,1,0,0,NULL,NULL,'1',0.00,0.00,0,'1',0,8.00,0.00,0,0.00,0,0,NULL,'Asia/Calcutta','USD','$',NULL,0.00,'1',0,NULL,0,'2025-07-11 09:41:48','2025-07-11 09:41:52',NULL),
('a7aec3ca-d7e7-4ac9-bbcd-5b3231a8ca9b',NULL,'REQ_000015',0,'}kgbD{g}kNq@nASGGl@Sr@Gr@',1,'0',0,NULL,0,7735,0,0,'0',1,2,'taxi',NULL,NULL,'fc839e9a-ba34-4f76-b0a0-60215746d87a','fcd6ac17-381c-41e4-95ef-f42198f135b9',NULL,NULL,NULL,NULL,NULL,NULL,NULL,NULL,NULL,NULL,'2025-07-08 04:27:28',0,0,0,0,1,0,0,NULL,NULL,'1',0.00,0.00,0,'1',0,11.00,0.00,0,0.00,0,0,NULL,'Asia/Calcutta','USD','$',NULL,0.00,'1',0,NULL,0,'2025-07-08 04:27:24','2025-07-08 04:27:28',NULL),
('a7ca9fe4-287e-467b-8fd4-5ce0ae95d606',NULL,'REQ_1752149642',0,NULL,1,'0',0,NULL,0,NULL,0,0,'0',1,37,'taxi',NULL,NULL,'fc839e9a-ba34-4f76-b0a0-60215746d87a','259d5b5e-4645-476b-8e99-5a6945b2e39a',NULL,NULL,NULL,NULL,NULL,NULL,NULL,NULL,NULL,NULL,'2025-07-11 08:13:49',0,0,0,0,1,0,0,NULL,NULL,'0',0.00,0.00,0,'1',0,37350.00,0.00,0,0.00,0,0,NULL,NULL,'USD','$',NULL,0.00,'1',1,'36c8f0b2-c9e7-430f-8a28-893972331dab',0,'2025-07-11 07:01:32','2025-07-11 08:13:49',NULL),
('aa18c435-5ab8-4910-84df-a2734b395e4d',NULL,'REQ_1752127938',0,'{votBotpsMv@DEpBfAH@JOtBW`C[tBtB`@jAZ]bCpoly_potBq~osM\\cCkA[eDm@kDi@{A_@oH_DgAg@k@ImA@[HKFv@~@r@bApBdDL`@APVPTDFH',1,'0',0,NULL,0,1279,0,0,'0',0,2,'taxi',NULL,NULL,'fc839e9a-ba34-4f76-b0a0-60215746d87a','7a8ab5c4-2998-49bb-8bff-8aa32e51fcd9',1,NULL,NULL,'2025-07-10 10:14:15',NULL,NULL,NULL,'2025-07-10 10:13:56','2025-07-10 10:13:47','2025-07-10 10:14:36',NULL,1,1,1,1,0,0,0,NULL,NULL,'0',0.18,0.00,0,'1',1,34.00,0.00,0,0.00,1,1,NULL,'Asia/Calcutta','USD','$',NULL,0.00,'1',0,NULL,0,'2025-07-10 10:13:36','2025-07-10 10:18:51',NULL),
('ac78bcc2-5da0-4d36-867a-506868eb0ce1',NULL,'REQ_000039',0,NULL,1,'1',0,NULL,0,NULL,0,0,'0',0,17,'delivery',3,'loose','fc839e9a-ba34-4f76-b0a0-60215746d87a','f934dc9d-e83c-48c9-af17-c365e9d5ad66',NULL,NULL,NULL,NULL,NULL,NULL,NULL,NULL,NULL,NULL,'2025-07-09 09:13:59',0,0,0,0,1,0,0,NULL,NULL,'0',0.00,0.00,0,'1',0,23.00,0.00,0,0.00,0,0,NULL,NULL,'USD','$',NULL,0.00,'1',1,'36c8f0b2-c9e7-430f-8a28-893972331dab',0,'2025-07-09 08:58:29','2025-07-09 09:13:59',NULL),
('b17323f5-c6a7-4551-aea0-64a89ac68d1c',NULL,'REQ_000012',0,NULL,0,'0',0,NULL,0,NULL,1,0,'0',0,NULL,'taxi',NULL,NULL,'fc839e9a-ba34-4f76-b0a0-60215746d87a','cee75e37-0545-4afa-92c4-b8f133660c90',1,NULL,NULL,'2025-07-07 09:40:08',NULL,NULL,NULL,'2025-07-07 09:40:08','2025-07-07 09:40:08','2025-07-07 09:40:38',NULL,1,1,1,1,0,0,0,NULL,NULL,'0',0.00,0.00,0,'1',1,176.00,0.00,0,0.00,0,1,NULL,NULL,'USD','$',NULL,0.00,'1',0,NULL,0,'2025-07-07 09:40:08','2025-07-07 09:40:59',NULL),
('b1b29ec3-64c2-4d2a-ad24-12739fb96a8e',NULL,'REQ_1752127946',0,NULL,1,'1',0,NULL,0,NULL,0,0,'0',0,2,'taxi',NULL,NULL,'fc839e9a-ba34-4f76-b0a0-60215746d87a','7a8ab5c4-2998-49bb-8bff-8aa32e51fcd9',NULL,NULL,NULL,NULL,NULL,NULL,NULL,NULL,NULL,NULL,'2025-07-10 15:14:00',0,0,0,0,1,0,0,NULL,NULL,'1',0.00,0.00,0,'1',0,26.00,0.00,0,0.00,0,0,NULL,NULL,'USD','$',NULL,0.00,'1',1,'36c8f0b2-c9e7-430f-8a28-893972331dab',0,'2025-07-10 11:46:10','2025-07-10 15:14:00',NULL),
('b3375f01-5a10-4cfc-93f2-71ea210e259c',NULL,'REQ_1752149666',0,'qblcFhnchVLiAGUKKS\\SFa@AGrDY|Ea@bEIHkAxJ[~C?vABb@Z|Ah@vB\\p@`@l@h@d@zAn@dAf@lJ~Dp@RhBt@h@Vd@F|@CTOnGi@zDOI`E',1,'0',0,NULL,0,4604,0,0,'0',1,44,'taxi',NULL,NULL,'fc839e9a-ba34-4f76-b0a0-60215746d87a','74b0e12c-a6fb-424d-85bc-462fb5c222e8',NULL,NULL,NULL,NULL,NULL,NULL,NULL,NULL,NULL,NULL,'2025-07-11 10:59:29',0,0,0,0,1,0,0,NULL,NULL,'1',0.00,0.00,0,'1',0,35.00,0.00,0,0.00,0,0,NULL,'Asia/Calcutta','USD','$',NULL,0.00,'1',0,NULL,0,'2025-07-11 10:59:26','2025-07-11 10:59:29',NULL),
('b4e6cd31-098d-4dad-8a85-fb98c2f96864',NULL,'REQ_1752149631',0,NULL,0,'0',0,NULL,0,NULL,1,0,'0',0,NULL,'taxi',NULL,NULL,'fc839e9a-ba34-4f76-b0a0-60215746d87a','7a8ab5c4-2998-49bb-8bff-8aa32e51fcd9',1,NULL,NULL,'2025-07-11 04:49:19',NULL,NULL,NULL,'2025-07-11 04:49:19','2025-07-11 04:49:19','2025-07-11 04:49:50',NULL,1,1,1,1,0,0,0,NULL,NULL,'0',0.00,0.00,0,'1',1,13.00,0.00,0,0.00,0,1,NULL,NULL,'USD','$',NULL,0.00,'1',0,NULL,0,'2025-07-11 04:49:19','2025-07-11 04:50:38',NULL),
('c02e4a19-7f9d-405d-8331-c74823fc4069',NULL,'REQ_000038',0,NULL,1,'0',0,NULL,0,NULL,0,0,'0',1,16,'taxi',NULL,NULL,'fc839e9a-ba34-4f76-b0a0-60215746d87a','cee75e37-0545-4afa-92c4-b8f133660c90',NULL,NULL,NULL,NULL,NULL,NULL,NULL,NULL,NULL,NULL,'2025-07-09 09:13:59',0,0,0,0,1,0,0,NULL,NULL,'0',0.00,0.00,0,'1',0,23.00,0.00,0,0.00,0,0,NULL,NULL,'USD','$',NULL,0.00,'1',1,'36c8f0b2-c9e7-430f-8a28-893972331dab',0,'2025-07-09 08:50:05','2025-07-09 09:13:59',NULL),
('c0355fc3-e282-4bc0-8693-032d2d4e7dfd',NULL,'REQ_1752149657',0,'qblcFhnchVLiAGUKKS\\SFa@AGrDOtCx@LUvCIf@fDDpolyw_lcF~|chVgDENsANkBy@MSdCWdCIHkAxJ[~C?vABb@Z|Ah@vB\\p@`@l@h@d@zAn@dAf@lJ~Dp@RhBt@h@Vd@F|@CTOnGi@zDOnKy@YvLnAG',1,'0',0,NULL,0,8867,0,0,'0',0,2,'taxi',NULL,NULL,'fc839e9a-ba34-4f76-b0a0-60215746d87a','7a8ab5c4-2998-49bb-8bff-8aa32e51fcd9',4,NULL,NULL,'2025-07-11 09:36:32',NULL,NULL,NULL,'2025-07-11 09:36:03','2025-07-11 09:35:58','2025-07-11 09:37:30',NULL,1,1,1,1,0,0,0,NULL,NULL,'0',0.00,0.00,0,'1',1,40.00,0.00,0,0.00,1,1,NULL,'Asia/Calcutta','USD','$',NULL,0.00,'1',0,NULL,0,'2025-07-11 09:35:50','2025-07-11 09:38:04',NULL),
('c0be482b-c17a-4639-aa85-c980d6f58303',NULL,'REQ_1752149644',0,'qblcFhnchVLiAGUKKS\\SFa@AGrDY|Ea@bEIHkAxJ[~C?vABb@Z|Ah@vB\\p@`@l@h@d@zAn@dAf@lJ~Dp@RhBt@h@Vd@F|@CTOnGi@zDOdNeAtBS~CW`@?IzC',1,'0',0,NULL,0,2314,0,0,'0',1,2,'taxi',NULL,NULL,'fc839e9a-ba34-4f76-b0a0-60215746d87a','74b0e12c-a6fb-424d-85bc-462fb5c222e8',NULL,NULL,NULL,NULL,NULL,NULL,NULL,NULL,NULL,NULL,'2025-07-11 08:16:12',0,0,0,0,1,0,0,NULL,NULL,'1',0.00,0.00,0,'1',0,41.00,0.00,0,0.00,0,0,NULL,'Asia/Calcutta','USD','$',NULL,0.00,'1',0,NULL,0,'2025-07-11 08:16:05','2025-07-11 08:16:12',NULL),
('c1c62b02-41e8-4b0d-a1c9-5de2af52db0e',NULL,'REQ_1752149662',0,'qblcFhnchVLiAGUKKS\\SFa@AGrDOtCx@LUvCIf@fDDpolyw_lcF~|chVgDENsANkBy@MSdCWdCIHkAxJ[~C?vABb@Z|Ah@vB\\p@`@l@t@r@d@r@`BnGHx@Cd@W~@iBfD}AdC@`@}D`GkCnDkBzBe@FiCzBaAj@oC`AyGxBuCfAUd@vBr@xHpCt@JxAClH{AbAEpFX',1,'0',0,NULL,0,3993,0,0,'0',0,2,'taxi',NULL,NULL,'fc839e9a-ba34-4f76-b0a0-60215746d87a','7a8ab5c4-2998-49bb-8bff-8aa32e51fcd9',4,NULL,NULL,'2025-07-11 09:50:52',NULL,NULL,NULL,'2025-07-11 09:50:35','2025-07-11 09:50:29','2025-07-11 10:01:12',NULL,1,1,1,1,0,0,0,NULL,NULL,'0',0.00,10.00,0,'1',1,49.00,0.00,0,0.00,0,1,NULL,'Asia/Calcutta','USD','$',NULL,0.00,'1',0,NULL,0,'2025-07-11 09:50:17','2025-07-11 10:01:23',NULL),
('c445a1bf-ff67-42b1-b36e-c5f7be1b696d',NULL,'REQ_1752149652',0,'e~csBo_~|LOHE?S[_Al@gBwCsCxB|BrDdAdBu@l@bEzGfCpEBd@hEvGzHjMvEbInF|IrDlGhC`EfA|B|D~Jp@|BNhAJbAKlD}@~Ku@~IQpDy@dLm@fGO`Aa@~@g@~@wGzIyEfF{JxLoCtCoBlBYb@Ul@GZEv@Bt@j@xE?p@Kp@Yv@OZu@v@_@T{@TeF\\aPrAmKx@gKz@sCHqPnA{@Lo@Ng@PaAh@k@`@gH|FgLhJgHjGqHhG_A|@eEpDqBlBuAhAeAj@}@XcB^{@F{LDsFF_ITmQPy@BkBBKH{@PiKFoCBmB@cADSHOVs@rBIz@g@|OIf@KJE@yB|i@WhRb@`AVL^FrCNTFTEdGPLCxA|Ip@`GFjATvFCVMP[LpolykpjsBotp|LyChAGQ`DiATUBSYqHo@uGuAaImCGYJ_@\\MRBd@KtEFn@P`@ZVt@J\\FNLnWdAdGNdB?zADLKPCPHBBlAUtAWv@_@jA]hAi@x@o@n@k@zFsGpQyS|A}At@i@|BaAxA]hAOpACx`@x@~@LxEF`]r@f_@x@|BDrAJhBHrZhBfCBvAKjAOl@O~JkDlBg@lAS~@IvB@`@YR_@b@wK@sACe@]}CQqBGM@G]q@}AqDiAyBUYoCgC`AcAr@}@`AaAtCgDYWE@',1,'0',0,NULL,0,7951,0,0,'0',1,2,'taxi',NULL,NULL,'fc839e9a-ba34-4f76-b0a0-60215746d87a','259d5b5e-4645-476b-8e99-5a6945b2e39a',NULL,NULL,NULL,NULL,NULL,NULL,NULL,NULL,NULL,NULL,'2025-07-11 09:24:03',0,0,0,0,1,1,1,NULL,NULL,'1',0.00,0.00,0,'1',0,240.00,0.00,0,0.00,0,0,NULL,'Asia/Calcutta','USD','$',NULL,0.00,'1',0,NULL,0,'2025-07-11 09:23:23','2025-07-11 09:24:03',NULL),
('c5a3217b-e820-4258-8da0-9a6562819c04',NULL,'REQ_1752149638',0,'qblcFhnchVLiAGUKKS\\SFa@AGrDY|Ea@bEIHkAxJ[~C?vABb@Z|Ah@vB\\p@`@l@h@d@zAn@dAf@lJ~Dp@RhBt@h@Vd@F|@CTOnGi@zDOjBMRwKdAC',1,'0',0,NULL,0,9376,0,0,'0',0,2,'taxi',NULL,NULL,'fc839e9a-ba34-4f76-b0a0-60215746d87a','7a8ab5c4-2998-49bb-8bff-8aa32e51fcd9',NULL,NULL,NULL,NULL,NULL,NULL,NULL,NULL,NULL,NULL,'2025-07-11 05:45:49',0,0,0,0,1,0,0,NULL,NULL,'1',0.00,0.00,0,'1',0,42.00,0.00,0,0.00,0,0,NULL,'Asia/Calcutta','USD','$',NULL,0.00,'1',0,NULL,0,'2025-07-11 05:45:27','2025-07-11 05:45:49',NULL),
('cb169179-8c09-401e-b33f-4afc2a4db02a',NULL,'REQ_1752149653',0,'e~csBo_~|LOHE?S[_Al@gBwCsCxB|BrDdAdBu@l@bEzGfCpEBd@hEvGzHjMvEbInF|IrDlGhC`EfA|B|D~Jp@|BNhAJbAKlD}@~Ku@~IQpDy@dLm@fGO`Aa@~@g@~@wGzIyEfF{JxLoCtCoBlBYb@Ul@GZEv@Bt@j@xE?p@Kp@Yv@OZu@v@_@T{@TeF\\aPrAmKx@gKz@sCHqPnA{@Lo@Ng@PaAh@k@`@gH|FgLhJgHjGqHhG_A|@eEpDqBlBuAhAeAj@}@XcB^{@F{LDsFF_ITmQPy@BkBBKH{@PiKFoCBmB@cADSHOVs@rBIz@g@|OIf@KJE@yB|i@WhRb@`AVL^FrCNTFTEdGPLCxA|Ip@`GFjATvFCVMP[LpolykpjsBotp|LyChAGQ`DiATUBSYqHo@uGuAaImCGYJ_@\\MRBd@KtEFn@P`@ZVt@J\\FNLnWdAdGNdB?zADLKPCPHBBlAUtAWv@_@jA]hAi@x@o@n@k@zFsGpQyS|A}At@i@|BaAxA]hAOpACx`@x@~@LxEF`]r@f_@x@|BDrAJhBHrZhBfCBvAKjAOl@O~JkDlBg@lAS~@IvB@`@YR_@b@wK@sACe@]}CQqBGM@G]q@}AqDiAyBUYoCgC`AcAr@}@`AaAtCgDYWE@',1,'0',0,NULL,0,7222,0,0,'0',2,2,'taxi',NULL,NULL,'fc839e9a-ba34-4f76-b0a0-60215746d87a','259d5b5e-4645-476b-8e99-5a6945b2e39a',NULL,NULL,NULL,NULL,NULL,NULL,NULL,NULL,NULL,NULL,'2025-07-11 09:25:11',0,0,0,0,1,1,1,NULL,NULL,'1',0.00,0.00,0,'1',0,240.00,0.00,0,0.00,0,0,NULL,'Asia/Calcutta','USD','$',NULL,0.00,'1',0,NULL,0,'2025-07-11 09:24:03','2025-07-11 09:25:11',NULL),
('cccd0937-894f-4517-a559-1ffefbd0f3d0',NULL,'REQ_000030',1,'kr{qBcx|dMt@j@r@{@fA_Bj@`@lBhBtFwG',0,'0',0,NULL,1,8528,0,0,'0',0,11,'taxi',NULL,NULL,'fc839e9a-ba34-4f76-b0a0-60215746d87a','cee75e37-0545-4afa-92c4-b8f133660c90',NULL,NULL,NULL,'2025-07-09 05:55:57','2025-07-10 05:57:57',NULL,1,NULL,NULL,NULL,'2025-07-11 07:03:35',0,0,0,0,1,0,0,NULL,NULL,'3',0.00,0.00,0,'1',0,17.00,17.00,1,0.00,0,0,NULL,'Asia/Calcutta','USD','$',NULL,0.00,'1',0,NULL,0,'2025-07-09 05:26:24','2025-07-11 07:03:35',NULL),
('cffedee4-1260-4e7a-b758-86d918ad6b25',NULL,'REQ_000020',0,'wpgtBouqsMaEK_C?qUiAsG]uN|@eNCmLUgQWuUiAcNqCnAwHNkDt@D~CAjAWp@SpAu@tB_BtKyKVe@fD{U}GcAkFSWE[I_l@gZ}CcBaPmIaKoFQ?MJaAvBkAzCkBy@gB{@Q?QDeAd@QFyA}@qHsDCGD]bE}IQS{EMcCM_@GJeATkA',1,'0',0,NULL,0,1387,0,0,'0',1,2,'taxi',NULL,NULL,'fc839e9a-ba34-4f76-b0a0-60215746d87a','cee75e37-0545-4afa-92c4-b8f133660c90',NULL,NULL,NULL,NULL,NULL,NULL,NULL,NULL,NULL,NULL,'2025-07-09 04:14:47',0,0,0,0,1,0,0,NULL,NULL,'1',0.00,0.00,0,'1',0,110.00,0.00,0,0.00,0,0,NULL,'Asia/Calcutta','USD','$',NULL,0.00,'1',0,NULL,0,'2025-07-09 04:13:51','2025-07-09 04:14:47',NULL),
('d38db361-d5b4-49d0-81f4-2ceb18a91d2d',NULL,'REQ_1752127836',1,NULL,1,'0',0,NULL,0,NULL,0,0,'0',0,2,NULL,NULL,NULL,'fc839e9a-ba34-4f76-b0a0-60215746d87a','259d5b5e-4645-476b-8e99-5a6945b2e39a',NULL,NULL,NULL,'2025-07-10 08:10:00',NULL,NULL,NULL,NULL,NULL,NULL,NULL,0,0,0,0,0,0,0,NULL,NULL,'0',0.00,0.00,0,'1',0,108.00,0.00,0,0.00,0,0,NULL,NULL,'USD','$',NULL,0.00,'1',1,'36c8f0b2-c9e7-430f-8a28-893972331dab',0,'2025-07-10 06:10:36','2025-07-10 06:10:36',NULL),
('d418a91f-163f-4877-b46d-1e432852d356',NULL,'REQ_000014',0,'}kgbD{g}kNq@nASGGl@Sr@Gr@',1,'0',0,NULL,0,6085,0,0,'0',1,2,'taxi',NULL,NULL,'fc839e9a-ba34-4f76-b0a0-60215746d87a','abe0be4d-b6c2-41c7-bbca-888720341b55',NULL,NULL,NULL,NULL,NULL,NULL,NULL,NULL,NULL,NULL,'2025-07-08 04:27:18',0,0,0,0,1,0,0,NULL,NULL,'1',0.00,0.00,0,'1',0,11.00,0.00,0,0.00,0,0,NULL,'Asia/Calcutta','USD','$',NULL,0.00,'1',0,NULL,0,'2025-07-08 04:25:09','2025-07-08 04:27:18',NULL),
('d6fec7ac-427a-403b-8c47-19d08e2441ef',NULL,'REQ_1752127928',0,'ytotBuwpsMMnDwAIEFi@jHS`BcB[s@SoH_DgAg@k@ImA@[HKFv@~@r@bApBdDL`@APVPTDFH',1,'0',0,NULL,0,7663,0,0,'0',0,2,'taxi',NULL,NULL,'fc839e9a-ba34-4f76-b0a0-60215746d87a','7a8ab5c4-2998-49bb-8bff-8aa32e51fcd9',1,NULL,NULL,NULL,NULL,NULL,NULL,NULL,'2025-07-10 06:21:25',NULL,'2025-07-10 06:27:21',1,0,0,0,1,0,0,'weather Conditions',NULL,'1',0.00,0.00,0,'1',0,34.00,0.00,0,0.00,0,0,NULL,'Asia/Calcutta','USD','$',NULL,0.00,'1',0,NULL,0,'2025-07-10 06:20:44','2025-07-10 06:27:21',NULL),
('d87ccb85-8f3b-45d9-bd0c-d0905bda183e',NULL,'REQ_1752149656',0,NULL,1,'0',1,1,0,5527,0,0,'0',1,2,'taxi',NULL,NULL,'fc839e9a-ba34-4f76-b0a0-60215746d87a','c9fd43a5-b107-4196-97d2-b63dc338b14a',NULL,NULL,NULL,NULL,NULL,NULL,NULL,NULL,NULL,NULL,'2025-07-11 09:31:43',0,0,0,0,1,0,0,NULL,NULL,'1',0.00,0.00,0,'1',0,8.00,0.00,0,0.00,0,0,NULL,'Asia/Calcutta','USD','$',NULL,0.00,'1',0,NULL,0,'2025-07-11 09:31:37','2025-07-11 09:31:43',NULL),
('da349bbb-dc34-496b-99a8-1aa44cc2dfda',NULL,'REQ_1752127945',0,NULL,1,'1',1,1,0,NULL,0,0,'0',0,33,'taxi',NULL,NULL,'fc839e9a-ba34-4f76-b0a0-60215746d87a','c9fd43a5-b107-4196-97d2-b63dc338b14a',NULL,NULL,NULL,NULL,NULL,NULL,NULL,NULL,NULL,NULL,'2025-07-10 15:13:59',0,0,0,0,1,0,0,NULL,NULL,'0',0.00,0.00,0,'1',0,16.00,0.00,0,0.00,0,0,NULL,NULL,'USD','$',NULL,0.00,'1',1,'36c8f0b2-c9e7-430f-8a28-893972331dab',0,'2025-07-10 11:36:22','2025-07-10 15:13:59',NULL),
('db227e97-af40-4a7b-bc45-270586b152a8',NULL,'REQ_1752127931',0,NULL,1,'0',0,NULL,0,NULL,0,0,'0',0,20,'delivery',18,'loose','fc839e9a-ba34-4f76-b0a0-60215746d87a','7a8ab5c4-2998-49bb-8bff-8aa32e51fcd9',1,NULL,NULL,NULL,NULL,NULL,NULL,'2025-07-10 08:22:23','2025-07-10 08:20:44',NULL,'2025-07-10 09:18:57',1,1,0,0,1,0,0,NULL,NULL,'1',0.00,0.00,0,'1',0,26.00,0.00,0,0.00,0,0,NULL,NULL,'USD','$',NULL,0.00,'1',1,'36c8f0b2-c9e7-430f-8a28-893972331dab',0,'2025-07-10 08:20:10','2025-07-10 09:18:57',NULL),
('e035d1c9-5a94-45f4-86a1-57fb0d055ac6',NULL,'REQ_1752149632',0,'}xe`C}yo{LbCWjAQZ|A`@vApBtJh@hDPANHFPCPKJO@ICeAN{Bp@_C`@gF`@oETs@JfFvGbEzFOJpJ`NvAlBLDh@r@EL`JhLfE~FxDbF|@bBb@pAVtAl@jFdAdLnDt^hBrPJb@LJBNERCDVnCxArM`AdIhA~Jr@jEd@lDZtBf@tBpExN`Odg@zC~Jh@tB`BvFn@vAZjAPfAJjAPPBTEPJp@r@|BdC|Hv@vBxChKfC~HHNpHbVlJBnCA~E?`BGtNoBhDUL_@Gq@s@uGDA',1,'0',0,NULL,0,9959,0,0,'0',1,2,'taxi',NULL,NULL,'fc839e9a-ba34-4f76-b0a0-60215746d87a','7a8ab5c4-2998-49bb-8bff-8aa32e51fcd9',NULL,NULL,NULL,NULL,NULL,NULL,NULL,NULL,NULL,NULL,'2025-07-11 04:51:01',0,0,0,0,1,0,0,NULL,NULL,'1',0.00,0.00,0,'1',0,51.00,0.00,0,0.00,0,0,NULL,'Asia/Calcutta','USD','$',NULL,0.00,'1',0,NULL,0,'2025-07-11 04:49:45','2025-07-11 04:51:01',NULL),
('e2065c02-e924-479e-a069-d0264e464214',NULL,'REQ_000011',0,NULL,1,'0',0,NULL,0,5528,0,0,'0',0,2,'taxi',NULL,NULL,'fc839e9a-ba34-4f76-b0a0-60215746d87a','cee75e37-0545-4afa-92c4-b8f133660c90',1,NULL,NULL,'2025-07-07 09:35:03',NULL,NULL,NULL,'2025-07-07 09:34:34','2025-07-07 09:34:11','2025-07-07 09:35:28',NULL,1,1,1,1,0,0,0,NULL,NULL,'0',0.11,0.00,0,'1',1,8.00,0.00,0,0.00,1,1,NULL,'Asia/Calcutta','USD','$',NULL,0.00,'1',0,NULL,0,'2025-07-07 09:33:49','2025-07-07 09:37:51',NULL),
('e3971476-996d-4cf4-bfec-12256009fa67',NULL,'REQ_1752149649',0,'__|xBk~paMfADpAJnCJtB~GpBpIbEeF|AsBlB{BtKiNfF_HdFgH~BmDJSjNyRfDgFhGiInAeBxAeBpFuHt@oAjA_B`BiCfAsA`IgL~EkHh@{@pAuClAiCRw@JaALcCt@gGTiAf@wAf@{@z@eAdA{@x@c@lA_@~D{@lCqAx@g@f@c@rA{AbByBbImI~PuPpPgPzA}A|AyBbAsB`@}@`@iArD{I~@kBt@eAtBqBvAkAtHaHzCcCn@o@\\i@^w@hEqKvAwDr@_BnBcGlBkGdGoR\\mAvBiG~@uB|@gBfBoClA{AvCgDz@kA|JwLvCaEjCwFvBmFt@wB~EsR`A_DhBsFxBcIzBkLdBoI~AwHbAcDz@gB`IkMnAcCxBoDp@sBbFyHxDkGdBwAfGqJdJkOlCiExHuMp@eA~CoFbGwJnDsFxAaCJ[bAqAjHqLfDyFfGyJzBsDnCiEdJmOnMkTjE{GpH_MvIsNfCgEzBuEpA}Bz@eAlAgApAq@dLmEtEgBh@UlBiAlAiAb@i@Zi@pAmCrBwEd@aAt@eBp@iAd@_@l@WjAOtADfAHb@Aj@UNKRSPc@Fs@AWGWu@eB}@oBQq@McAAs@Di@Hq@Z}@Te@x@w@`@Ub@QzC}@bAOdAEx@BfDPrACfCQ|@MjAc@j@Yr@m@r@_AhAaCnGwOzHsR`AcCp@qAZ_@|AcAv@UzKeCxIoB`Ci@`[_HfCe@zCq@|DgAvBeAnSiL|DeCpCeBvFaDrJ{FlOqIp@UhU{MxQ_J|@g@hFcCbG_DzCmB|EeCvAcAb@a@p@}@v@kAZm@r@_BxIwW`DuI|FiPtFoObDqIfFoNvByGfAwChFaOt@qDNoALyBV}N@{C`@aSDgDRyKXsQf@q\\?sCDcEH[JyBByBBiF@m@PaALgATsATu@|@yBhBqCtEiG|KwOh@aAbFgH|BoDhB{ChA}BpLgTlJiPrJwPdFuI~EkHfNcRjCwDpCiDfN}Qja@yh@fDwEdAqAzNoRtH_K~AoBjAcB~LiP`DeExG{IrEcGtFoGlDoEtHwIjAkA|LaNtOuP`FkFfHmHbQkRrHuHrDmD`FcFfPuOh@c@zVeVtBmBfByAfMkL~OeOzDoDfBiBfKuJdFwEtEoEzGiG`AeAzCcCfReQnTyRzJsIlAgAzBcC`C_DnAsB|@d@|@R|E{DtCwB~GsFnJiHtHiGtCwBfB_B`@k@bAiAv@k@dFqC`Am@`@[~CmB`Bw@rIsDbBo@bFaBPK~DoAn@Wj@[`BoA|AmBjE{D~@aAR_@Bs@Os@CWjBq@lBaAbCwBnAmAj@o@xQwQrDkDbHeGhAy@fAk@xAe@tAYxAMzKQhCA`ACtAKvAOxAWfDcA`C}@dGuBpA_@nDs@dCWbDYlQ_BjOkBdQ}BlBUx^yEvDm@fDu@xFaBbVcIfDaAzBc@`JwArBMbFD`Kj@pABr@E`ASd@QtBqApA_AhDyChAo@vAWr@Cv@B`APtCr@rAd@rA\\pAJ|A?v@KrAEvOuArDI`NOlAEnAMz@MnAWbCs@~B}@rEkBtAg@vB}@jQ_H|EcCvCqAvI_FjDuBxEyBbCwAjBmAfC}BlFaId@k@n@q@tByAvCaArFoAnD}@nBq@r@[jE_CzIcFxBmApA{@dH{DtEmCzAy@vA{@~LgHxHqEnIyEjCqAtC}@nFqAVMVSVKrAQbAItDe@hBOVBr@AxBUl@ItQoBbSgCdGc@bDDtDRlD`@lIjAdBPbHZbINh@HrDGvEWzBSfBIvJu@x@SlDq@~Bq@zBu@tCqAlJmFvJkFzDqBBIpPyI~G}DhJcFbAe@|Ac@dAStF[nC[t@OrDa@~@AjBOdN{ApI}@pH}@dKsAtAQ|Ey@vMiBhC]hDm@rA_@vAYtCs@hEs@r@KfH{A`OsC`E_AlCw@lC_AjAe@|Aw@xCcBpEgDrF_EnGuEh@Sp@g@|@e@`Am@vAo@pCgA`AUdDc@bCEZErBBrE^jPdAdQjAtBJz@HhNh@|BJfDXpJjA`Fb@nDTjBVlSzAdIj@zDLjMn@`BX`Eh@hRzAbJp@dBNvOlAlCTbVbBvPfAjOhA~E\\zDRjEFzEElGUvCIfGq@|k@}IbB]f@OpAg@hAk@xAcAp@u@pEgEbDkC~CaCjBmAv@i@fCwA`CeAhLkEjBo@dCs@~D}@bHcAjC[nCQj@AjAJpA^t@`@pBnBXXp@v@p@h@`@VzD|AhDzAjE~AtAp@nAdALLd@v@pCjHr@|Al@bA~EjHp@r@x@r@t@h@vAp@x@RvATfAHbBBrCOzEi@`@ElBArAHn@P\\Nx@n@PRhApBfAxAp@l@r@d@pBbA~@^xDbApAd@dAr@v@n@n@hAZt@Nl@PzCLfDT|Cn@nDrClKfApEx@jCf@fBp@fBb@j@~@f@j@P|@Bj@A^G^Mf@Ut@q@V_@Na@R{@F}@B}JA_B@mC@kCJeBFi@P}@Ni@j@wAt@qAf@q@rEuErAwA|JaKnAqAvBcBdBaAvHeDjAe@lEwBj@[dBsA~@{@\\i@rFqGlAoArBcBvFwDnCqBdEsC|C_CjAo@jCeA~Be@jEg@hFe@nRyBvFe@hMwAlEm@pWuCbC]bDw@hX_HxCq@pA]~GyAfCs@fB_@xC]`BIzBCh\\@dCJnBVpBf@nBv@vHhDdNdGpFdCdAb@n@^zAd@vRlE`B`@jCdAxGvCbBj@jBb@vATjv@lJjARlBAjAIb@KbBo@xBwAvBmAtCqBrAeAzC_DtEcFl@e@jAwAvDuDrBwAxBmAxEoCxDaCfCaBpJ}FTIfAYz@EjAF|@Vd@Td@`@r@jAxAbEjCfH\\r@r@`AjA~@^Rv@TvF~@|@Zp@`@l@h@b@n@^v@Nf@j@`DV~Ad@lBL`@Vf@d@n@^Zr@`@t@VVFnHf@bD`@v@Nj@PpHnCpIpC`C~@z@f@lDhCtNdL~MnKvU|Q`DfCzAtAp@z@h@z@dAfCVbAz@bGf@xDJj@`@fBfAjDxAnDx@tBbA~BbEvIzEpJdG`LbA|AzCfD`HbHpChC~DpElChC`Ar@v@f@nAd@rD~@zG~AnDn@fUtC~OzBdFl@pJrAzJjA|Kv@bCN`Ff@jGb@nEb@jBXxA^~@^vAz@f@\\pArAt@fAhAtB|AfD~CdGbGlMfCbF|@zBlDbH~@pA`A~@jAr@nAj@lUzGd@JbBp@|Az@tCbC~EjGj@f@nDfCl@`@xGxCzPjHnFdCjCz@pE|@hC^lDn@jLhBtFv@z@NjBf@dBx@r@`@vBfBXZjA~AfAbBbGrJzBpD`BzBPRl@j@tBbBf@Zf@NrAr@tBt@`AV`Cb@zCT|@@lA?zEQ`G_@pAAjIg@jACd@?tAFhALbBb@zAj@lBtAnAhAtJ|J`B|A~@l@hAl@|Al@xLjEpBv@dF`BxBx@rEzAvDzAfEhBnEdBbB~@`BbAlKdIbEdD`FzDlClB~@`@dAZvDt@hQ|CxC`@vPzCjBd@bF~AlC|@~A`@bBVfBJbIDlDCzDBnAHnAP`APxAf@bAd@dAv@~c@hZt@^fPrK|@n@fBfB~Z|[lB|B~HlIfAtAbA~AXj@DPJBxAnBrAxAnB`BfAv@n@j@jAx@dItGj@h@~IdHtGhFvEtDvIzIh@j@tAbCv@~AbBhEv@jAZ`@^\\d@GPIL_Db@aD`@{AlAoD`BsEd@kBb@aC^iDl@sLLuEDiDHwCBm@Fa@b@yAl@gA^i@x@u@hAw@dBo@lDi@~Fs@bKaB|A[bBi@bAg@p@o@jCmFdBoCpAkBj@gA`@iANuADiBGcBEaDBy@PoAXqAl@sAXc@^e@tAgALAXWnDeB~B}A|CaCvFeEzG_GxCkBdA{@~C_Dt@s@nAeAjEuCn@g@jIuHvCgCbBuAx@u@~@eAx@cAnAgB`G{HhAoAlHiHz@o@fAg@d@Or@OvEo@nCYp@I^Q`BUx@Wn@[l@e@d@k@Xg@Zw@tAoGb@iA`@w@NSh@c@|@}@nOmLhQoNbC{AjC{AnAeAtAwAf@q@fHmKhByB|AyAlAcA|@o@rKwGnF{DnAw@|FgD`As@p@q@dFsF|CwCrGwFn@k@d@i@nFmHl@o@bAu@bGgE|@aAnYo`@`A_B\\u@bAaDVaAXoCLq@BiB?oCl@VnOfK`@XVGLIDsFJ}B`@_DZ{APo@`@eAXmA`@o@r@_Ab@{@d@{AZi@p@eAXm@p@wBTaArD`A`ARnAB`BIRCFiCFcAXeCX}CH]dBqFpB_H\\w@vFaHx@qAdBmDdAcC`CkGbAwBpBmD|EsGx@gAdCiDrAeBjBoCjA{AhAsAtAgBpAoALEdAQjA[dA]ZQxAqAhGyF`FkEpAsAlAsAnBoB~B_BZWzCgDtCcDtBaCpDwDdBoBtAkBxBsDn@u@xBqBrIsHzBkCtEuEhH_IfD}DvGgId@e@^U^MzCm@bEeAz@]x@e@\\e@HWfAoGDc@@eAEkD?mEJqAHm@`AkEt@sEX_ARa@hFyHnAwAzD}Dn@q@H[L?hM_MhAcAdCcCbB}Ah@s@r@uAr@}Ax@gAtAyAP[`@yAHc@JwADqBZ_AX[RIn@MhKiAfBSb@KxMoF`Bg@nAg@f@a@l@qAtC{GN]POXCh@PxChBn@TfBTx@@`@IPUF[VgDNm@`@mAl@wCl@uC~@cCdB{Fj@yBj@iDVcArAyD~CwIvAkDh@gAvC}Dh@oAxA{Db@}@zA~@~FbElA`A`B`BrBhBbAr@lBlArBxApAfAl@ZtBj@jBd@t@LjE^fADz@IhHyBxBa@nF}@hAYhJmEvDkB|Aq@vBgAnDsEn@_AzByElAuCbAiD^_AfAyAnEoFx@iAx@_@h@MrBkATIj@C`AFlFtAlFf@`ADj@KvBmAnDeBzEiBdMqE`EyAjEwAbEcBl@Kr@Sv@G`HKvEGzDGZBfBK`Ac@r@_@pAc@tA{@ZYT]Zu@^g@`@q@t@}Ax@gALGJBpBbAf@Np@Bd@GhFkBpBy@lH{DfG{C`@Gp@EnA?f@K|KmDnHkBhOqI`DsB`@Q|Cq@vFaAn@Ub@WhBgBdK_Jx@YdBg@hDw@tAYtEk@p@K~Bq@nGaC~Aa@VQlB[rBg@jDs@h@GfACvDF`BJxO^t@Az@MnMuD^G~FYdGSxCc@zEw@xFm@`Fo@fI_AxIy@tFq@P?RIr@Yv@g@pAgAfByB|BcDn@iA|CcE|BsCR]J_@DmBT{DHk@^qADc@Pq@NqAAk@XR`@JXCPKnB{Bj@k@fA{@bB_A`EaBp@a@jFoD`A{@fFiFf@i@tBsCrRkYbEsGpDmGbAgBlF_Jp@_Af@m@bFiFbIuGbLeJ~@c@j@OrEw@lDe@j@MPI^_@^m@tAiCl@_Ah@a@hJqFtEmCbAc@|FgArAc@n@e@j@q@fA}AxLoOtBwC~GaMx@_B|CiFbGuGxMqOj@s@b@c@dDcCnKgItDoB|Au@t@g@PUJ_@DoDByKDs@L_@LSRK|Bm@xEcAhDo@hBg@~BgArLaGbBcAh@Qd@E~@CrAGx@O^SLKnA{BpAeDp@_C`@sAJa@\\s@V[`CiChHcIjEmDlBmAnCmAlIcDfE{AxIyCrGoCxC{AhCmAbIkDr@_@z@k@hRoOpBiB\\i@Ni@LeBF[v@cC`AaDpAaE^qA`@w@b@_@jDmArBo@zAi@hDeAz@IhG[|\\mAlI_@dCKf@Er@OtWyH`AYvA[v@ErN[lAKr@O|IoCtBSrOgAbL_AzM{@|EWxAQx@WvAq@bX_OjJwFxGgElAk@tCaAjEmAzM}DvNgFz@]|@m@jFkEpAqAl@u@pBiEl@aBtHgUT}@By@_@_GeAgOi@yI?o@fAiJt@wI\\sEt@qIPwA\\eAtA_DF[Ao@u@uH}Ac]CkB@k@\\{C~AgJt@gCT]b@WL@HlARjAZbAv@zA`@v@v@lA|@~@\\X`Bz@pCdAfMfEhBr@bE`Bf@NITR~@`IfKlCzD~AvB^t@`@rAb@|BL~AH|A?|AZdNVxDtAbLPr@JN^^`BrAhAv@',1,'0',0,NULL,0,9634,0,0,'0',1,2,'taxi',NULL,NULL,'fc839e9a-ba34-4f76-b0a0-60215746d87a','259d5b5e-4645-476b-8e99-5a6945b2e39a',NULL,NULL,NULL,NULL,NULL,NULL,NULL,NULL,NULL,NULL,'2025-07-11 09:03:21',0,0,0,0,1,0,0,NULL,NULL,'1',0.00,0.00,0,'1',0,2042.00,0.00,0,0.00,0,0,NULL,'Asia/Calcutta','USD','$',NULL,0.00,'1',0,NULL,0,'2025-07-11 09:03:12','2025-07-11 09:03:21',NULL),
('eaff2b26-f4f4-43c3-b16b-a8b736ca3867',NULL,'REQ_1752127929',0,'ezotBuppsMWhCYbEcBa@oH_DgAg@k@ImA@[HKFv@~@r@bApBdDL`@APVPTDFH',1,'0',0,NULL,0,8479,0,0,'0',0,2,'taxi',NULL,NULL,'fc839e9a-ba34-4f76-b0a0-60215746d87a','7a8ab5c4-2998-49bb-8bff-8aa32e51fcd9',NULL,NULL,NULL,NULL,NULL,NULL,NULL,NULL,NULL,NULL,'2025-07-10 06:35:29',0,0,0,0,1,1,1,NULL,NULL,'1',0.00,0.00,0,'1',0,30.00,0.00,0,0.00,0,0,NULL,'Asia/Calcutta','USD','$',NULL,0.00,'1',0,NULL,0,'2025-07-10 06:29:22','2025-07-10 06:35:29',NULL),
('eb6d39fa-5fa3-4b86-8179-b48f0825eea4',NULL,'REQ_1752149641',0,NULL,1,'0',0,NULL,0,NULL,0,0,'0',1,2,'taxi',NULL,NULL,'fc839e9a-ba34-4f76-b0a0-60215746d87a','74b0e12c-a6fb-424d-85bc-462fb5c222e8',NULL,NULL,NULL,NULL,NULL,NULL,NULL,NULL,NULL,NULL,'2025-07-11 08:13:50',0,0,0,0,1,0,0,NULL,NULL,'1',0.00,0.00,0,'1',0,145.00,0.00,0,0.00,0,0,NULL,NULL,'USD','$',NULL,0.00,'1',1,'36c8f0b2-c9e7-430f-8a28-893972331dab',0,'2025-07-11 06:58:38','2025-07-11 08:13:50',NULL),
('ebb9ff1a-2a0e-429b-9a89-8d0ea5c7a79f',NULL,'REQ_000005',0,'elgbDog}kNi@bAp@Pt@@rA`@`@Dt@q@VILAn@JvB`@nBt@tA^vAPx@?fAOvAWfAKhANnA^xHhCrCl@`DPpBjChHhKtHxIpH`J`BzApEbDxBjAtEbFdCdCd@j@|EhHhFtI|BlDvArAzEbFhDfDhCxAv@NxA~@`CtBfAxAzBbCfElCzCxBlHdG`@XrDpB|IpFjFfLXb@n@d@b@Nr@H~@F~@d@hHnFyE|E}BvBkCnCkC`CaIhGmCbBsEzBiIpDeB~@aB|@kGxDwTxM{E`DsKpIqAz@_A`@aFtAiLzCoDh@iKrC}ClAiJ~Do@R}D`BoC|AyCzBiD~BCJ{JnHyJnH_Ap@o@^m@TaElAsLfDcA^eBfAcK~HcO`LuC~BwPlMeDxBmEbDcLvIuLxIoMzJyJvHyCxBcC~AmAn@wCrB{@b@GH}NlJoRvJz@`GvA~NxApPpAfN@p@Gx@Ur@iAdD`BhHRl@d@bA^b@l@`@hCbAlHbDnAh@xCbBf@ZtAvAp@z@jA}@nBo@`BOhAEnMn@|G\\nNn@vJr@tARpNtCzT|E|LvCrGxA`IlB`E~@pEvAxBj@~Bz@rEtAxEnBj@Zn@TvDfCdIdGbAv@dD~BjEbD`@TfA\\vHdBrDn@`AVrE|@~A`@tBb@~Bh@|Bd@lBf@`FbAzG|AzE`AzDr@lYzD~AThCp@vMlEpEvAlDbArCj@rKhAvFn@vJx@tEb@nE\\l@@pFh@`DF`DKdJ}@pIeAtG}@fEe@x@SLSpEm@rAMv@@t@XbFbCjJvE|KjKrDbDdAbAX}ENk@NYf@m@No@Be@DY^mAv@yB@[CQ_@{@CUtAsFJYt@iA`BgBNMjBqD~@{Az@mAp@eBLo@D]C}@Ji@Xg@PQVOd@e@HSAQcCsBwAiAMQAOhCcF\\oAr@oDCWk@i@cCeBuBmBmCgB}BmBGK?OrAuCJEb@CLOfAoC?Q_Ag@NIqB}Au@}@g@[q@[m@U@c@CKa@e@Qc@?QB_@Jm@A_@c@qAWk@_@m@GOKeAAy@F]t@mBvBwCXk@gBeBkCsBkAiAdAyAb@s@`@cA|AoC',1,'0',0,NULL,0,9010,0,0,'0',0,2,'taxi',NULL,NULL,'fc839e9a-ba34-4f76-b0a0-60215746d87a','cee75e37-0545-4afa-92c4-b8f133660c90',NULL,NULL,NULL,NULL,NULL,NULL,NULL,NULL,NULL,NULL,'2025-07-07 08:50:22',0,0,0,0,1,0,0,NULL,NULL,'1',0.00,0.00,0,'1',0,342.00,0.00,0,0.00,0,0,NULL,'Asia/Calcutta','USD','$',NULL,0.00,'1',0,NULL,0,'2025-07-07 08:37:06','2025-07-07 08:50:22',NULL),
('ec1f4da7-bb27-4811-8a40-f219d5968e87',NULL,'REQ_000019',0,'}kgbD{g}kNq@nASGGl@Sr@Gr@',1,'0',0,NULL,0,4332,0,0,'0',0,2,'taxi',NULL,NULL,'fc839e9a-ba34-4f76-b0a0-60215746d87a','cee75e37-0545-4afa-92c4-b8f133660c90',1,NULL,NULL,'2025-07-08 12:55:25',NULL,NULL,NULL,'2025-07-08 12:55:06','2025-07-08 12:49:10','2025-07-08 12:55:40',NULL,1,1,1,1,0,0,0,NULL,NULL,'0',0.00,0.00,0,'1',1,11.00,0.00,0,0.00,1,1,NULL,'Asia/Calcutta','USD','$',NULL,0.00,'1',0,NULL,0,'2025-07-08 12:48:40','2025-07-08 13:01:48',NULL),
('ed56f10c-d8d0-4112-9a98-e45917ea0cd7',NULL,'REQ_000028',1,'mq{qBkw|dMVRr@{@fA_Bj@`@lBhBxGcIF[DuAIkAi@g@uBwAiBoAoAaAwBmBeBoAcA}@',0,'0',0,NULL,1,7019,0,0,'0',0,11,'taxi',NULL,NULL,'fc839e9a-ba34-4f76-b0a0-60215746d87a','cee75e37-0545-4afa-92c4-b8f133660c90',NULL,NULL,NULL,'2025-07-09 05:53:35',NULL,NULL,NULL,NULL,NULL,NULL,'2025-07-09 05:24:48',0,0,0,0,1,0,0,NULL,NULL,'1',0.00,0.00,0,'1',0,30.00,30.00,1,0.00,0,0,NULL,'Asia/Calcutta','USD','$',NULL,0.00,'1',0,NULL,0,'2025-07-09 05:24:00','2025-07-09 05:24:48',NULL),
('ed62c19e-8ffc-4e6e-80d1-e147b99c3990',NULL,'REQ_1752127936',0,'kwotBmrpsMSAEFi@jHS`BcB[s@SoH_DgAg@k@ImA@[HKFv@~@r@bApBdDL`@APVPTDFH',1,'0',0,NULL,0,7921,0,0,'0',0,2,'delivery',18,'10','fc839e9a-ba34-4f76-b0a0-60215746d87a','7a8ab5c4-2998-49bb-8bff-8aa32e51fcd9',1,NULL,NULL,'2025-07-10 09:40:03',NULL,NULL,NULL,'2025-07-10 09:38:49','2025-07-10 09:38:39','2025-07-10 09:40:50',NULL,1,1,1,1,0,0,0,NULL,NULL,'0',0.44,0.00,0,'1',1,32.00,0.00,0,0.00,1,1,NULL,NULL,'USD','$',NULL,0.00,'1',0,NULL,0,'2025-07-10 09:38:31','2025-07-10 09:42:23',NULL),
('f36cc01a-b817-408f-83bf-fd08fa12a562',NULL,'REQ_1752149646',0,'qblcFhnchVLiAGUKKS\\SFa@AGrDY|Ea@bEIHkAxJ[~C?vABb@Z|Ah@vB\\p@`@l@h@d@zAn@dAf@lJ~Dp@RhBt@h@Vd@F|@CTOnGi@zDOdNeAtBS~CW`@?IzC',1,'0',0,NULL,0,7326,0,0,'0',0,2,'taxi',NULL,NULL,'fc839e9a-ba34-4f76-b0a0-60215746d87a','7a8ab5c4-2998-49bb-8bff-8aa32e51fcd9',NULL,NULL,NULL,NULL,NULL,NULL,NULL,NULL,NULL,NULL,'2025-07-11 08:19:44',0,0,0,0,1,0,0,NULL,NULL,'1',0.00,0.00,0,'1',0,41.00,0.00,0,0.00,0,0,NULL,'Asia/Calcutta','USD','$',NULL,0.00,'1',0,NULL,0,'2025-07-11 08:17:37','2025-07-11 08:19:44',NULL),
('f40432c9-b7ba-40b3-ab9c-d2a644d5491c',NULL,'REQ_000003',0,'elgbDog}kNi@bAp@Pt@@rA`@`@Dt@q@VILAn@JvB`@nBt@tA^vAPx@?fAOvAWfAKhANnA^xHhCrCl@`DPpBjChHhKtHxIpH`J`BzApEbDxBjAtEbFdCdCd@j@|EhHhFtI|BlDvArAzEbFhDfDhCxAv@NxA~@`CtBfAxAzBbCfElCzCxBlHdG`@XrDpB|IpFjFfLXb@n@d@b@Nr@H~@F~@d@hHnFyE|E}BvBkCnCkC`CaIhGmCbBsEzBiIpDeB~@aB|@kGxDwTxM{E`DsKpIqAz@_A`@aFtAiLzCoDh@iKrC}ClAiJ~Do@R}D`BoC|AyCzBiD~BCJ{JnHyJnH_Ap@o@^m@TaElAsLfDcA^eBfAcK~HcO`LuC~BwPlMeDxBmEbDcLvIuLxIoMzJyJvHyCxBcC~AmAn@wCrB{@b@GH}NlJoRvJz@`GvA~NxApPpAfN@p@Gx@Ur@iAdD`BhHRl@d@bA^b@l@`@hCbAlHbDnAh@xCbBf@ZtAvAp@z@jA}@nBo@`BOhAEnMn@|G\\nNn@vJr@tARpNtCzT|E|LvCrGxA`IlB`E~@pEvAxBj@~Bz@rEtAxEnBj@Zn@TvDfCdIdGbAv@dD~BjEbD`@TfA\\vHdBrDn@`AVrE|@~A`@tBb@~Bh@|Bd@lBf@`FbAzG|AzE`AzDr@lYzD~AThCp@vMlEpEvAlDbArCj@rKhAvFn@vJx@tEb@nE\\l@@pFh@`DF`DKdJ}@pIeAtG}@fEe@x@SLSpEm@rAMv@@t@XbFbCjJvE|KjKrDbDdAbAX}ENk@NYf@m@No@Be@DY^mAv@yB@[CQ_@{@CUtAsFJYt@iA`BgBNMjBqD~@{Az@mAp@eBLo@D]C}@Ji@Xg@PQVOd@e@HSAQcCsBwAiAMQAOhCcF\\oAr@oDCWk@i@cCeBuBmBmCgB}BmBGK?OrAuCJEb@CLOfAoC?Q_Ag@NIqB}Au@}@g@[q@[m@U@c@CKa@e@Qc@?QB_@Jm@A_@c@qAWk@_@m@GOKeAAy@F]t@mBvBwCXk@gBeBkCsBkAiAdAyAb@s@`@cA|AoC',1,'0',0,NULL,0,4073,0,0,'0',0,2,'taxi',NULL,NULL,'fc839e9a-ba34-4f76-b0a0-60215746d87a','fcd6ac17-381c-41e4-95ef-f42198f135b9',NULL,NULL,NULL,NULL,NULL,NULL,NULL,NULL,NULL,NULL,'2025-07-07 08:59:03',0,0,0,0,1,0,0,NULL,NULL,'1',0.00,0.00,0,'1',0,342.00,0.00,0,0.00,0,0,NULL,'Asia/Calcutta','USD','$',NULL,0.00,'1',0,NULL,0,'2025-07-07 08:36:55','2025-07-07 08:59:03',NULL),
('faa44e82-f8f4-413b-ad58-d3aeaa110d0d',NULL,'REQ_1752149633',0,'qblcFhnchVLiAGUKKS\\SFa@AGrDY|Ea@bEIHkAxJ[~C?vABb@Z|Ah@vB\\p@`@l@h@d@zAn@dAf@lJ~Dp@RhBt@h@Vd@F|@C?oBNeDh@?HGjCMdAI',1,'0',0,NULL,0,7375,0,0,'0',0,2,'taxi',NULL,NULL,'fc839e9a-ba34-4f76-b0a0-60215746d87a','7a8ab5c4-2998-49bb-8bff-8aa32e51fcd9',1,NULL,NULL,'2025-07-11 04:53:23',NULL,NULL,NULL,'2025-07-11 04:53:12','2025-07-11 04:53:02','2025-07-11 04:53:31',NULL,1,1,1,1,0,0,0,NULL,NULL,'0',0.00,0.00,0,'1',1,39.00,0.00,0,0.00,1,1,NULL,'Asia/Calcutta','USD','$',NULL,0.00,'1',0,NULL,0,'2025-07-11 04:52:44','2025-07-11 04:56:05',NULL),
('fb13b372-3cd1-48a4-9449-356f7493c463',NULL,'REQ_1752149639',0,'qblcFhnchVLiAGUKKS\\SFa@AGrDY|Ea@bEIHkAxJ[~C?vABb@Z|Ah@vB\\p@`@l@h@d@zAn@dAf@lJ~Dp@RhBt@h@Vd@F|@CTOnGi@zDOjBMRwKdAC',1,'0',0,NULL,0,2618,0,0,'0',0,2,'taxi',NULL,NULL,'fc839e9a-ba34-4f76-b0a0-60215746d87a','7a8ab5c4-2998-49bb-8bff-8aa32e51fcd9',1,NULL,NULL,'2025-07-11 05:46:16',NULL,NULL,NULL,'2025-07-11 05:46:03','2025-07-11 05:45:57','2025-07-11 05:46:23',NULL,1,1,1,1,0,0,0,NULL,NULL,'0',0.00,0.00,0,'1',1,42.00,0.00,0,0.00,1,1,NULL,'Asia/Calcutta','USD','$',NULL,0.00,'1',0,NULL,0,'2025-07-11 05:45:53','2025-07-11 05:47:29',NULL),
('fbc532a3-d04e-4b5d-b51a-9356bc5ececa',NULL,'REQ_1752127933',0,'oxotBcppsM_@fFS`BcB[s@SoH_DgAg@k@ImA@[HKFv@~@r@bApBdDL`@APVPTDFH',1,'0',0,NULL,0,9272,0,0,'0',0,2,'taxi',NULL,NULL,'fc839e9a-ba34-4f76-b0a0-60215746d87a','7a8ab5c4-2998-49bb-8bff-8aa32e51fcd9',1,NULL,NULL,'2025-07-10 09:22:25',NULL,NULL,NULL,'2025-07-10 09:22:06','2025-07-10 09:21:09','2025-07-10 09:22:35',NULL,1,1,1,1,0,0,0,NULL,NULL,'0',0.38,0.00,0,'0',1,31.00,0.00,0,0.00,1,1,NULL,'Asia/Calcutta','USD','$',NULL,0.00,'1',0,NULL,0,'2025-07-10 09:20:58','2025-07-10 09:23:46',NULL),
('fe8c37d1-b693-4957-849e-2e1354a3b96a',NULL,'REQ_1752149660',1,'c_|xBm~paMjAFpAJnCJtB~GpBpIbEeF|AsBlB{BtKiNfF_HdFgH~BmDJSjNyRfDgFhGiInAeBxAeBpFuHt@oAjA_B`BiCfAsA`IgL~EkHh@{@pAuClAiCRw@JaALcCt@gGTiAf@wAf@{@z@eAdA{@x@c@lA_@~D{@lCqAx@g@f@c@rA{AbByBbImI~PuPpPgPzA}A|AyBbAsB`@}@`@iArD{I~@kBt@eAtBqBvAkAtHaHzCcCn@o@\\i@^w@hEqKvAwDr@_BnBcGlBkGdGoR\\mAvBiG~@uB|@gBfBoClA{AvCgDz@kA|JwLvCaEjCwFvBmFt@wB~EsR`A_DhBsFxBcIzBkLdBoI~AwHbAcDz@gB`IkMnAcCxBoDp@sBbFyHxDkGdBwAfGqJdJkOlCiExHuMp@eA~CoFbGwJnDsFxAaCJ[bAqAjHqLfDyFfGyJzBsDnCiEdJmOnMkTjE{GpH_MvIsNfCgEzBuEpA}Bz@eAlAgApAq@dLmEtEgBh@UlBiAlAiAb@i@Zi@pAmCrBwEd@aAt@eBp@iAd@_@l@WjAOtADfAHb@Aj@UNKRSPc@Fs@AWGWu@eB}@oBQq@McAAs@Di@Hq@Z}@Te@x@w@`@Ub@QzC}@bAOdAEx@BfDPrACfCQ|@MjAc@j@Yr@m@r@_AhAaCnGwOzHsR`AcCp@qAZ_@|AcAv@UzKeCxIoB`Ci@`[_HfCe@zCq@|DgAvBeAnSiL|DeCpCeBvFaDrJ{FlOqIp@UhU{MxQ_J|@g@hFcCbG_DzCmB|EeCvAcAb@a@p@}@v@kAZm@r@_BxIwW`DuI|FiPtFoObDqIfFoNvByGfAwChFaOt@qDNoALyBV}N@{C`@aSDgDRyKXsQf@q\\?sCDcEH[JyBByBBiF@m@PaALgATsATu@|@yBhBqCtEiG|KwOh@aAbFgH|BoDhB{ChA}BpLgTlJiPrJwPdFuI~EkHfNcRjCwDpCiDfN}Qja@yh@fDwEdAqAzNoRtH_K~AoBjAcB~LiP`DeExG{IrEcGtFoGlDoEtHwIjAkA|LaNtOuP`FkFfHmHbQkRrHuHrDmD`FcFfPuOh@c@zVeVtBmBfByAfMkL~OeOzDoDfBiBfKuJdFwEtEoEzGiG`AeAzCcCfReQnTyRzJsIlAgAzBcC`C_DnAsB|@d@|@R|E{DtCwB~GsFnJiHtHiGtCwBfB_B`@k@bAiAv@k@dFqC`Am@`@[~CmB`Bw@rIsDbBo@bFaBPK~DoAn@Wj@[`BoA|AmBjE{D~@aAR_@Bs@Os@CWjBq@lBaAbCwBnAmAj@o@xQwQrDkDbHeGhAy@fAk@xAe@tAYxAMzKQhCA`ACtAKvAOxAWfDcA`C}@dGuBpA_@nDs@dCWbDYlQ_BjOkBdQ}BlBUx^yEvDm@fDu@xFaBbVcIfDaAzBc@`JwArBMbFD`Kj@pABr@E`ASd@QtBqApA_AhDyChAo@vAWr@Cv@B`APtCr@rAd@rA\\pAJ|A?v@KrAEvOuArDI`NOlAEnAMz@MnAWbCs@~B}@rEkBtAg@vB}@jQ_H|EcCvCqAvI_FjDuBxEyBbCwAjBmAfC}BlFaId@k@n@q@tByAvCaArFoAnD}@nBq@r@[jE_CzIcFxBmApA{@dH{DtEmCzAy@vA{@~LgHxHqEnIyEjCqAtC}@nFqAVMVSVKrAQbAItDe@hBOVBr@AxBUl@ItQoBbSgCdGc@bDDtDRlD`@lIjAdBPbHZbINh@HrDGvEWzBSfBIvJu@x@SlDq@~Bq@zBu@tCqAlJmFvJkFzDqBBIpPyI~G}DhJcFbAe@|Ac@dAStF[nC[t@OrDa@~@AjBOdN{ApI}@pH}@dKsAtAQ|Ey@vMiBhC]hDm@rA_@vAYtCs@hEs@r@KfH{A`OsC`E_AlCw@lC_AjAe@|Aw@xCcBpEgDrF_EnGuEh@Sp@g@|@e@`Am@vAo@pCgA`AUdDc@bCEZErBBrE^jPdAdQjAtBJz@HhNh@|BJfDXpJjA`Fb@nDTjBVlSzAdIj@zDLjMn@`BX`Eh@hRzAbJp@dBNvOlAlCTbVbBvPfAjOhA~E\\zDRjEFzEElGUvCIfGq@|k@}IbB]f@OpAg@hAk@xAcAp@u@pEgEbDkC~CaCjBmAv@i@fCwA`CeAhLkEjBo@dCs@~D}@bHcAjC[nCQj@AjAJpA^t@`@pBnBXXp@v@p@h@`@VzD|AhDzAjE~AtAp@nAdALLd@v@pCjHr@|Al@bA~EjHp@r@x@r@t@h@vAp@x@RvATfAHbBBrCOzEi@`@ElBArAHn@P\\Nx@n@PRhApBfAxAp@l@r@d@pBbA~@^xDbApAd@dAr@v@n@n@hAZt@Nl@PzCLfDT|Cn@nDrClKfApEx@jCf@fBp@fBb@j@~@f@j@P|@Bj@A^G^Mf@Ut@q@V_@Na@R{@F}@B}JA_B@mC@kCJeBFi@P}@Ni@j@wAt@qAf@q@rEuErAwA|JaKnAqAvBcBdBaAvHeDjAe@lEwBj@[dBsA~@{@\\i@rFqGlAoArBcBvFwDnCqBdEsC|C_CjAo@jCeA~Be@jEg@hFe@nRyBvFe@hMwAlEm@pWuCbC]bDw@hX_HxCq@pA]~GyAfCs@fB_@xC]`BIzBCh\\@dCJnBVpBf@nBv@vHhDdNdGpFdCdAb@n@^zAd@vRlE`B`@jCdAxGvCbBj@jBb@vATjv@lJjARlBAjAIb@KbBo@xBwAvBmAtCqBrAeAzC_DtEcFl@e@jAwAvDuDrBwAxBmAxEoCxDaCfCaBpJ}FTIfAYz@EjAF|@Vd@Td@`@r@jAxAbEjCfH\\r@r@`AjA~@^Rv@TvF~@|@Zp@`@l@h@b@n@^v@Nf@j@`DV~Ad@lBL`@Vf@d@n@^Zr@`@t@VVFnHf@bD`@v@Nj@PpHnCpIpC`C~@z@f@lDhCtNdL~MnKvU|Q`DfCzAtAp@z@h@z@dAfCVbAz@bGf@xDJj@`@fBfAjDxAnDx@tBbA~BbEvIzEpJdG`LbA|AzCfD`HbHpChC~DpElChC`Ar@v@f@nAd@rD~@zG~AnDn@fUtC~OzBdFl@pJrAzJjA|Kv@bCN`Ff@jGb@nEb@jBXxA^~@^vAz@f@\\pArAt@fAhAtB|AfD~CdGbGlMfCbF|@zBlDbH~@pA`A~@jAr@nAj@lUzGd@JbBp@|Az@tCbC~EjGj@f@nDfCl@`@xGxCzPjHnFdCjCz@pE|@hC^lDn@jLhBtFv@z@NjBf@dBx@r@`@vBfBXZjA~AfAbBbGrJzBpD`BzBPRl@j@tBbBf@Zf@NrAr@tBt@`AV`Cb@zCT|@@lA?zEQ`G_@pAAjIg@jACd@?tAFhALbBb@zAj@lBtAnAhAtJ|J`B|A~@l@hAl@|Al@xLjEpBv@dF`BxBx@rEzAvDzAfEhBnEdBbB~@`BbAlKdIbEdD`FzDlClB~@`@dAZvDt@hQ|CxC`@vPzCjBd@bF~AlC|@~A`@bBVfBJbIDlDCzDBnAHnAP`APxAf@bAd@dAv@~c@hZt@^fPrK|@n@fBfB~Z|[lB|B~HlIfAtAbA~AXj@DPJBxAnBrAxAnB`BfAv@n@j@jAx@dItGj@h@~IdHtGhFvEtDvIzIh@j@tAbCv@~AbBhEv@jAZ`@^\\d@GPIL_Db@aD`@{AlAoD`BsEd@kBb@aC^iDl@sLLuEDiDHwCBm@Fa@b@yAl@gA^i@x@u@hAw@dBo@lDi@~Fs@bKaB|A[bBi@bAg@p@o@jCmFdBoCpAkBj@gA`@iANuADiBGcBEaDBy@PoAXqAl@sAXc@^e@tAgALAXWnDeB~B}A|CaCvFeEzG_GxCkBdA{@~C_Dt@s@nAeAjEuCn@g@jIuHvCgCbBuAx@u@~@eAx@cAnAgB`G{HhAoAlHiHz@o@fAg@d@Or@OvEo@nCYp@I^Q`BUx@Wn@[l@e@d@k@Xg@Zw@tAoGb@iA`@w@NSh@c@|@}@nOmLhQoNbC{AjC{AnAeAtAwAf@q@fHmKhByB|AyAlAcA|@o@rKwGnF{DnAw@|FgD`As@p@q@dFsF|CwCrGwFn@k@d@i@nFmHl@o@bAu@bGgE|@aAnYo`@`A_B\\u@bAaDVaAXoCLq@BiB?oCl@VnOfK`@XVGLIDsFJ}B`@_DZ{APo@`@eAXmA`@o@r@_Ab@{@d@{AZi@p@eAXm@p@wBTaArD`A`ARnAB`BIRCFiCFcAXeCX}CH]dBqFpB_H\\w@vFaHx@qAdBmDdAcC`CkGbAwBpBmD|EsGx@gAdCiDrAeBjBoCjA{AhAsAtAgBpAoALEdAQjA[dA]ZQxAqAhGyF`FkEpAsAlAsAnBoB~B_BZWzCgDtCcDtBaCpDwDdBoBtAkBxBsDn@u@xBqBrIsHzBkCtEuEhH_IfD}DvGgId@e@^U^MzCm@bEeAz@]x@e@\\e@HWfAoGDc@@eAEkD?mEJqAHm@`AkEt@sEX_ARa@hFyHnAwAzD}Dn@q@H[L?hM_MhAcAdCcCbB}Ah@s@r@uAr@}Ax@gAtAyAP[`@yAHc@JwADqBZ_AX[RIn@MhKiAfBSb@KxMoF`Bg@nAg@f@a@l@qAtC{GN]POXCh@PxChBn@TfBTx@@`@IPUF[VgDNm@`@mAl@wCl@uC~@cCdB{Fj@yBj@iDVcArAyD~CwIvAkDh@gAvC}Dh@oAxA{Db@}@zA~@~FbElA`A`B`BrBhBbAr@lBlArBxApAfAl@ZtBj@jBd@t@LjE^fADz@IhHyBxBa@nF}@hAYhJmEvDkB|Aq@vBgAnDsEn@_AzByElAuCbAiD^_AfAyAnEoFx@iAx@_@h@MrBkATIj@C`AFlFtAlFf@`ADj@KvBmAnDeBzEiBdMqE`EyAjEwAbEcBl@Kr@Sv@G`HKvEGzDGZBfBK`Ac@r@_@pAc@tA{@ZYT]Zu@^g@`@q@t@}Ax@gALGJBpBbAf@Np@Bd@GhFkBpBy@lH{DfG{C`@Gp@EnA?f@K|KmDnHkBhOqI`DsB`@Q|Cq@vFaAn@Ub@WhBgBdK_Jx@YdBg@hDw@tAYtEk@p@K~Bq@nGaC~Aa@VQlB[rBg@jDs@h@GfACvDF`BJxO^t@Az@MnMuD^G~FYdGSxCc@zEw@xFm@`Fo@fI_AxIy@tFq@P?RIr@Yv@g@pAgAfByB|BcDn@iA|CcE|BsCR]J_@DmBT{DHk@^qADc@Pq@NqAAk@XR`@JXCPKnB{Bj@k@fA{@bB_A`EaBp@a@jFoD`A{@fFiFf@i@tBsCrRkYbEsGpDmGbAgBlF_Jp@_Af@m@bFiFbIuGbLeJ~@c@j@OrEw@lDe@j@MPI^_@^m@tAiCl@_Ah@a@hJqFtEmCbAc@|FgArAc@n@e@j@q@fA}AxLoOtBwC~GaMx@_B|CiFbGuGxMqOj@s@b@c@dDcCnKgItDoB|Au@t@g@PUJ_@DoDByKDs@L_@LSRK|Bm@xEcAhDo@hBg@~BgArLaGbBcAh@Qd@E~@CrAGx@O^SLKnA{BpAeDp@_C`@sAJa@\\s@V[`CiChHcIjEmDlBmAnCmAlIcDfE{AxIyCrGoCxC{AhCmAbIkDr@_@z@k@hRoOpBiB\\i@Ni@LeBF[v@cC`AaDpAaE^qA`@w@b@_@jDmArBo@zAi@hDeAz@IhG[|\\mAlI_@dCKf@Er@OtWyH`AYvA[v@ErN[lAKr@O|IoCtBSrOgAbL_AzM{@|EWxAQx@WvAq@bX_OjJwFxGgElAk@tCaAjEmAzM}DvNgFz@]|@m@jFkEpAqAl@u@pBiEl@aBtHgUT}@By@_@_GeAgOi@yI?o@fAiJt@wI\\sEt@qIPwA\\eAtA_DF[Ao@u@uH}Ac]CkB@k@\\{C~AgJt@gCT]b@WL@HlARjAZbAv@zA`@v@v@lA|@~@\\X`Bz@pCdAfMfEhBr@bE`Bf@NITR~@`IfKlCzD~AvB^t@`@rAb@|BL~AH|A?|AZdNVxDtAbLPr@JN^^`BrAhAv@',0,'0',0,NULL,1,9417,0,0,'0',0,2,'taxi',NULL,NULL,'fc839e9a-ba34-4f76-b0a0-60215746d87a','74b0e12c-a6fb-424d-85bc-462fb5c222e8',NULL,NULL,NULL,'2025-07-11 10:12:01',NULL,NULL,NULL,NULL,NULL,NULL,NULL,0,0,0,0,0,0,0,NULL,NULL,'0',0.00,0.00,0,'1',0,2051.00,1971.00,1,0.00,0,0,NULL,'Asia/Calcutta','USD','$',NULL,0.00,'1',0,NULL,0,'2025-07-11 09:42:27','2025-07-11 09:42:27',NULL);

--
-- Table structure for table `requests_meta`
--

CREATE TABLE `requests_meta` (
  `id` int(10) unsigned NOT NULL AUTO_INCREMENT,
  `request_id` char(36) COLLATE utf8mb4_unicode_ci NOT NULL,
  `user_id` int(10) unsigned DEFAULT NULL,
  `driver_id` int(10) unsigned NOT NULL,
  `active` tinyint(1) NOT NULL DEFAULT 0,
  `assign_method` enum('1','2') COLLATE utf8mb4_unicode_ci NOT NULL COMMENT '1 => one-by-one,2 => all',
  `is_later` tinyint(1) NOT NULL DEFAULT 0,
  `distance_to_pickup` double(15,8) NOT NULL DEFAULT 0.00000000,
  `created_at` timestamp NULL DEFAULT NULL,
  `updated_at` timestamp NULL DEFAULT NULL,
  PRIMARY KEY (`id`),
  KEY `requests_meta_request_id_foreign` (`request_id`),
  KEY `requests_meta_user_id_foreign` (`user_id`),
  KEY `requests_meta_driver_id_foreign` (`driver_id`),
  CONSTRAINT `requests_meta_driver_id_foreign` FOREIGN KEY (`driver_id`) REFERENCES `drivers` (`id`) ON DELETE CASCADE,
  CONSTRAINT `requests_meta_request_id_foreign` FOREIGN KEY (`request_id`) REFERENCES `requests` (`id`) ON DELETE CASCADE,
  CONSTRAINT `requests_meta_user_id_foreign` FOREIGN KEY (`user_id`) REFERENCES `users` (`id`) ON DELETE CASCADE
) ENGINE=InnoDB AUTO_INCREMENT=48 DEFAULT CHARSET=utf8mb4 COLLATE=utf8mb4_unicode_ci;

--
-- Dumping data for table `requests_meta`
--

INSERT INTO `requests_meta` VALUES
(37,'a0b2492d-de2c-4908-b3d1-79beabd4381a',38,1,1,'1',0,0.00000000,'2025-07-11 07:05:39','2025-07-11 07:05:39');

--
-- Table structure for table `role_user`
--

CREATE TABLE `role_user` (
  `user_id` int(10) unsigned NOT NULL,
  `role_id` int(10) unsigned NOT NULL,
  PRIMARY KEY (`user_id`,`role_id`),
  KEY `role_user_role_id_foreign` (`role_id`),
  CONSTRAINT `role_user_role_id_foreign` FOREIGN KEY (`role_id`) REFERENCES `roles` (`id`) ON DELETE CASCADE,
  CONSTRAINT `role_user_user_id_foreign` FOREIGN KEY (`user_id`) REFERENCES `users` (`id`) ON DELETE CASCADE
) ENGINE=InnoDB DEFAULT CHARSET=utf8mb4 COLLATE=utf8mb4_unicode_ci;

--
-- Dumping data for table `role_user`
--

INSERT INTO `role_user` VALUES
(1,1),
(2,2),
(3,2),
(4,7),
(5,6),
(6,7),
(7,7),
(8,2),
(9,8),
(10,2),
(11,2),
(12,7),
(13,6),
(14,2),
(15,2),
(16,2),
(17,2),
(18,7),
(19,7),
(20,2),
(21,2),
(22,2),
(23,2),
(24,7),
(25,7),
(26,7),
(27,7),
(29,7),
(30,7),
(31,7),
(32,7),
(33,2),
(34,2),
(35,5),
(36,2),
(37,2),
(38,2),
(39,2),
(40,2),
(41,2),
(42,2),
(43,7),
(44,2);

--
-- Table structure for table `roles`
--

CREATE TABLE `roles` (
  `id` int(10) unsigned NOT NULL AUTO_INCREMENT,
  `slug` varchar(50) COLLATE utf8mb4_unicode_ci NOT NULL,
  `name` varchar(50) COLLATE utf8mb4_unicode_ci NOT NULL,
  `description` varchar(150) COLLATE utf8mb4_unicode_ci DEFAULT NULL,
  `all` tinyint(1) NOT NULL DEFAULT 0,
  `locked` tinyint(1) NOT NULL DEFAULT 0,
  `created_at` timestamp NULL DEFAULT NULL,
  `updated_at` timestamp NULL DEFAULT NULL,
  PRIMARY KEY (`id`),
  UNIQUE KEY `roles_slug_unique` (`slug`)
) ENGINE=InnoDB AUTO_INCREMENT=9 DEFAULT CHARSET=utf8mb4 COLLATE=utf8mb4_unicode_ci;

--
-- Dumping data for table `roles`
--

INSERT INTO `roles` VALUES
(1,'super-admin','Super Admin','Admin group with unrestricted access',1,1,'2025-07-04 10:47:45','2025-07-04 10:47:45'),
(2,'user','Normal User','Normal user with standard access',0,1,'2025-07-04 10:47:45','2025-07-04 10:47:45'),
(3,'admin','Admin','Admin group with restricted access',0,1,'2025-07-04 10:47:45','2025-07-04 10:47:45'),
(4,'sub-admin','Sub Admin','Sub Admin group with restricted access',0,1,'2025-07-04 10:47:45','2025-07-04 10:47:45'),
(5,'manager','Manager','Manager group with Highly restricted access',0,1,'2025-07-04 10:47:45','2025-07-04 10:47:45'),
(6,'owner','Owner','Owner for company management',0,1,'2025-07-04 10:47:45','2025-07-04 10:47:45'),
(7,'driver','Driver','Driver user with standard access',0,1,'2025-07-04 10:47:45','2025-07-04 10:47:45'),
(8,'dispatcher','Dispatcher','Dispatcher user with standard access',0,1,'2025-07-04 10:47:45','2025-07-04 10:47:45');

--
-- Table structure for table `service_locations`
--

CREATE TABLE `service_locations` (
  `id` char(36) COLLATE utf8mb4_unicode_ci NOT NULL,
  `company_key` varchar(191) COLLATE utf8mb4_unicode_ci DEFAULT NULL,
  `name` varchar(191) COLLATE utf8mb4_unicode_ci NOT NULL,
  `currency_name` varchar(191) COLLATE utf8mb4_unicode_ci DEFAULT NULL,
  `currency_code` varchar(191) COLLATE utf8mb4_unicode_ci DEFAULT NULL,
  `currency_symbol` varchar(191) COLLATE utf8mb4_unicode_ci DEFAULT NULL,
  `timezone` varchar(191) COLLATE utf8mb4_unicode_ci NOT NULL,
  `country` int(10) unsigned NOT NULL,
  `active` tinyint(1) NOT NULL,
  `created_at` timestamp NULL DEFAULT NULL,
  `updated_at` timestamp NULL DEFAULT NULL,
  `deleted_at` timestamp NULL DEFAULT NULL,
  PRIMARY KEY (`id`),
  KEY `service_locations_country_foreign` (`country`),
  CONSTRAINT `service_locations_country_foreign` FOREIGN KEY (`country`) REFERENCES `countries` (`id`) ON DELETE CASCADE
) ENGINE=InnoDB DEFAULT CHARSET=utf8mb4 COLLATE=utf8mb4_unicode_ci;

--
-- Dumping data for table `service_locations`
--

INSERT INTO `service_locations` VALUES
('7bd1b86d-4cca-40f3-b427-2bec637a175a',NULL,'new','lek','ALL','Lek','Asia/Muscat',2,1,'2025-07-09 12:25:45','2025-07-10 04:53:24','2025-07-10 04:53:24'),
('fc839e9a-ba34-4f76-b0a0-60215746d87a',NULL,'Global','Indian rupee','USD','$','Asia/Calcutta',102,1,'2025-07-07 07:31:55','2025-07-07 07:32:27',NULL);

--
-- Table structure for table `settings`
--

CREATE TABLE `settings` (
  `id` int(10) unsigned NOT NULL AUTO_INCREMENT,
  `name` varchar(191) COLLATE utf8mb4_unicode_ci NOT NULL,
  `field` enum('select','text','file','password') COLLATE utf8mb4_unicode_ci NOT NULL DEFAULT 'text',
  `category` varchar(191) COLLATE utf8mb4_unicode_ci DEFAULT NULL,
  `value` varchar(191) COLLATE utf8mb4_unicode_ci DEFAULT NULL,
  `option_value` varchar(191) COLLATE utf8mb4_unicode_ci DEFAULT NULL,
  `group_name` varchar(191) COLLATE utf8mb4_unicode_ci DEFAULT NULL,
  `created_at` timestamp NULL DEFAULT NULL,
  `updated_at` timestamp NULL DEFAULT NULL,
  PRIMARY KEY (`id`)
) ENGINE=InnoDB AUTO_INCREMENT=129 DEFAULT CHARSET=utf8mb4 COLLATE=utf8mb4_unicode_ci;

--
-- Dumping data for table `settings`
--

INSERT INTO `settings` VALUES
(1,'trip_dispatch_type','select','trip_settings','0','{\"one-by-one\":1,\"to-all-drivers\":0}',NULL,'2025-07-04 10:47:47','2025-07-07 08:55:38'),
(2,'can_round_the_bill_values','select','trip_settings','1','{\"yes\":1,\"no\":0}',NULL,'2025-07-04 10:47:47','2025-07-04 10:47:47'),
(3,'minimum_wallet_amount_for_transfer','text','Wallet','500',NULL,NULL,'2025-07-04 10:47:47','2025-07-04 10:47:47'),
(4,'driver_search_radius','text','trip_settings','5',NULL,NULL,'2025-07-04 10:47:47','2025-07-04 11:07:52'),
(5,'user_can_make_a_ride_after_x_miniutes','text','trip_settings','30',NULL,NULL,'2025-07-04 10:47:47','2025-07-04 10:47:47'),
(6,'minimum_time_for_search_drivers_for_schedule_ride','text','trip_settings','30',NULL,NULL,'2025-07-04 10:47:47','2025-07-04 10:47:47'),
(7,'maximum_time_for_find_drivers_for_regular_ride','text','trip_settings','5',NULL,NULL,'2025-07-04 10:47:47','2025-07-04 10:47:47'),
(8,'trip_accept_reject_duration_for_driver','text','trip_settings','30',NULL,NULL,'2025-07-04 10:47:47','2025-07-04 10:47:47'),
(9,'how_many_times_a_driver_can_enable_the_my_route_booking_per_day','text','trip_settings','1',NULL,NULL,'2025-07-04 10:47:47','2025-07-04 10:47:47'),
(10,'enable_my_route_booking_feature','select','trip_settings','1','{\"yes\":1,\"no\":0}',NULL,'2025-07-04 10:47:47','2025-07-04 10:47:47'),
(11,'logo','file','general','hdYGcud0BYbFN23MrojE6nudjleULTGL067fVbpr.png',NULL,NULL,'2025-07-04 10:47:47','2025-07-09 04:01:26'),
(12,'favicon','file','general','rDSeJdYLaJt077Vsu1iKFsLU2KhRm10105Z5ZJvU.png',NULL,NULL,'2025-07-04 10:47:47','2025-07-09 04:02:44'),
(13,'loginbg','file','general','Glgz5IkxWhdEYCZd84Jh8mWTlkvB8xY6dfMyqVzW.png',NULL,NULL,'2025-07-04 10:47:47','2025-07-09 04:20:04'),
(14,'nav_color','text','general','#000000',NULL,NULL,'2025-07-04 10:47:47','2025-07-08 04:07:16'),
(15,'sidebar_color','text','general','#000000',NULL,NULL,'2025-07-04 10:47:47','2025-07-08 04:07:16'),
(16,'sidebar_text_color','text','general','#ffffff',NULL,NULL,'2025-07-04 10:47:47','2025-07-08 04:07:16'),
(17,'app_name','text','general','MXUber',NULL,NULL,'2025-07-04 10:47:47','2025-07-11 04:41:14'),
(18,'currency_code','text','general','INR',NULL,NULL,'2025-07-04 10:47:47','2025-07-04 10:47:47'),
(19,'currency_symbol','text','general','₹',NULL,NULL,'2025-07-04 10:47:47','2025-07-04 10:47:47'),
(20,'default_country_code_for_mobile_app','text','general','IN',NULL,NULL,'2025-07-04 10:47:47','2025-07-04 10:47:47'),
(21,'contact_us_mobile1','text','general','0000000000',NULL,NULL,'2025-07-04 10:47:47','2025-07-04 10:47:47'),
(22,'contact_us_mobile2','text','general','0000000000',NULL,NULL,'2025-07-04 10:47:47','2025-07-04 10:47:47'),
(23,'contact_us_link','text','general','https://mxuber.mimeld.com/',NULL,NULL,'2025-07-04 10:47:47','2025-07-04 11:07:52'),
(24,'default_latitude','text','general','11.21215',NULL,NULL,'2025-07-04 10:47:47','2025-07-04 10:47:47'),
(25,'default_longitude','text','general','76.54545',NULL,NULL,'2025-07-04 10:47:47','2025-07-04 10:47:47'),
(26,'enable_country_restrict_on_map','select','general','0','{\"yes\":1,\"no\":0}',NULL,'2025-07-04 10:47:47','2025-07-04 10:47:47'),
(27,'show_wallet_feature_on_mobile_app','select','general','1','{\"yes\":1,\"no\":0}',NULL,'2025-07-04 10:47:47','2025-07-04 10:47:47'),
(28,'show_wallet_feature_on_mobile_app_driver','select','general','1','{\"yes\":1,\"no\":0}',NULL,'2025-07-04 10:47:47','2025-07-04 10:47:47'),
(29,'show_instant_ride_feature_on_mobile_app','select','general','1','{\"yes\":1,\"no\":0}',NULL,'2025-07-04 10:47:47','2025-07-04 10:47:47'),
(30,'shoW_owner_module_feature_on_mobile_app','select','general','1','{\"yes\":1,\"no\":0}',NULL,'2025-07-04 10:47:47','2025-07-04 10:47:47'),
(31,'shoW_wallet_money_transfer_feature_on_mobile_app','select','general','1','{\"yes\":1,\"no\":0}',NULL,'2025-07-04 10:47:47','2025-07-04 10:47:47'),
(32,'shoW_wallet_money_transfer_feature_on_mobile_app_for_driver','select','general','1','{\"yes\":1,\"no\":0}',NULL,'2025-07-04 10:47:47','2025-07-04 10:47:47'),
(33,'shoW_email_otp_feature_on_mobile_app','select','general','1','{\"yes\":1,\"no\":0}',NULL,'2025-07-04 10:47:47','2025-07-04 10:47:47'),
(34,'enable_map_location_icon_drag_and_drop_feature','select','general','1','{\"yes\":1,\"no\":0}',NULL,'2025-07-04 10:47:47','2025-07-04 10:47:47'),
(35,'enable_otp_for_login_in_mobile_app','select','general','1','{\"yes\":1,\"no\":0}',NULL,'2025-07-04 10:47:47','2025-07-04 10:47:47'),
(36,'enable_otp_for_signup_in_mobile_app','select','general','1','{\"yes\":1,\"no\":0}',NULL,'2025-07-04 10:47:47','2025-07-04 10:47:47'),
(37,'show_bank_info_feature_on_mobile_app','select','general','1','{\"yes\":1,\"no\":0}',NULL,'2025-07-04 10:47:47','2025-07-04 10:47:47'),
(38,'driver-wallet-minimum-amount-to-get-order','text','Wallet','-10000',NULL,NULL,'2025-07-04 10:47:47','2025-07-04 10:47:47'),
(39,'owner-wallet-minimum-amount-to-get-order','text','Wallet','-10000',NULL,NULL,'2025-07-04 10:47:47','2025-07-04 10:47:47'),
(40,'enable-paystack','select','installation','1','{\"yes\":1,\"no\":0}','paystack_settings','2025-07-04 10:47:47','2025-07-04 10:47:47'),
(41,'paystack-environment','select','installation','test','{\"test\":\"test\",\"production\":\"production\"}','paystack_settings','2025-07-04 10:47:47','2025-07-04 10:47:47'),
(42,'paystack-test-secret-key','text','installation','pk_test_527da4a4be4324509fbd32906d03d826eefdb395',NULL,'paystack_settings','2025-07-04 10:47:47','2025-07-04 10:47:47'),
(43,'paystack-production-secret-key','text','installation','your-key',NULL,'paystack_settings','2025-07-04 10:47:47','2025-07-04 10:47:47'),
(44,'paystack_test_publishable_key','text','installation','pk_test_527da4a4be4324509fbd32906d03d826eefdb395',NULL,'paystack_settings','2025-07-04 10:47:47','2025-07-04 10:47:47'),
(45,'paystack_production_publishable_key','text','installation','your-key',NULL,'paystack_settings','2025-07-04 10:47:47','2025-07-04 10:47:47'),
(46,'enable-flutter-wave','select','installation','1','{\"yes\":1,\"no\":0}','flutter_wave_settings','2025-07-04 10:47:47','2025-07-04 10:47:47'),
(47,'flutter-wave-environment','select','installation','test','{\"test\":\"test\",\"production\":\"production\"}','flutter_wave_settings','2025-07-04 10:47:47','2025-07-04 11:07:52'),
(48,'flutter-wave-test-secret-key','text','installation','your-key',NULL,'flutter_wave_settings','2025-07-04 10:47:47','2025-07-04 10:47:47'),
(49,'flutter-wave-production-secret-key','text','installation','your-key',NULL,'flutter_wave_settings','2025-07-04 10:47:47','2025-07-04 10:47:47'),
(50,'enable-cashfree','select','installation','1','{\"yes\":1,\"no\":0}','cashfree_settings','2025-07-04 10:47:47','2025-07-04 10:47:47'),
(51,'cash_free_environment','select','installation','test','{\"test\":\"test\",\"production\":\"production\"}','cashfree_settings','2025-07-04 10:47:47','2025-07-04 10:47:47'),
(52,'cash_free_app_id','text','installation','TEST15950842a648ba99cac7d66b63805951',NULL,'cashfree_settings','2025-07-04 10:47:47','2025-07-04 10:47:47'),
(53,'cash_free_production_app_id','text','installation','your-key',NULL,'cashfree_settings','2025-07-04 10:47:47','2025-07-04 10:47:47'),
(54,'cash_free_secret_key','text','installation','cfsk_ma_test_b368fc392899944a5006a8ab755e1d50_02d7733f',NULL,'cashfree_settings','2025-07-04 10:47:47','2025-07-04 10:47:47'),
(55,'cash_free_production_secret_key','text','installation','your-key',NULL,'cashfree_settings','2025-07-04 10:47:47','2025-07-04 10:47:47'),
(56,'enable-razor-pay','select','installation','1','{\"yes\":1,\"no\":0}','cashfree_settings','2025-07-04 10:47:47','2025-07-04 10:47:47'),
(57,'razor_pay_environment','select','installation','test','{\"test\":\"test\",\"production\":\"production\"}','cashfree_settings','2025-07-04 10:47:47','2025-07-04 10:47:47'),
(58,'razor_pay_test_api_key','text','installation','rzp_test_b444CSYRGAtdnV',NULL,'cashfree_settings','2025-07-04 10:47:47','2025-07-04 10:47:47'),
(59,'razor_pay_live_api_key','text','installation','',NULL,'cashfree_settings','2025-07-04 10:47:47','2025-07-04 10:47:47'),
(60,'razor_pay_secrect_key','text','installation',' ',NULL,'cashfree_settings','2025-07-04 10:47:47','2025-07-04 10:47:47'),
(61,'razor_pay_test_secrect_key','text','installation','Q8ABpY18WPsyJ8LGvqGZR70l',NULL,'cashfree_settings','2025-07-04 10:47:47','2025-07-04 10:47:47'),
(62,'enable_khalti_pay','select','installation','1','{\"yes\":1,\"no\":0}','khalti_settings','2025-07-04 10:47:47','2025-07-04 10:47:47'),
(63,'khalti_pay_environment','select','installation','test','{\"test\":\"test\",\"production\":\"production\"}','khalti_settings','2025-07-04 10:47:47','2025-07-04 11:07:52'),
(64,'khalti_pay_test_api_key','text','installation','test_public_key_5066528dae744acb967edfae71959934',NULL,'khalti_settings','2025-07-04 10:47:47','2025-07-04 10:47:47'),
(65,'khalti_pay_live_api_key','text','installation','test_public_key_5066528dae744acb967edfae71959934',NULL,'khalti_settings','2025-07-04 10:47:47','2025-07-04 10:47:47'),
(66,'enable_mercadopago','select','installation','1','{\"yes\":1,\"no\":0}','mercadopago-settings','2025-07-04 10:47:47','2025-07-04 10:47:47'),
(67,'mercadopago_environment','select','installation','test','{\"test\":\"test\",\"production\":\"production\"}','mercadopago-settings','2025-07-04 10:47:47','2025-07-04 11:07:52'),
(68,'mercadopago_test_public_key','text','installation','TEST-921f2a24-d29d-4af3-9ec8-3a366275cec8',NULL,'mercadopago-settings','2025-07-04 10:47:47','2025-07-04 10:47:47'),
(69,'mercadopago_live_public_key','text','installation','TEST-921f2a24-d29d-4af3-9ec8-3a366275cec8',NULL,'mercadopago-settings','2025-07-04 10:47:47','2025-07-04 10:47:47'),
(70,'mercadopago_test_access_token','text','installation','TEST-8770681523175761-021622-3db3401292f6ae1a11daed3a22b8db62-762016080',NULL,'mercadopago-settings','2025-07-04 10:47:47','2025-07-04 10:47:47'),
(71,'mercadopago_live_access_token','text','installation','TEST-8770681523175761-021622-3db3401292f6ae1a11daed3a22b8db62-762016080',NULL,'mercadopago-settings','2025-07-04 10:47:47','2025-07-04 10:47:47'),
(72,'enable-stripe','select','installation','1','{\"yes\":1,\"no\":0}','stripe_settings','2025-07-04 10:47:47','2025-07-04 10:47:47'),
(73,'stripe-environment','select','installation','test','{\"test\":\"test\",\"production\":\"production\"}','stripe_settings','2025-07-04 10:47:47','2025-07-04 10:47:47'),
(74,'stripe_test_publishable_key','text','installation','your-key',NULL,'stripe_settings','2025-07-04 10:47:47','2025-07-04 10:47:47'),
(75,'stripe_live_publishable_key','text','installation','your-key',NULL,'stripe_settings','2025-07-04 10:47:47','2025-07-04 10:47:47'),
(76,'stripe_test_secret_key','text','installation','pk_test_51IuYWUSBCHfacuRqacrdy8IOlL3uUPq1XI0BZaRlqDPPcNsmywe6rSqjpM9HhVmELhXWhx95CH1pvNyQ8pvQEil900eGE0jXN8',NULL,'stripe_settings','2025-07-04 10:47:47','2025-07-04 10:47:47'),
(77,'stripe_live_secret_key','text','installation','your-key',NULL,'stripe_settings','2025-07-04 10:47:47','2025-07-04 10:47:47'),
(78,'enable_paypal','select','installation','1','{\"yes\":1,\"no\":0}','paypal_settings','2025-07-04 10:47:47','2025-07-04 10:47:47'),
(79,'paypal_mode','select','installation','sandbox','{\"sandbox\":\"sandbox\",\"live\":\"live\"}','paypal_settings','2025-07-04 10:47:47','2025-07-04 10:47:47'),
(80,'paypal_sandbox_client_id','text','installation','AfcLuPxX21U1JJVRgUO1qRAblJfzMheGzXJRgVZLbpVIpI8WfT8kwD1AIOn-6moi5XQJRY-w3SrmAFFk',NULL,'paypal_settings','2025-07-04 10:47:47','2025-07-04 10:47:47'),
(81,'paypal_sandbox_client_secrect','text','installation','ELF9g1BW4zWwkOPMqxSPA6zN8hvnCD9WgoOv3BPJUVT1tyC70TCZWKZS-5sdI8-ah3BvdiqDyuAvz2Yh',NULL,'paypal_settings','2025-07-04 10:47:47','2025-07-04 10:47:47'),
(82,'paypal_sandbox_app_id','text','installation','APP-80W284485P519543T',NULL,'paypal_settings','2025-07-04 10:47:47','2025-07-04 10:47:47'),
(83,'paypal_live_client_id','text','installation','your-key',NULL,'paypal_settings','2025-07-04 10:47:47','2025-07-04 10:47:47'),
(84,'paypal_live_client_secrect','text','installation','your-key',NULL,'paypal_settings','2025-07-04 10:47:47','2025-07-04 10:47:47'),
(85,'paypal_live_app_id','text','installation','your-key',NULL,'paypal_settings','2025-07-04 10:47:47','2025-07-04 10:47:47'),
(86,'paypal_notify_url','text','installation','your-key',NULL,'paypal_settings','2025-07-04 10:47:47','2025-07-04 10:47:47'),
(87,'referral_commision_for_user','text','Referral','30',NULL,NULL,'2025-07-04 10:47:47','2025-07-04 10:47:47'),
(88,'referral_commision_for_driver','text','Referral','30',NULL,NULL,'2025-07-04 10:47:47','2025-07-04 10:47:47'),
(89,'enable_vase_map','select','map_settings','1','{\"yes\":1,\"no\":0}',NULL,'2025-07-04 10:47:47','2025-07-04 10:47:47'),
(90,'map_type','select','map_settings','google','{\"google\":\"google\",\"open_street\":\"open_street\"}',NULL,'2025-07-04 10:47:47','2025-07-04 10:47:47'),
(91,'google_map_key','password','map_settings','AIzaSyAWbWNOIN2NVRIHbjhflvEh4JDr2ZkJ3xA',NULL,NULL,'2025-07-04 10:47:47','2025-07-07 03:48:34'),
(92,'google_map_key_for_distance_matrix','password','map_settings','AIzaSyAWbWNOIN2NVRIHbjhflvEh4JDr2ZkJ3xA',NULL,NULL,'2025-07-04 10:47:47','2025-07-07 03:48:34'),
(93,'google_sheet_id','text','map_settings','your-sheet-id',NULL,NULL,'2025-07-04 10:47:47','2025-07-04 10:47:47'),
(94,'firebase-db-url','text','firebase_settings','https://muber-cd733-default-rtdb.firebaseio.com',NULL,NULL,'2025-07-04 10:47:47','2025-07-07 03:51:03'),
(95,'firebase-api-key','password','firebase_settings','AIzaSyCNX8JsMvmUDkcjUP7xVFhP5KSXALnk3R8',NULL,NULL,'2025-07-04 10:47:47','2025-07-07 03:51:03'),
(96,'firebase-auth-domain','text','firebase_settings','muber-cd733.firebaseapp.com',NULL,NULL,'2025-07-04 10:47:47','2025-07-07 03:51:03'),
(97,'firebase-project-id','text','firebase_settings','muber-cd733',NULL,NULL,'2025-07-04 10:47:47','2025-07-07 03:51:03'),
(98,'firebase-storage-bucket','text','firebase_settings','muber-cd733.firebasestorage.app',NULL,NULL,'2025-07-04 10:47:47','2025-07-07 03:51:03'),
(99,'firebase-messaging-sender-id','text','firebase_settings','223143515606',NULL,NULL,'2025-07-04 10:47:47','2025-07-07 03:51:03'),
(100,'firebase-app-id','text','firebase_settings','1:223143515606:web:d8b6ad9a9a7f524e918077',NULL,NULL,'2025-07-04 10:47:47','2025-07-07 03:51:03'),
(101,'firebase-measurement-id','text','firebase_settings','G-VWTDLQQ23H',NULL,NULL,'2025-07-04 10:47:47','2025-07-07 03:51:03'),
(102,'show_ride_otp_feature','select','general','1','{\"yes\":1,\"no\":0}',NULL,'2025-07-04 10:47:47','2025-07-04 10:47:47'),
(103,'show_ride_later_feature','select','general','1','{\"yes\":1,\"no\":0}',NULL,'2025-07-04 10:47:47','2025-07-04 10:47:47'),
(104,'show_ride_without_destination','select','general','1','{\"yes\":1,\"no\":0}',NULL,'2025-07-04 10:47:47','2025-07-04 10:47:47'),
(105,'mail_mailer','text','mail_configuration','smtp',NULL,NULL,'2025-07-04 10:47:47','2025-07-04 10:47:47'),
(106,'mail_host','text','mail_configuration','smtp.gmail.com',NULL,NULL,'2025-07-04 10:47:47','2025-07-04 10:47:47'),
(107,'mail_port','text','mail_configuration','587',NULL,NULL,'2025-07-04 10:47:47','2025-07-04 10:47:47'),
(108,'mail_username','password','mail_configuration','yourgmail@gmail.com',NULL,NULL,'2025-07-04 10:47:47','2025-07-04 10:47:47'),
(109,'mail_password','password','mail_configuration','your-password',NULL,NULL,'2025-07-04 10:47:47','2025-07-04 10:47:47'),
(110,'mail_encryption','text','mail_configuration','tls',NULL,NULL,'2025-07-04 10:47:47','2025-07-04 10:47:47'),
(111,'mail_from_address','text','mail_configuration','yourgmail@gmail.com',NULL,NULL,'2025-07-04 10:47:47','2025-07-04 10:47:47'),
(112,'mail_from_name','text','mail_configuration','misoftwares',NULL,NULL,'2025-07-04 10:47:47','2025-07-04 10:47:47'),
(113,'enable_pet_preference_for_user','select','trip_settings','1','{\"yes\":1,\"no\":0}',NULL,'2025-07-04 10:47:47','2025-07-04 10:47:47'),
(114,'enable_luggage_preference_for_user','select','trip_settings','1','{\"yes\":1,\"no\":0}',NULL,'2025-07-04 10:47:47','2025-07-04 10:47:47'),
(115,'show_rental_ride_feature','select','general','1','{\"yes\":1,\"no\":0}',NULL,'2025-07-04 10:47:47','2025-07-04 10:47:47'),
(116,'enable_additional_charge_feature','select','general','1','{\"yes\":1,\"no\":0}',NULL,'2025-07-04 10:47:47','2025-07-04 10:47:47'),
(117,'enable_driver_tips_feature','select','general','1','{\"yes\":1,\"no\":0}',NULL,'2025-07-04 10:47:47','2025-07-04 10:47:47'),
(118,'minimum_tip_amount','text','general','10','0',NULL,'2025-07-04 10:47:47','2025-07-04 10:47:47'),
(119,'enable_polyline_feature','select','trip_settings','1','{\"yes\":1,\"no\":0}',NULL,'2025-07-04 10:47:47','2025-07-04 10:47:47'),
(120,'bidding_high_percentage','text','trip_settings','10','0',NULL,'2025-07-04 10:47:47','2025-07-04 10:47:47'),
(121,'show_outstation_ride_feature','select','general','1','{\"yes\":1,\"no\":0}',NULL,'2025-07-04 10:47:47','2025-07-04 10:47:47'),
(122,'bidding_low_percentage','text','trip_settings','50','0',NULL,'2025-07-04 10:47:47','2025-07-04 10:47:47'),
(123,'maximum_time_for_find_drivers_for_bitting_ride','text','trip_settings','5',NULL,NULL,'2025-07-04 10:47:47','2025-07-04 10:47:47'),
(124,'enable_shipment_load_feature','select','trip_settings','1','{\"yes\":1,\"no\":0}',NULL,'2025-07-04 10:47:47','2025-07-04 10:47:47'),
(125,'enable_shipment_unload_feature','select','trip_settings','1','{\"yes\":1,\"no\":0}',NULL,'2025-07-04 10:47:47','2025-07-04 10:47:47'),
(126,'enable_digital_signature','select','trip_settings','1','{\"yes\":1,\"no\":0}',NULL,'2025-07-04 10:47:47','2025-07-04 10:47:47'),
(127,'bidding_amount_increase_or_decrease','text','trip_settings','10','0',NULL,'2025-07-04 10:47:47','2025-07-04 10:47:47'),
(128,'enable_modules_for_applications','select','general','both','{\"taxi\":\"taxi\",\"delivery\":\"delivery\",\"both\":\"both\"}',NULL,'2025-07-04 10:47:47','2025-07-04 10:47:47');

--
-- Table structure for table `sos`
--

CREATE TABLE `sos` (
  `id` char(36) COLLATE utf8mb4_unicode_ci NOT NULL,
  `company_key` varchar(191) COLLATE utf8mb4_unicode_ci DEFAULT NULL,
  `service_location_id` char(36) COLLATE utf8mb4_unicode_ci DEFAULT NULL,
  `name` varchar(191) COLLATE utf8mb4_unicode_ci NOT NULL,
  `number` varchar(191) COLLATE utf8mb4_unicode_ci NOT NULL,
  `user_type` enum('admin','mobile-users') COLLATE utf8mb4_unicode_ci NOT NULL,
  `created_by` int(10) unsigned DEFAULT NULL,
  `active` tinyint(1) NOT NULL DEFAULT 1,
  `created_at` timestamp NULL DEFAULT NULL,
  `updated_at` timestamp NULL DEFAULT NULL,
  `deleted_at` timestamp NULL DEFAULT NULL,
  PRIMARY KEY (`id`),
  KEY `sos_service_location_id_foreign` (`service_location_id`),
  KEY `sos_created_by_foreign` (`created_by`),
  CONSTRAINT `sos_created_by_foreign` FOREIGN KEY (`created_by`) REFERENCES `users` (`id`) ON DELETE CASCADE,
  CONSTRAINT `sos_service_location_id_foreign` FOREIGN KEY (`service_location_id`) REFERENCES `service_locations` (`id`) ON DELETE CASCADE
) ENGINE=InnoDB DEFAULT CHARSET=utf8mb4 COLLATE=utf8mb4_unicode_ci;

--
-- Dumping data for table `sos`
--

INSERT INTO `sos` VALUES
('476bde44-e6e9-4dd6-bfb1-8b6d31ec18c7',NULL,NULL,'JioHelpline','1991','mobile-users',2,1,'2025-07-07 09:30:32','2025-07-07 09:30:42','2025-07-07 09:30:42'),
('8eb1db7e-8b5e-4b7b-971a-a0c41008cd8e',NULL,'fc839e9a-ba34-4f76-b0a0-60215746d87a','Ambulance','108','admin',1,1,'2025-07-11 07:02:08','2025-07-11 07:02:08',NULL),
('c537591e-3468-465b-b959-b67a0777d248',NULL,'fc839e9a-ba34-4f76-b0a0-60215746d87a','Police','100','admin',1,1,'2025-07-11 06:09:21','2025-07-11 06:09:21',NULL),
('daa60cff-f40a-46da-8dfc-0774f6ac23c8',NULL,'fc839e9a-ba34-4f76-b0a0-60215746d87a','Police','911','admin',1,0,'2025-07-11 06:08:19','2025-07-11 06:08:44','2025-07-11 06:08:44'),
('e5667748-6d3d-4fba-a252-f96d768f8d96',NULL,NULL,'Abhinav Saini','+919962264355','mobile-users',41,1,'2025-07-11 10:27:16','2025-07-11 10:27:16',NULL);

--
-- Table structure for table `states`
--

CREATE TABLE `states` (
  `id` char(36) COLLATE utf8mb4_unicode_ci NOT NULL,
  `slug` varchar(50) COLLATE utf8mb4_unicode_ci NOT NULL,
  `name` varchar(50) COLLATE utf8mb4_unicode_ci NOT NULL,
  `active` tinyint(1) NOT NULL DEFAULT 1,
  PRIMARY KEY (`id`),
  UNIQUE KEY `states_slug_unique` (`slug`)
) ENGINE=InnoDB DEFAULT CHARSET=utf8mb4 COLLATE=utf8mb4_unicode_ci;

--
-- Dumping data for table `states`
--


--
-- Table structure for table `third_party_settings`
--

CREATE TABLE `third_party_settings` (
  `id` char(36) COLLATE utf8mb4_unicode_ci NOT NULL,
  `name` varchar(191) COLLATE utf8mb4_unicode_ci NOT NULL,
  `value` varchar(191) COLLATE utf8mb4_unicode_ci DEFAULT NULL,
  `module` varchar(191) COLLATE utf8mb4_unicode_ci DEFAULT NULL,
  `created_at` timestamp NULL DEFAULT NULL,
  `updated_at` timestamp NULL DEFAULT NULL,
  PRIMARY KEY (`id`)
) ENGINE=InnoDB DEFAULT CHARSET=utf8mb4 COLLATE=utf8mb4_unicode_ci;

--
-- Dumping data for table `third_party_settings`
--

INSERT INTO `third_party_settings` VALUES
('00af2deb-9bb3-4767-9d4e-ab845a49e759','sparrow_token','Your Sparrow Token','sms','2025-07-04 10:47:47','2025-07-04 10:47:47'),
('0281d11a-cfde-4d22-bd53-61aa314c27b8','enable_country_restrict_on_map','1','app_modules','2025-07-04 10:47:47','2025-07-04 10:47:47'),
('0724d2c6-fc40-4b72-9842-d167631cb5f9','enable_digital_signature','1','app_modules','2025-07-04 10:47:47','2025-07-04 10:47:47'),
('09f90d83-1a57-4b10-934a-5a5a153fc52e','enable_sparrow','0','sms','2025-07-04 10:47:47','2025-07-04 10:47:47'),
('0c2bd2bd-78f7-449c-84c5-7b3940b75246','enable_rental_ride','1','app_modules','2025-07-04 10:47:47','2025-07-04 10:47:47'),
('0dfcfa6a-9929-45d4-a534-019b198250fc','how_many_times_a_driver_can_enable_the_my_route_booking_per_day','1','app_modules','2025-07-04 10:47:47','2025-07-04 10:47:47'),
('15fccc99-342d-4a8f-a10b-5e1e184be1c9','enable_my_route_booking_feature','1','app_modules','2025-07-04 10:47:47','2025-07-04 10:47:47'),
('23fed311-3a7c-4f1b-a40d-66e804f2bab9','enable_sms_india_hub','0','sms','2025-07-04 10:47:47','2025-07-04 10:47:47'),
('2e181251-4ace-4000-aaba-f5f88412ce13','smsala_api_key','Your SMS ALA API ID','sms','2025-07-04 10:47:47','2025-07-04 10:47:47'),
('2e5383db-615e-4c2f-a752-5c601a64d5e2','smsala_api_password','Your SMS ALA SmsAla API Password','sms','2025-07-04 10:47:47','2025-07-04 10:47:47'),
('36351e9e-7bda-4562-bcaa-06e6f492f1b5','enable_digital_signatur_at_the_end_of_ride','1','app_modules','2025-07-04 10:47:47','2025-07-04 10:47:47'),
('378b7aa2-04ac-4f55-b16a-74a52a0b2517','enable_modules_for_applications','1','app_modules','2025-07-04 10:47:47','2025-07-04 10:47:47'),
('4dc72084-85ff-4615-adb1-653024e54fa4','twilio_sid','Your Twilio SID','sms','2025-07-04 10:47:47','2025-07-04 10:47:47'),
('760454d1-8815-4e0b-89f5-d393ed50dae5','enable_delivery_start_and_end_of_ride','1','app_modules','2025-07-04 10:47:47','2025-07-04 10:47:47'),
('7de6d2f4-d3e9-4853-9538-8714bec233a8','enable_msg91','0','sms','2025-07-04 10:47:47','2025-07-04 10:47:47'),
('91b4a712-3fb6-4ef6-9533-fdc88b20a96b','twilio_from_number','Your Twilio Phone Number','sms','2025-07-04 10:47:47','2025-07-04 10:47:47'),
('91c6293a-da3b-46e9-adf2-a9dcc9ba75bd','smsala_sender_id','Your SMS ALA Sender ID','sms','2025-07-04 10:47:47','2025-07-04 10:47:47'),
('9449e0e0-c7af-4fe7-a87c-6b0b445e9a7f','enable_shipment_load_feature','1','app_modules','2025-07-04 10:47:47','2025-07-04 10:47:47'),
('9a012e35-4fb1-4e7b-b3e9-fc4d57df38d4','twilio_token','Your Twilio Token','sms','2025-07-04 10:47:47','2025-07-04 10:47:47'),
('9c1de88d-f7af-4135-83b7-37dbd3c2e55b','sparrow_sender_id','Your Sparrow Sender Id','sms','2025-07-04 10:47:47','2025-07-04 10:47:47'),
('a767ba5a-1057-4eeb-b473-29cb73725d03','enable_twilio','0','sms','2025-07-04 10:47:47','2025-07-04 10:47:47'),
('a7ee792d-d6fb-4948-9bfd-cc45856425cf','sms_india_hub_sid','Your SMS India Hub SID','sms','2025-07-04 10:47:47','2025-07-04 10:47:47'),
('ae8d4001-ca0e-44b9-a046-ff592e8bcc7b','msg91_auth_key','Your MSG91 Auth Key','sms','2025-07-04 10:47:47','2025-07-04 10:47:47'),
('b16727cb-5b0d-4367-bf05-210fd13ba4b8','enable_otp_tripstart','1','app_modules','2025-07-04 10:47:47','2025-07-04 10:47:47'),
('be2ad9c0-fe13-4c34-a94c-7864122ca295','enable_firebase_otp','1','sms','2025-07-04 10:47:47','2025-07-04 10:47:47'),
('c18e63cd-9474-4b23-bce0-60968260ed86','enable_vase_map','1','app_modules','2025-07-04 10:47:47','2025-07-04 10:47:47'),
('c7403211-3337-4a5b-bd1f-f89260165389','map_type','1','app_modules','2025-07-04 10:47:47','2025-07-04 10:47:47'),
('c78c95e9-677c-4911-8b25-b2a6ada20d04','sms_india_hub_api_key','Your Sms India Hub Api Key','sms','2025-07-04 10:47:47','2025-07-04 10:47:47'),
('cc238186-8291-4296-93b9-9875108de92b','msg91_sender_id','Your MSG91 Sender Token','sms','2025-07-04 10:47:47','2025-07-04 10:47:47'),
('dd5651bd-9994-4f78-b245-f849bb35d44e','enable_shipment_unload_feature','1','app_modules','2025-07-04 10:47:47','2025-07-04 10:47:47'),
('f9ae1c1e-d6c1-4b97-8d50-571e28f1d6b6','enable_smsala','0','sms','2025-07-04 10:47:47','2025-07-04 10:47:47');

--
-- Table structure for table `time_zones`
--

CREATE TABLE `time_zones` (
  `id` char(36) COLLATE utf8mb4_unicode_ci NOT NULL,
  `name` varchar(191) COLLATE utf8mb4_unicode_ci DEFAULT NULL,
  `timezone` varchar(191) COLLATE utf8mb4_unicode_ci DEFAULT NULL,
  `active` tinyint(1) NOT NULL DEFAULT 1,
  `created_at` timestamp NULL DEFAULT NULL,
  `updated_at` timestamp NULL DEFAULT NULL,
  PRIMARY KEY (`id`)
) ENGINE=InnoDB DEFAULT CHARSET=utf8mb4 COLLATE=utf8mb4_unicode_ci;

--
-- Dumping data for table `time_zones`
--

INSERT INTO `time_zones` VALUES
('005448ae-bdde-4af6-9331-80c437dfa371','Scoresbysund','America/Scoresbysund',1,NULL,NULL),
('00c95228-8d88-428f-b00d-b555d0f74abf','Muscat','Asia/Muscat',1,NULL,NULL),
('015ddebe-ce6a-478d-a34a-6a268cebf88e','Ponape','Pacific/Ponape',1,NULL,NULL),
('02300860-dd10-4156-9a9d-e13bbf45d2c4','Boise','America/Boise',1,NULL,NULL),
('025ddaf7-edaa-4597-a634-346b6adc3218','Mazatlan','America/Mazatlan',1,NULL,NULL),
('02ba23f4-5e53-4ed0-9841-506e19688bde','Chicago','America/Chicago',1,NULL,NULL),
('02f82664-b849-4825-9615-9538ae6afade','Marigot','America/Marigot',1,NULL,NULL),
('03024874-178f-4a96-acc9-881532df3dcb','Asuncion','America/Asuncion',1,NULL,NULL),
('0352d68f-fe4f-40e0-b376-238ce52dcb06','Brussels','Europe/Brussels',1,NULL,NULL),
('03a4115c-d78a-452b-9f12-f191a0896100','Mauritius','Indian/Mauritius',1,NULL,NULL),
('050aa545-c412-4168-842a-d4852ec22b9b','Zaporozhye','Europe/Zaporozhye',1,NULL,NULL),
('056709ca-44f7-4b0b-ba8b-127ad1b92324','Dar es Salaam','Africa/Dar_es_Salaam',1,NULL,NULL),
('05ad7e46-e293-45c6-b3be-51b4380b85cb','Jan Mayen','Atlantic/Jan_Mayen',1,NULL,NULL),
('06288953-6395-4fb6-9aeb-4ad2875ab413','Istanbul','Europe/Istanbul',1,NULL,NULL),
('07645ca1-cb57-4198-9fe7-2a999f94375b','Indiana - Vincennes','America/Indiana/Vincennes',1,NULL,NULL),
('08963877-a528-4037-b962-b4999957371b','Midway','Pacific/Midway',1,NULL,NULL),
('098b6428-99c7-44e4-841f-41b1665e76ed','Danmarkshavn','America/Danmarkshavn',1,NULL,NULL),
('09ba1ef8-fb33-4989-ac1d-a19f647c08e1','Palmer','Antarctica/Palmer',1,NULL,NULL),
('09cd6f43-8370-488a-99bb-bf105d649e2e','Accra','Africa/Accra',1,NULL,NULL),
('0b193418-224a-425b-a970-e91fdd4d86c7','Los Angeles','America/Los_Angeles',1,NULL,NULL),
('0c21711d-98d6-4643-b92a-5f9d6f0b595c','Aruba','America/Aruba',1,NULL,NULL),
('0d5c5c1e-4d61-45f8-a42c-57401e84a771','Argentina - Buenos Aires','America/Argentina/Buenos_Aires',1,NULL,NULL),
('0d748997-d48f-4ee6-8031-8bfa834f99bb','Argentina - San Juan','America/Argentina/San_Juan',1,NULL,NULL),
('0da786cb-cd52-4f24-9c28-1a138a933ba3','Anchorage','America/Anchorage',1,NULL,NULL),
('0f8bb028-5f95-462d-9798-f8d2f13e718b','Godthab','America/Godthab',1,NULL,NULL),
('10d8f90b-9e54-4cca-943c-53c3cc4fa6d1','West','Australia/West',1,NULL,NULL),
('1101e87e-5ae1-4304-a04e-9a1c9501043a','Yakutsk','Asia/Yakutsk',1,NULL,NULL),
('124ad563-ed6d-4e97-87db-805bf8e83251','Makassar','Asia/Makassar',1,NULL,NULL),
('12872a74-8567-439d-a502-ca0338f34cc7','Singapore','Asia/Singapore',1,NULL,NULL),
('1301835f-ccd3-43e9-b977-bb62fbedb4e4','Palau','Pacific/Palau',1,NULL,NULL),
('135e8ad8-2f39-4053-a6e8-2671b4d07748','Addis Ababa','Africa/Addis_Ababa',1,NULL,NULL),
('13d19105-2140-4957-aad7-bf1ad8e7f1bc','Khartoum','Africa/Khartoum',1,NULL,NULL),
('143c67fb-67c4-4942-92ee-dbc4089cf495','Maseru','Africa/Maseru',1,NULL,NULL),
('14586892-8561-44bd-be5f-8dad8c511a2e','Nairobi','Africa/Nairobi',1,NULL,NULL),
('1518c8a4-7865-47a2-a8f1-9cbb8e06a0d4','Stockholm','Europe/Stockholm',1,NULL,NULL),
('15548359-aa7f-400b-b714-bf863e7a71a5','Sydney','Australia/Sydney',1,NULL,NULL),
('15903513-a0bb-4738-8093-6b7dae530556','Argentina - Rio Gallegos','America/Argentina/Rio_Gallegos',1,NULL,NULL),
('15a2796f-b4d8-4301-9fb0-97bf78dffbba','Belize','America/Belize',1,NULL,NULL),
('1692fc89-6478-4462-b26f-a3cb3bdd7532','Macquarie','Antarctica/Macquarie',1,NULL,NULL),
('1718044a-4975-4fd3-bc95-18484e06f3f0','Lindeman','Australia/Lindeman',1,NULL,NULL),
('17b56ff8-3c46-4596-8d3e-da3d145626a9','Norfolk','Pacific/Norfolk',1,NULL,NULL),
('17bc45e9-3dfc-43a5-ab66-21de862d9c6a','Kentucky - Monticello','America/Kentucky/Monticello',1,NULL,NULL),
('19213e73-bfc8-4b88-baa6-aa2b03c78dd8','Davis','Antarctica/Davis',1,NULL,NULL),
('194efffa-4970-4c74-a15f-8655f780c113','Toronto','America/Toronto',1,NULL,NULL),
('1a3881c4-9ae4-41de-82ef-07e95e590608','Queensland','Australia/Queensland',1,NULL,NULL),
('1b7a9fe9-64fc-4e7a-9005-930035f7f71f','Freetown','Africa/Freetown',1,NULL,NULL),
('1bc44713-f013-4ee6-9635-2797a4aeaabb','Resolute','America/Resolute',1,NULL,NULL),
('1c8ef029-ace4-44eb-aadf-f38e1b0df3a8','Barbados','America/Barbados',1,NULL,NULL),
('1cdfec0a-382f-4784-9bdd-11ce7e919087','Thimphu','Asia/Thimphu',1,NULL,NULL),
('1e1ff991-f29d-4ccd-abac-861cd550c68c','Shiprock','America/Shiprock',1,NULL,NULL),
('1e3d708a-2170-4d69-9710-57a8ff113ffe','Bratislava','Europe/Bratislava',1,NULL,NULL),
('1ede71e2-a302-4110-89e8-d76d5151642c','Easter','Pacific/Easter',1,NULL,NULL),
('1f108083-217a-4883-b3f2-6e995cde49d2','Rothera','Antarctica/Rothera',1,NULL,NULL),
('1f255315-d607-462d-855b-8c1976a648e6','Porto-Novo','Africa/Porto-Novo',1,NULL,NULL),
('203a2966-ed44-4cee-b416-5594a9f05732','Uzhgorod','Europe/Uzhgorod',1,NULL,NULL),
('208616bb-d7d2-4cd1-b28c-d98e3195484c','Harare','Africa/Harare',1,NULL,NULL),
('20fea176-f7d4-4168-a7f8-b3a4e7626118','Vancouver','America/Vancouver',1,NULL,NULL),
('219259ae-d46e-4c68-81b2-d96995ea1558','Thimbu','Asia/Thimbu',1,NULL,NULL),
('21cc2c5f-5484-43ac-998c-774eaef19401','Galapagos','Pacific/Galapagos',1,NULL,NULL),
('226303a8-d17f-456d-a9d2-b9d371169a12','Tiraspol','Europe/Tiraspol',1,NULL,NULL),
('24311d7b-c1a5-4533-a4ab-28a670c4ea7e','Guernsey','Europe/Guernsey',1,NULL,NULL),
('2439dbfd-09ca-418c-aaf5-2a26df487a6e','Honolulu','Pacific/Honolulu',1,NULL,NULL),
('2442927e-5e1c-4f39-ac51-0a9ea7743509','Ensenada','America/Ensenada',1,NULL,NULL),
('2457e5e2-2a27-4d73-b020-e5ba58c43bd9','Yellowknife','America/Yellowknife',1,NULL,NULL),
('249943ef-ed18-4bbb-a6e6-194e252bf8fc','McMurdo','Antarctica/McMurdo',1,NULL,NULL),
('257d2669-53f3-4210-ac10-271b0099bab6','Efate','Pacific/Efate',1,NULL,NULL),
('26144373-814f-413b-a5f1-2db66af8afd0','Cordoba','America/Cordoba',1,NULL,NULL),
('2692ad9f-f023-4421-8f6f-ba52c9c4be3b','Broken Hill','Australia/Broken_Hill',1,NULL,NULL),
('2697464d-594d-4d27-9499-e6c54fac735a','Vilnius','Europe/Vilnius',1,NULL,NULL),
('26f336bc-1fc9-42d5-8118-bcc4bff176da','Vientiane','Asia/Vientiane',1,NULL,NULL),
('28399379-31af-4b7d-8a89-23836b6a845a','Kampala','Africa/Kampala',1,NULL,NULL),
('28b52157-5016-4c45-ab30-167b4776ad8a','South Georgia','Atlantic/South_Georgia',1,NULL,NULL),
('2932b853-ccc4-4da1-9f3d-4dd609420deb','Lord Howe','Australia/Lord_Howe',1,NULL,NULL),
('2943f195-a047-4efa-b9f4-31d920c27a7b','North Dakota - Center','America/North_Dakota/Center',1,NULL,NULL),
('29884bd8-91df-4907-a5a0-1cffa68ba5f6','Dakar','Africa/Dakar',1,NULL,NULL),
('29f62e66-4216-43b7-8f72-cde345ebf570','Antigua','America/Antigua',1,NULL,NULL),
('2a1db090-2092-4aec-a2ef-99b0c73b9d2a','Mahe','Indian/Mahe',1,NULL,NULL),
('2a2678b8-aa1c-486a-b3a2-fe361482990a','Porto Acre','America/Porto_Acre',1,NULL,NULL),
('2ab4c2f9-b2e3-45c1-93d3-6916a62b078d','LHI','Australia/LHI',1,NULL,NULL),
('2ad0f132-1c2c-4ad1-ad03-c307b4145f34','Cuiaba','America/Cuiaba',1,NULL,NULL),
('2b445170-b8ed-47fe-8d1b-4a58b09c826f','Louisville','America/Louisville',1,NULL,NULL),
('2d387b64-8e5a-4a01-824e-74a9a3a0e888','Tehran','Asia/Tehran',1,NULL,NULL),
('2d4cfc4e-bc1d-49da-b656-22dda6fef33d','Beirut','Asia/Beirut',1,NULL,NULL),
('3007fe7b-9dac-46b4-88af-0cf973bc50fc','Perth','Australia/Perth',1,NULL,NULL),
('30e0ef90-f018-4ded-9df3-38265e866e93','NSW','Australia/NSW',1,NULL,NULL),
('313de792-3ca1-49b6-8a72-9311585e309e','Indiana - Marengo','America/Indiana/Marengo',1,NULL,NULL),
('32132641-38a5-4f00-aa57-65896105df51','Kiev','Europe/Kiev',1,NULL,NULL),
('33f7458a-6d12-4154-84b7-ac0d838ce72d','Monterrey','America/Monterrey',1,NULL,NULL),
('3451e977-70b5-42d2-9d4e-f07d287da6f0','Jujuy','America/Jujuy',1,NULL,NULL),
('34861188-54e8-47d4-a375-d76917e26236','Phnom Penh','Asia/Phnom_Penh',1,NULL,NULL),
('35d49117-966c-4613-b1a7-fd997eace692','Guyana','America/Guyana',1,NULL,NULL),
('35fda2a4-3427-4117-a58a-fd5975aaa00a','Tel Aviv','Asia/Tel_Aviv',1,NULL,NULL),
('364d5609-2929-45ae-b3cb-c2c5c4d1c8bb','Mawson','Antarctica/Mawson',1,NULL,NULL),
('380b95e3-5b57-444e-93c2-ebffc83b2943','Saipan','Pacific/Saipan',1,NULL,NULL),
('3836ca84-76d7-46cc-b0c4-c141931f14ad','Port of Spain','America/Port_of_Spain',1,NULL,NULL),
('38480d93-6357-428e-b5ca-0b539e038c9c','Sofia','Europe/Sofia',1,NULL,NULL),
('38f64acf-c79d-471a-aea5-3aa635d64970','St Barthelemy','America/St_Barthelemy',1,NULL,NULL),
('394b2e9c-5cfb-4265-8aed-33d19de35280','Windhoek','Africa/Windhoek',1,NULL,NULL),
('39ee90b4-404c-4323-923c-732e94be89fd','Truk','Pacific/Truk',1,NULL,NULL),
('3ad59ddc-c34d-40a0-b35b-68c58c799f92','Kentucky - Louisville','America/Kentucky/Louisville',1,NULL,NULL),
('3b4824e4-f0be-436b-a452-041f060b5cd3','Ceuta','Africa/Ceuta',1,NULL,NULL),
('3c3c1a18-6b10-476d-82e1-2576e8cd1394','Katmandu','Asia/Katmandu',1,NULL,NULL),
('3c4147a1-7e49-4993-8906-7e1514d1dbfe','Istanbul','Asia/Istanbul',1,NULL,NULL),
('3c608846-4bf1-46e6-8b24-1ec88e88dd7e','Juneau','America/Juneau',1,NULL,NULL),
('3db88213-daca-4a5a-8266-c8f695f19de6','Marquesas','Pacific/Marquesas',1,NULL,NULL),
('3e26110b-6e3d-4eb5-acd3-ac9155948454','Chongqing','Asia/Chongqing',1,NULL,NULL),
('3eb48ec6-8b76-41f0-9cfa-8c8435f89f62','Mayotte','Indian/Mayotte',1,NULL,NULL),
('3fe16be0-8ad7-4260-880c-91c65e4bd346','Jayapura','Asia/Jayapura',1,NULL,NULL),
('4016c9a8-a078-484f-bc4a-7b70aa543c3d','Tegucigalpa','America/Tegucigalpa',1,NULL,NULL),
('403d4f2f-43f8-4586-92c8-ae5511f96348','Samarkand','Asia/Samarkand',1,NULL,NULL),
('413b92eb-7fdf-4226-8f1b-77a8e7ac4f33','Abidjan','Africa/Abidjan',1,NULL,NULL),
('41571047-043b-4b95-ad62-9fc4ce685f38','Argentina - Catamarca','America/Argentina/Catamarca',1,NULL,NULL),
('41582a5f-1d16-4ac9-a0d2-96b9fd4ed95d','Djibouti','Africa/Djibouti',1,NULL,NULL),
('4198f11a-8e7b-4ebe-96a9-2ab1f22e4459','Montserrat','America/Montserrat',1,NULL,NULL),
('42ace9ed-9a75-4ed8-9c58-1b6c296ed9ac','Malta','Europe/Malta',1,NULL,NULL),
('43139cf2-5d9e-4817-bc67-825699f05366','Sarajevo','Europe/Sarajevo',1,NULL,NULL),
('431dd1d3-f2ed-4c0c-be7f-ec05ad88c020','St Kitts','America/St_Kitts',1,NULL,NULL),
('441b644c-4723-4a13-8ad3-4797072d4026','Asmara','Africa/Asmara',1,NULL,NULL),
('44d09819-e01e-4a61-b3ad-ffa51f31654c','Nome','America/Nome',1,NULL,NULL),
('45d64ba3-0d31-4c45-a78c-692591e5cbe5','DumontDUrville','Antarctica/DumontDUrville',1,NULL,NULL),
('4619151f-6f45-49d1-b80c-462dcd77c50b','Rarotonga','Pacific/Rarotonga',1,NULL,NULL),
('46b7dc7f-71a0-4897-a8a5-22360f03d43b','Port Moresby','Pacific/Port_Moresby',1,NULL,NULL),
('46d3d696-46ed-4e45-984f-219cae546194','Aqtobe','Asia/Aqtobe',1,NULL,NULL),
('473987a5-4a58-4800-b13d-926502206474','Vatican','Europe/Vatican',1,NULL,NULL),
('47960236-02d5-4c0e-af32-1ec9dda703f3','Majuro','Pacific/Majuro',1,NULL,NULL),
('48430de5-ba7a-4c0c-9ce1-ca7f4d2faac0','Gibraltar','Europe/Gibraltar',1,NULL,NULL),
('4b23a6ac-2734-4630-8c29-94fd258ad04c','Noumea','Pacific/Noumea',1,NULL,NULL),
('4b274a70-1cfa-47c7-a6a3-65cdab5ef4e9','Madrid','Europe/Madrid',1,NULL,NULL),
('4b3837a8-22e8-4a85-93be-6cf8d5653002','Omsk','Asia/Omsk',1,NULL,NULL),
('4bafd8b5-be8c-49a5-b5e7-98536a0a3056','Coral Harbour','America/Coral_Harbour',1,NULL,NULL),
('4d596f5b-dfbd-4817-88d3-317c88290a59','San Marino','Europe/San_Marino',1,NULL,NULL),
('4da42588-29a1-4e47-a31c-5a4f93569856','Maputo','Africa/Maputo',1,NULL,NULL),
('4e0bff38-d2a8-477b-b7d7-573bae01bba5','Samoa','Pacific/Samoa',1,NULL,NULL),
('4e37be2b-bae3-47e7-bf48-d48be897b407','Curacao','America/Curacao',1,NULL,NULL),
('4e4d9df0-902d-4efb-a6a4-fd382ac66a44','Podgorica','Europe/Podgorica',1,NULL,NULL),
('4f927b7e-3708-4709-b7a2-6c20aef70a2e','Bangui','Africa/Bangui',1,NULL,NULL),
('4f9fcbf6-e6c8-4c0d-83ef-112e4bce83fd','Mendoza','America/Mendoza',1,NULL,NULL),
('509634f2-8038-4dc1-9c5e-ee9b9253f633','Maceio','America/Maceio',1,NULL,NULL),
('50e4c170-3eec-455b-be7e-1a305b19fef0','Lagos','Africa/Lagos',1,NULL,NULL),
('512efa1f-96d6-4847-940c-5c82351fa6f1','Rankin Inlet','America/Rankin_Inlet',1,NULL,NULL),
('518f2baf-09e7-47ac-b1ab-1287d9bda9ab','Santo Domingo','America/Santo_Domingo',1,NULL,NULL),
('5191e34c-908c-44e6-a43f-b17eced97d21','Brunei','Asia/Brunei',1,NULL,NULL),
('535c9b19-3614-49fd-9d09-9c9d46c3204d','Monaco','Europe/Monaco',1,NULL,NULL),
('55aa8593-9ce7-4ee5-a10b-62da00bb9dd1','Kabul','Asia/Kabul',1,NULL,NULL),
('560d8836-b4a5-4a0d-96aa-fe2fbbd3ef77','Whitehorse','America/Whitehorse',1,NULL,NULL),
('565c6769-66d1-4f83-b406-b062332b698c','Indiana - Tell City','America/Indiana/Tell_City',1,NULL,NULL),
('565f0e06-8f5d-491b-bfdd-998dca5e066f','South Pole','Antarctica/South_Pole',1,NULL,NULL),
('5779c88c-efb2-4acc-97e0-672e7ff137e4','Yancowinna','Australia/Yancowinna',1,NULL,NULL),
('581f249b-b9f1-40ab-958b-7e0999320d3d','Caracas','America/Caracas',1,NULL,NULL),
('58460987-4614-42b3-ae27-e68db41a7e94','Rome','Europe/Rome',1,NULL,NULL),
('58896d94-6379-410f-9203-1b55c4622142','Victoria','Australia/Victoria',1,NULL,NULL),
('5978f157-e832-4b58-ab05-97a62f462fa6','Bissau','Africa/Bissau',1,NULL,NULL),
('59cf9979-d6a2-4c63-a55c-aa6e75911835','Rainy River','America/Rainy_River',1,NULL,NULL),
('5b81d75a-f317-4719-b9be-4bbfb2013c2f','Canary','Atlantic/Canary',1,NULL,NULL),
('5bc15dc5-2a65-4810-9d06-94e755108897','Volgograd','Europe/Volgograd',1,NULL,NULL),
('5cdecdd3-fa41-455a-b2a2-b71899f4d190','Kuching','Asia/Kuching',1,NULL,NULL),
('5d30aadb-5c07-4b7f-a8af-bcef86576a10','Jakarta','Asia/Jakarta',1,NULL,NULL),
('5d60de9f-6732-47e2-af4d-2a8e2717695e','Casablanca','Africa/Casablanca',1,NULL,NULL),
('5eab2f64-5d09-4dbd-969f-fefbbd5e4293','Cayman','America/Cayman',1,NULL,NULL),
('5f1bd70d-46dc-49fd-9fa5-1df943266d16','Skopje','Europe/Skopje',1,NULL,NULL),
('631bd9b1-a48d-4096-9a2e-a5ed591bb450','Puerto Rico','America/Puerto_Rico',1,NULL,NULL),
('6419873c-bec5-4c38-8c18-85557f18aa73','Niamey','Africa/Niamey',1,NULL,NULL),
('644cd27e-8fe5-485c-9704-8e8df69a7c82','Kiritimati','Pacific/Kiritimati',1,NULL,NULL),
('646e3ae7-9cd3-4605-b0da-ef60058cdf1d','Kinshasa','Africa/Kinshasa',1,NULL,NULL),
('64aa50ca-f422-468e-8830-647905fa41c8','Moncton','America/Moncton',1,NULL,NULL),
('658698c9-2d60-4d4e-8d18-85d1c0a86bde','Ujung Pandang','Asia/Ujung_Pandang',1,NULL,NULL),
('661a0a76-8980-4094-afa6-9902ddbef9fb','Fiji','Pacific/Fiji',1,NULL,NULL),
('6637f1d2-cbb6-45cc-8e61-5ae0b43c3aa4','Faroe','Atlantic/Faroe',1,NULL,NULL),
('667298f8-f154-4b18-a041-e7f3d8db30ff','Lisbon','Europe/Lisbon',1,NULL,NULL),
('66938630-1417-4784-9403-4e88a8e74fa9','Reykjavik','Atlantic/Reykjavik',1,NULL,NULL),
('66c64039-9b9e-41e7-9be4-44f74f178be1','Indiana - Winamac','America/Indiana/Winamac',1,NULL,NULL),
('66d36fc6-8f16-476b-bddc-b509ef8e0930','Puerto Rico (Atlantic)','America/Puerto_Rico',1,NULL,NULL),
('6783a787-2fc4-4adf-a34d-b55a3ed608be','Ashkhabad','Asia/Ashkhabad',1,NULL,NULL),
('6784071a-d069-44b7-8142-fc4af62172ef','Vienna','Europe/Vienna',1,NULL,NULL),
('6793e39a-2559-4716-8779-4dc274ff370b','Eucla','Australia/Eucla',1,NULL,NULL),
('67b3682d-89a0-47a7-8314-618adf85113c','Chagos','Indian/Chagos',1,NULL,NULL),
('683b9c53-24b5-432b-85f3-71bd3d6a0097','Martinique','America/Martinique',1,NULL,NULL),
('68b70062-f322-4e79-91ee-2a06f0f576bf','Vostok','Antarctica/Vostok',1,NULL,NULL),
('68d6838d-0bb8-4b3c-af72-b5d25e605e7a','Indianapolis','America/Indianapolis',1,NULL,NULL),
('69010a48-cf30-42e2-8a1c-85c0ee90cc5f','Berlin','Europe/Berlin',1,NULL,NULL),
('699e43f8-6d85-4d93-8dcc-9b9163f3ac00','Oral','Asia/Oral',1,NULL,NULL),
('6ac9ceea-9e3e-4f57-a7aa-57df58d10846','Dawson','America/Dawson',1,NULL,NULL),
('6b576b88-17bb-4ad7-a62c-d128ab259643','ACT','Australia/ACT',1,NULL,NULL),
('6b63fdf6-d17c-409e-ba9e-32f8910f8d5e','Jerusalem','Asia/Jerusalem',1,NULL,NULL),
('6b9c7c69-3518-43b2-9054-28b7a6c6357e','Athens','Europe/Athens',1,NULL,NULL),
('6cee338b-89c3-4451-b016-1e7d6302aeab','Chisinau','Europe/Chisinau',1,NULL,NULL),
('6d48f612-4a6c-4b94-8db4-ff4ad5cd9d43','St Lucia','America/St_Lucia',1,NULL,NULL),
('6ede59d1-2e99-4121-8b25-180738d35fb3','Gaza','Asia/Gaza',1,NULL,NULL),
('6f467d91-40aa-4653-a1c9-de508660afb1','Atikokan','America/Atikokan',1,NULL,NULL),
('6f82be45-7199-412d-b277-a0b00308ba60','Stanley','Atlantic/Stanley',1,NULL,NULL),
('706cf7e7-9b7f-4c0e-859a-4d70bbf99f8d','Cambridge Bay','America/Cambridge_Bay',1,NULL,NULL),
('709bfbe9-6fc8-4d11-9e20-fb1cb9c70151','Anguilla','America/Anguilla',1,NULL,NULL),
('7231c21f-4433-4240-866f-f6f71909c271','Oslo','Europe/Oslo',1,NULL,NULL),
('72654ec8-eb95-444d-84b7-52279b6fd44d','Indiana - Vevay','America/Indiana/Vevay',1,NULL,NULL),
('72854b4c-17eb-4659-93d5-82f69735e9ef','Conakry','Africa/Conakry',1,NULL,NULL),
('73343ba7-ca13-4b5c-a46d-c443c0ed0e6e','Baku','Asia/Baku',1,NULL,NULL),
('734be1d5-c438-4569-a8e8-1375ee962121','Managua','America/Managua',1,NULL,NULL),
('73be224b-ac23-421c-bb31-d95c0a3f9ee9','Mogadishu','Africa/Mogadishu',1,NULL,NULL),
('73f44b6a-1353-4308-9c12-9a9dcbe67647','Tarawa','Pacific/Tarawa',1,NULL,NULL),
('740cf6f3-c4fc-4c45-a55a-059f39fb7632','St Johns','America/St_Johns',1,NULL,NULL),
('7469307c-1458-410e-aa06-4ed92043810e','Chatham','Pacific/Chatham',1,NULL,NULL),
('7537f1ba-37d7-410a-90c3-c5af0ebe69c1','Azores','Atlantic/Azores',1,NULL,NULL),
('7554965b-78af-4272-bf48-76b217255f11','Guadalcanal','Pacific/Guadalcanal',1,NULL,NULL),
('75e80472-b482-4895-af77-4d84d1545d8a','Swift Current','America/Swift_Current',1,NULL,NULL),
('75ed2aa5-4f8c-4936-9430-a5164d0947c0','Ljubljana','Europe/Ljubljana',1,NULL,NULL),
('76350b97-1af3-407b-8bf1-30cf887a5a91','Edmonton','America/Edmonton',1,NULL,NULL),
('76455a65-1b7d-4f93-97e8-2d18357a02da','Taipei','Asia/Taipei',1,NULL,NULL),
('76897406-75f8-4541-aec9-931213ff8b22','Hong Kong','Asia/Hong_Kong',1,NULL,NULL),
('77195edf-a3f9-4e38-b25c-33e117e6f442','Goose Bay','America/Goose_Bay',1,NULL,NULL),
('778bf586-94b3-4720-a8d3-fca244dea7c1','North','Australia/North',1,NULL,NULL),
('77e3818a-953b-4190-bfa6-8f66c8723df2','Andorra','Europe/Andorra',1,NULL,NULL),
('78290dd1-0c4f-4b7e-b16c-6f89d21be21b','El Aaiun','Africa/El_Aaiun',1,NULL,NULL),
('78767ada-7c78-4826-8574-86de124c293f','Phoenix (MST)','America/Phoenix',1,NULL,NULL),
('789dc1f8-10d7-4700-bb2d-9f8d5280f01e','Apia','Pacific/Apia',1,NULL,NULL),
('790289ec-7ef7-4365-8948-58a37b350321','Nipigon','America/Nipigon',1,NULL,NULL),
('79434ea8-4a8f-4e4b-af34-5495b3ec936f','Gambier','Pacific/Gambier',1,NULL,NULL),
('79780ede-27c3-4f63-a26d-ec61e2ca79a5','Porto Velho','America/Porto_Velho',1,NULL,NULL),
('79d75fb5-76fe-4186-9a83-4ec947615751','Johnston','Pacific/Johnston',1,NULL,NULL),
('7b0efe61-0d1c-4876-8b3d-2dc823a0f2bc','Merida','America/Merida',1,NULL,NULL),
('7c91450b-7141-4c16-81da-6fdf0d8de436','Argentina - Ushuaia','America/Argentina/Ushuaia',1,NULL,NULL),
('7cf0fb13-fd24-44f4-af36-4d4055b5059c','Pitcairn','Pacific/Pitcairn',1,NULL,NULL),
('7d7d7034-dcae-4605-9536-c4f59b7a98f1','Cayenne','America/Cayenne',1,NULL,NULL),
('7d7e3ba6-2974-440d-b184-c3f4352e98ca','Budapest','Europe/Budapest',1,NULL,NULL),
('7d84a463-69b9-4440-83bf-4b45512b837d','Rangoon','Asia/Rangoon',1,NULL,NULL),
('7dce5c18-fe65-44c7-88f9-43fa8c6e147e','Buenos Aires','America/Buenos_Aires',1,NULL,NULL),
('7e39658f-fd08-4f16-8b5e-38796573f940','Wallis','Pacific/Wallis',1,NULL,NULL),
('7f61b7d7-3ee7-40bf-bfc7-f19e81bbd2ad','Blantyre','Africa/Blantyre',1,NULL,NULL),
('808734c6-531c-4679-b1ec-8fc325d6f775','Noronha','America/Noronha',1,NULL,NULL),
('80cd29cf-9244-4e55-a273-ec8cf52a5a4c','Yekaterinburg','Asia/Yekaterinburg',1,NULL,NULL),
('80e50140-4713-45b2-85bd-134a9c69bcdf','Helsinki','Europe/Helsinki',1,NULL,NULL),
('80eb3e44-7192-4733-acd0-9592fc828bd4','Moscow','Europe/Moscow',1,NULL,NULL),
('818dbe09-97e2-49b6-acf2-eea6555b09f1','Reunion','Indian/Reunion',1,NULL,NULL),
('819483da-9681-4aec-a1c2-942a93940854','Kaliningrad','Europe/Kaliningrad',1,NULL,NULL),
('82155444-246c-4c95-929a-7666b3e12f52','Grand Turk','America/Grand_Turk',1,NULL,NULL),
('832b8c85-73f6-43b8-8175-ce60163f4b41','Fort Wayne','America/Fort_Wayne',1,NULL,NULL),
('832e32c6-68e4-4ee6-9640-4e949fe0dbb8','Bahrain','Asia/Bahrain',1,NULL,NULL),
('83649233-a78c-4c79-87ec-1af957873b1c','New York','America/New_York',1,NULL,NULL),
('83c5cb13-64e4-45db-9218-8c468a4ca664','Johannesburg','Africa/Johannesburg',1,NULL,NULL),
('84a79477-4420-4804-948a-bdc4619144f2','Dhaka','Asia/Dhaka',1,NULL,NULL),
('84c0f417-e420-490a-b6d0-32047ae44410','Panama','America/Panama',1,NULL,NULL),
('8831fa2c-b6e7-4f8d-88c1-8fc964b93c06','Dawson Creek','America/Dawson_Creek',1,NULL,NULL),
('890862cb-6c3b-4ebb-a948-4298478000e8','Kashgar','Asia/Kashgar',1,NULL,NULL),
('8956a6e9-929e-4306-b50d-b4674a4d74e5','Kuala Lumpur','Asia/Kuala_Lumpur',1,NULL,NULL),
('89d1a319-9a52-4edf-859b-3ec485058b60','Pangnirtung','America/Pangnirtung',1,NULL,NULL),
('8b0ff52d-3072-4d8a-a118-5c5a2dc0325b','Banjul','Africa/Banjul',1,NULL,NULL),
('8bd956db-0aae-4d96-93fc-31c0797d6e2f','Manaus','America/Manaus',1,NULL,NULL),
('8c4168f9-b8d7-404e-a532-aad6ce02083d','Nassau','America/Nassau',1,NULL,NULL),
('8c762752-e351-42e4-9005-750380876ef3','Irkutsk','Asia/Irkutsk',1,NULL,NULL),
('8d40029a-b7e7-486a-8387-d78342bb2fdd','Tbilisi','Asia/Tbilisi',1,NULL,NULL),
('8da1efc7-9d8c-4ef8-a38f-da2809e7c758','Nicosia','Europe/Nicosia',1,NULL,NULL),
('8e42abe8-75dd-4110-b8cb-e768e3de56b5','Montevideo','America/Montevideo',1,NULL,NULL),
('8eabf56e-cbf8-46c3-b6a7-2aed59d3a211','Eirunepe','America/Eirunepe',1,NULL,NULL),
('8ee3c7c0-e98b-4f15-8982-d73316fa98e2','Pyongyang','Asia/Pyongyang',1,NULL,NULL),
('8f2a731c-ee5b-4619-9aea-621941709317','Mbabane','Africa/Mbabane',1,NULL,NULL),
('8fd465fb-e34c-45d0-9329-b16d513af0fc','Cocos','Indian/Cocos',1,NULL,NULL),
('907ba1a4-25e3-4375-916d-86c2f196adc8','Cancun','America/Cancun',1,NULL,NULL),
('90b4d71a-11f6-4747-8ad0-482644c71aa4','Maldives','Indian/Maldives',1,NULL,NULL),
('90c5793e-0172-42c0-a3c3-085ce135a065','Riyadh','Asia/Riyadh',1,NULL,NULL),
('9128267d-8baf-42a6-a7a7-9acf0fbf7144','Luxembourg','Europe/Luxembourg',1,NULL,NULL),
('91b7d399-9986-4885-a51e-6d75ede84f2f','Belem','America/Belem',1,NULL,NULL),
('92db1e96-2a26-42b3-b5cc-a07aa251784b','Niue','Pacific/Niue',1,NULL,NULL),
('94e16f8b-e512-48af-8549-c522ce06efd3','London','Europe/London',1,NULL,NULL),
('956abd94-7df7-4117-8eb9-bafac09228cc','Ashgabat','Asia/Ashgabat',1,NULL,NULL),
('969068ba-74df-4428-be70-396be58afb73','Mexico City','America/Mexico_City',1,NULL,NULL),
('96d62c25-0ff6-4f5a-8345-c7d32efbc379','Funafuti','Pacific/Funafuti',1,NULL,NULL),
('96eb216d-945f-4f9b-a990-7bb86a9bf430','Halifax','America/Halifax',1,NULL,NULL),
('97c174f5-0a15-4a89-869b-42a740f7cc65','Araguaina','America/Araguaina',1,NULL,NULL),
('98f1fc95-5aa9-4caa-8159-d1e95dae575c','St Helena','Atlantic/St_Helena',1,NULL,NULL),
('994878c7-613f-430c-8f04-c6432c0981f5','Tokyo','Asia/Tokyo',1,NULL,NULL),
('9962c75b-3a69-4963-8ffd-9b8e3d4b2237','Bahia','America/Bahia',1,NULL,NULL),
('99fb6dbf-e3d1-4feb-999a-82d4bcda15f5','Choibalsan','Asia/Choibalsan',1,NULL,NULL),
('9a19dbd4-92d1-498f-a802-9dd5a4d8b25b','Dublin','Europe/Dublin',1,NULL,NULL),
('9bcf41c6-582c-4458-97c8-873511919f88','Malabo','Africa/Malabo',1,NULL,NULL),
('9c0f5497-e1cd-4477-b3e7-ad2782783fe6','Hermosillo','America/Hermosillo',1,NULL,NULL),
('9e735bdc-d662-4913-b020-0efa1299bea1','Tunis','Africa/Tunis',1,NULL,NULL),
('9e92c6cd-9339-4742-b126-e622f2abacb1','Qatar','Asia/Qatar',1,NULL,NULL),
('9ea6a3a5-06b5-4c9f-b09e-ae3914fcab00','Jersey','Europe/Jersey',1,NULL,NULL),
('9fb33816-4923-4629-919d-8f5783cac863','Argentina - Cordoba','America/Argentina/Cordoba',1,NULL,NULL),
('a1d2a15c-f8a2-46d3-9d3b-7de581a4bae7','Nauru','Pacific/Nauru',1,NULL,NULL),
('a24fa09b-5d07-4f47-93a3-d4c4d001377d','Isle of Man','Europe/Isle_of_Man',1,NULL,NULL),
('a2cd19f1-c113-4dfd-97de-acfa0e38bc80','Colombo','Asia/Colombo',1,NULL,NULL),
('a36fa05c-5d0f-4d27-b21e-cfb6eb2fbbd0','Argentina - Tucuman','America/Argentina/Tucuman',1,NULL,NULL),
('a3af7dad-c8f3-4c82-8800-a3555c000994','Sao Paulo','America/Sao_Paulo',1,NULL,NULL),
('a4348a65-7fb6-4a8f-a75d-0e9ba19307d6','Fortaleza','America/Fortaleza',1,NULL,NULL),
('a46ffea2-69c0-4217-9493-3b937e9bb6cc','Zagreb','Europe/Zagreb',1,NULL,NULL),
('a47f094e-2450-4c04-ad95-4429a25177ef','Tijuana','America/Tijuana',1,NULL,NULL),
('a5274a17-1c4f-42c2-876b-7c139f10b1b1','Thunder Bay','America/Thunder_Bay',1,NULL,NULL),
('a57d74ff-9967-44f5-92d0-c73163a033e8','Catamarca','America/Catamarca',1,NULL,NULL),
('a6ca3359-d337-4793-8da7-46168eaf6f21','St Thomas','America/St_Thomas',1,NULL,NULL),
('a70b9ea8-5082-440e-a2af-e22e6e5b9949','Bogota','America/Bogota',1,NULL,NULL),
('a713df80-bce5-4a61-88a7-fb5a0e73818c','Samara','Europe/Samara',1,NULL,NULL),
('a8005754-7625-40a9-a436-7bf48c838314','Denver (Mountain)','America/Denver',1,NULL,NULL),
('a84d3ff0-eb3d-413a-afbe-1e137dd097ce','Virgin','America/Virgin',1,NULL,NULL),
('a8866df8-33e2-407e-ac08-ef64b7e05ea3','Lima','America/Lima',1,NULL,NULL),
('a8cd6a85-13d2-420f-ab0f-7a289b2c60cc','Guam','Pacific/Guam',1,NULL,NULL),
('a8e07adb-120f-427d-b96a-18244d85c985','Guatemala','America/Guatemala',1,NULL,NULL),
('a92ba7c3-80a7-4970-8465-206652216ee3','Honolulu (Hawaii)','Pacific/Honolulu',1,NULL,NULL),
('aa535498-af19-432f-8400-c4a0ed30de9a','Dacca','Asia/Dacca',1,NULL,NULL),
('aa6bd7c9-31cb-467f-b44f-b1d7734a1d25','Baghdad','Asia/Baghdad',1,NULL,NULL),
('aaa40044-47da-46ce-bb47-741952290d0f','Santiago','America/Santiago',1,NULL,NULL),
('aae5580e-b8aa-49ac-8bfc-4a2f6bbe731f','Ho Chi Minh','Asia/Ho_Chi_Minh',1,NULL,NULL),
('ac094b58-8717-49bc-9b62-d725241f2f60','Costa Rica','America/Costa_Rica',1,NULL,NULL),
('adaf3ccd-8728-4938-95b5-5fcc08793a3e','Nouakchott','Africa/Nouakchott',1,NULL,NULL),
('adc48555-9e95-440a-9b23-c677fb20bd0b','Adak','America/Adak',1,NULL,NULL),
('adea013f-99c9-415e-a3af-92a3da1db0ef','Krasnoyarsk','Asia/Krasnoyarsk',1,NULL,NULL),
('af032b79-93a8-4278-884c-bd42cb6f93a5','Magadan','Asia/Magadan',1,NULL,NULL),
('af5d6750-8018-4653-ac64-2bb028444be6','Algiers','Africa/Algiers',1,NULL,NULL),
('b02f0df7-7703-427f-bc99-ac402f860ea2','New York (Eastern)','America/New_York',1,NULL,NULL),
('b0417501-c72b-4a65-bc7d-c480a731e246','Simferopol','Europe/Simferopol',1,NULL,NULL),
('b06ac626-596e-4aa7-be32-bfac152192a1','Lome','Africa/Lome',1,NULL,NULL),
('b1801184-3f5d-4889-8a0d-04659509fede','Adelaide','Australia/Adelaide',1,NULL,NULL),
('b191f55e-34dc-431f-aa0f-96ebe46228a5','Tortola','America/Tortola',1,NULL,NULL),
('b1ba6402-8a4b-43ab-b933-a1108743610d','Phoenix','America/Phoenix',1,NULL,NULL),
('b22f4455-443f-46b5-b874-cba5f110a3d8','Damascus','Asia/Damascus',1,NULL,NULL),
('b33fa956-0ba8-4e22-9686-8daf81232f11','Ndjamena','Africa/Ndjamena',1,NULL,NULL),
('b3658f1d-d026-4828-81cc-122069037e3a','Macau','Asia/Macau',1,NULL,NULL),
('b38a2a46-a83f-4eec-b7ce-719fdc6fe831','Libreville','Africa/Libreville',1,NULL,NULL),
('b3bf21ea-419a-4e0e-9873-34f342980d45','Novokuznetsk','Asia/Novokuznetsk',1,NULL,NULL),
('b430ece8-b6dd-4cd3-a811-c2c16f1695e2','Argentina - San Luis','America/Argentina/San_Luis',1,NULL,NULL),
('b4fb6d36-516b-407d-9385-e58de01c4318','Chicago (Central)','America/Chicago',1,NULL,NULL),
('b4fea30d-5a43-47f6-b8da-b1e91aa3a0f9','Tasmania','Australia/Tasmania',1,NULL,NULL),
('b50b278d-1012-4fff-98dc-29c05c09dd39','Matamoros','America/Matamoros',1,NULL,NULL),
('b58ef577-351b-4517-a68d-49cf18bceec1','Belfast','Europe/Belfast',1,NULL,NULL),
('b6dfaab5-eab1-43db-9976-645b43092f5d','Karachi','Asia/Karachi',1,NULL,NULL),
('b6ff232a-ab21-44fd-8448-8225fce85b24','Hovd','Asia/Hovd',1,NULL,NULL),
('b7483139-3c7a-442d-8649-cb28dff0dbb8','Detroit','America/Detroit',1,NULL,NULL),
('b770e0d0-1dff-4ca2-a06f-a09f2ef02893','Winnipeg','America/Winnipeg',1,NULL,NULL),
('b7ed7f58-34a4-4a65-bbf5-b22d0c84d086','Inuvik','America/Inuvik',1,NULL,NULL),
('b83307d1-0829-4ffc-aef1-9cd76c37094d','St Vincent','America/St_Vincent',1,NULL,NULL),
('b837c081-3650-401b-90d3-5cfc8ba27c5a','Bangkok','Asia/Bangkok',1,NULL,NULL),
('b916935d-7439-45cb-88b2-777a3c8815aa','Anchorage (Alaska)','America/Anchorage',1,NULL,NULL),
('b9698619-4d25-4a17-9ad4-8c8cd7fddcf3','Tirane','Europe/Tirane',1,NULL,NULL),
('b9ad8631-db2f-4126-8c55-d1aa49fe2bf5','Lubumbashi','Africa/Lubumbashi',1,NULL,NULL),
('ba43da2a-a984-4552-a250-ee3f8083f033','Prague','Europe/Prague',1,NULL,NULL),
('ba6bebbf-5f86-419e-b972-2a7ec198f9d4','Belgrade','Europe/Belgrade',1,NULL,NULL),
('babd459f-9f7d-4ae3-aafd-1931f198fc79','Amman','Asia/Amman',1,NULL,NULL),
('bae850cf-2eee-4c42-8c95-bc1801559cdd','Thule','America/Thule',1,NULL,NULL),
('bb2f39c2-083e-4d3c-916d-4ef221dda819','Auckland','Pacific/Auckland',1,NULL,NULL),
('bbdc19da-4a7f-462d-91b1-890126362693','Comoro','Indian/Comoro',1,NULL,NULL),
('bd10e0cd-a89d-4dbb-9f1a-b0c48e4d3b19','Nicosia','Asia/Nicosia',1,NULL,NULL),
('bd1b7303-5239-49e8-a04b-06bf9de01d1e','Guadeloupe','America/Guadeloupe',1,NULL,NULL),
('bddda10a-497f-46d4-a096-aa8d5fcf923d','Saigon','Asia/Saigon',1,NULL,NULL),
('be2e96fe-8df9-45d4-899a-216616d3ec19','Dili','Asia/Dili',1,NULL,NULL),
('beb74111-c824-4ca3-845e-09019e7d8f35','South','Australia/South',1,NULL,NULL),
('bff3bc22-34ba-4162-be27-3976391cdd91','Manila','Asia/Manila',1,NULL,NULL),
('c09a2db0-0397-49c2-8fac-3a3c3a60bdaa','Currie','Australia/Currie',1,NULL,NULL),
('c0e3e27f-ebd1-4049-a05c-0e703dcbd054','Macao','Asia/Macao',1,NULL,NULL),
('c21d5e9d-011f-43b4-9e90-765dd9c6418e','Melbourne','Australia/Melbourne',1,NULL,NULL),
('c2485cab-96d8-4138-8d85-843a65eea097','Ouagadougou','Africa/Ouagadougou',1,NULL,NULL),
('c2623dfb-90e7-4dac-9951-4dd6b11025ef','Calcutta','Asia/Calcutta',1,NULL,NULL),
('c2c5b4b4-f3d8-4bb5-b5a5-7bffac232a77','Chihuahua','America/Chihuahua',1,NULL,NULL),
('c32f4ecd-a340-4d76-b2c4-4b3258cc4058','Kamchatka','Asia/Kamchatka',1,NULL,NULL),
('c3b1cdbb-6bb7-498b-89a8-0784cf14827f','Wake','Pacific/Wake',1,NULL,NULL),
('c4d52c2d-3255-41a9-adc2-5e289a749870','Atka','America/Atka',1,NULL,NULL),
('c5721763-9e44-404e-9a1c-95f588c88ad7','Aden','Asia/Aden',1,NULL,NULL),
('c599cf0e-3dda-43ec-9c2f-1cf6abee3f75','Yerevan','Asia/Yerevan',1,NULL,NULL),
('c5d604c9-520d-4921-bf57-5d4a11fc3c4d','Tashkent','Asia/Tashkent',1,NULL,NULL),
('c626ecaa-379d-4d5c-862a-a52c0dce4124','Amsterdam','Europe/Amsterdam',1,NULL,NULL),
('c6956a7a-b3d9-4a33-b521-6133f07329ca','Casey','Antarctica/Casey',1,NULL,NULL),
('c73501fe-26ab-4c8a-b944-67be64edf6ea','Enderbury','Pacific/Enderbury',1,NULL,NULL),
('c7e2df42-7193-4fb0-b3d1-8ff0d3f99606','Argentina - Salta','America/Argentina/Salta',1,NULL,NULL),
('c810f560-405c-4684-a489-5d4d895c4aef','Tripoli','Africa/Tripoli',1,NULL,NULL),
('c8271970-7a72-4023-99f8-6728640551f7','Jamaica','America/Jamaica',1,NULL,NULL),
('c90368ca-45a5-49bb-b98d-1d4a8f02e082','Fakaofo','Pacific/Fakaofo',1,NULL,NULL),
('c92d1dc4-aed4-4536-8d8b-4f3ce390d53e','Iqaluit','America/Iqaluit',1,NULL,NULL),
('c9697462-4aa2-4c2e-a59f-df0ba3cb0018','Shanghai','Asia/Shanghai',1,NULL,NULL),
('c9980bde-0d94-4833-aee9-5d32a581110e','Luanda','Africa/Luanda',1,NULL,NULL),
('ca5b46cb-4754-437a-9d7b-25c07312c9b6','Chungking','Asia/Chungking',1,NULL,NULL),
('cacb40ac-a49f-4afe-aa3b-a789fbe7d39f','Aqtau','Asia/Aqtau',1,NULL,NULL),
('cada2aa4-5669-4f9e-87d4-6002020c03c7','Los Angeles (Pacific)','America/Los_Angeles',1,NULL,NULL),
('cc14158d-0478-4867-8ea8-4acb19bb68da','Menominee','America/Menominee',1,NULL,NULL),
('cd019f5d-7ad4-4d16-9e75-b8551d1d27f4','Bucharest','Europe/Bucharest',1,NULL,NULL),
('ce09db2c-9bf7-4db2-824e-e4d23f96b7c4','Vaduz','Europe/Vaduz',1,NULL,NULL),
('cec6c2b7-4c7c-4f52-8172-b8fdaaa5b1bd','Lusaka','Africa/Lusaka',1,NULL,NULL),
('cefeee78-01e3-4c25-b685-fb938d7f7215','La Paz','America/La_Paz',1,NULL,NULL),
('cf658d2d-fdd5-4099-87f1-8a32078c85e8','Havana','America/Havana',1,NULL,NULL),
('cfed87c3-960e-4470-9fd8-2391b10b6067','Guayaquil','America/Guayaquil',1,NULL,NULL),
('d064d3aa-410f-4c78-88c6-f0b98855df1c','Yap','Pacific/Yap',1,NULL,NULL),
('d1866939-55dc-43a8-8531-08f5e673f671','Qyzylorda','Asia/Qyzylorda',1,NULL,NULL),
('d1993ab4-a978-49dd-afab-249ee3efe90b','Pontianak','Asia/Pontianak',1,NULL,NULL),
('d253007d-adc4-4aac-83c6-6fff337fae8e','Dominica','America/Dominica',1,NULL,NULL),
('d26c07fe-86e2-4f12-a324-11a90e8d35ec','Indiana - Indianapolis','America/Indiana/Indianapolis',1,NULL,NULL),
('d31360c5-b552-45e5-af2f-d6b0a03e1632','Pago Pago','Pacific/Pago_Pago',1,NULL,NULL),
('d381f26c-b684-470d-9d55-71df27ab993b','Yakutat','America/Yakutat',1,NULL,NULL),
('d3e26bee-a6cd-45f3-bd7e-e4b6bce762aa','Blanc-Sablon','America/Blanc-Sablon',1,NULL,NULL),
('d4754243-d11a-4e2c-a20d-0633e643bd15','Asmera','Africa/Asmera',1,NULL,NULL),
('d5421909-2a17-4344-bdce-51fe961e832b','Regina','America/Regina',1,NULL,NULL),
('d54bc356-fc01-48f9-bb3c-c7008b26fa34','Almaty','Asia/Almaty',1,NULL,NULL),
('d59a443c-f9b8-45a0-b5a1-1ee291d03ce6','Campo Grande','America/Campo_Grande',1,NULL,NULL),
('d5d8d7df-294f-44dd-ae56-36edc1930236','Timbuktu','Africa/Timbuktu',1,NULL,NULL),
('d66952a9-234f-48ec-9287-9d6d23c092e6','Seoul','Asia/Seoul',1,NULL,NULL),
('d6768c9e-4b6c-4a94-9913-0e648b8be05c','Monrovia','Africa/Monrovia',1,NULL,NULL),
('d68d6132-b05b-43a3-8583-4cd7d8593b4c','Grenada','America/Grenada',1,NULL,NULL),
('d69140c7-9f7e-4317-9e35-b5bff2ce2a55','Glace Bay','America/Glace_Bay',1,NULL,NULL),
('d70c69ae-3809-4f7d-8cda-15885754adfe','Santa Isabel','America/Santa_Isabel',1,NULL,NULL),
('d71a5592-b6f8-47cb-9135-446d15f66177','Indiana - Petersburg','America/Indiana/Petersburg',1,NULL,NULL),
('d7550816-a659-4f20-8895-46caf1bbaf44','Warsaw','Europe/Warsaw',1,NULL,NULL),
('d79e71ed-0fde-4244-bff0-5120ef548abd','Bishkek','Asia/Bishkek',1,NULL,NULL),
('d7ac81f2-e72e-41f4-97fa-bc38514ae54e','Brisbane','Australia/Brisbane',1,NULL,NULL),
('d9f13bd8-959d-4a19-a20d-5b023d8e801e','Brazzaville','Africa/Brazzaville',1,NULL,NULL),
('d9f74650-ea50-401c-9dc0-ac76963debd6','Syowa','Antarctica/Syowa',1,NULL,NULL),
('daa1b778-9735-4d93-9adf-f438b36c64fd','Recife','America/Recife',1,NULL,NULL),
('dc6cc613-877a-4fab-9f30-562290bc784a','Indiana - Knox','America/Indiana/Knox',1,NULL,NULL),
('dca78162-94a0-4f08-bc49-7069a504c14b','North Dakota - New Salem','America/North_Dakota/New_Salem',1,NULL,NULL),
('dd4e9783-2143-429a-a772-bbf0c17dfea2','Boa Vista','America/Boa_Vista',1,NULL,NULL),
('ddfba21f-8820-44d6-9062-0eca9e2d8c29','Madeira','Atlantic/Madeira',1,NULL,NULL),
('de1cb91e-50e5-478b-8e94-93904b5bd745','Urumqi','Asia/Urumqi',1,NULL,NULL),
('de4d436f-010d-4d65-8175-50cf4035d1ef','UTC','UTC',1,NULL,NULL),
('de9325f8-ef04-4647-92f8-369c506d6717','Kathmandu','Asia/Kathmandu',1,NULL,NULL),
('ded6b39d-aee0-439d-a3c7-340b88d40aed','Bermuda','Atlantic/Bermuda',1,NULL,NULL),
('df19b7b5-40ca-47b2-b98b-3afee99bda6e','Denver','America/Denver',1,NULL,NULL),
('df2b4f34-810a-4114-a98e-a102a79bb109','Harbin','Asia/Harbin',1,NULL,NULL),
('e0c0e5e8-aee2-470a-bce9-b786f4a0c616','Kigali','Africa/Kigali',1,NULL,NULL),
('e1ae7022-20b7-4531-86d5-f95746dd5994','Ulaanbaatar','Asia/Ulaanbaatar',1,NULL,NULL),
('e1b67b1f-492e-4547-bead-9755003106b9','Zurich','Europe/Zurich',1,NULL,NULL),
('e1ec1089-fc14-4eaf-92b6-f10e5a4c5e16','Kosrae','Pacific/Kosrae',1,NULL,NULL),
('e2a42535-f12c-4059-8728-16b34e06dcf5','Montreal','America/Montreal',1,NULL,NULL),
('e4b0af14-2c43-4065-8a11-e4bef347f2ea','Argentina - Mendoza','America/Argentina/Mendoza',1,NULL,NULL),
('e5317bb8-50d4-4dd8-b07b-e79ce3fe1bea','Copenhagen','Europe/Copenhagen',1,NULL,NULL),
('e60d2c53-2ba1-423f-aeb3-a7b9f1be93d1','Argentina - ComodRivadavia','America/Argentina/ComodRivadavia',1,NULL,NULL),
('e64bba2e-de00-44ea-8492-6bec141e73ff','Ojinaga','America/Ojinaga',1,NULL,NULL),
('e651f0fe-d94c-4628-8cc2-f4ed42bf3be6','Miquelon','America/Miquelon',1,NULL,NULL),
('e752f856-b3e1-41a3-8dc6-9412674e197f','Darwin','Australia/Darwin',1,NULL,NULL),
('e787a392-37c1-44d3-98c3-0d1f2fb302b3','Ulan Bator','Asia/Ulan_Bator',1,NULL,NULL),
('e7ac9fab-5519-4cd0-b1e1-1bf69766ec95','Canberra','Australia/Canberra',1,NULL,NULL),
('e8dafdf4-907d-483a-85c3-3fa0e29f9861','Kwajalein','Pacific/Kwajalein',1,NULL,NULL),
('e951ab09-797d-4a1a-ac4e-454ebef1e883','El Salvador','America/El_Salvador',1,NULL,NULL),
('e9823a6b-dfd6-4e03-a3b1-63cc24bafc7b','Riga','Europe/Riga',1,NULL,NULL),
('e9a4c4e3-f7d6-4f28-a3f1-1f2c386eceac','Dushanbe','Asia/Dushanbe',1,NULL,NULL),
('ebb127e2-6995-4345-ad26-2cc43910ea5e','Vladivostok','Asia/Vladivostok',1,NULL,NULL),
('ec28f60e-0927-4590-9d8a-97e1b768c347','Paramaribo','America/Paramaribo',1,NULL,NULL),
('ee14ac19-e2f3-4724-9e1f-42a98e09ee91','Tahiti','Pacific/Tahiti',1,NULL,NULL),
('ee1e62b1-d349-41fe-b0d2-c68e9bf0c751','Kuwait','Asia/Kuwait',1,NULL,NULL),
('ee344e23-749a-4d36-a5ff-c5879570f971','Mariehamn','Europe/Mariehamn',1,NULL,NULL),
('ee7e91db-c27b-4046-a590-d345497e239d','Sao Tome','Africa/Sao_Tome',1,NULL,NULL),
('f007f956-13b6-4ea5-9f22-173a098583f9','Novosibirsk','Asia/Novosibirsk',1,NULL,NULL),
('f01c2096-1fc5-4ba1-a4c6-bb741056d230','Anadyr','Asia/Anadyr',1,NULL,NULL),
('f10e5428-7652-40f1-bfac-55c9f6079d84','Sakhalin','Asia/Sakhalin',1,NULL,NULL),
('f131c37b-c4c1-4a1e-8ffd-cb45de68e1aa','Tongatapu','Pacific/Tongatapu',1,NULL,NULL),
('f1b887cf-0f71-4e52-aab4-70b980c5fa62','Rosario','America/Rosario',1,NULL,NULL),
('f39bcaa8-6828-45b2-b95a-842d4bc466ca','Port-au-Prince','America/Port-au-Prince',1,NULL,NULL),
('f4346509-b910-45d9-a808-20cb3c282f49','Bujumbura','Africa/Bujumbura',1,NULL,NULL),
('f45707c8-9530-4c1a-bf64-e17cd5299233','Faeroe','Atlantic/Faeroe',1,NULL,NULL),
('f4efe850-9598-40ef-8ec6-6f0dacd734e5','Knox IN','America/Knox_IN',1,NULL,NULL),
('f529ff17-1511-44f5-bfcb-b45deb23d76c','Argentina - Jujuy','America/Argentina/Jujuy',1,NULL,NULL),
('f5438b8c-61a9-4e83-80c1-f425a048cec6','Bamako','Africa/Bamako',1,NULL,NULL),
('f55173f7-5d83-46b2-a1c5-0ef0f8525331','Minsk','Europe/Minsk',1,NULL,NULL),
('f6a7b7f5-7454-4c55-9fe0-292925c81b8b','Tallinn','Europe/Tallinn',1,NULL,NULL),
('f7a349e0-d1e1-4c0e-bd10-6098e167fcf4','Antananarivo','Indian/Antananarivo',1,NULL,NULL),
('f7bb19e4-865e-429f-b10d-9eedfc477c63','Gaborone','Africa/Gaborone',1,NULL,NULL),
('f8374318-fe1e-48c4-8f2a-635486747e26','Argentina - La Rioja','America/Argentina/La_Rioja',1,NULL,NULL),
('f88b7d16-0679-4f91-8663-33145d7e0af8','Christmas','Indian/Christmas',1,NULL,NULL),
('f8e08d49-5a3e-498a-8170-eba6be98fc81','Dubai','Asia/Dubai',1,NULL,NULL),
('f9ec007f-c078-4aeb-b4c5-e41d3770137d','Hobart','Australia/Hobart',1,NULL,NULL),
('fa12df55-33df-4123-8c89-5969c95b413f','Longyearbyen','Arctic/Longyearbyen',1,NULL,NULL),
('fa176ce1-794f-401c-bc06-a0c445935dcf','Kolkata','Asia/Kolkata',1,NULL,NULL),
('faae3867-fca2-4fe6-9d6d-14f10a11f131','Santarem','America/Santarem',1,NULL,NULL),
('fae47fd8-8e23-4453-82e3-d07364785ff8','Rio Branco','America/Rio_Branco',1,NULL,NULL),
('fb2eba4e-6a84-4dd4-9834-9454180128a8','Douala','Africa/Douala',1,NULL,NULL),
('fbb4d51e-7c04-469b-960f-b41e45e27e50','Paris','Europe/Paris',1,NULL,NULL),
('fe277b5c-5769-47e2-8df7-f219dc4566e1','Cairo','Africa/Cairo',1,NULL,NULL),
('feb3faf7-deb3-40e7-9919-ce138ee16253','Cape Verde','Atlantic/Cape_Verde',1,NULL,NULL),
('ffeeae71-6f9b-44f4-b785-132878cee600','Kerguelen','Indian/Kerguelen',1,NULL,NULL);

--
-- Table structure for table `user_details`
--

CREATE TABLE `user_details` (
  `id` char(36) COLLATE utf8mb4_unicode_ci NOT NULL,
  `user_id` int(10) unsigned NOT NULL,
  `name` varchar(191) COLLATE utf8mb4_unicode_ci NOT NULL,
  `mobile` varchar(191) COLLATE utf8mb4_unicode_ci NOT NULL,
  `email` varchar(150) COLLATE utf8mb4_unicode_ci NOT NULL,
  `address` varchar(500) COLLATE utf8mb4_unicode_ci DEFAULT NULL,
  `state` varchar(50) COLLATE utf8mb4_unicode_ci DEFAULT NULL,
  `city` varchar(50) COLLATE utf8mb4_unicode_ci DEFAULT NULL,
  `country` int(10) unsigned NOT NULL,
  `country_code` varchar(191) COLLATE utf8mb4_unicode_ci DEFAULT NULL,
  `gender` enum('male','fe-male','others') COLLATE utf8mb4_unicode_ci NOT NULL,
  `profile` varchar(191) COLLATE utf8mb4_unicode_ci DEFAULT NULL,
  `token` varchar(191) COLLATE utf8mb4_unicode_ci DEFAULT NULL,
  `token_expiry` timestamp NULL DEFAULT NULL,
  `device_token` varchar(191) COLLATE utf8mb4_unicode_ci DEFAULT NULL,
  `login_by` varchar(191) COLLATE utf8mb4_unicode_ci DEFAULT NULL,
  `created_at` timestamp NULL DEFAULT NULL,
  `updated_at` timestamp NULL DEFAULT NULL,
  `deleted_at` timestamp NULL DEFAULT NULL,
  PRIMARY KEY (`id`),
  KEY `user_details_user_id_foreign` (`user_id`),
  KEY `user_details_country_foreign` (`country`),
  CONSTRAINT `user_details_country_foreign` FOREIGN KEY (`country`) REFERENCES `countries` (`id`) ON DELETE CASCADE,
  CONSTRAINT `user_details_user_id_foreign` FOREIGN KEY (`user_id`) REFERENCES `users` (`id`) ON DELETE CASCADE
) ENGINE=InnoDB DEFAULT CHARSET=utf8mb4 COLLATE=utf8mb4_unicode_ci;

--
-- Dumping data for table `user_details`
--


--
-- Table structure for table `user_driver_notifications`
--

CREATE TABLE `user_driver_notifications` (
  `id` char(36) COLLATE utf8mb4_unicode_ci NOT NULL,
  `notify_id` char(36) COLLATE utf8mb4_unicode_ci NOT NULL,
  `user_id` int(10) unsigned DEFAULT NULL,
  `driver_id` int(10) unsigned DEFAULT NULL,
  `is_read` tinyint(1) NOT NULL DEFAULT 0,
  `read_at` timestamp NULL DEFAULT NULL,
  `push_enum` varchar(191) COLLATE utf8mb4_unicode_ci DEFAULT NULL,
  `title` varchar(191) COLLATE utf8mb4_unicode_ci DEFAULT NULL,
  `body` longtext COLLATE utf8mb4_unicode_ci DEFAULT NULL,
  `image` varchar(191) COLLATE utf8mb4_unicode_ci DEFAULT NULL,
  `data` longtext COLLATE utf8mb4_unicode_ci DEFAULT NULL,
  `created_at` timestamp NULL DEFAULT NULL,
  `updated_at` timestamp NULL DEFAULT NULL,
  `deleted_at` timestamp NULL DEFAULT NULL,
  `chat_id` varchar(191) COLLATE utf8mb4_unicode_ci DEFAULT NULL,
  PRIMARY KEY (`id`),
  KEY `user_driver_notifications_notify_id_foreign` (`notify_id`),
  KEY `user_driver_notifications_user_id_foreign` (`user_id`),
  KEY `user_driver_notifications_driver_id_foreign` (`driver_id`),
  CONSTRAINT `user_driver_notifications_driver_id_foreign` FOREIGN KEY (`driver_id`) REFERENCES `drivers` (`id`) ON DELETE CASCADE,
  CONSTRAINT `user_driver_notifications_notify_id_foreign` FOREIGN KEY (`notify_id`) REFERENCES `notifications` (`id`) ON DELETE CASCADE,
  CONSTRAINT `user_driver_notifications_user_id_foreign` FOREIGN KEY (`user_id`) REFERENCES `users` (`id`) ON DELETE CASCADE
) ENGINE=InnoDB DEFAULT CHARSET=utf8mb4 COLLATE=utf8mb4_unicode_ci;

--
-- Dumping data for table `user_driver_notifications`
--

INSERT INTO `user_driver_notifications` VALUES
('0b706232-cc04-4823-ab2d-0be45ead162f','b3b14255-2185-4376-a53c-beb9cd3a4767',NULL,1,1,NULL,NULL,NULL,NULL,NULL,NULL,'2025-07-11 06:11:52','2025-07-11 06:17:28',NULL,NULL),
('3a7a1818-4a00-490c-9067-17baa192bef2','7b29075a-5e81-4137-8598-2a38c3a0fad1',NULL,1,0,NULL,NULL,NULL,NULL,NULL,NULL,'2025-07-11 08:18:39','2025-07-11 08:18:39',NULL,NULL),
('770c3e7e-28b3-4848-ad5d-cd54863b7625','510a1ca1-3217-40a8-82b6-d81e804b5c12',NULL,1,0,NULL,NULL,NULL,NULL,NULL,NULL,'2025-07-11 08:21:42','2025-07-11 08:21:42',NULL,NULL),
('d6ab4c65-da50-4e6c-8d7f-b657d7eceab1','b3b14255-2185-4376-a53c-beb9cd3a4767',2,NULL,1,NULL,NULL,NULL,NULL,NULL,NULL,'2025-07-11 06:11:52','2025-07-11 08:42:03',NULL,NULL),
('e7499db7-f2c5-4176-99b0-7b199d362898','9ea5b54c-d961-4a84-9f07-49d3bd9e5abe',NULL,1,0,NULL,NULL,NULL,NULL,NULL,NULL,'2025-07-11 08:20:55','2025-07-11 08:20:55',NULL,NULL);

--
-- Table structure for table `user_wallet`
--

CREATE TABLE `user_wallet` (
  `id` char(36) COLLATE utf8mb4_unicode_ci NOT NULL,
  `user_id` int(10) unsigned NOT NULL,
  `amount_added` double(10,2) NOT NULL DEFAULT 0.00,
  `amount_balance` double(10,2) NOT NULL DEFAULT 0.00,
  `amount_spent` double(10,2) NOT NULL DEFAULT 0.00,
  `created_at` timestamp NULL DEFAULT NULL,
  `updated_at` timestamp NULL DEFAULT NULL,
  PRIMARY KEY (`id`),
  KEY `user_wallet_user_id_foreign` (`user_id`),
  CONSTRAINT `user_wallet_user_id_foreign` FOREIGN KEY (`user_id`) REFERENCES `users` (`id`) ON DELETE CASCADE
) ENGINE=InnoDB DEFAULT CHARSET=utf8mb4 COLLATE=utf8mb4_unicode_ci;

--
-- Dumping data for table `user_wallet`
--

INSERT INTO `user_wallet` VALUES
('1040f8d0-4078-453a-87bf-fbaf375dea79',10,0.00,0.00,0.00,'2025-07-09 05:15:06','2025-07-09 05:15:06'),
('14e3fe53-d63b-4fb8-aa54-ed20f122d39c',42,0.00,0.00,0.00,'2025-07-11 09:57:53','2025-07-11 09:57:53'),
('721e6ff5-9096-42c2-8b6c-5686d32376b9',3,0.00,0.00,0.00,'2025-07-07 08:06:59','2025-07-07 08:06:59'),
('853bb122-164e-42bd-8399-057496319ec3',39,0.00,0.00,0.00,'2025-07-11 09:27:02','2025-07-11 09:27:02'),
('87d5a720-6591-4c74-8a6e-5629d2f215bf',41,0.00,0.00,0.00,'2025-07-11 09:52:45','2025-07-11 09:52:45'),
('89dddb3d-6f33-4068-9c0e-61fe7573cd0c',2,0.00,0.00,0.00,'2025-07-07 07:30:46','2025-07-07 07:30:46'),
('afe7059d-3f65-4ce6-bfed-a8f195c33762',44,0.00,0.00,0.00,'2025-07-11 10:14:30','2025-07-11 10:14:30'),
('b9013425-7b56-41e4-a874-5efee1e407b6',14,0.00,0.00,0.00,'2025-07-09 08:29:23','2025-07-09 08:29:23'),
('bcdd8269-02f5-4c5f-aa30-0da763066047',23,0.00,0.00,0.00,'2025-07-09 11:58:18','2025-07-09 11:58:18'),
('bd36c4b6-746c-4ba2-baf3-8b8142686f52',8,0.00,0.00,0.00,'2025-07-09 05:12:53','2025-07-09 05:12:53'),
('c046f0e5-6c24-47a0-aff5-4e3441d43834',11,0.00,0.00,0.00,'2025-07-09 05:21:07','2025-07-09 05:21:07'),
('c64c3095-5666-49da-af3f-c6a4c1ee0b08',38,100.00,100.00,0.00,'2025-07-11 09:19:22','2025-07-11 09:19:22'),
('ef1e2775-a195-4780-ab61-9b221d464a4b',40,0.00,0.00,0.00,'2025-07-11 09:30:13','2025-07-11 09:30:13');

--
-- Table structure for table `user_wallet_history`
--

CREATE TABLE `user_wallet_history` (
  `id` char(36) COLLATE utf8mb4_unicode_ci NOT NULL,
  `user_id` int(10) unsigned NOT NULL,
  `card_id` char(36) COLLATE utf8mb4_unicode_ci DEFAULT NULL,
  `request_id` char(36) COLLATE utf8mb4_unicode_ci DEFAULT NULL,
  `refferal_code` varchar(191) COLLATE utf8mb4_unicode_ci DEFAULT NULL,
  `transaction_id` varchar(191) COLLATE utf8mb4_unicode_ci DEFAULT NULL,
  `amount` double(10,2) NOT NULL DEFAULT 0.00,
  `conversion` varchar(191) COLLATE utf8mb4_unicode_ci DEFAULT NULL,
  `merchant` varchar(191) COLLATE utf8mb4_unicode_ci DEFAULT NULL,
  `remarks` varchar(191) COLLATE utf8mb4_unicode_ci DEFAULT NULL,
  `is_credit` tinyint(1) NOT NULL DEFAULT 0,
  `admin_id` char(36) COLLATE utf8mb4_unicode_ci DEFAULT NULL,
  `created_at` timestamp NULL DEFAULT NULL,
  `updated_at` timestamp NULL DEFAULT NULL,
  PRIMARY KEY (`id`),
  KEY `user_wallet_history_card_id_foreign` (`card_id`),
  KEY `user_wallet_history_user_id_foreign` (`user_id`),
  KEY `user_wallet_history_admin_id_foreign` (`admin_id`),
  KEY `user_wallet_history_request_id_foreign` (`request_id`),
  CONSTRAINT `user_wallet_history_admin_id_foreign` FOREIGN KEY (`admin_id`) REFERENCES `admin_details` (`id`) ON DELETE CASCADE,
  CONSTRAINT `user_wallet_history_card_id_foreign` FOREIGN KEY (`card_id`) REFERENCES `card_info` (`id`) ON DELETE CASCADE,
  CONSTRAINT `user_wallet_history_request_id_foreign` FOREIGN KEY (`request_id`) REFERENCES `requests` (`id`) ON DELETE CASCADE,
  CONSTRAINT `user_wallet_history_user_id_foreign` FOREIGN KEY (`user_id`) REFERENCES `users` (`id`) ON DELETE CASCADE
) ENGINE=InnoDB DEFAULT CHARSET=utf8mb4 COLLATE=utf8mb4_unicode_ci;

--
-- Dumping data for table `user_wallet_history`
--

INSERT INTO `user_wallet_history` VALUES
('19822e51-1141-4243-aa95-1ee0d4749829',38,NULL,NULL,NULL,'Z80xn7',100.00,NULL,NULL,'Money Deposited By Admin',1,NULL,'2025-07-11 09:19:22','2025-07-11 09:19:22');

--
-- Table structure for table `users`
--

CREATE TABLE `users` (
  `id` int(10) unsigned NOT NULL AUTO_INCREMENT,
  `name` varchar(191) COLLATE utf8mb4_unicode_ci DEFAULT NULL,
  `company_key` varchar(191) COLLATE utf8mb4_unicode_ci DEFAULT NULL,
  `username` varchar(25) COLLATE utf8mb4_unicode_ci DEFAULT NULL,
  `email` varchar(150) COLLATE utf8mb4_unicode_ci DEFAULT NULL,
  `password` varchar(191) COLLATE utf8mb4_unicode_ci DEFAULT NULL,
  `mobile` varchar(14) COLLATE utf8mb4_unicode_ci NOT NULL,
  `gender` varchar(191) COLLATE utf8mb4_unicode_ci DEFAULT NULL,
  `profile_picture` varchar(191) COLLATE utf8mb4_unicode_ci DEFAULT NULL,
  `is_deleted_at` timestamp NULL DEFAULT NULL,
  `country` int(10) unsigned DEFAULT NULL,
  `timezone` varchar(191) COLLATE utf8mb4_unicode_ci DEFAULT NULL,
  `active` tinyint(1) NOT NULL DEFAULT 1,
  `email_confirmed` tinyint(1) NOT NULL DEFAULT 0,
  `mobile_confirmed` tinyint(1) NOT NULL DEFAULT 0,
  `email_confirmation_token` varchar(191) COLLATE utf8mb4_unicode_ci DEFAULT NULL,
  `fcm_token` varchar(191) COLLATE utf8mb4_unicode_ci DEFAULT NULL,
  `apn_token` varchar(191) COLLATE utf8mb4_unicode_ci DEFAULT NULL,
  `refferal_code` varchar(191) COLLATE utf8mb4_unicode_ci DEFAULT NULL,
  `referred_by` int(10) unsigned DEFAULT NULL,
  `rating` double(8,2) NOT NULL DEFAULT 0.00,
  `lang` varchar(191) COLLATE utf8mb4_unicode_ci DEFAULT NULL,
  `rating_total` double(8,2) NOT NULL DEFAULT 0.00,
  `no_of_ratings` int(11) NOT NULL DEFAULT 0,
  `login_by` enum('android','ios') COLLATE utf8mb4_unicode_ci DEFAULT NULL,
  `remember_token` varchar(100) COLLATE utf8mb4_unicode_ci DEFAULT NULL,
  `last_known_ip` varchar(45) COLLATE utf8mb4_unicode_ci DEFAULT NULL,
  `last_login_at` timestamp NULL DEFAULT NULL,
  `social_provider` varchar(191) COLLATE utf8mb4_unicode_ci DEFAULT NULL,
  `is_bid_app` tinyint(1) NOT NULL DEFAULT 0,
  `social_nickname` varchar(191) COLLATE utf8mb4_unicode_ci DEFAULT NULL,
  `social_id` varchar(191) COLLATE utf8mb4_unicode_ci DEFAULT NULL,
  `social_token` longtext COLLATE utf8mb4_unicode_ci DEFAULT NULL,
  `social_token_secret` longtext COLLATE utf8mb4_unicode_ci DEFAULT NULL,
  `social_refresh_token` longtext COLLATE utf8mb4_unicode_ci DEFAULT NULL,
  `social_expires_in` varchar(191) COLLATE utf8mb4_unicode_ci DEFAULT NULL,
  `social_avatar` varchar(191) COLLATE utf8mb4_unicode_ci DEFAULT NULL,
  `social_avatar_original` varchar(191) COLLATE utf8mb4_unicode_ci DEFAULT NULL,
  `created_at` timestamp NULL DEFAULT NULL,
  `updated_at` timestamp NULL DEFAULT NULL,
  `authorization_code` varchar(191) COLLATE utf8mb4_unicode_ci DEFAULT NULL,
  PRIMARY KEY (`id`),
  UNIQUE KEY `users_username_unique` (`username`),
  KEY `users_country_foreign` (`country`),
  CONSTRAINT `users_country_foreign` FOREIGN KEY (`country`) REFERENCES `countries` (`id`) ON DELETE CASCADE
) ENGINE=InnoDB AUTO_INCREMENT=45 DEFAULT CHARSET=utf8mb4 COLLATE=utf8mb4_unicode_ci;

--
-- Dumping data for table `users`
--

INSERT INTO `users` VALUES
(1,'Master Admin ',NULL,NULL,'mira@mxuber.com','$2y$10$476sOG8f6kVyBiVNfxxTIOD0Fk.OG9QMYob3/060THdIdsQdGeX.O','9999999999',NULL,'tYWzjDuvJvJ8plK0bJ9IMztgsiB4Gh5HndvFdd0f.png',NULL,NULL,NULL,1,0,1,NULL,NULL,NULL,NULL,NULL,0.00,NULL,0.00,0,NULL,NULL,'219.91.135.153','2025-07-11 10:05:47',NULL,0,NULL,NULL,NULL,NULL,NULL,NULL,NULL,NULL,'2025-07-04 10:47:46','2025-07-11 10:05:47',NULL),
(2,'User Demo',NULL,NULL,'user@demo.com','$2y$10$xfM7Q7NUbFV6w2kxEdllD.A/gJdU8aU7Jkc532EhrchvZiaXiLI.a','9876543210','male','yVbwvnQX22vv0NX7Wpg1VLW5EY5ZTqT1Rkdoiyhv.png',NULL,102,'Asia/Calcutta',1,0,1,NULL,'eNrwf1BkQCGtm9njhbYWzA:APA91bGhamx0BGq-_-GEd-W8vMdhJKTf1gThfcu09uhgUlV7iNcBh1tI6GFGJxTl_yDfS8o7aY96ZbXwQvm7EwMrOfHiCdFg_cVsIt2LJ5bj5JzDn1BdGmw',NULL,'tyZOnQ',NULL,4.78,'en',86.00,18,'android',NULL,'152.58.3.3','2025-07-11 10:44:35',NULL,0,NULL,NULL,NULL,NULL,NULL,NULL,NULL,NULL,'2025-07-07 07:30:46','2025-07-11 10:44:35',NULL),
(3,'Smita',NULL,NULL,'smitapatel19july@gmail.com','$2y$10$HRD1EMltD1WMMqp8T9OgHuNkRTBlharmFCRpCaf5RcdgYan6JfDRC','9580632505','female',NULL,NULL,102,NULL,1,0,1,NULL,NULL,NULL,'ZAD1JG',NULL,0.00,'en',0.00,0,'android',NULL,'152.58.155.222','2025-07-07 08:06:59',NULL,0,NULL,NULL,NULL,NULL,NULL,NULL,NULL,NULL,'2025-07-07 08:06:59','2025-07-07 08:07:29',NULL),
(4,'Driver Demo',NULL,NULL,'driver@demo.com','$2y$10$GnTN1mRYdBETMwEn63LdTOOIsm.HWSxFr5CN75nY0/rXI7N72I4zK','9876543211',NULL,NULL,NULL,102,NULL,1,0,1,NULL,'cDH7XiwrTlW8M0PFD-T_gn:APA91bGodUupVNcf4_fDQen0nDPtXkw9pUfS8HEHr-2A3mDX5E9DeZlejEkRmBXbBg3mzJTpoaAzYF7ZhGNkweXX1ISNU3mjhrkZDsnuZvUbeOJw71nADA0',NULL,'QQHfEW',NULL,4.78,NULL,129.00,27,'android',NULL,'152.58.0.238','2025-07-11 10:46:52',NULL,0,NULL,NULL,NULL,NULL,NULL,NULL,NULL,NULL,'2025-07-07 08:22:41','2025-07-11 10:46:52',NULL),
(5,'Fleet',NULL,NULL,'owner@demo.com','$2y$10$hJ6/OPlTiA42vL3OymweQ.OzImGo3TxN5PbajNZGnnUSoMM3u.2Lu','4567 654 334',NULL,NULL,NULL,102,NULL,1,0,1,'$2y$10$oTzNkFVQsJZ4Zo9yV54VsetCT6DKFMj1rWj2rzvo8.ZS73tZTqALa',NULL,NULL,NULL,NULL,0.00,NULL,0.00,0,NULL,NULL,'223.185.41.229','2025-07-10 11:28:53',NULL,0,NULL,NULL,NULL,NULL,NULL,NULL,NULL,NULL,'2025-07-07 11:49:33','2025-07-10 11:28:53',NULL),
(6,'Fleet Driver',NULL,NULL,'fleetdriver@demo.com','$2y$10$oF3Tg9eQvJVR7CBR6lvbwOgMweAhqtARRwwMVQq15wo5xEKUCiebS','7656766789',NULL,NULL,NULL,102,NULL,1,0,1,NULL,NULL,NULL,'sgwjBJ',NULL,0.00,NULL,0.00,0,NULL,NULL,NULL,NULL,NULL,0,NULL,NULL,NULL,NULL,NULL,NULL,NULL,NULL,'2025-07-07 11:53:25','2025-07-07 11:53:25',NULL),
(7,'Fleet Driver 2',NULL,NULL,'fleetdriver2@demo.com','$2y$10$IMd7h57nhRrtBUnaOPI4zepnHDszaNolkwV0Oo.yjqHJTxZvT.Ii2','8765445678',NULL,NULL,NULL,102,NULL,1,0,1,NULL,NULL,NULL,'YO3NjA',NULL,0.00,NULL,0.00,0,NULL,NULL,NULL,NULL,NULL,0,NULL,NULL,NULL,NULL,NULL,NULL,NULL,NULL,'2025-07-07 12:00:51','2025-07-10 08:51:08',NULL),
(8,'new user',NULL,NULL,'newuser@demo.com','$2y$10$Oj2X8mva6PqIRnzF47swN.u7dDZ8qQLHKbj6Rj6DysOpz6UHlrAbe','1234567890',NULL,NULL,NULL,102,NULL,1,0,1,NULL,NULL,NULL,'w1KWEn',NULL,0.00,'en',0.00,0,'android',NULL,'223.185.39.120','2025-07-09 05:12:53',NULL,0,NULL,NULL,NULL,NULL,NULL,NULL,NULL,NULL,'2025-07-09 05:12:53','2025-07-09 05:12:53',NULL),
(9,'Dispatcher ',NULL,NULL,'dispatcher@demo.com','$2y$10$4i9ZyMvKmOOotDJM4Kd99uzR4O8A.mOyZ/aJZMEPPGXG9lMfjye12','9876543220',NULL,NULL,NULL,237,'Asia/Calcutta',1,0,1,NULL,NULL,NULL,NULL,NULL,0.00,NULL,0.00,0,NULL,NULL,'103.42.167.103','2025-07-11 06:53:23',NULL,0,NULL,NULL,NULL,NULL,NULL,NULL,NULL,NULL,'2025-07-09 05:14:57','2025-07-11 06:53:23',NULL),
(10,'new user',NULL,NULL,'newuser3101@demo.com','$2y$10$raOgwqMAx1Cl3trYLYuTAOobKh6OgSlbi6gOQol9S23xqVcR4vtQG','3214567890',NULL,NULL,NULL,102,NULL,1,0,1,NULL,NULL,NULL,'y8cnKm',NULL,0.00,'en',0.00,0,'android',NULL,'223.185.39.120','2025-07-09 05:15:06',NULL,0,NULL,NULL,NULL,NULL,NULL,NULL,NULL,NULL,'2025-07-09 05:15:06','2025-07-09 05:15:06',NULL),
(11,'new user',NULL,NULL,'newcustomer@demo.com','$2y$10$aqUFRwl2/DagazQk7SMX6.VEsBVHWtvven46IdsAj7xjw.ufnp.Ju','3214567891',NULL,'0W3tyczCnJqsl5Tx3fnY84nRUNpBVNe1x0ntQ8AO.jpg',NULL,102,'Asia/Calcutta',1,0,1,NULL,NULL,NULL,'z1gFQJ',NULL,0.00,'en',0.00,0,'android',NULL,'223.185.39.120','2025-07-09 05:22:04',NULL,0,NULL,NULL,NULL,NULL,NULL,NULL,NULL,NULL,'2025-07-09 05:21:07','2025-07-09 05:46:04',NULL),
(12,'TestDriver',NULL,NULL,'testdriver@demo.com','$2y$10$kr/Q3tW4P/5wEzFZ7bO6f.siyZEOPbXAC6oQQIVNaxDdG4MQjY6j.','9876543214','male',NULL,NULL,102,'Asia/Calcutta',1,0,1,NULL,'e75IBIVXR-GacOHNHqUnJh:APA91bEUonPxIe9n-aFxZPqjntIBfae9tmRY6qMZmLzO06AsjyFcSMklNW_I9m31GYzmCTIFMAibe4PSoy7voAOMLj_7rp0sJjEGdPMeEoQKtaYyOgCfr5E',NULL,'ROJS8K',NULL,4.00,'en',16.00,4,'android',NULL,'219.91.135.153','2025-07-11 10:51:38',NULL,0,NULL,NULL,NULL,NULL,NULL,NULL,NULL,NULL,'2025-07-09 05:26:40','2025-07-11 10:51:38',NULL),
(13,'new',NULL,NULL,'newowner@demo.com','$2y$10$AIVrOcwriR0IBBUwO43Yj.egt0D4hISo3Koc2/7TkDNHboRexS1Cq','1234 567 890',NULL,NULL,NULL,102,NULL,1,0,1,'$2y$10$0IdJ3.mLxE/Z4pfYXUwlN.fTiJJCTmOq4z1hmvl/iLvhV6Buvvj7O',NULL,NULL,NULL,NULL,0.00,NULL,0.00,0,'android',NULL,'223.185.41.229','2025-07-09 11:52:25',NULL,0,NULL,NULL,NULL,NULL,NULL,NULL,NULL,NULL,'2025-07-09 07:20:31','2025-07-09 12:24:42',NULL),
(14,'Test Dispatcher',NULL,NULL,'dispatcher@demo.com','$2y$10$OQgL2QSOxP75GbRyCPN2XORa8pS.bt140i8GlOQzRsMPvtfz/uZ/C','9876543111','male','JPanD7H3StR8ouvVdkRRjVCwtE1XvBAhWePo2vQM.jpeg',NULL,102,NULL,1,0,1,NULL,NULL,NULL,'PDEYw8',NULL,0.00,NULL,0.00,0,NULL,NULL,NULL,NULL,NULL,0,NULL,NULL,NULL,NULL,NULL,NULL,NULL,NULL,'2025-07-09 08:29:23','2025-07-09 08:29:23',NULL),
(15,'Auto',NULL,NULL,NULL,NULL,'9876543251',NULL,NULL,NULL,102,NULL,1,0,0,NULL,NULL,NULL,NULL,NULL,0.00,NULL,0.00,0,NULL,NULL,NULL,NULL,NULL,0,NULL,NULL,NULL,NULL,NULL,NULL,NULL,NULL,'2025-07-09 08:44:18','2025-07-09 08:44:18',NULL),
(16,'Automatic',NULL,NULL,NULL,NULL,'9876541231',NULL,NULL,NULL,102,NULL,1,0,0,NULL,NULL,NULL,NULL,NULL,0.00,NULL,0.00,0,NULL,NULL,NULL,NULL,NULL,0,NULL,NULL,NULL,NULL,NULL,NULL,NULL,NULL,'2025-07-09 08:50:05','2025-07-09 08:50:05',NULL),
(17,'Test',NULL,NULL,NULL,NULL,'1234567899',NULL,NULL,NULL,102,NULL,1,0,0,NULL,NULL,NULL,NULL,NULL,0.00,NULL,0.00,0,NULL,NULL,NULL,NULL,NULL,0,NULL,NULL,NULL,NULL,NULL,NULL,NULL,NULL,'2025-07-09 08:58:29','2025-07-09 08:58:29',NULL),
(18,'new fleet',NULL,NULL,'newfleet@demo.com','$2y$10$pWvx8uZSA5r0SZoQhQdAbeOnXiOaAa6qtnWH5nTAlQBt/HoE8pm7e','1234567890',NULL,NULL,NULL,102,NULL,1,0,1,NULL,NULL,NULL,'Buvr1r',NULL,0.00,NULL,0.00,0,NULL,NULL,NULL,NULL,NULL,0,NULL,NULL,NULL,NULL,NULL,NULL,NULL,NULL,'2025-07-09 09:19:18','2025-07-09 09:19:18',NULL),
(19,'new',NULL,NULL,'newdriver31@demo.com','$2y$10$IZG45YhUYU2k3Y2l8WMuS.Emp0qziVR6S/5QgjR5DCUEEvXxgBtTq','1234432112',NULL,NULL,NULL,102,NULL,1,0,1,NULL,'cYTrYJz_QxCIgv_-ah3OQo:APA91bEnhfY2Ss60UC2QeJnhGynLs2Vz5MTOUyUYGcjXRKBcuCzWji-q9LN_XEkbggSR9zHQX_-nNCle-OaxVjL_f_L2hWIieNblwv6RxeCrDzKZtEbUwRk',NULL,'M9cpBZ',NULL,5.00,NULL,30.00,6,'android',NULL,'223.185.42.218','2025-07-09 11:17:01',NULL,0,NULL,NULL,NULL,NULL,NULL,NULL,NULL,NULL,'2025-07-09 09:32:30','2025-07-09 11:25:24',NULL),
(20,'Delivery',NULL,NULL,NULL,NULL,'9874563210',NULL,NULL,NULL,102,NULL,1,0,0,NULL,NULL,NULL,NULL,NULL,0.00,NULL,0.00,0,NULL,NULL,NULL,NULL,NULL,0,NULL,NULL,NULL,NULL,NULL,NULL,NULL,NULL,'2025-07-09 09:40:37','2025-07-09 09:40:37',NULL),
(21,'test',NULL,NULL,NULL,NULL,'9876541230',NULL,NULL,NULL,102,NULL,1,0,0,NULL,NULL,NULL,NULL,NULL,0.00,NULL,0.00,0,NULL,NULL,NULL,NULL,NULL,0,NULL,NULL,NULL,NULL,NULL,NULL,NULL,NULL,'2025-07-09 10:24:29','2025-07-09 10:24:29',NULL),
(22,'twst',NULL,NULL,NULL,NULL,'7894561230',NULL,NULL,NULL,102,NULL,1,0,0,NULL,NULL,NULL,NULL,NULL,0.00,NULL,0.00,0,NULL,NULL,NULL,NULL,NULL,0,NULL,NULL,NULL,NULL,NULL,NULL,NULL,NULL,'2025-07-09 10:47:08','2025-07-09 10:47:08',NULL),
(23,'new',NULL,NULL,'newuser31@demo.com','$2y$10$/nXo5W1KzDrXsmP5Q11a.u2wrFKxAsDbxx78iwE9NQv9O/Kkm.NyC','123456789','female',NULL,NULL,102,NULL,1,0,1,NULL,NULL,NULL,'zFTw0m',NULL,0.00,NULL,0.00,0,NULL,NULL,NULL,NULL,NULL,0,NULL,NULL,NULL,NULL,NULL,NULL,NULL,NULL,'2025-07-09 11:58:18','2025-07-09 11:58:18',NULL),
(24,'new fleet',NULL,NULL,'newfleet31@demo.com','$2y$10$oXJcYTy9lCzNpSVJR2BfROKvmni1z5ZQMDyp9pqf1Wcf2XfXULQJW','12344322',NULL,NULL,NULL,102,NULL,1,0,1,NULL,NULL,NULL,'r10yZQ',NULL,0.00,NULL,0.00,0,NULL,NULL,NULL,NULL,NULL,0,NULL,NULL,NULL,NULL,NULL,NULL,NULL,NULL,'2025-07-09 11:59:51','2025-07-09 11:59:51',NULL),
(25,'driver new',NULL,NULL,'drivernew31@demo.com','$2y$10$ZFJLGIBeppveJJ5X9soVOe83LlO7Qk19j7UV5vs843z7SDUFHzIiy','122122121',NULL,NULL,NULL,102,NULL,1,0,1,NULL,NULL,NULL,'58sRnY',NULL,0.00,NULL,0.00,0,NULL,NULL,NULL,NULL,NULL,0,NULL,NULL,NULL,NULL,NULL,NULL,NULL,NULL,'2025-07-09 12:02:09','2025-07-09 12:02:09',NULL),
(26,'Taxi Driver',NULL,NULL,'taxidriver@demo.com',NULL,'9874561230',NULL,NULL,NULL,102,NULL,1,0,1,NULL,NULL,NULL,'oVrrgO',NULL,0.00,NULL,0.00,0,NULL,NULL,NULL,NULL,NULL,0,NULL,NULL,NULL,NULL,NULL,NULL,NULL,NULL,'2025-07-09 12:07:02','2025-07-09 12:07:02',NULL),
(27,'FleetDriver01',NULL,NULL,'fleetdriver01@demo.com','$2y$10$Jno3snz93jczvULI4/0tfu1zb0fAbkBsHrHihFZi/sP4jrFVhbUhK','7894561230',NULL,NULL,NULL,102,NULL,1,0,1,NULL,NULL,NULL,'kIHjAV',NULL,0.00,NULL,0.00,0,NULL,NULL,NULL,NULL,NULL,0,NULL,NULL,NULL,NULL,NULL,NULL,NULL,NULL,'2025-07-09 12:09:52','2025-07-09 12:09:52',NULL),
(29,'Fleet Driver 3',NULL,NULL,'fleetdriver3@demo.com','$2y$10$2862fAVL1V3yn1/OhreWRuTu3jizfbdBel/OcTCxlL5friN5XLHq2','8765445670',NULL,NULL,NULL,102,NULL,1,0,1,NULL,NULL,NULL,'GqoOme',NULL,0.00,NULL,0.00,0,NULL,NULL,NULL,NULL,NULL,0,NULL,NULL,NULL,NULL,NULL,NULL,NULL,NULL,'2025-07-10 09:23:18','2025-07-10 09:23:18',NULL),
(30,'Driver Demo',NULL,NULL,'driver5@demo.com','$2y$10$1QBy5CptNcFhrCMr3rxYDerNNHndIIlc8oT5BpGp8/xAY23ieyBH6','9876543220',NULL,NULL,NULL,102,NULL,1,0,1,NULL,NULL,NULL,'cXM2SG',NULL,0.00,NULL,0.00,0,NULL,NULL,NULL,NULL,NULL,0,NULL,NULL,NULL,NULL,NULL,NULL,NULL,NULL,'2025-07-10 09:24:46','2025-07-10 09:24:46',NULL),
(31,'sadfdsf',NULL,NULL,'test6@demo.com','$2y$10$gI/qPI8/BMzxoxh0uEZPV.jef4S1FebdUby4OcezwMJRqdLWdQJoW','2233661111',NULL,NULL,NULL,102,NULL,1,0,1,NULL,NULL,NULL,'79VsYR',NULL,0.00,NULL,0.00,0,NULL,NULL,NULL,NULL,NULL,0,NULL,NULL,NULL,NULL,NULL,NULL,NULL,NULL,'2025-07-10 09:25:02','2025-07-10 09:25:02',NULL),
(32,'test driver',NULL,NULL,'testDrive@demo.com','$2y$10$bF9C1W2RCdMreg6su6du6eaALWtGo5C/2/P0Gl5XmoiAY.8RiNXUq','9874563210',NULL,NULL,NULL,102,NULL,1,0,1,NULL,NULL,NULL,'AG2qUJ',NULL,0.00,NULL,0.00,0,NULL,NULL,NULL,NULL,NULL,0,NULL,NULL,NULL,NULL,NULL,NULL,NULL,NULL,'2025-07-10 11:20:08','2025-07-10 11:20:08',NULL),
(33,'testRental',NULL,NULL,NULL,NULL,'9874561230',NULL,NULL,NULL,102,NULL,1,0,0,NULL,NULL,NULL,NULL,NULL,0.00,NULL,0.00,0,NULL,NULL,NULL,NULL,NULL,0,NULL,NULL,NULL,NULL,NULL,NULL,NULL,NULL,'2025-07-10 11:36:22','2025-07-10 11:36:22',NULL),
(34,'testLaterBooking',NULL,NULL,NULL,NULL,'98764561230',NULL,NULL,NULL,102,NULL,1,0,0,NULL,NULL,NULL,NULL,NULL,0.00,NULL,0.00,0,NULL,NULL,NULL,NULL,NULL,0,NULL,NULL,NULL,NULL,NULL,NULL,NULL,NULL,'2025-07-10 11:47:31','2025-07-10 11:47:31',NULL),
(35,'Admin Demo ',NULL,NULL,'admin@demo.com','$2y$10$Qag5J4tEwvO/9P414RiNQe2kFtN4uxheXPXkVTM6e6n2mhoUYaYU2','09999996666',NULL,'7Sm7Ni68zBl405oUttbnDU3uJ3KdxRk4Bl3Saqs4.png',NULL,102,'Asia/Calcutta',1,0,1,NULL,NULL,NULL,NULL,NULL,0.00,NULL,0.00,0,NULL,NULL,'103.42.167.103','2025-07-11 08:10:45',NULL,0,NULL,NULL,NULL,NULL,NULL,NULL,NULL,NULL,'2025-07-11 04:21:51','2025-07-11 08:10:45',NULL),
(36,'Jhon Doe',NULL,NULL,NULL,NULL,'2566544123',NULL,NULL,NULL,102,NULL,1,0,0,NULL,NULL,NULL,NULL,NULL,0.00,NULL,0.00,0,NULL,NULL,NULL,NULL,NULL,0,NULL,NULL,NULL,NULL,NULL,NULL,NULL,NULL,'2025-07-11 06:45:51','2025-07-11 06:45:51',NULL),
(37,'Jhon Doe',NULL,NULL,NULL,NULL,'2411556699',NULL,NULL,NULL,102,NULL,1,0,0,NULL,NULL,NULL,NULL,NULL,0.00,NULL,0.00,0,NULL,NULL,NULL,NULL,NULL,0,NULL,NULL,NULL,NULL,NULL,NULL,NULL,NULL,'2025-07-11 07:01:32','2025-07-11 07:01:32',NULL),
(38,'Jhon Doe',NULL,NULL,NULL,NULL,'2456589999',NULL,NULL,NULL,102,NULL,1,0,0,NULL,NULL,NULL,NULL,NULL,0.00,NULL,0.00,0,NULL,NULL,NULL,NULL,NULL,0,NULL,NULL,NULL,NULL,NULL,NULL,NULL,NULL,'2025-07-11 07:05:29','2025-07-11 07:05:29',NULL),
(39,'test',NULL,NULL,'testingdem@gmail.com','$2y$10$P5TdoCNzTjFFbDtTID1BHe0i7qqTAAHhr7ZIViYBT5hoio1MeFNfK','9632587410','male',NULL,NULL,102,NULL,1,0,1,NULL,NULL,NULL,'lb7hsf',NULL,0.00,'en',0.00,0,'android',NULL,'150.129.175.254','2025-07-11 09:28:19',NULL,0,NULL,NULL,NULL,NULL,NULL,NULL,NULL,NULL,'2025-07-11 09:27:02','2025-07-11 09:29:14',NULL),
(40,'testffgh',NULL,NULL,'johndoe@gmail.com','$2y$10$Sjo3zNsooTFRBi8vM4QVZeuRv18rO/BV.QQd.dh7lcMSuhzpw.O3i','9874102365','male',NULL,NULL,102,NULL,1,0,1,NULL,'ct1SVWQ7Q0yU0CvROOeMA_:APA91bFi26CCXph1MATJMoXtLTT_0aP1JnWLbc3615gM_OCeNvvBoViQMcnx_SmO7yaRy6DctXEwwiGiGRUrhvx5xtAadr4uOFaua17NSyooK0V7SuZLFyo',NULL,'yBhyMs',NULL,0.00,'en',0.00,0,'android',NULL,'150.129.175.254','2025-07-11 09:30:13',NULL,0,NULL,NULL,NULL,NULL,NULL,NULL,NULL,NULL,'2025-07-11 09:30:13','2025-07-11 09:30:13',NULL),
(41,'newww',NULL,NULL,'new@demo.com','$2y$10$T4Q18LTzVH9TzGsjhFd8funo9sLkRyJJJ.tAGpVEmgTKR0d9Kzh3K','7710900931','male',NULL,NULL,102,'Asia/Calcutta',1,0,1,NULL,'ci2bpjNyTPCVk7bOCZ5CLO:APA91bFWt9xNFMCU4HnE6RSdpsVtf-VXplIBUGuJmfKZjTsqJCrjx0T1Gwn4hVxmPdUzekAYP9ZNc9hM8HiTZrILYrIsCdSx_5rDtErJRiiHyaaCpGj2YEE',NULL,'BeB7hH',NULL,0.00,'en',0.00,0,'android',NULL,'219.91.135.153','2025-07-11 09:52:45',NULL,0,NULL,NULL,NULL,NULL,NULL,NULL,NULL,NULL,'2025-07-11 09:52:45','2025-07-11 10:15:32',NULL),
(42,'test',NULL,NULL,'testuser@gmail.com','$2y$10$LdsQhD6wmmLMjs7uFgK6KObrfPyc08YCdfCmfnUCpE2/PY9VV2CFi','9632541078','male',NULL,NULL,102,NULL,1,0,1,NULL,NULL,NULL,'fS6vQs',NULL,0.00,'en',0.00,0,'android',NULL,'150.129.175.254','2025-07-11 09:57:53',NULL,0,NULL,NULL,NULL,NULL,NULL,NULL,NULL,NULL,'2025-07-11 09:57:53','2025-07-11 09:58:46',NULL),
(43,'test',NULL,NULL,'test@gmail.com','$2y$10$yfaq6iuiCbqYDYHC5dS3W.MPACczaBai625fOVUiMRc2yWeFBW5MS','9632587410','male',NULL,NULL,102,'Asia/Calcutta',1,0,1,NULL,'eSifPLARQwiVxVsFinLI8N:APA91bEsInrIFhuFdiJAFQYKKVes2szY6fxJKV_eW-f6SHNwGLk-oGIO2OM5as8Uvao2aidhoJnPdPCJjlb6iEStvvRGy9a24DpXSqR1wTTCibdW8xhW5NQ',NULL,'p5tT5T',NULL,4.00,'en',4.00,1,'android',NULL,'150.129.175.254','2025-07-11 10:06:29',NULL,0,NULL,NULL,NULL,NULL,NULL,NULL,NULL,NULL,'2025-07-11 10:06:29','2025-07-11 11:04:37',NULL),
(44,'test',NULL,NULL,'userdriver@gmail.com','$2y$10$rsKO7kDEgYYHu5kYCCXfg.0XGKNbenZ0x7eOtkl.ks74uHt.tgema','9653412087','male',NULL,NULL,102,'Asia/Calcutta',1,0,1,NULL,'ct1SVWQ7Q0yU0CvROOeMA_:APA91bFi26CCXph1MATJMoXtLTT_0aP1JnWLbc3615gM_OCeNvvBoViQMcnx_SmO7yaRy6DctXEwwiGiGRUrhvx5xtAadr4uOFaua17NSyooK0V7SuZLFyo',NULL,'vzXnGd',NULL,0.00,'en',0.00,0,'android',NULL,'150.129.175.254','2025-07-11 10:14:30',NULL,0,NULL,NULL,NULL,NULL,NULL,NULL,NULL,NULL,'2025-07-11 10:14:30','2025-07-11 10:18:13',NULL);

--
-- Table structure for table `users_bank_info`
--

CREATE TABLE `users_bank_info` (
  `id` char(36) COLLATE utf8mb4_unicode_ci NOT NULL,
  `user_id` int(10) unsigned NOT NULL,
  `account_name` varchar(191) COLLATE utf8mb4_unicode_ci NOT NULL,
  `account_no` varchar(191) COLLATE utf8mb4_unicode_ci NOT NULL,
  `bank_code` varchar(191) COLLATE utf8mb4_unicode_ci NOT NULL,
  `bank_name` varchar(191) COLLATE utf8mb4_unicode_ci NOT NULL,
  `created_at` timestamp NULL DEFAULT NULL,
  `updated_at` timestamp NULL DEFAULT NULL,
  PRIMARY KEY (`id`),
  KEY `users_bank_info_user_id_foreign` (`user_id`),
  CONSTRAINT `users_bank_info_user_id_foreign` FOREIGN KEY (`user_id`) REFERENCES `users` (`id`) ON DELETE CASCADE
) ENGINE=InnoDB DEFAULT CHARSET=utf8mb4 COLLATE=utf8mb4_unicode_ci;

--
-- Dumping data for table `users_bank_info`
--

INSERT INTO `users_bank_info` VALUES
('47b9039b-fd82-4cae-a334-0d7177c8b5bc',12,'gshbsbs','sbsbbdhd','hehshhd','sbsbdbhdhdbhdh','2025-07-11 10:53:17','2025-07-11 10:53:17'),
('b00c48fc-4982-4e05-a15e-b0336dfdf6cd',4,'test card','42424242424242','bank007','test bank','2025-07-09 12:46:33','2025-07-09 12:46:33');

--
-- Table structure for table `vehicle_types`
--

CREATE TABLE `vehicle_types` (
  `id` char(36) COLLATE utf8mb4_unicode_ci NOT NULL,
  `company_key` varchar(191) COLLATE utf8mb4_unicode_ci DEFAULT NULL,
  `name` varchar(191) COLLATE utf8mb4_unicode_ci NOT NULL,
  `icon` varchar(191) COLLATE utf8mb4_unicode_ci DEFAULT NULL,
  `icon_types_for` varchar(191) COLLATE utf8mb4_unicode_ci DEFAULT NULL,
  `trip_dispatch_type` enum('bidding','normal') COLLATE utf8mb4_unicode_ci DEFAULT NULL,
  `capacity` int(11) NOT NULL DEFAULT 0,
  `size` varchar(191) COLLATE utf8mb4_unicode_ci DEFAULT NULL,
  `description` text COLLATE utf8mb4_unicode_ci DEFAULT NULL,
  `short_description` text COLLATE utf8mb4_unicode_ci DEFAULT NULL,
  `supported_vehicles` text COLLATE utf8mb4_unicode_ci DEFAULT NULL,
  `is_accept_share_ride` tinyint(1) NOT NULL DEFAULT 0,
  `active` tinyint(1) NOT NULL DEFAULT 1,
  `created_at` timestamp NULL DEFAULT NULL,
  `updated_at` timestamp NULL DEFAULT NULL,
  `deleted_at` timestamp NULL DEFAULT NULL,
  `is_taxi` enum('taxi','delivery','both') COLLATE utf8mb4_unicode_ci DEFAULT NULL,
  PRIMARY KEY (`id`)
) ENGINE=InnoDB DEFAULT CHARSET=utf8mb4 COLLATE=utf8mb4_unicode_ci;

--
-- Dumping data for table `vehicle_types`
--

INSERT INTO `vehicle_types` VALUES
('078f7b99-ae23-44d3-9b01-8c9ab5d63482',NULL,'Premier Rentals','ZpkC8iFbPKhqRTbzyFAHhXNnIlIzlCwOJjmYcSHy.png','taxi','normal',6,NULL,'Premier Rentals','Premier Rentals','Audi, Toyota',0,1,'2025-07-10 04:46:44','2025-07-10 04:46:44',NULL,'taxi'),
('59b9622f-da11-49ea-bc4d-b8d95a720dde',NULL,'Courier 3W','CPiH3lh84islX43NhU8XAcDD4JUj2nWT3yo3K9WN.png','truck','normal',150,'6','Courier 3W','Courier 3W','Toyata, Tata',0,1,'2025-07-07 08:12:34','2025-07-10 04:20:35',NULL,'delivery'),
('756b348b-0a07-4df7-801a-e656a1f9d76b',NULL,'Go Rentals','hgctJCFj50pDzlYrlyG9Rw4aJSEDZ7uflaRIchnV.png','taxi','normal',4,NULL,'Go Rentals','Go Rentals','Audi',0,1,'2025-07-10 04:45:38','2025-07-10 04:45:38',NULL,'taxi'),
('760b0e28-c6f8-4f77-a5be-7f2f6813a69a',NULL,'Courier 4W','sGntr2QyYendPZa20li67EsPYU21MfWZEoSJWbRT.png','truck','normal',300,'130000','Courier 4W','package for both','all',0,1,'2025-07-09 12:05:14','2025-07-10 04:22:30',NULL,'delivery'),
('78204afd-a84d-4eb4-a3da-645413c936b8',NULL,'Premier','qWqNqBvMrqSlxEhZzFbRwvDPzUH1lVa3yNd0J0NZ.png','taxi','normal',100,'4','Premier','Premier','Audi',0,1,'2025-07-09 13:03:31','2025-07-10 04:23:51',NULL,'taxi'),
('a70b931e-c7f8-44ea-84d6-74628c56499e',NULL,'Black','LQjEYPmzExuJEgpusXrGEDW3K9ekVjw2MYgBD7Lb.png','taxi','normal',4,'4','MXUber Black','MXUber Black','Toyota, Suzuki, Audi',0,1,'2025-07-07 08:07:27','2025-07-10 04:24:48',NULL,'taxi'),
('aa7afd85-59f7-4a1c-8924-5183713b24fb',NULL,'Black Rentals','uglQAcMMxp58IUgaAyINqcQJZtedki3tcFLTCabK.png','taxi','normal',4,NULL,'Black Rentals','Black Rentals','Toyota, Audi',0,1,'2025-07-10 04:47:36','2025-07-10 04:47:36',NULL,'taxi'),
('beb287ee-a815-42af-babd-0e5172346f56',NULL,'Go Sedan','UxXfMPEj8b1iHg3fEp9F5NIhI1WmOCE3wlq1CcnU.png','taxi','normal',6,'1300','Best Travel Experience','Best Travel Experience','Audi, Tesla',0,1,'2025-07-07 08:10:03','2025-07-10 04:26:53',NULL,'taxi'),
('c3c4feb9-c030-4be9-9e18-1051de1acbfa',NULL,'MXUber Taxi','amC8x3Br3L7X7wIt9GyZvxtN6uPItAvZyGXRDKMx.png','taxi','normal',5,'500','MXUber Taxi','MXUber Taxi','Audi, Toyota',0,1,'2025-07-09 13:05:38','2025-07-10 04:27:42',NULL,'taxi'),
('d9cb40d2-007c-4f05-b20f-fb351f0cb3de',NULL,'MXUber Auto','gISrAAG5HkZGqQWIOv3psGNeagzuxo79eAdXH6sn.png','auto','normal',10,'500','MXUber Auto','MXUber Auto','Audi',0,1,'2025-07-09 13:06:21','2025-07-10 04:28:47',NULL,'taxi'),
('e4777038-2e26-41ca-9685-4538c3658112',NULL,'MXUber Go','1V6MxA5bjjnoHK2kyBqVb7cJiMJJrJnvEXjbM2t7.png','taxi','normal',4,'10','MXUber Go','MXUber Go','Toyota, Suzuki',0,1,'2025-07-07 08:09:12','2025-07-10 04:29:39',NULL,'taxi'),
('f8e15e71-c2e1-4ea6-891d-6e5f6be1de73',NULL,'Moto Bike','m1oHGVJfOixtlUBGe103UazyACYGU0xBD9350Dc4.png','motor_bike','normal',50,'4','Moto Bike','Moto Bike','Yamaha, Honda, Hero',0,1,'2025-07-07 08:11:06','2025-07-11 05:52:44',NULL,'both');

--
-- Table structure for table `wallet_withdrawal_requests`
--

CREATE TABLE `wallet_withdrawal_requests` (
  `id` int(10) unsigned NOT NULL AUTO_INCREMENT,
  `user_id` int(10) unsigned DEFAULT NULL,
  `driver_id` int(10) unsigned DEFAULT NULL,
  `owner_id` char(36) COLLATE utf8mb4_unicode_ci DEFAULT NULL,
  `requested_amount` double NOT NULL DEFAULT 0,
  `requested_currency` varchar(191) COLLATE utf8mb4_unicode_ci DEFAULT NULL,
  `status` tinyint(4) NOT NULL DEFAULT 0,
  `created_at` timestamp NULL DEFAULT NULL,
  `updated_at` timestamp NULL DEFAULT NULL,
  PRIMARY KEY (`id`),
  KEY `wallet_withdrawal_requests_driver_id_foreign` (`driver_id`),
  KEY `wallet_withdrawal_requests_user_id_foreign` (`user_id`),
  KEY `wallet_withdrawal_requests_owner_id_foreign` (`owner_id`),
  CONSTRAINT `wallet_withdrawal_requests_driver_id_foreign` FOREIGN KEY (`driver_id`) REFERENCES `drivers` (`id`) ON DELETE CASCADE,
  CONSTRAINT `wallet_withdrawal_requests_owner_id_foreign` FOREIGN KEY (`owner_id`) REFERENCES `owners` (`id`) ON DELETE CASCADE,
  CONSTRAINT `wallet_withdrawal_requests_user_id_foreign` FOREIGN KEY (`user_id`) REFERENCES `users` (`id`) ON DELETE CASCADE
) ENGINE=InnoDB DEFAULT CHARSET=utf8mb4 COLLATE=utf8mb4_unicode_ci;

--
-- Dumping data for table `wallet_withdrawal_requests`
--


--
-- Table structure for table `websockets_statistics_entries`
--

CREATE TABLE `websockets_statistics_entries` (
  `id` int(10) unsigned NOT NULL AUTO_INCREMENT,
  `app_id` varchar(191) COLLATE utf8mb4_unicode_ci NOT NULL,
  `peak_connection_count` int(11) NOT NULL,
  `websocket_message_count` int(11) NOT NULL,
  `api_message_count` int(11) NOT NULL,
  `created_at` timestamp NULL DEFAULT NULL,
  `updated_at` timestamp NULL DEFAULT NULL,
  PRIMARY KEY (`id`)
) ENGINE=InnoDB DEFAULT CHARSET=utf8mb4 COLLATE=utf8mb4_unicode_ci;

--
-- Dumping data for table `websockets_statistics_entries`
--


--
-- Table structure for table `zone_bounds`
--

CREATE TABLE `zone_bounds` (
  `id` char(36) COLLATE utf8mb4_unicode_ci NOT NULL,
  `zone_id` char(36) COLLATE utf8mb4_unicode_ci NOT NULL,
  `north` double(8,2) DEFAULT NULL,
  `east` double(8,2) DEFAULT NULL,
  `south` double(8,2) DEFAULT NULL,
  `west` double(8,2) DEFAULT NULL,
  `created_at` timestamp NULL DEFAULT NULL,
  `updated_at` timestamp NULL DEFAULT NULL,
  PRIMARY KEY (`id`),
  KEY `zone_bounds_zone_id_foreign` (`zone_id`),
  CONSTRAINT `zone_bounds_zone_id_foreign` FOREIGN KEY (`zone_id`) REFERENCES `zones` (`id`) ON DELETE CASCADE
) ENGINE=InnoDB DEFAULT CHARSET=utf8mb4 COLLATE=utf8mb4_unicode_ci;

--
-- Dumping data for table `zone_bounds`
--


--
-- Table structure for table `zone_surge_prices`
--

CREATE TABLE `zone_surge_prices` (
  `id` bigint(20) unsigned NOT NULL AUTO_INCREMENT,
  `zone_id` char(36) COLLATE utf8mb4_unicode_ci NOT NULL,
  `start_time` time NOT NULL,
  `end_time` time NOT NULL,
  `day` varchar(191) COLLATE utf8mb4_unicode_ci DEFAULT NULL,
  `value` int(11) NOT NULL COMMENT 'In percentage',
  `created_at` timestamp NULL DEFAULT NULL,
  `updated_at` timestamp NULL DEFAULT NULL,
  `deleted_at` timestamp NULL DEFAULT NULL,
  PRIMARY KEY (`id`),
  KEY `zone_surge_prices_zone_id_foreign` (`zone_id`),
  CONSTRAINT `zone_surge_prices_zone_id_foreign` FOREIGN KEY (`zone_id`) REFERENCES `zones` (`id`) ON DELETE CASCADE
) ENGINE=InnoDB DEFAULT CHARSET=utf8mb4 COLLATE=utf8mb4_unicode_ci;

--
-- Dumping data for table `zone_surge_prices`
--


--
-- Table structure for table `zone_type_package_prices`
--

CREATE TABLE `zone_type_package_prices` (
  `id` char(36) COLLATE utf8mb4_unicode_ci NOT NULL,
  `zone_type_id` char(36) COLLATE utf8mb4_unicode_ci NOT NULL,
  `zone_id` char(36) COLLATE utf8mb4_unicode_ci DEFAULT NULL,
  `base_price` double(10,2) NOT NULL DEFAULT 0.00,
  `package_type_id` varchar(191) COLLATE utf8mb4_unicode_ci NOT NULL,
  `distance_price_per_km` varchar(191) COLLATE utf8mb4_unicode_ci NOT NULL,
  `time_price_per_min` varchar(191) COLLATE utf8mb4_unicode_ci NOT NULL,
  `cancellation_fee` varchar(191) COLLATE utf8mb4_unicode_ci NOT NULL,
  `free_distance` varchar(191) COLLATE utf8mb4_unicode_ci NOT NULL,
  `free_min` varchar(191) COLLATE utf8mb4_unicode_ci NOT NULL,
  `active` tinyint(1) NOT NULL DEFAULT 1,
  `created_at` timestamp NULL DEFAULT NULL,
  `updated_at` timestamp NULL DEFAULT NULL,
  `deleted_at` timestamp NULL DEFAULT NULL,
  PRIMARY KEY (`id`),
  KEY `zone_type_package_prices_zone_type_id_foreign` (`zone_type_id`),
  KEY `zone_type_package_prices_zone_id_foreign` (`zone_id`),
  CONSTRAINT `zone_type_package_prices_zone_id_foreign` FOREIGN KEY (`zone_id`) REFERENCES `zones` (`id`) ON DELETE CASCADE,
  CONSTRAINT `zone_type_package_prices_zone_type_id_foreign` FOREIGN KEY (`zone_type_id`) REFERENCES `zone_types` (`id`) ON DELETE CASCADE
) ENGINE=InnoDB DEFAULT CHARSET=utf8mb4 COLLATE=utf8mb4_unicode_ci;

--
-- Dumping data for table `zone_type_package_prices`
--

INSERT INTO `zone_type_package_prices` VALUES
('1b6eb800-2414-4479-b5eb-902118411d1f','dfaff381-1659-4a43-9392-c6b1436d7047','aff82b62-dadc-4b34-8e46-42a9c011f7dc',8.00,'2','8','8','8','8','8',1,'2025-07-10 04:52:18','2025-07-10 04:52:18',NULL),
('41258db4-c514-4606-821a-062ab6e7addd','c9fd43a5-b107-4196-97d2-b63dc338b14a','aff82b62-dadc-4b34-8e46-42a9c011f7dc',8.00,'1','8','8','8','8','8',1,'2025-07-10 04:49:30','2025-07-10 04:49:30',NULL),
('99c247b8-ae08-4078-8e45-94215fdc9ae0','a6e5f20b-4a93-46fd-9bb0-0fe17305f735','aff82b62-dadc-4b34-8e46-42a9c011f7dc',8.00,'3','8','8','8','8','8',1,'2025-07-10 04:52:58','2025-07-10 04:52:58',NULL);

--
-- Table structure for table `zone_type_price`
--

CREATE TABLE `zone_type_price` (
  `id` char(36) COLLATE utf8mb4_unicode_ci NOT NULL,
  `zone_type_id` char(36) COLLATE utf8mb4_unicode_ci NOT NULL,
  `price_type` int(11) DEFAULT NULL COMMENT '1 => Ridenow,2 => RideLater',
  `base_price` double(10,2) NOT NULL DEFAULT 0.00,
  `base_distance` int(11) NOT NULL,
  `price_per_distance` double(10,2) NOT NULL DEFAULT 0.00,
  `free_waiting_time_in_mins_before_trip_start` int(11) NOT NULL DEFAULT 0,
  `free_waiting_time_in_mins_after_trip_start` int(11) NOT NULL DEFAULT 0,
  `waiting_charge` double(10,2) NOT NULL DEFAULT 0.00,
  `price_per_time` double(10,2) NOT NULL DEFAULT 0.00,
  `cancellation_fee` double(10,2) NOT NULL DEFAULT 0.00,
  `active` tinyint(1) NOT NULL DEFAULT 1,
  `created_at` timestamp NULL DEFAULT NULL,
  `updated_at` timestamp NULL DEFAULT NULL,
  `deleted_at` timestamp NULL DEFAULT NULL,
  PRIMARY KEY (`id`),
  KEY `zone_type_price_zone_type_id_foreign` (`zone_type_id`),
  CONSTRAINT `zone_type_price_zone_type_id_foreign` FOREIGN KEY (`zone_type_id`) REFERENCES `zone_types` (`id`) ON DELETE CASCADE
) ENGINE=InnoDB DEFAULT CHARSET=utf8mb4 COLLATE=utf8mb4_unicode_ci;

--
-- Dumping data for table `zone_type_price`
--

INSERT INTO `zone_type_price` VALUES
('25a75369-3984-4e53-afaa-eb194f11be93','8bebed70-fb7f-4353-a8e9-187559b9fd4b',1,5.00,5,5.00,5,5,5.00,5.00,5.00,1,'2025-07-10 04:35:17','2025-07-10 04:35:17',NULL),
('2ccb12bd-a05f-4c29-b017-748923b045ec','7a8ab5c4-2998-49bb-8bff-8aa32e51fcd9',1,5.00,5,5.00,5,5,5.00,5.00,5.00,1,'2025-07-10 04:41:34','2025-07-10 04:41:34',NULL),
('333c246c-24a8-4ae9-9f43-2b8e66c297f9','c9fd43a5-b107-4196-97d2-b63dc338b14a',1,8.00,8,8.00,8,8,8.00,8.00,8.00,1,'2025-07-10 04:49:01','2025-07-10 04:49:01',NULL),
('3b2e35f3-10d0-4cd1-a69d-45fe1706b770','16c2226c-9a98-414c-a557-3003280d3a12',1,5.00,5,5.00,5,5,5.00,5.00,5.00,1,'2025-07-10 04:36:02','2025-07-10 04:36:02',NULL),
('58b5312f-c680-4725-9712-28ef034f6345','df1f72a4-fda4-490c-aa9a-b49d9f195b6a',1,5.00,5,5.00,5,5,5.00,5.00,5.00,1,'2025-07-10 04:38:34','2025-07-10 04:38:34',NULL),
('71280c66-c8f1-418a-950c-c8376e77cee6','259d5b5e-4645-476b-8e99-5a6945b2e39a',1,5.00,5,5.00,5,5,5.00,5.00,5.00,1,'2025-07-10 04:33:44','2025-07-10 04:33:44',NULL),
('abef8c5d-bbf2-4c89-9091-dab0492ce1e7','d32fff64-da90-4cc0-aa6a-510b7f1fdd66',1,5.00,5,5.00,5,5,5.00,5.00,5.00,1,'2025-07-10 04:39:46','2025-07-10 04:39:46',NULL),
('b2a5238e-6c60-4677-95ae-7baf78652225','74b0e12c-a6fb-424d-85bc-462fb5c222e8',1,5.00,5,5.00,5,5,5.00,5.00,5.00,1,'2025-07-10 04:34:28','2025-07-10 04:34:28',NULL),
('beb0dbf6-74b3-4083-ad6f-aba1e083eada','400d1aa2-0a7d-46ba-8295-d7059e909b1c',1,5.00,5,5.00,5,5,5.00,5.00,5.00,1,'2025-07-10 04:37:28','2025-07-10 04:37:28',NULL),
('cda5aed7-3813-44b4-8c5c-266809467368','a6e5f20b-4a93-46fd-9bb0-0fe17305f735',1,8.00,8,8.00,8,8,8.00,8.00,8.00,1,'2025-07-10 04:51:09','2025-07-10 04:51:09',NULL),
('e8daea36-ae65-4102-96cf-223e472aac66','88b93d74-4e3e-4e27-8e9a-7d4e6af07073',1,5.00,5,5.00,5,5,5.00,5.00,5.00,1,'2025-07-10 04:36:45','2025-07-10 04:36:45',NULL),
('ff8c115c-30d6-4862-8b1f-069c5bfd3f16','dfaff381-1659-4a43-9392-c6b1436d7047',1,8.00,8,5.00,1,0,2.00,5.00,4.00,1,'2025-07-10 04:51:55','2025-07-11 10:34:15',NULL);

--
-- Table structure for table `zone_types`
--

CREATE TABLE `zone_types` (
  `id` char(36) COLLATE utf8mb4_unicode_ci NOT NULL,
  `zone_id` char(36) COLLATE utf8mb4_unicode_ci NOT NULL,
  `type_id` char(36) COLLATE utf8mb4_unicode_ci NOT NULL,
  `bill_status` tinyint(1) NOT NULL DEFAULT 0 COMMENT '0 => Not show,1 => show bill',
  `transport_type` enum('taxi','delivery','both') COLLATE utf8mb4_unicode_ci DEFAULT NULL,
  `order_number` varchar(191) COLLATE utf8mb4_unicode_ci NOT NULL DEFAULT '1',
  `payment_type` varchar(191) COLLATE utf8mb4_unicode_ci NOT NULL COMMENT '1 => Card,2 => Cash,3 => Wallet',
  `admin_commision_type` tinyint(4) DEFAULT NULL,
  `admin_commision` double(10,2) NOT NULL DEFAULT 0.00,
  `admin_commission_type_from_owner` tinyint(1) DEFAULT NULL,
  `admin_commission_from_owner` double(10,2) NOT NULL DEFAULT 0.00,
  `admin_commission_type_from_driver` tinyint(1) DEFAULT NULL,
  `admin_commission_from_driver` double(10,2) NOT NULL DEFAULT 0.00,
  `service_tax` double(10,2) NOT NULL DEFAULT 0.00,
  `active` tinyint(1) NOT NULL DEFAULT 1,
  `created_at` timestamp NULL DEFAULT NULL,
  `updated_at` timestamp NULL DEFAULT NULL,
  `deleted_at` timestamp NULL DEFAULT NULL,
  PRIMARY KEY (`id`),
  KEY `zone_types_zone_id_foreign` (`zone_id`),
  KEY `zone_types_type_id_foreign` (`type_id`),
  CONSTRAINT `zone_types_type_id_foreign` FOREIGN KEY (`type_id`) REFERENCES `vehicle_types` (`id`) ON DELETE CASCADE,
  CONSTRAINT `zone_types_zone_id_foreign` FOREIGN KEY (`zone_id`) REFERENCES `zones` (`id`) ON DELETE CASCADE
) ENGINE=InnoDB DEFAULT CHARSET=utf8mb4 COLLATE=utf8mb4_unicode_ci;

--
-- Dumping data for table `zone_types`
--

INSERT INTO `zone_types` VALUES
('16c2226c-9a98-414c-a557-3003280d3a12','aff82b62-dadc-4b34-8e46-42a9c011f7dc','c3c4feb9-c030-4be9-9e18-1051de1acbfa',1,'taxi','4','cash,wallet,card',2,2.00,0,2.00,0,2.00,3.00,1,'2025-07-10 04:36:02','2025-07-10 04:36:02',NULL),
('259d5b5e-4645-476b-8e99-5a6945b2e39a','aff82b62-dadc-4b34-8e46-42a9c011f7dc','78204afd-a84d-4eb4-a3da-645413c936b8',1,'taxi','1','cash,wallet,card',2,2.00,0,2.00,0,2.00,3.00,1,'2025-07-10 04:33:44','2025-07-10 04:33:44',NULL),
('400d1aa2-0a7d-46ba-8295-d7059e909b1c','aff82b62-dadc-4b34-8e46-42a9c011f7dc','e4777038-2e26-41ca-9685-4538c3658112',1,'taxi','6','cash,wallet,card',2,2.00,0,2.00,0,2.00,3.00,1,'2025-07-10 04:37:28','2025-07-10 04:37:28',NULL),
('74b0e12c-a6fb-424d-85bc-462fb5c222e8','aff82b62-dadc-4b34-8e46-42a9c011f7dc','a70b931e-c7f8-44ea-84d6-74628c56499e',1,'taxi','2','cash,wallet,card',2,2.00,0,2.00,0,2.00,3.00,1,'2025-07-10 04:34:28','2025-07-10 04:34:28',NULL),
('7a8ab5c4-2998-49bb-8bff-8aa32e51fcd9','aff82b62-dadc-4b34-8e46-42a9c011f7dc','f8e15e71-c2e1-4ea6-891d-6e5f6be1de73',1,'both','9','cash,wallet,card',2,2.00,0,2.00,0,2.00,3.00,1,'2025-07-10 04:41:34','2025-07-10 04:41:34',NULL),
('88b93d74-4e3e-4e27-8e9a-7d4e6af07073','aff82b62-dadc-4b34-8e46-42a9c011f7dc','d9cb40d2-007c-4f05-b20f-fb351f0cb3de',1,'taxi','5','cash,wallet,card',2,2.00,0,2.00,0,2.00,3.00,1,'2025-07-10 04:36:45','2025-07-10 04:36:45',NULL),
('8bebed70-fb7f-4353-a8e9-187559b9fd4b','aff82b62-dadc-4b34-8e46-42a9c011f7dc','beb287ee-a815-42af-babd-0e5172346f56',1,'taxi','3','cash,wallet,card',2,2.00,0,2.00,0,2.00,3.00,1,'2025-07-10 04:35:17','2025-07-10 04:35:17',NULL),
('a6e5f20b-4a93-46fd-9bb0-0fe17305f735','aff82b62-dadc-4b34-8e46-42a9c011f7dc','756b348b-0a07-4df7-801a-e656a1f9d76b',1,'taxi','11','cash,wallet,card',2,2.00,0,2.00,0,2.00,3.00,1,'2025-07-10 04:51:09','2025-07-10 04:51:09',NULL),
('c9fd43a5-b107-4196-97d2-b63dc338b14a','aff82b62-dadc-4b34-8e46-42a9c011f7dc','078f7b99-ae23-44d3-9b01-8c9ab5d63482',1,'taxi','10','cash,wallet,card',2,2.00,0,2.00,0,2.00,3.00,1,'2025-07-10 04:49:01','2025-07-10 04:49:01',NULL),
('d32fff64-da90-4cc0-aa6a-510b7f1fdd66','aff82b62-dadc-4b34-8e46-42a9c011f7dc','760b0e28-c6f8-4f77-a5be-7f2f6813a69a',1,'delivery','8','cash,wallet,card',2,2.00,0,2.00,0,2.00,3.00,1,'2025-07-10 04:39:46','2025-07-10 04:39:46',NULL),
('df1f72a4-fda4-490c-aa9a-b49d9f195b6a','aff82b62-dadc-4b34-8e46-42a9c011f7dc','59b9622f-da11-49ea-bc4d-b8d95a720dde',1,'delivery','7','cash,wallet,card',2,2.00,0,2.00,0,2.00,3.00,1,'2025-07-10 04:38:34','2025-07-10 04:40:33',NULL),
('dfaff381-1659-4a43-9392-c6b1436d7047','aff82b62-dadc-4b34-8e46-42a9c011f7dc','aa7afd85-59f7-4a1c-8924-5183713b24fb',1,'taxi','12','cash,wallet,card',2,2.00,0,2.00,0,2.00,3.00,1,'2025-07-10 04:51:55','2025-07-11 10:34:15',NULL);

--
-- Table structure for table `zones`
--

CREATE TABLE `zones` (
  `id` char(36) COLLATE utf8mb4_unicode_ci NOT NULL,
  `company_key` varchar(191) COLLATE utf8mb4_unicode_ci DEFAULT NULL,
  `service_location_id` char(36) COLLATE utf8mb4_unicode_ci NOT NULL,
  `name` varchar(191) COLLATE utf8mb4_unicode_ci NOT NULL,
  `unit` tinyint(4) NOT NULL,
  `coordinates` multipolygon DEFAULT NULL,
  `active` tinyint(1) NOT NULL DEFAULT 1,
  `default_vehicle_type` char(36) COLLATE utf8mb4_unicode_ci DEFAULT NULL,
  `created_at` timestamp NULL DEFAULT NULL,
  `updated_at` timestamp NULL DEFAULT NULL,
  `lat` double(15,8) NOT NULL DEFAULT 11.01595600,
  `lng` double(15,8) NOT NULL DEFAULT 76.96898500,
  `default_vehicle_type_for_delivery` char(36) COLLATE utf8mb4_unicode_ci DEFAULT NULL,
  PRIMARY KEY (`id`),
  KEY `zones_service_location_id_foreign` (`service_location_id`),
  CONSTRAINT `zones_service_location_id_foreign` FOREIGN KEY (`service_location_id`) REFERENCES `service_locations` (`id`) ON DELETE CASCADE
) ENGINE=InnoDB DEFAULT CHARSET=utf8mb4 COLLATE=utf8mb4_unicode_ci;

--
-- Dumping data for table `zones`
--

INSERT INTO `zones` VALUES
('aff82b62-dadc-4b34-8e46-42a9c011f7dc',NULL,'fc839e9a-ba34-4f76-b0a0-60215746d87a','World',1,'\0\0\0\0\0\0\0\0\0\0\0\0\0\0\0\0\0\0\0�?�5m�W�\'U~ȳ�T@��ۚ6�d�m\n�F٧Q@��ۚ6Te�j��;ZK@�?�5m�R�5�I���N���ִ�2��@|?�5��FR�,+@�3l�sH��HʒoW@��#[H3�`$e��`@�֜��I�`$eɼe@�r!�67�`$eɠc@X¼�\rG@��ۚ6bf�����*Q@`$eɣ`@]�k�T@����%\'D@tF*��T@�?�5m�W�\'U~ȳ�T@',1,'a70b931e-c7f8-44ea-84d6-74628c56499e','2025-07-07 07:33:50','2025-07-07 08:15:55',83.19847309,-94.69416564,'59b9622f-da11-49ea-bc4d-b8d95a720dde');

--
-- Dumping events for database 'mimeld_mxuber'
--

--
-- Dumping routines for database 'mimeld_mxuber'
--


