-- Table structure for table `linked_social_accounts`
--

CREATE TABLE `linked_social_accounts` (
  `id` int(10) unsigned NOT NULL AUTO_INCREMENT,
  `user_id` int(10) unsigned NOT NULL,
  `provider_name` varchar(191) COLLATE utf8mb4_unicode_ci DEFAULT NULL,
  `provider_id` varchar(191) COLLATE utf8mb4_unicode_ci DEFAULT NULL,
  `created_at` timestamp NULL DEFAULT NULL,
  `updated_at` timestamp NULL DEFAULT NULL,
  PRIMARY KEY (`id`),
  UNIQUE KEY `linked_social_accounts_provider_id_unique` (`provider_id`)
) ENGINE=InnoDB DEFAULT CHARSET=utf8mb4 COLLATE=utf8mb4_unicode_ci;

--
-- Dumping data for table `linked_social_accounts`
--


--
-- Table structure for table `ltm_translations`
--

CREATE TABLE `ltm_translations` (
  `id` bigint(20) unsigned NOT NULL AUTO_INCREMENT,
  `status` int(11) NOT NULL DEFAULT 0,
  `locale` varchar(191) COLLATE utf8mb4_bin NOT NULL,
  `group` varchar(191) COLLATE utf8mb4_bin NOT NULL,
  `key` text COLLATE utf8mb4_bin NOT NULL,
  `value` text COLLATE utf8mb4_bin DEFAULT NULL,
  `created_at` timestamp NULL DEFAULT NULL,
  `updated_at` timestamp NULL DEFAULT NULL,
  PRIMARY KEY (`id`)
) ENGINE=InnoDB AUTO_INCREMENT=12383 DEFAULT CHARSET=utf8mb4 COLLATE=utf8mb4_bin;

--
-- Dumping data for table `ltm_translations`
--




--
-- Table structure for table `mail_otp_verifications`
--

CREATE TABLE `mail_otp_verifications` (
  `id` char(36) COLLATE utf8mb4_unicode_ci NOT NULL,
  `email` varchar(50) COLLATE utf8mb4_unicode_ci NOT NULL,
  `otp` varchar(191) COLLATE utf8mb4_unicode_ci DEFAULT NULL,
  `verified` tinyint(1) NOT NULL DEFAULT 0,
  `created_at` timestamp NULL DEFAULT NULL,
  `updated_at` timestamp NULL DEFAULT NULL,
  PRIMARY KEY (`id`),
  UNIQUE KEY `mail_otp_verifications_email_unique` (`email`)
) ENGINE=InnoDB DEFAULT CHARSET=utf8mb4 COLLATE=utf8mb4_unicode_ci;

--
-- Dumping data for table `mail_otp_verifications`
--


--
-- Table structure for table `mail_templates`
--

CREATE TABLE `mail_templates` (
  `id` char(36) COLLATE utf8mb4_unicode_ci NOT NULL,
  `mail_type` varchar(191) COLLATE utf8mb4_unicode_ci NOT NULL,
  `description` text COLLATE utf8mb4_unicode_ci NOT NULL,
  `active` tinyint(1) NOT NULL DEFAULT 1,
  `created_at` timestamp NULL DEFAULT NULL,
  `updated_at` timestamp NULL DEFAULT NULL,
  PRIMARY KEY (`id`)
) ENGINE=InnoDB DEFAULT CHARSET=utf8mb4 COLLATE=utf8mb4_unicode_ci;

--
-- Dumping data for table `mail_templates`
--

INSERT INTO `mail_templates` VALUES
('86dc7184-82fd-41bb-b091-d69dd51f0a90','welcome_mail','<p>Hello $user_name</p>\n\n            <p>Thank you for joining MXUber! We are thrilled to have you as a part of our community.</p>\n\n            <p>Our mission is to mobility. We hope that you will find our products/services to be useful and enjoyable.</p>\n\n            <p>To get started, please take a few moments to explore our website and familiarize yourself with our offerings. If you have any questions or concerns, our customer support team is always here to help.</p>\n\n            <p>We look forward to working with you and providing you with a top-notch experience.</p>\n\n            <p>Best regards,</p>\n\n            <p>MXUber</p>',1,'2025-07-04 10:47:47','2025-07-04 10:47:47'),
('a1795841-ce16-4428-8edf-c197e9bca725','welcome_mail_driver','<p>Dear $user_name,</p>\n\n        <p>Congratulations on becoming a newly registered driver! We are excited to welcome you to the world of driving and wanted to take a moment to extend our warmest greetings.</p>\n\n        <p>As a registered driver, you now have the opportunity to explore new destinations, embrace independence, and experience the joys of the open road. We hope this new chapter brings you many memorable adventures and experiences.</p>\n\n        <p>Please remember to prioritize safety as you embark on your driving journey. Observe traffic laws, wear your seatbelt, and remain attentive at all times. Safe driving not only protects you but also ensures the well-being of others around you.</p>\n\n        <p>If you ever have any questions or need assistance along the way, our team is here to support you. Don&#39;t hesitate to reach out to us; we&#39;re more than happy to help.</p>\n\n        <p>Once again, congratulations on your registration! Enjoy the freedom and excitement that driving offers. We wish you safe travels and an incredible journey ahead.</p>\n\n        <p>Best regards,</p>\n\n        <p>MXUber</p>',1,'2025-07-04 10:47:47','2025-07-04 10:47:47');

--
-- Table structure for table `migrations`
--

CREATE TABLE `migrations` (
  `id` int(10) unsigned NOT NULL AUTO_INCREMENT,
  `migration` varchar(191) COLLATE utf8mb4_unicode_ci NOT NULL,
  `batch` int(11) NOT NULL,
  PRIMARY KEY (`id`)
) ENGINE=InnoDB AUTO_INCREMENT=223 DEFAULT CHARSET=utf8mb4 COLLATE=utf8mb4_unicode_ci;

--
-- Dumping data for table `migrations`
--

INSERT INTO `migrations` VALUES
(1,'2014_04_02_193005_create_translations_table',1),
(2,'2016_06_01_000001_create_oauth_auth_codes_table',1),
(3,'2016_06_01_000002_create_oauth_access_tokens_table',1),
(4,'2016_06_01_000003_create_oauth_refresh_tokens_table',1),
(5,'2016_06_01_000004_create_oauth_clients_table',1),
(6,'2016_06_01_000005_create_oauth_personal_access_clients_table',1),
(7,'2016_09_21_000013_create_countries_table',1),
(8,'2017_12_28_000000_create_jobs_table',1),
(9,'2017_12_29_000000_create_users_table',1),
(10,'2017_12_30_000000_create_failed_jobs_table',1),
(11,'2017_12_30_000000_create_roles_and_permissions_table',1),
(12,'2017_12_30_000001_create_password_resets_table',1),
(13,'2017_12_30_000001_create_settings_table',1),
(14,'2017_12_30_000002_create_mobile_otp_verifications_table',1),
(15,'2017_12_30_000003_create_car_make_table',1),
(16,'2017_12_30_000004_create_car_model_table',1),
(17,'2018_09_21_000014_create_states_table',1),
(18,'2018_09_21_000015_create_cities_table',1),
(19,'2018_09_21_062905_create_service_locations_table',1),
(20,'2018_11_12_000016_create_timezones_table',1),
(21,'2018_11_13_000017_create_admin_details_table',1),
(22,'2018_11_16_000018_create_vehicle_types_table',1),
(23,'2018_11_28_000019_create_company_table',1),
(24,'2018_12_05_000020_create_owners_table',1),
(25,'2018_12_05_000020_create_zones_table',1),
(26,'2018_12_05_000021_create_drivers_table',1),
(27,'2018_12_05_000022_create_driver_details_table',1),
(28,'2018_12_11_000023_create_driver_needed_documents_table',1),
(29,'2018_12_11_000024_create_driver_documents_table',1),
(30,'2018_12_16_000025_create_websockets_statistics_entries_table',1),
(31,'2019_01_30_000026_create_linked_social_accounts_table',1),
(32,'2019_02_07_000027_create_zone_bounds_table',1),
(33,'2019_02_08_000028_create_zone_types_table',1),
(34,'2019_03_07_000029_create_card_info_table',1),
(35,'2019_09_02_061132_create_user_details_table',1),
(36,'2019_09_12_110700_create_sos_table',1),
(37,'2019_10_09_152444_create_zone_type_price_table',1),
(38,'2019_12_14_000001_create_personal_access_tokens_table',1),
(39,'2020_02_07_063156_create_promo_table',1),
(40,'2020_02_08_063156_create_requests_table',1),
(41,'2020_02_08_070239_create_requests_meta_table',1),
(42,'2020_02_13_121546_create_distance_matrixes_table',1),
(43,'2020_02_26_094511_create_request_places_table',1),
(44,'2020_03_08_071438_update_typesandtypeprice_table',1),
(45,'2020_04_08_134813_create_projects_table',1),
(46,'2020_04_09_060321_create_developers_table',1),
(47,'2020_04_09_134236_create_poc_clients_table',1),
(48,'2020_04_10_080607_create_project_flavours_table',1),
(49,'2020_04_11_134819_create_mobile_builds_table',1),
(50,'2020_06_08_174227_create_user_wallet_table',1),
(51,'2020_08_02_065414_create_faqs_table',1),
(52,'2020_08_02_085836_create_complaint_titles_table',1),
(53,'2020_08_02_094044_create_cancellation_reasons_table',1),
(54,'2020_08_02_102914_create_complaints_table',1),
(55,'2020_08_05_163747_create_request_bills_table',1),
(56,'2020_08_09_030027_create_request_ratings_table',1),
(57,'2020_08_17_101931_update_users_table',1),
(58,'2020_08_17_133227_create_zone_surge_prices_table',1),
(59,'2020_08_18_065839_update_driver_columns_table',1),
(60,'2020_08_26_123414_update_requests_for_dispatcher_columns_table',1),
(61,'2020_08_26_125832_create_adhoc_users_table',1),
(62,'2020_08_30_113935_create_user_wallet_history',1),
(63,'2020_08_30_114603_create_driver_wallet',1),
(64,'2020_08_30_114743_create_driver_wallet_history',1),
(65,'2020_08_30_123505_update_requests_table',1),
(66,'2020_08_31_171017_update_request_table_for_ride_later',1),
(67,'2020_09_01_063348_update_countries_table_for_currency',1),
(68,'2020_09_01_081006_update_service_locations_table_currency_code',1),
(69,'2020_09_01_133422_update_request_bills_table',1),
(70,'2020_09_01_174718_update_driver_wallet_history_table',1),
(71,'2020_09_04_073340_update_wallet_histories_table',1),
(72,'2020_09_04_101745_update_requests_for_service_location_updates',1),
(73,'2020_09_06_090712_update_users_table_for_refferal',1),
(74,'2020_09_12_065514_create_notifications_table',1),
(75,'2020_09_12_065553_create_user_driver_notifications',1),
(76,'2020_09_12_123929_update_users_for_referral_table',1),
(77,'2020_10_06_170942_update_users_table_for_company_key',1),
(78,'2020_10_14_134549_update_columns_for_company_key_updates',1),
(79,'2020_10_15_122136_update_driver_decline_reason_column',1),
(80,'2020_10_26_064203_create_favorite_places_table',1),
(81,'2020_10_28_153950_update_faq_sos_table',1),
(82,'2020_10_28_161747_update_sos_table',1),
(83,'2020_11_06_065342_create_promo_users_table',1),
(84,'2020_11_06_103337_update_users_table_for_language',1),
(85,'2020_11_06_133358_create_driver_availabilities_table',1),
(86,'2020_11_07_121107_update_requests_table_for_promo',1),
(87,'2020_11_12_064123_update_driver_availabilities_table',1),
(88,'2020_11_17_072402_create_owner_needed_documents_table',1),
(89,'2020_11_17_072445_create_owner_documents_table',1),
(90,'2020_11_27_093556_create_fleets_table',1),
(91,'2020_11_27_094652_create_fleet_documents_table',1),
(92,'2021_01_12_114548_create_owner_hired_drivers_table',1),
(93,'2021_01_13_103647_create_driver_privileged_vehicles_table',1),
(94,'2021_02_06_172857_update_driver_needed_doc_table_doc_type_column',1),
(95,'2021_04_12_065445_create_chats_table',1),
(96,'2021_04_17_121220_update_zone_table_for_lat_lng',1),
(97,'2021_04_23_051520_create_package_types_table',1),
(98,'2021_04_23_063315_create_zone_type_package_prices_table',1),
(99,'2021_04_29_081407_create_adhocs_table',1),
(100,'2021_05_06_134745_update_drivers_table',1),
(101,'2021_05_06_140618_update_owners_table',1),
(102,'2021_05_23_032638_create_request_cancellation_fees_table',1),
(103,'2021_05_27_095307_update_owner_needed_doc_table',1),
(104,'2021_05_31_073050_update_drivers_country_table',1),
(105,'2021_06_11_051347_create_favourite_locations_table',1),
(106,'2021_06_16_050813_update_package_types_table',1),
(107,'2021_06_30_130444_update_vehicle_types_table',1),
(108,'2021_07_14_060523_update_types_for_short_description',1),
(109,'2021_07_14_073830_update_request_for_book_other_features',1),
(110,'2021_07_15_061940_update_requests_table_for_instant_ride',1),
(111,'2021_07_23_065242_update_requests_for_ride_otp',1),
(112,'2021_07_30_065843_update_requests_for_rental_out_station',1),
(113,'2021_08_13_052221_create_airports_table',1),
(114,'2021_08_14_162720_update_requests_bill_for_airport_fee',1),
(115,'2021_10_29_095020_update_package_type_table',1),
(116,'2021_10_30_084900_update_zone_type_for_sorting_table',1),
(117,'2021_11_15_064009_create_users_bank_info_table',1),
(118,'2021_11_25_114027_create_wallet_withdrawal_requests_table',1),
(119,'2021_12_01_154530_update_drivers_fleet_id_column',1),
(120,'2022_01_24_120705_update_countries_table',1),
(121,'2022_02_03_061635_update_requests_table_for_eta_amount',1),
(122,'2022_03_21_162059_create_driver_subscriptions_table',1),
(123,'2022_04_04_125459_update_zone_type_price_table_for_waiting_fare',1),
(124,'2022_04_05_054928_create_driver_rejected_requests_table',1),
(125,'2022_04_06_071240_update_drivers_for_vehicle_year',1),
(126,'2022_04_07_120855_update_requests_bill_table_for_waiting_time',1),
(127,'2022_04_08_134043_update_requests_bills_for_waiting_time_updates',1),
(128,'2022_05_04_073201_update_request_place_for_poc_info',1),
(129,'2022_05_09_125226_create_request_stops_table',1),
(130,'2022_05_09_133120_update_vehicle_types_for_weight_and_size',1),
(131,'2022_05_09_164553_update_requests_for_goods_type_quantity_table',1),
(132,'2022_05_09_165210_create_request_delivery_proofs_table',1),
(133,'2022_05_21_122431_update_is_taxi_to_vehicle_types_table',1),
(134,'2022_05_23_100457_update_requests_place_for_instructions_table',1),
(135,'2022_06_27_094446_update_requests_for_surge_price_fixes_table',1),
(136,'2022_07_04_143548_create_owner_wallets_table',1),
(137,'2022_07_04_143845_create_owner_wallet_histories_table',1),
(138,'2022_08_04_123301_update_fleets_table_for_color',1),
(139,'2022_08_08_065316_update_fleets_for_driver_id',1),
(140,'2022_08_08_112328_create_fleet_needed_documents_table',1),
(141,'2022_08_09_053759_update_is_individual_to_driver_needed_documents_table',1),
(142,'2022_08_10_045240_update_document_id_to_fleet_documents_table',1),
(143,'2022_08_10_052655_update_document_status_to_fleet_documents_table',1),
(144,'2022_08_10_130638_update_comment_to_fleet_documents_table',1),
(145,'2022_08_11_105802_update_fleet_documents_for_identify_number',1),
(146,'2022_08_11_114109_update_request_for_owner_and_fleet_id',1),
(147,'2022_08_11_123449_update_withdrawal_request_table_for_owner_id',1),
(148,'2022_08_11_124534_update_complaints_table_for_owner',1),
(149,'2022_08_12_073010_create_frontpage_header_table',1),
(150,'2022_08_29_065448_create_goods_types_table',1),
(151,'2022_09_01_062700_update_goods_type_id_to_requests_table',1),
(152,'2022_09_01_085940_update_transport_type_to_car_makes_table',1),
(153,'2022_09_01_105353_update_transport_type_to_drivers_table',1),
(154,'2022_09_06_085406_update_transport_type_to_zone_types_table',1),
(155,'2022_09_06_091610_update_transport_type_to_package_types_table',1),
(156,'2022_09_06_104037_update_transport_type_to_cancellation_reasons_table',1),
(157,'2022_09_06_111317_update_transport_type_to_complaint_titles_table',1),
(158,'2022_09_06_125854_update_transport_type_to_requests_table',1),
(159,'2022_09_06_140237_update_transport_type_to_faqs_table',1),
(160,'2022_09_14_120844_update_zones_for_default_type_for_delivery_table',1),
(161,'2022_09_14_121853_update_owners_for_transport_type_table',1),
(162,'2022_09_15_135622_add_goods_type_id_to_requests_table',1),
(163,'2022_11_07_063319_update_icon_types_for_vehicle_types_table',1),
(164,'2022_11_16_101502_update_vehicle_make_for_to_car_makes_table',1),
(165,'2022_11_22_134606_update_zone_type_package_prices_table_for_zone_id',1),
(166,'2022_11_29_101158_update_goods_types_for_to_goods_types_table',1),
(167,'2022_12_14_074823_update_transport_type_to_promo_table',1),
(168,'2022_12_14_111401_remove_transport_type_to_faqs_table',1),
(169,'2022_12_14_111621_remove_transport_type_to_complaint_titles_table',1),
(170,'2022_12_14_120547_remove_is_individual_to_driver_needed_documents_table',1),
(171,'2022_12_14_120748_update_account_type_to_driver_needed_documents_table',1),
(172,'2023_02_07_101637_update_drivers_for_my_route_booking_table',1),
(173,'2023_02_08_101417_create_driver_enabled_routes_table',1),
(174,'2023_04_17_062137_create_banner_images_table',1),
(175,'2023_04_26_105819_update_request_meta_table',1),
(176,'2023_05_15_095252_update_requests_for_offerred_ride_fare_update_users_for_bidd_ride_table',1),
(177,'2023_05_19_075601_create_request_eta_table',1),
(178,'2023_06_09_122855_create_mail_otp_verifications_table',1),
(179,'2023_06_09_123132_create_mail_templates_table',1),
(180,'2023_06_12_121432_update_commision_types_to_zone_types_table',1),
(181,'2023_06_12_123725_create_driver_vehicle_types_table',1),
(182,'2023_06_15_084150_update_dispatch_type_to_vehicle_types_table',1),
(183,'2023_11_03_014933_update_request_bill_for_admin_commission_for_driver',1),
(184,'2023_11_29_065226_update_drivers_for_custom_make_model_table',1),
(185,'2023_11_29_082037_create_chat_table',1),
(186,'2023_11_29_082059_create_chat_messages_table',1),
(187,'2023_11_29_085930_update_fleet_for_custom_make_and_model',1),
(188,'2023_12_01_073916_update_user_driver_notifications_table',1),
(189,'2023_12_15_111736_update_users_table_nullable_name',1),
(190,'2024_01_23_064728_update_request_table_for_out_station_ride',1),
(191,'2024_01_24_075121_update_request_for_out_station_one_way_table',1),
(192,'2024_02_03_080042_update_discounted_total_to_requests_table',1),
(193,'2024_02_26_072016_user_authorized_code',1),
(194,'2024_03_15_114733_update_manual_assign',1),
(195,'2024_03_16_091727_create_request_cycles',1),
(196,'2024_03_18_145026_update_request_cycles',1),
(197,'2024_03_20_092526_update_promo_code_services',1),
(198,'2024_03_20_101011_update_promo_code_service_null',1),
(199,'2024_03_20_104927_create_promo_code_users',1),
(200,'2024_03_20_105102_update_promo_code_user',1),
(201,'2024_03_20_114202_update_is_deleted_at_to_users_table',1),
(202,'2024_03_21_112456_create_third_party_settings_table',1),
(203,'2024_03_22_072853_update_web_booking_cms_landingpagecms',1),
(204,'2024_03_29_105642_updata_web_booking_to_requests_table',1),
(205,'2024_04_02_091422_update_on_search_to_requests_table',1),
(206,'2024_04_03_110555_add_web_booking_track_to_landingpagecms',1),
(207,'2024_04_09_140636_update_poly_line_to_requests_table',1),
(208,'2024_05_06_134124_update_day_to_zone_surge_prices_table',1),
(209,'2024_05_07_110915_update_invoice_cms',1),
(210,'2024_05_23_085739_create_onboarding_screen',1),
(211,'2024_05_28_074708_update_gender_to_users_table',1),
(212,'2024_05_29_110318_update_request_gender_to_requests_table',1),
(213,'2024_06_03_104401_update_s_no_to_onboarding_screen_table',1),
(214,'2024_06_28_111926_update_faqs_location_table',1),
(215,'2024_06_29_073209__update_vehicle_icon_column',1),
(216,'2024_07_24_053942_update_completed_at_to_requests_stops_table',1),
(217,'2024_08_16_100602_update_languages_to_drivers_table',1),
(218,'2024_08_16_100602_update_order_to_zone_types_table',1),
(219,'2024_09_28_101111_update_owner_commission_in_zone_types_table',1),
(220,'2024_10_15_114656_create_country_translation_table',1),
(221,'2025_01_11_074934_update_additional_charges_to_requests_table',1),
(222,'2025_03_06_084110_update_driver_tips_in_request_bills_table',1);

--
-- Table structure for table `mobile_builds`
--

CREATE TABLE `mobile_builds` (
  `id` int(10) unsigned NOT NULL AUTO_INCREMENT,
  `project_name` varchar(191) COLLATE utf8mb4_unicode_ci NOT NULL,
  `build_number` varchar(191) COLLATE utf8mb4_unicode_ci NOT NULL,
  `project_id` int(10) unsigned NOT NULL,
  `flavour_id` int(10) unsigned NOT NULL,
  `team` enum('android','ios') COLLATE utf8mb4_unicode_ci NOT NULL,
  `version` varchar(191) COLLATE utf8mb4_unicode_ci NOT NULL,
  `environment` varchar(191) COLLATE utf8mb4_unicode_ci NOT NULL,
  `file_size` varchar(191) COLLATE utf8mb4_unicode_ci NOT NULL,
  `download_link` varchar(191) COLLATE utf8mb4_unicode_ci NOT NULL,
  `uploaded_by` varchar(191) COLLATE utf8mb4_unicode_ci DEFAULT NULL,
  `additional_comments` varchar(191) COLLATE utf8mb4_unicode_ci DEFAULT NULL,
  `active` tinyint(1) NOT NULL DEFAULT 1,
  `created_at` timestamp NULL DEFAULT NULL,
  `updated_at` timestamp NULL DEFAULT NULL,
  PRIMARY KEY (`id`),
  KEY `mobile_builds_project_id_foreign` (`project_id`),
  KEY `mobile_builds_flavour_id_foreign` (`flavour_id`),
  CONSTRAINT `mobile_builds_flavour_id_foreign` FOREIGN KEY (`flavour_id`) REFERENCES `project_flavours` (`id`) ON DELETE CASCADE,
  CONSTRAINT `mobile_builds_project_id_foreign` FOREIGN KEY (`project_id`) REFERENCES `projects` (`id`) ON DELETE CASCADE
) ENGINE=InnoDB DEFAULT CHARSET=utf8mb4 COLLATE=utf8mb4_unicode_ci;

--
-- Dumping data for table `mobile_builds`
--


--
-- Table structure for table `mobile_otp_verifications`
--

CREATE TABLE `mobile_otp_verifications` (
  `id` char(36) COLLATE utf8mb4_unicode_ci NOT NULL,
  `mobile` varchar(18) COLLATE utf8mb4_unicode_ci NOT NULL,
  `otp` varchar(191) COLLATE utf8mb4_unicode_ci DEFAULT NULL,
  `verified` tinyint(1) NOT NULL DEFAULT 0,
  `created_at` timestamp NULL DEFAULT NULL,
  `updated_at` timestamp NULL DEFAULT NULL,
  PRIMARY KEY (`id`)
) ENGINE=InnoDB DEFAULT CHARSET=utf8mb4 COLLATE=utf8mb4_unicode_ci;

--
-- Dumping data for table `mobile_otp_verifications`
--


--
-- Table structure for table `notifications`
--

CREATE TABLE `notifications` (
  `id` char(36) COLLATE utf8mb4_unicode_ci NOT NULL,
  `push_enum` varchar(191) COLLATE utf8mb4_unicode_ci NOT NULL,
  `title` varchar(191) COLLATE utf8mb4_unicode_ci NOT NULL,
  `body` longtext COLLATE utf8mb4_unicode_ci NOT NULL,
  `image` varchar(191) COLLATE utf8mb4_unicode_ci DEFAULT NULL,
  `data` longtext COLLATE utf8mb4_unicode_ci DEFAULT NULL,
  `for_user` tinyint(1) NOT NULL DEFAULT 0,
  `for_driver` tinyint(1) NOT NULL DEFAULT 0,
  `created_at` timestamp NULL DEFAULT NULL,
  `updated_at` timestamp NULL DEFAULT NULL,
  `deleted_at` timestamp NULL DEFAULT NULL,
  PRIMARY KEY (`id`)
) ENGINE=InnoDB DEFAULT CHARSET=utf8mb4 COLLATE=utf8mb4_unicode_ci;

--
-- Dumping data for table `notifications`
--

INSERT INTO `notifications` VALUES
('1a7f21de-c198-416f-a250-cb5b7dddd434','general_notification','CCC','CCC',NULL,NULL,0,0,'2025-07-11 08:07:27','2025-07-11 08:07:27',NULL),
('355c56a4-7333-43bb-8152-361a6123ac4d','general_notification','CCC','CCC',NULL,NULL,0,0,'2025-07-11 07:33:02','2025-07-11 07:33:02',NULL),
('3ab2509b-9ceb-4862-ab4e-18f233ef9c65','general_notification','Test','Test',NULL,NULL,0,0,'2025-07-11 07:21:56','2025-07-11 07:21:56',NULL),
('456f2b3c-0a97-4e92-b14f-f78a1d499341','general_notification','CCC','CCC',NULL,NULL,0,0,'2025-07-11 07:28:06','2025-07-11 07:28:06',NULL),
('510a1ca1-3217-40a8-82b6-d81e804b5c12','general_notification','Yoooo','Yoooo',NULL,NULL,0,1,'2025-07-11 08:21:42','2025-07-11 08:21:42',NULL),
('5457991c-a791-4a3d-90dc-585ff44dadaf','general_notification','CCC','CCC',NULL,NULL,0,0,'2025-07-11 07:32:27','2025-07-11 07:32:27',NULL),
('741dc6ce-af78-4dcd-81c6-a49df6e80990','general_notification','Test','Test',NULL,NULL,0,0,'2025-07-11 07:25:59','2025-07-11 07:25:59',NULL),
('7b29075a-5e81-4137-8598-2a38c3a0fad1','general_notification','Heyy There','Heyy There',NULL,NULL,0,1,'2025-07-11 08:18:39','2025-07-11 08:18:39',NULL),
('7b54bd7b-0c0c-4c7d-b08e-33c6c54b87b4','general_notification','CCC','CCC',NULL,NULL,0,0,'2025-07-11 07:29:28','2025-07-11 07:29:28',NULL),
('8a79685f-fefa-4018-a46e-6a16f9374c6f','general_notification','Test','Test',NULL,NULL,0,0,'2025-07-11 07:24:39','2025-07-11 07:24:39',NULL),
('911e757b-cb8a-4f45-a123-7bc1fb63ebcf','general_notification','CCC','CCC',NULL,NULL,0,0,'2025-07-11 08:05:45','2025-07-11 08:05:45',NULL),
('96abac6d-c80a-442d-9fcb-cd8e6562b6e6','general_notification','Test','Test',NULL,NULL,0,0,'2025-07-11 07:17:10','2025-07-11 07:17:10',NULL),
('9ea5b54c-d961-4a84-9f07-49d3bd9e5abe','general_notification','sdfg','sdfsadf',NULL,NULL,0,1,'2025-07-11 08:20:55','2025-07-11 08:20:55',NULL),
('abfc1c31-41bf-4d43-82a2-ff7969f3335c','general_notification','Test Notification','Test','G0HSw8ZJ7bmIsG00iDEIhlNB0Om3aeCAslAbildq.png',NULL,0,0,'2025-07-11 07:16:46','2025-07-11 07:16:46',NULL),
('b3681ed8-b86f-48a7-bec1-aca23f641e42','general_notification','CCC','CCC',NULL,NULL,0,0,'2025-07-11 08:07:42','2025-07-11 08:07:42',NULL),
('b3b14255-2185-4376-a53c-beb9cd3a4767','general_notification','Daily Offer','Get 20% on you first ride for today.',NULL,NULL,1,1,'2025-07-11 06:11:51','2025-07-11 06:11:52',NULL),
('bdd5249d-d955-435a-bd76-dd36440dbb8b','general_notification','Test','Test',NULL,NULL,0,0,'2025-07-11 07:25:04','2025-07-11 07:25:04',NULL),
('c06b6d13-c4d3-4628-bc9c-0e2b4289a35f','general_notification','CCC','CCC',NULL,NULL,0,0,'2025-07-11 08:06:10','2025-07-11 08:06:10',NULL),
('c85e82cb-150a-4cd2-af0b-86e4d3e6cae2','general_notification','CCC','CCC',NULL,NULL,0,0,'2025-07-11 08:04:29','2025-07-11 08:04:29',NULL),
('ebf48987-2b4c-4930-80ed-abd5676235b4','general_notification','Test','Test',NULL,NULL,0,0,'2025-07-11 07:27:24','2025-07-11 07:27:24',NULL);

--
-- Table structure for table `oauth_access_tokens`
--

CREATE TABLE `oauth_access_tokens` (
  `id` varchar(100) COLLATE utf8mb4_unicode_ci NOT NULL,
  `user_id` bigint(20) unsigned DEFAULT NULL,
  `client_id` bigint(20) unsigned NOT NULL,
  `name` varchar(191) COLLATE utf8mb4_unicode_ci DEFAULT NULL,
  `scopes` text COLLATE utf8mb4_unicode_ci DEFAULT NULL,
  `revoked` tinyint(1) NOT NULL,
  `created_at` timestamp NULL DEFAULT NULL,
  `updated_at` timestamp NULL DEFAULT NULL,
  `expires_at` datetime DEFAULT NULL,
  PRIMARY KEY (`id`),
  KEY `oauth_access_tokens_user_id_index` (`user_id`)
) ENGINE=InnoDB DEFAULT CHARSET=utf8mb4 COLLATE=utf8mb4_unicode_ci;

--
-- Dumping data for table `oauth_access_tokens`
--

INSERT INTO `oauth_access_tokens` VALUES
('0525fb4509b662a222d64a7fc43d989c1a90bcfd9f3177ed9acf64f1cdd68e11effd41af1b47a6b3',11,1,NULL,'[]',1,'2025-07-09 05:22:04','2025-07-09 05:22:04','2026-07-09 05:22:04'),
('0fdd7e2ec251d592dfd927861c0b73f311e22e4817327cab3a09474221966dd39c0b7cb38b6a0b55',42,1,'personal_access','[]',0,'2025-07-11 09:57:53','2025-07-11 09:57:53','2026-07-11 09:57:53'),
('1f9272a8de310a25b0d0e9689d25a0938ecb7c3c512d1fef19c2ce517ac2bebdad8fa7f402673db6',28,1,NULL,'[]',0,'2025-07-10 06:01:41','2025-07-10 06:01:41','2026-07-10 06:01:41'),
('2e8b8d19d998b6a2e59031640f0225fea4313a20dc4551c11b1de8fdfda99ca6a2dfff9c47013ba8',43,1,NULL,'[]',0,'2025-07-11 10:06:29','2025-07-11 10:06:29','2026-07-11 10:06:29'),
('390492d740add828decabaf7f5035fcb7775e39418904194c64715562e51c73d1c011106bfe7f43b',40,1,NULL,'[]',0,'2025-07-11 09:30:13','2025-07-11 09:30:13','2026-07-11 09:30:13'),
('3aa869be7b5cded1a6af5ce391051a4cb0c5013e87f9e6cfccf3d1ee00d0d546cf0c1d173d2aa113',2,1,NULL,'[]',0,'2025-07-11 10:44:35','2025-07-11 10:44:35','2026-07-11 10:44:35'),
('41425669ff76e383f2ba8dabb6e52e95148c3c4042818e22735d033d49c6b648c3aa9540b5752774',43,1,'personal_access','[]',0,'2025-07-11 10:06:29','2025-07-11 10:06:29','2026-07-11 10:06:29'),
('4e37838220c0f4cbb35510ddc856901a60ff4bbfc1ad29ce0e73114e017b7cc11528c45962ec97c6',3,1,NULL,'[]',1,'2025-07-07 08:06:59','2025-07-07 08:06:59','2026-07-07 08:06:59'),
('512722454a9e741e48309c64f9755c3afc63affd65478896b60641c9c7ff8a8f5bc230a30b955d62',13,1,'personal_access','[]',0,'2025-07-09 11:52:25','2025-07-09 11:52:25','2026-07-09 11:52:25'),
('55603c6330ce9c7893b0bdec4094d6d6236838d3cfe985f7ba95a50a585dcdff6c1662ce2aec88ec',3,1,'personal_access','[]',0,'2025-07-07 08:06:59','2025-07-07 08:06:59','2026-07-07 08:06:59'),
('57ef7f7f5013a78c5cb36f1b996ab14fbd7c726023fcdc6f0a3079edd72625e895dd4e4e7a9cd341',10,1,'personal_access','[]',0,'2025-07-09 05:15:06','2025-07-09 05:15:06','2026-07-09 05:15:06'),
('585d37a1a316562a84b3e62d7872a9e523880d189fc777aa6d13a300fd3785e4ae403cb46c5183eb',42,1,NULL,'[]',1,'2025-07-11 09:57:53','2025-07-11 09:57:53','2026-07-11 09:57:53'),
('5a216fc7046ba28c57b7cf4d9ad7e001db433a7d8f27fbad59d77a08bd94262c98f2a3afb3ae0002',39,1,'personal_access','[]',0,'2025-07-11 09:28:19','2025-07-11 09:28:19','2026-07-11 09:28:19'),
('83c4f4cc6ca5789d22c0057c747f5cb9c4cdfb2a01d8d8cc51ca389c08a63d89cc79cef0c880a8ba',39,1,NULL,'[]',1,'2025-07-11 09:28:19','2025-07-11 09:28:19','2026-07-11 09:28:19'),
('847ef39ded4836c917af99c4670345701e128edefa2948acdddd676c79609b600674b9d2df2b874a',8,1,NULL,'[]',0,'2025-07-09 05:12:53','2025-07-09 05:12:53','2026-07-09 05:12:53'),
('8bb7bc62109d588c1d8c2461f453653e59f4fa6984e656bc9da0650c64c7461998e2947100f9acd6',12,1,'personal_access','[]',0,'2025-07-11 10:51:38','2025-07-11 10:51:38','2026-07-11 10:51:38'),
('94b0582462ebaaf4c3b596d8deb70409e82b860d4a4980ef4931295eab6343a0ed0ddf31680d69b1',12,1,NULL,'[]',0,'2025-07-11 10:51:38','2025-07-11 10:51:38','2026-07-11 10:51:38'),
('a6496dd1e376a5f26b9019a102e3bd977e00d9030261a106807e911336cfb42f21f4eff303c697d2',44,1,NULL,'[]',0,'2025-07-11 10:14:30','2025-07-11 10:14:30','2026-07-11 10:14:30'),
('a6acd97a4109f71f8745db4a3fc76b826ceaab2b1752773cbed7d7ff3d02cc783f47e8fe5508f6bf',41,1,NULL,'[]',0,'2025-07-11 09:52:45','2025-07-11 09:52:45','2026-07-11 09:52:45'),
('a7622504390c75eb35b71d37d90cfbad58a66a1e6902edd095a34b1605e2b518afc5dc3803263a04',19,1,NULL,'[]',0,'2025-07-09 11:17:01','2025-07-09 11:17:01','2026-07-09 11:17:01'),
('a8c7a134533c475a06cfd70d224a957d49ffa42cd511e4720d3766b99a0b0053bfc76ed7269eb46f',4,1,NULL,'[]',0,'2025-07-11 10:46:52','2025-07-11 10:46:52','2026-07-11 10:46:52'),
('ad83b5ba6cd0689972870c05ceb032476247543171826ea4c3c416727da8be6f34517edb9b05ace2',41,1,'personal_access','[]',0,'2025-07-11 09:52:45','2025-07-11 09:52:45','2026-07-11 09:52:45'),
('b785ad384445462bc19f8ca69756daf91a6f9d84efff072cf86ac1207cde56e4351cfb5df2080a8f',19,1,'personal_access','[]',0,'2025-07-09 11:17:01','2025-07-09 11:17:01','2026-07-09 11:17:01'),
('c3cfd13a2a99304120dd95afa4e5ff709fae74ef9606bfc9b8e63554d50e9591d1e4358ce465b94b',28,1,'personal_access','[]',0,'2025-07-10 06:01:41','2025-07-10 06:01:41','2026-07-10 06:01:41'),
('cf3245756f06f21f4391a22818125b1d9d918eb92c438fdfd60adc40e184f4ea99cdbd8f64d3f4d7',10,1,NULL,'[]',0,'2025-07-09 05:15:06','2025-07-09 05:15:06','2026-07-09 05:15:06'),
('e2239268a51ce21f1d8ba00aa196770dbaff454fa7a57a791f72c68c76932cbecff66a640ecbf0bb',44,1,'personal_access','[]',0,'2025-07-11 10:14:30','2025-07-11 10:14:30','2026-07-11 10:14:30'),
('e4040302af262811093fabc209beca1828aa7bd5e6f94ba3d1cd5a6d4e8de2bb585c7301e5bb0160',13,1,NULL,'[]',1,'2025-07-09 11:52:25','2025-07-09 11:52:25','2026-07-09 11:52:25'),
('e85a4af1e6ca444c8b99b1c5ae6391fa520e5dc01e1c046a72a155b4d07952fa067fe7e2aaceaa58',2,1,'personal_access','[]',0,'2025-07-11 10:44:35','2025-07-11 10:44:35','2026-07-11 10:44:35'),
('f3d8c638ade228e7052aa7f4baa43cf4910f473d16b7d7a334327288dc855913027bce555f6fc7a9',4,1,'personal_access','[]',0,'2025-07-11 10:46:52','2025-07-11 10:46:52','2026-07-11 10:46:52'),
('f57de3a80049ffd15d497fab1d5235966cfa7a5f6cb442803d5e8302b2ce8d558f45ab9203456fd5',11,1,'personal_access','[]',0,'2025-07-09 05:22:04','2025-07-09 05:22:04','2026-07-09 05:22:04'),
('f6b2ed19aa7c940ea53fe36660bb97c2411c5d2aa2e2eb56eb9678d816fc1db258995511287be7b3',40,1,'personal_access','[]',0,'2025-07-11 09:30:13','2025-07-11 09:30:13','2026-07-11 09:30:13'),
('f730a095d95bfd75775fe2d0b334a710491238cfaa49415e7995265287dd8fabb17176c61fd394e8',8,1,'personal_access','[]',0,'2025-07-09 05:12:53','2025-07-09 05:12:53','2026-07-09 05:12:53');

--
-- Table structure for table `oauth_auth_codes`
--

CREATE TABLE `oauth_auth_codes` (
  `id` varchar(100) COLLATE utf8mb4_unicode_ci NOT NULL,
  `user_id` bigint(20) unsigned NOT NULL,
  `client_id` bigint(20) unsigned NOT NULL,
  `scopes` text COLLATE utf8mb4_unicode_ci DEFAULT NULL,
  `revoked` tinyint(1) NOT NULL,
  `expires_at` datetime DEFAULT NULL,
  PRIMARY KEY (`id`),
  KEY `oauth_auth_codes_user_id_index` (`user_id`)
) ENGINE=InnoDB DEFAULT CHARSET=utf8mb4 COLLATE=utf8mb4_unicode_ci;

--
-- Dumping data for table `oauth_auth_codes`
--


--
-- Table structure for table `oauth_personal_access_clients`
--

CREATE TABLE `oauth_personal_access_clients` (
  `id` bigint(20) unsigned NOT NULL AUTO_INCREMENT,
  `client_id` bigint(20) unsigned NOT NULL,
  `created_at` timestamp NULL DEFAULT NULL,
  `updated_at` timestamp NULL DEFAULT NULL,
  PRIMARY KEY (`id`)
) ENGINE=InnoDB AUTO_INCREMENT=2 DEFAULT CHARSET=utf8mb4 COLLATE=utf8mb4_unicode_ci;

--
-- Dumping data for table `oauth_personal_access_clients`
--

INSERT INTO `oauth_personal_access_clients` VALUES
(1,1,'2025-07-04 10:47:59','2025-07-04 10:47:59');

--
-- Table structure for table `oauth_refresh_tokens`
--

CREATE TABLE `oauth_refresh_tokens` (
  `id` varchar(100) COLLATE utf8mb4_unicode_ci NOT NULL,
  `access_token_id` varchar(100) COLLATE utf8mb4_unicode_ci NOT NULL,
  `revoked` tinyint(1) NOT NULL,
  `expires_at` datetime DEFAULT NULL,
  PRIMARY KEY (`id`),
  KEY `oauth_refresh_tokens_access_token_id_index` (`access_token_id`)
) ENGINE=InnoDB DEFAULT CHARSET=utf8mb4 COLLATE=utf8mb4_unicode_ci;

--
-- Dumping data for table `oauth_refresh_tokens`
--


--
-- Table structure for table `onboarding_screen`
--

CREATE TABLE `onboarding_screen` (
  `id` char(36) COLLATE utf8mb4_unicode_ci NOT NULL,
  `sn_o` int(11) NOT NULL DEFAULT 0,
  `screen` enum('driver','user') COLLATE utf8mb4_unicode_ci NOT NULL,
  `order` int(11) NOT NULL DEFAULT 0,
  `title` varchar(191) COLLATE utf8mb4_unicode_ci NOT NULL,
  `onboarding_image` varchar(191) COLLATE utf8mb4_unicode_ci NOT NULL,
  `description` text COLLATE utf8mb4_unicode_ci NOT NULL,
  `active` tinyint(1) NOT NULL DEFAULT 1,
  `created_at` timestamp NULL DEFAULT NULL,
  `updated_at` timestamp NULL DEFAULT NULL,
  PRIMARY KEY (`id`)
) ENGINE=InnoDB DEFAULT CHARSET=utf8mb4 COLLATE=utf8mb4_unicode_ci;

--
-- Dumping data for table `onboarding_screen`
--

INSERT INTO `onboarding_screen` VALUES
('035000f3-6ca8-40d9-8078-c1cb9e6fab4b',8,'driver',4,'Support','onboarding_image_4.jpg','Embark on your journey with confidence, knowing that our commitment to your satisfaction is unwavering',1,'2025-07-04 10:47:47','2025-07-04 10:47:47'),
('103ca9d1-c44f-42b9-8fdd-b0a4de278f0c',2,'user',2,'Clarity','onboarding_image_2.jpg','Fair pricing, crystal clear,\nYour trust, our promise sincere.\nWith us, youll find no hidden fee,\nTransparency is our guarantee.',1,'2025-07-04 10:47:47','2025-07-04 10:47:47'),
('15a832be-bc2e-4402-bcaf-8f9d024b0616',7,'driver',3,'Intuitive','onboarding_image_3.jpg','Seamless journeys,\nJust a tap away,\nExplore hassle-free,\nEvery step of the way.',1,'2025-07-04 10:47:47','2025-07-04 10:47:47'),
('16d2a7fd-423a-477d-b823-3c034657b274',3,'user',3,'Intuitive','onboarding_image_3.jpg','Seamless journeys,\nJust a tap away,\nExplore hassle-free,\nEvery step of the way.',1,'2025-07-04 10:47:47','2025-07-04 10:47:47'),
('378ad301-560d-49c0-a575-8caa93a31d2b',5,'driver',1,'Assurance','onboarding_image_1.jpg','Customer safety first,\nAlways and forever our pledge,\nYour well-being, our priority,\nWith you every step, edge to edge.',1,'2025-07-04 10:47:47','2025-07-04 10:47:47'),
('4f42596e-0214-4122-a99f-6a21d1da5e76',1,'user',1,'Assurance','onboarding_image_1.jpg','Customer safety first,\nAlways and forever our pledge,\nYour well-being, our priority,\nWith you every step, edge to edge.',1,'2025-07-04 10:47:47','2025-07-04 10:47:47'),
('9ea2e8e0-67cb-46f7-a535-ec775682ac59',6,'driver',2,'Clarity','onboarding_image_2.jpg','Fair pricing, crystal clear,\nYour trust, our promise sincere.\nWith us, youll find no hidden fee,\nTransparency is our guarantee.',1,'2025-07-04 10:47:47','2025-07-04 10:47:47'),
('d9e499b3-829c-436b-a60a-2b8dd9cd46a4',4,'user',4,'Support','onboarding_image_4.jpg','Embark on your journey with confidence, knowing that our commitment to your satisfaction is unwavering',1,'2025-07-04 10:47:47','2025-07-04 10:47:47');

--
-- Table structure for table `owner_documents`
--

CREATE TABLE `owner_documents` (
  `id` char(36) COLLATE utf8mb4_unicode_ci NOT NULL,
  `owner_id` char(36) COLLATE utf8mb4_unicode_ci NOT NULL,
  `document_id` int(10) unsigned NOT NULL,
  `image` varchar(191) COLLATE utf8mb4_unicode_ci NOT NULL,
  `identify_number` varchar(191) COLLATE utf8mb4_unicode_ci DEFAULT NULL,
  `expiry_date` timestamp NULL DEFAULT NULL,
  `comment` text COLLATE utf8mb4_unicode_ci DEFAULT NULL,
  `document_status` int(11) NOT NULL DEFAULT 2,
  `created_at` timestamp NULL DEFAULT NULL,
  `updated_at` timestamp NULL DEFAULT NULL,
  `deleted_at` timestamp NULL DEFAULT NULL,
  PRIMARY KEY (`id`),
  KEY `owner_documents_owner_id_foreign` (`owner_id`),
  KEY `owner_documents_document_id_foreign` (`document_id`),
  CONSTRAINT `owner_documents_document_id_foreign` FOREIGN KEY (`document_id`) REFERENCES `owner_needed_documents` (`id`) ON DELETE CASCADE,
  CONSTRAINT `owner_documents_owner_id_foreign` FOREIGN KEY (`owner_id`) REFERENCES `owners` (`id`) ON DELETE CASCADE
) ENGINE=InnoDB DEFAULT CHARSET=utf8mb4 COLLATE=utf8mb4_unicode_ci;

--
-- Dumping data for table `owner_documents`
--

INSERT INTO `owner_documents` VALUES
('0e50f838-f0c6-45a0-b193-4e34cbcd1f23','3847e02f-ce43-456e-a9e6-09ca88c617c7',1,'XPNSTG1UKjx6mJNyQmnXuEkM3BTYi5MR3ttLWj8v.jpg',NULL,'2025-07-09 00:00:00',NULL,1,'2025-07-09 07:20:32','2025-07-09 07:21:16',NULL),
('2f3ee8d0-ed4f-4ca2-a710-ac0f7df8454c','5aceeffa-cd3f-4976-b4b8-b1a59fdc08f7',1,'w1Ge61zdEd1m68m47SCe4ZBUbdK2xpy17BXfd1IQ.jpg',NULL,'2025-07-07 00:00:00',NULL,4,'2025-07-07 11:49:33','2025-07-10 05:03:17',NULL);

--
-- Table structure for table `owner_hired_drivers`
--

CREATE TABLE `owner_hired_drivers` (
  `id` bigint(20) unsigned NOT NULL AUTO_INCREMENT,
  `owner_id` char(36) COLLATE utf8mb4_unicode_ci NOT NULL,
  `driver_id` int(10) unsigned NOT NULL,
  `created_at` timestamp NULL DEFAULT NULL,
  `updated_at` timestamp NULL DEFAULT NULL,
  PRIMARY KEY (`id`),
  KEY `owner_hired_drivers_owner_id_foreign` (`owner_id`),
  KEY `owner_hired_drivers_driver_id_foreign` (`driver_id`),
  CONSTRAINT `owner_hired_drivers_driver_id_foreign` FOREIGN KEY (`driver_id`) REFERENCES `drivers` (`id`) ON DELETE CASCADE,
  CONSTRAINT `owner_hired_drivers_owner_id_foreign` FOREIGN KEY (`owner_id`) REFERENCES `owners` (`id`) ON DELETE CASCADE
) ENGINE=InnoDB DEFAULT CHARSET=utf8mb4 COLLATE=utf8mb4_unicode_ci;

--
-- Dumping data for table `owner_hired_drivers`
--


--
-- Table structure for table `owner_needed_documents`
--

CREATE TABLE `owner_needed_documents` (
  `id` int(10) unsigned NOT NULL AUTO_INCREMENT,
  `name` varchar(191) COLLATE utf8mb4_unicode_ci NOT NULL,
  `doc_type` varchar(191) COLLATE utf8mb4_unicode_ci NOT NULL DEFAULT 'image',
  `has_identify_number` tinyint(1) NOT NULL DEFAULT 0,
  `identify_number_locale_key` varchar(191) COLLATE utf8mb4_unicode_ci DEFAULT NULL,
  `has_expiry_date` tinyint(1) NOT NULL DEFAULT 0,
  `active` tinyint(1) NOT NULL DEFAULT 0,
  `created_at` timestamp NULL DEFAULT NULL,
  `updated_at` timestamp NULL DEFAULT NULL,
  PRIMARY KEY (`id`)
) ENGINE=InnoDB AUTO_INCREMENT=3 DEFAULT CHARSET=utf8mb4 COLLATE=utf8mb4_unicode_ci;

--
-- Dumping data for table `owner_needed_documents`
--

INSERT INTO `owner_needed_documents` VALUES
(1,'Driving License','image',0,NULL,1,1,'2025-07-07 11:43:30','2025-07-07 11:43:30'),
(2,'new','image',0,NULL,1,0,'2025-07-09 12:31:40','2025-07-10 05:02:50');

--
-- Table structure for table `owner_wallet_histories`
--

CREATE TABLE `owner_wallet_histories` (
  `id` char(36) COLLATE utf8mb4_unicode_ci NOT NULL,
  `user_id` char(36) COLLATE utf8mb4_unicode_ci NOT NULL,
  `card_id` char(36) COLLATE utf8mb4_unicode_ci DEFAULT NULL,
  `request_id` char(36) COLLATE utf8mb4_unicode_ci DEFAULT NULL,
  `transaction_id` varchar(191) COLLATE utf8mb4_unicode_ci DEFAULT NULL,
  `amount` double(10,2) NOT NULL DEFAULT 0.00,
  `conversion` varchar(191) COLLATE utf8mb4_unicode_ci DEFAULT NULL,
  `merchant` varchar(191) COLLATE utf8mb4_unicode_ci DEFAULT NULL,
  `remarks` varchar(191) COLLATE utf8mb4_unicode_ci DEFAULT NULL,
  `is_credit` tinyint(1) NOT NULL DEFAULT 0,
  `admin_id` char(36) COLLATE utf8mb4_unicode_ci DEFAULT NULL,
  `created_at` timestamp NULL DEFAULT NULL,
  `updated_at` timestamp NULL DEFAULT NULL,
  PRIMARY KEY (`id`),
  KEY `owner_wallet_histories_card_id_foreign` (`card_id`),
  KEY `owner_wallet_histories_user_id_foreign` (`user_id`),
  KEY `owner_wallet_histories_admin_id_foreign` (`admin_id`),
  KEY `owner_wallet_histories_request_id_foreign` (`request_id`),
  CONSTRAINT `owner_wallet_histories_admin_id_foreign` FOREIGN KEY (`admin_id`) REFERENCES `admin_details` (`id`) ON DELETE CASCADE,
  CONSTRAINT `owner_wallet_histories_card_id_foreign` FOREIGN KEY (`card_id`) REFERENCES `card_info` (`id`) ON DELETE CASCADE,
  CONSTRAINT `owner_wallet_histories_request_id_foreign` FOREIGN KEY (`request_id`) REFERENCES `requests` (`id`) ON DELETE CASCADE,
  CONSTRAINT `owner_wallet_histories_user_id_foreign` FOREIGN KEY (`user_id`) REFERENCES `owners` (`id`) ON DELETE CASCADE
) ENGINE=InnoDB DEFAULT CHARSET=utf8mb4 COLLATE=utf8mb4_unicode_ci;

--
-- Dumping data for table `owner_wallet_histories`
--


--
-- Table structure for table `owner_wallets`
--

CREATE TABLE `owner_wallets` (
  `id` char(36) COLLATE utf8mb4_unicode_ci NOT NULL,
  `user_id` char(36) COLLATE utf8mb4_unicode_ci NOT NULL,
  `amount_added` double(10,2) NOT NULL DEFAULT 0.00,
  `amount_balance` double(10,2) NOT NULL DEFAULT 0.00,
  `amount_spent` double(10,2) NOT NULL DEFAULT 0.00,
  `created_at` timestamp NULL DEFAULT NULL,
  `updated_at` timestamp NULL DEFAULT NULL,
  `deleted_at` timestamp NULL DEFAULT NULL,
  PRIMARY KEY (`id`),
  KEY `owner_wallets_user_id_foreign` (`user_id`),
  CONSTRAINT `owner_wallets_user_id_foreign` FOREIGN KEY (`user_id`) REFERENCES `owners` (`id`) ON DELETE CASCADE
) ENGINE=InnoDB DEFAULT CHARSET=utf8mb4 COLLATE=utf8mb4_unicode_ci;

--
-- Dumping data for table `owner_wallets`
--

INSERT INTO `owner_wallets` VALUES
('4ae6abf0-0596-47a0-a0f7-498cd62bfe48','3847e02f-ce43-456e-a9e6-09ca88c617c7',0.00,0.00,0.00,'2025-07-09 07:20:32','2025-07-09 07:20:32',NULL),
('8be547ee-feb1-4c91-86b1-a0dba34dcc68','5aceeffa-cd3f-4976-b4b8-b1a59fdc08f7',0.00,0.00,0.00,'2025-07-07 11:49:33','2025-07-07 11:49:33',NULL);

--
-- Table structure for table `package_types`
--

CREATE TABLE `package_types` (
  `id` int(10) unsigned NOT NULL AUTO_INCREMENT,
  `name` varchar(191) COLLATE utf8mb4_unicode_ci DEFAULT NULL,
  `transport_type` enum('taxi','delivery','both') COLLATE utf8mb4_unicode_ci DEFAULT NULL,
  `active` tinyint(1) NOT NULL DEFAULT 1,
  `short_description` varchar(191) COLLATE utf8mb4_unicode_ci DEFAULT NULL,
  `description` varchar(191) COLLATE utf8mb4_unicode_ci DEFAULT NULL,
  `created_at` timestamp NULL DEFAULT NULL,
  `updated_at` timestamp NULL DEFAULT NULL,
  PRIMARY KEY (`id`)
) ENGINE=InnoDB AUTO_INCREMENT=5 DEFAULT CHARSET=utf8mb4 COLLATE=utf8mb4_unicode_ci;

--
-- Dumping data for table `package_types`
--

INSERT INTO `package_types` VALUES
(1,'1 Hour 59 Mins','taxi',1,'best travel experience','best travel experience','2025-07-08 11:45:57','2025-07-08 11:45:57'),
(2,'1 Hour 59 Mins','delivery',1,'1 Hour 59 Mins','1 Hour 59 Mins','2025-07-08 11:46:16','2025-07-08 11:46:16'),
(3,'1 Hour 59 Mins','both',1,'best travel experience','best travel experience','2025-07-08 11:46:44','2025-07-08 11:46:44'),
(4,'package1','both',0,'package for both','package for both','2025-07-09 10:02:43','2025-07-11 06:29:50');

--
-- Table structure for table `password_resets`
--

CREATE TABLE `password_resets` (
  `email` varchar(191) COLLATE utf8mb4_unicode_ci NOT NULL,
  `token` varchar(191) COLLATE utf8mb4_unicode_ci NOT NULL,
  `created_at` timestamp NULL DEFAULT NULL,
  UNIQUE KEY `password_resets_email_unique` (`email`)
) ENGINE=InnoDB DEFAULT CHARSET=utf8mb4 COLLATE=utf8mb4_unicode_ci;

--
-- Dumping data for table `password_resets`
--


--
-- Table structure for table `permission_role`
--

CREATE TABLE `permission_role` (
  `role_id` int(10) unsigned NOT NULL,
  `permission_id` int(10) unsigned NOT NULL,
  PRIMARY KEY (`role_id`,`permission_id`),
  KEY `permission_role_permission_id_foreign` (`permission_id`),
  CONSTRAINT `permission_role_permission_id_foreign` FOREIGN KEY (`permission_id`) REFERENCES `permissions` (`id`) ON DELETE CASCADE,
  CONSTRAINT `permission_role_role_id_foreign` FOREIGN KEY (`role_id`) REFERENCES `roles` (`id`) ON DELETE CASCADE
) ENGINE=InnoDB DEFAULT CHARSET=utf8mb4 COLLATE=utf8mb4_unicode_ci;

--
-- Dumping data for table `permission_role`
--

INSERT INTO `permission_role` VALUES
(3,1),
(3,4),
(3,7),
(3,8),
(3,9),
(3,11),
(3,12),
(3,13),
(3,14),
(3,15),
(3,17),
(3,18),
(3,19),
(3,20),
(3,21),
(3,22),
(3,23),
(3,24),
(3,25),
(3,26),
(3,27),
(3,28),
(3,29),
(3,30),
(3,31),
(3,32),
(3,33),
(3,34),
(3,35),
(3,36),
(3,37),
(3,38),
(3,39),
(3,40),
(3,41),
(3,42),
(3,43),
(3,44),
(3,45),
(3,46),
(3,47),
(3,48),
(3,49),
(3,50),
(3,51),
(3,52),
(3,53),
(3,54),
(3,55),
(3,56),
(3,57),
(3,58),
(3,59),
(3,60),
(3,61),
(3,62),
(3,63),
(3,64),
(3,65),
(3,70),
(3,71),
(3,72),
(3,73),
(3,74),
(3,75),
(3,76),
(3,77),
(3,78),
(3,79),
(3,80),
(3,81),
(3,82),
(3,83),
(3,84),
(3,85),
(3,86),
(3,87),
(3,88),
(3,89),
(3,90),
(3,91),
(3,92),
(3,93),
(3,94),
(3,95),
(3,96),
(3,97),
(3,98),
(3,99),
(3,100),
(3,101),
(3,102),
(3,103),
(3,104),
(3,105),
(3,106),
(3,107),
(3,108),
(3,109),
(3,110),
(3,111),
(3,112),
(3,113),
(3,114),
(3,115),
(3,116),
(3,117),
(3,118),
(3,119),
(3,120),
(3,121),
(3,122),
(3,123),
(3,124),
(3,125),
(3,126),
(3,127),
(3,128),
(3,129),
(3,130),
(3,131),
(3,132),
(3,133),
(3,134),
(3,135),
(3,136),
(3,137),
(3,138),
(3,139),
(3,140),
(3,141),
(3,142),
(3,143),
(3,144),
(3,145),
(3,146),
(3,147),
(3,148),
(3,149),
(3,151),
(3,152),
(3,153),
(3,154),
(3,155),
(3,156),
(3,157),
(3,158),
(3,159),
(3,160),
(3,161),
(3,162),
(3,163),
(3,164),
(3,165),
(3,166),
(3,167),
(3,168),
(3,169),
(3,170),
(3,171),
(3,172),
(3,173),
(3,174),
(3,175),
(3,176),
(3,177),
(3,178),
(3,179),
(3,180),
(3,181),
(3,182),
(3,183),
(3,184),
(3,185),
(3,186),
(3,187),
(3,188),
(3,189),
(3,190),
(3,191),
(3,192),
(3,193),
(4,1),
(4,8),
(4,9),
(4,16),
(4,37),
(4,42),
(4,44),
(4,46),
(4,47),
(4,49),
(4,51),
(4,52),
(4,53),
(4,54),
(4,56),
(4,57),
(4,58),
(4,59),
(4,60),
(4,62),
(4,63),
(4,64),
(4,65),
(4,70),
(4,71),
(4,72),
(4,73),
(4,74),
(4,76),
(4,78),
(4,79),
(4,80),
(4,81),
(4,83),
(4,85),
(4,86),
(4,87),
(4,88),
(4,89),
(4,91),
(4,92),
(4,93),
(4,94),
(4,95),
(4,97),
(4,98),
(4,99),
(4,100),
(4,102),
(4,104),
(4,105),
(4,106),
(4,107),
(4,108),
(4,109),
(4,110),
(4,111),
(4,112),
(4,113),
(4,114),
(4,115),
(4,116),
(4,117),
(4,119),
(4,120),
(4,121),
(4,122),
(4,123),
(4,124),
(4,125),
(4,126),
(4,127),
(4,128),
(4,129),
(4,130),
(4,131),
(4,133),
(4,134),
(4,135),
(4,136),
(4,137),
(4,138),
(4,139),
(4,140),
(4,141),
(4,142),
(4,143),
(4,144),
(4,145),
(4,147),
(4,148),
(4,149),
(4,151),
(4,155),
(4,156),
(4,158),
(4,160),
(4,161),
(4,162),
(4,163),
(4,165),
(4,167),
(4,169),
(4,170),
(4,172),
(4,174),
(4,175),
(4,176),
(4,177),
(4,178),
(4,179),
(4,181),
(4,183),
(4,184),
(4,185),
(4,186),
(4,187),
(4,188),
(4,189),
(4,190),
(4,191),
(4,192),
(4,193),
(5,1),
(5,8),
(5,9),
(5,47),
(5,52),
(5,53),
(5,54),
(5,55),
(5,56),
(5,57),
(5,58),
(5,59),
(5,60),
(5,61),
(5,65),
(5,74),
(5,79),
(5,80),
(5,81),
(5,87),
(5,91),
(5,105),
(5,106),
(5,107),
(5,108),
(5,109),
(5,110),
(5,111),
(5,112),
(5,113),
(5,114),
(5,115),
(5,116),
(5,117),
(5,118),
(5,119),
(5,120),
(5,121),
(5,122),
(5,123),
(5,124),
(5,125),
(5,126),
(5,127),
(5,128),
(5,129),
(5,130),
(5,131),
(5,132),
(5,133),
(5,134),
(5,135),
(5,136),
(5,137),
(5,138),
(5,139),
(5,140),
(5,141),
(5,142),
(5,143),
(5,144),
(5,145),
(5,146),
(5,147),
(5,148),
(5,149),
(5,151),
(5,156),
(5,161),
(5,162),
(5,163),
(5,164),
(5,165),
(5,170),
(5,175),
(5,176),
(5,177),
(5,178),
(5,179),
(5,184),
(5,185),
(5,186),
(5,187),
(5,188),
(5,189),
(5,190),
(5,191),
(5,192),
(6,1),
(6,58),
(6,59),
(6,60),
(6,61),
(6,62),
(6,105),
(6,106);

--
-- Table structure for table `permissions`
--

CREATE TABLE `permissions` (
  `id` int(10) unsigned NOT NULL AUTO_INCREMENT,
  `slug` varchar(50) COLLATE utf8mb4_unicode_ci NOT NULL,
  `name` varchar(50) COLLATE utf8mb4_unicode_ci NOT NULL,
  `description` varchar(150) COLLATE utf8mb4_unicode_ci DEFAULT NULL,
  `main_menu` varchar(191) COLLATE utf8mb4_unicode_ci DEFAULT NULL,
  `sub_menu` varchar(191) COLLATE utf8mb4_unicode_ci DEFAULT NULL,
  `main_link` varchar(191) COLLATE utf8mb4_unicode_ci DEFAULT NULL,
  `sub_link` varchar(191) COLLATE utf8mb4_unicode_ci DEFAULT NULL,
  `sort` int(11) DEFAULT NULL,
  `icon` varchar(191) COLLATE utf8mb4_unicode_ci DEFAULT NULL,
  `created_at` timestamp NULL DEFAULT NULL,
  `updated_at` timestamp NULL DEFAULT NULL,
  PRIMARY KEY (`id`),
  UNIQUE KEY `permissions_slug_unique` (`slug`)
) ENGINE=InnoDB AUTO_INCREMENT=194 DEFAULT CHARSET=utf8mb4 COLLATE=utf8mb4_unicode_ci;

--
-- Dumping data for table `permissions`
--

INSERT INTO `permissions` VALUES
(1,'access-dashboard','Access-Dashboard','Access Dashboard','dashboard',NULL,'dashboard',NULL,1,'fa fa-tachometer','2025-07-04 10:47:45','2025-07-04 10:47:45'),
(2,'get-all-roles','Get-All-Roles','Get-All-Roles','settings','roles',NULL,'roles',NULL,NULL,'2025-07-04 10:47:45','2025-07-04 10:47:45'),
(3,'view-roles','view-roles','view-roles','settings','roles',NULL,'roles',NULL,NULL,'2025-07-04 10:47:45','2025-07-04 10:47:45'),
(4,'edit-roles','edit-roles','Edit all roles','settings','roles',NULL,'roles',NULL,NULL,'2025-07-04 10:47:45','2025-07-04 10:47:45'),
(5,'create-roles','create-roles','Create Roles','settings',NULL,NULL,NULL,12,'fa fa-cogs','2025-07-04 10:47:45','2025-07-04 10:47:45'),
(6,'create-new-roles','create-new-role','Create New Role','settings','roles',NULL,'roles',NULL,NULL,'2025-07-04 10:47:45','2025-07-04 10:47:45'),
(7,'get-all-permissions','Get-All-Permissions','Get all permissions','settings','roles',NULL,NULL,NULL,NULL,'2025-07-04 10:47:45','2025-07-04 10:47:45'),
(8,'view-settings','view-all-settings','View All Settings','settings',NULL,NULL,NULL,12,'fa fa-cogs','2025-07-04 10:47:45','2025-07-04 10:47:45'),
(9,'view-system-settings','view-system-settings','view-system-settings','settings',NULL,NULL,NULL,12,'fa fa-cogs','2025-07-04 10:47:45','2025-07-04 10:47:45'),
(10,'view-translations','view-translations','View Translations','settings',NULL,NULL,NULL,12,'fa fa-cogs','2025-07-04 10:47:45','2025-07-04 10:47:45'),
(11,'manage-country','manage-country','View Country','settings','country','settings','country',NULL,NULL,'2025-07-04 10:47:45','2025-07-04 10:47:45'),
(12,'add-country','add-country','add Country','settings','country','settings','country',NULL,NULL,'2025-07-04 10:47:45','2025-07-04 10:47:45'),
(13,'edit-country','edit-country','edit country','settings','country','settings','country',NULL,NULL,'2025-07-04 10:47:45','2025-07-04 10:47:45'),
(14,'delete-country','delete-country','delete country','settings','country','settings','country',NULL,NULL,'2025-07-04 10:47:45','2025-07-04 10:47:45'),
(15,'toggle-country','toggle-country','toggle-country','settings','country','settings','country',NULL,NULL,'2025-07-04 10:47:45','2025-07-04 10:47:45'),
(16,'master-data','master-data','View All Master Data','master',NULL,NULL,NULL,17,'fa fa-code-fork','2025-07-04 10:47:45','2025-07-04 10:47:45'),
(17,'manage-driver-needed-document','manage-driver-needed-document','List driver needed documents','master','needed_doc',NULL,'needed_doc',NULL,NULL,'2025-07-04 10:47:45','2025-07-04 10:47:45'),
(18,'add-driver-needed-document','add-driver-needed-document','Add driver needed documents','master','needed_doc',NULL,'needed_doc',NULL,NULL,'2025-07-04 10:47:45','2025-07-04 10:47:45'),
(19,'edit-driver-needed-document','edit-driver-needed-document','Edit driver needed documents','master','needed_doc',NULL,'needed_doc',NULL,NULL,'2025-07-04 10:47:45','2025-07-04 10:47:45'),
(20,'delete-driver-needed-document','delete-driver-needed-document','Delete driver needed documents','master','needed_doc',NULL,'needed_doc',NULL,NULL,'2025-07-04 10:47:45','2025-07-04 10:47:45'),
(21,'toggle-driver-needed-document','toggle-driver-needed-documentt','toggle-driver-needed-document','master','needed_doc',NULL,'needed_doc',NULL,NULL,'2025-07-04 10:47:45','2025-07-04 10:47:45'),
(22,'manage-fleet-needed-document','manage-fleet_needed-document','List fleet needed documents','master','fleet_needed_doc',NULL,'fleet_needed_doc',NULL,NULL,'2025-07-04 10:47:45','2025-07-04 10:47:45'),
(23,'add-fleet-needed-document','add-fleet-needed-document','Add fleet needed documents','master','fleet_needed_doc',NULL,'fleet_needed_doc',NULL,NULL,'2025-07-04 10:47:45','2025-07-04 10:47:45'),
(24,'edit-fleet-needed-document','edit-fleet-needed-document','Edit fleet needed documents','master','fleet_needed_doc',NULL,'fleet_needed_doc',NULL,NULL,'2025-07-04 10:47:45','2025-07-04 10:47:45'),
(25,'delete-fleet-needed-document','delete-fleet-needed-document','Delete fleet needed documents','master','fleet_needed_doc',NULL,'fleet_needed_doc',NULL,NULL,'2025-07-04 10:47:45','2025-07-04 10:47:45'),
(26,'toggle-fleet-needed-document','toggle-fleet-needed-documentt','toggle-fleet-needed-document','master','fleet_needed_doc',NULL,'fleet_needed_doc',NULL,NULL,'2025-07-04 10:47:45','2025-07-04 10:47:45'),
(27,'manage-owner-needed-document','manage-owner-needed-document','List owner needed documents','master','owner_needed_doc',NULL,'owner_needed_doc',NULL,NULL,'2025-07-04 10:47:45','2025-07-04 10:47:45'),
(28,'add-owner-needed-document','add-owner-needed-document','Add Owner needed documents','master','owner_needed_doc',NULL,'owner_needed_doc',NULL,NULL,'2025-07-04 10:47:45','2025-07-04 10:47:45'),
(29,'edit-owner-needed-document','edit-owner-needed-document','Edit Owner needed documents','master','owner_needed_doc',NULL,'owner_needed_doc',NULL,NULL,'2025-07-04 10:47:45','2025-07-04 10:47:45'),
(30,'delete-owner-needed-document','delete-owner-needed-document','Delete Owner needed documents','master','owner_needed_doc',NULL,'owner_needed_doc',NULL,NULL,'2025-07-04 10:47:45','2025-07-04 10:47:45'),
(31,'toggle-owner-needed-document','toggle-owner-needed-document','toggle Owner needed document','master','owner_needed_doc',NULL,'owner_needed_doc',NULL,NULL,'2025-07-04 10:47:45','2025-07-04 10:47:45'),
(32,'package-type','manage-package-type','List Package Type','master','package-type',NULL,'package-type',NULL,NULL,'2025-07-04 10:47:45','2025-07-04 10:47:45'),
(33,'add-package-type','add-package-type','Add Package Type','master','package-type',NULL,'package-type',NULL,NULL,'2025-07-04 10:47:45','2025-07-04 10:47:45'),
(34,'edit-package-type','edit-package-type','Edit Package Type','master','package-type',NULL,'package-type',NULL,NULL,'2025-07-04 10:47:45','2025-07-04 10:47:45'),
(35,'delete-package-type','delete-package-type','Delete Package Type','master','package-type',NULL,'package-type',NULL,NULL,'2025-07-04 10:47:45','2025-07-04 10:47:45'),
(36,'toggle-package-type','toggle-package-type','toggle Package Type','master','package-type',NULL,'package-type',NULL,NULL,'2025-07-04 10:47:45','2025-07-04 10:47:45'),
(37,'banner-image','manage-banner-image','List Package Type','master','banner-image',NULL,'banner-image',NULL,NULL,'2025-07-04 10:47:45','2025-07-04 10:47:45'),
(38,'add-banner-image','add-banner-image','Add Package Type','master','banner-image',NULL,'banner-image',NULL,NULL,'2025-07-04 10:47:45','2025-07-04 10:47:45'),
(39,'edit-banner-image','edit-banner-image','Edit Package Type','master','banner-image',NULL,'banner-image',NULL,NULL,'2025-07-04 10:47:45','2025-07-04 10:47:45'),
(40,'delete-banner-image','delete-banner-image','Delete Package Type','master','banner-image',NULL,'banner-image',NULL,NULL,'2025-07-04 10:47:45','2025-07-04 10:47:45'),
(41,'toggle-banner-image','toggle-banner-image','toggle Package Type','master','banner-image',NULL,'banner-image',NULL,NULL,'2025-07-04 10:47:45','2025-07-04 10:47:45'),
(42,'manage-goods-types','manage-goods-types','List Package Type','master','goods_types',NULL,'goods_types',NULL,NULL,'2025-07-04 10:47:45','2025-07-04 10:47:45'),
(43,'add-goods-types','add-goods-typess','Add Goods Types','master','goods_types',NULL,'goods_types',NULL,NULL,'2025-07-04 10:47:45','2025-07-04 10:47:45'),
(44,'edit-goods-types','edit-goods-types','Edit Goods Types','master','goods_types',NULL,'goods_types',NULL,NULL,'2025-07-04 10:47:45','2025-07-04 10:47:45'),
(45,'delete-goods-types','delete-goods-types','Delete Goods Types','master','goods_types',NULL,'goods_types',NULL,NULL,'2025-07-04 10:47:45','2025-07-04 10:47:45'),
(46,'toggle-goods-types','toggle-goods-types','toggle Goods Types','master','goods_types',NULL,'goods_types',NULL,NULL,'2025-07-04 10:47:45','2025-07-04 10:47:45'),
(47,'service_location','Service_Location','Available location for app','service_location',NULL,'service_location',NULL,2,'fa fa-map-marker','2025-07-04 10:47:45','2025-07-04 10:47:45'),
(48,'Add_Service_Location','Add_Service_Location','Add location for app','service_location',NULL,'service_location',NULL,2,'fa fa-map-marker','2025-07-04 10:47:45','2025-07-04 10:47:45'),
(49,'Edit_Service_Location','Edit_Service_Location','Edit location for app','service_location',NULL,'service_location',NULL,2,'fa fa-map-marker','2025-07-04 10:47:45','2025-07-04 10:47:45'),
(50,'Delete_Service_Location','Delete_Service_Location','Delete location for app','service_location',NULL,'service_location',NULL,2,'fa fa-map-marker','2025-07-04 10:47:45','2025-07-04 10:47:45'),
(51,'Toggle_Service_Location','Toggle_Service_Location','toggle location for app','service_location',NULL,'service_location',NULL,2,'fa fa-map-marker','2025-07-04 10:47:45','2025-07-04 10:47:45'),
(52,'manage-owner','manage_owners','Owner list and create','manage_owners','owner','owners',NULL,3,'fa fa-briefcase','2025-07-04 10:47:45','2025-07-04 10:47:45'),
(53,'add-owner','add-owner','Add Owner','manage_owners','owner',NULL,NULL,NULL,NULL,'2025-07-04 10:47:45','2025-07-04 10:47:45'),
(54,'edit-owner','edit-owner','Edit Owner','manage_owners','owner',NULL,NULL,NULL,NULL,'2025-07-04 10:47:45','2025-07-04 10:47:45'),
(55,'delete-owner','delete-owner','Delete Owner','manage_owners','owner',NULL,NULL,NULL,NULL,'2025-07-04 10:47:45','2025-07-04 10:47:45'),
(56,'toggle-owner-status','toggle-owner-status','Toggle Owner Status','manage_owners','owner',NULL,NULL,NULL,NULL,'2025-07-04 10:47:45','2025-07-04 10:47:45'),
(57,'view-owner-document','view-owner-document','View Owner Document','manage_owners','owner',NULL,NULL,NULL,NULL,'2025-07-04 10:47:45','2025-07-04 10:47:45'),
(58,'manage-fleet','manage-fleet','Manage fleets add edit delete','manage_fleet',NULL,'fleets',NULL,18,'fa fa-taxi','2025-07-04 10:47:45','2025-07-04 10:47:45'),
(59,'add-fleet','add-fleet','Create new fleet','manage_fleet','manage_fleet',NULL,NULL,NULL,NULL,'2025-07-04 10:47:45','2025-07-04 10:47:45'),
(60,'edit-fleet','edit-fleet','Edit fleet','manage_fleet','manage_fleet',NULL,NULL,NULL,NULL,'2025-07-04 10:47:45','2025-07-04 10:47:45'),
(61,'delete-fleet','delete-fleet','Delete fleet','manage_fleet','manage_fleet',NULL,NULL,NULL,NULL,'2025-07-04 10:47:45','2025-07-04 10:47:45'),
(62,'toggle-fleet-status','toggle-fleet-status','Change status of fleet','manage_fleet','manage_fleet',NULL,NULL,NULL,NULL,'2025-07-04 10:47:45','2025-07-04 10:47:45'),
(63,'toggle-fleet-approval','toggle-fleet-approval','Change Approve status of fleet','manage_fleet','manage_fleet',NULL,NULL,NULL,NULL,'2025-07-04 10:47:45','2025-07-04 10:47:45'),
(64,'view-fleet-document','view-fleet-document','View Fleet Document','manage_fleet','manage_fleet',NULL,NULL,NULL,NULL,'2025-07-04 10:47:45','2025-07-04 10:47:45'),
(65,'admin','Admin','Admin User List','admin',NULL,'admins',NULL,3,'fa fa-user-circle-o','2025-07-04 10:47:45','2025-07-04 10:47:45'),
(66,'add-admin','add-admin','create admin','admin',NULL,'admins',NULL,3,'fa fa-user-circle-o','2025-07-04 10:47:45','2025-07-04 10:47:45'),
(67,'edit-admin','edit-admin','Edit Admin','admin',NULL,'admins',NULL,3,'fa fa-user-circle-o','2025-07-04 10:47:45','2025-07-04 10:47:45'),
(68,'delete-admin','delete-admin','Delete Admin','admin',NULL,'admins',NULL,3,'fa fa-user-circle-o','2025-07-04 10:47:45','2025-07-04 10:47:45'),
(69,'toggle-admin-status','toggle-admin-status','toggle status admin','admin',NULL,'admins',NULL,3,'fa fa-user-circle-o','2025-07-04 10:47:45','2025-07-04 10:47:45'),
(70,'view-requests','view-requests','View Request Details','request','request','requests',NULL,5,'fa fa-list','2025-07-04 10:47:45','2025-07-04 10:47:45'),
(71,'view-rides','view-rides','View Rides','request','request','requests',NULL,5,'fa fa-list','2025-07-04 10:47:45','2025-07-04 10:47:45'),
(72,'scheduled-rides','scheduled-rides','View scheduled Rides','request','scheduled-rides','requests','scheduled-rides',5,'fa fa-list','2025-07-04 10:47:45','2025-07-04 10:47:45'),
(73,'cancellation-rides','cancellation-rides','View cancellation Rides','request','cancellation-rides','requests','cancellation-rides',5,'fa fa-list','2025-07-04 10:47:45','2025-07-04 10:47:45'),
(74,'view-types','view-vehicle-types','Get all types','vehicle-type',NULL,'types',NULL,NULL,NULL,'2025-07-04 10:47:45','2025-07-04 10:47:45'),
(75,'add-vehicle-types','add-vehicle-types','Get all types','vehicle-type',NULL,'types',NULL,NULL,NULL,'2025-07-04 10:47:45','2025-07-04 10:47:45'),
(76,'edit-vehicle-types','edit-vehicle-types','Get all types','vehicle-type',NULL,'types',NULL,NULL,NULL,'2025-07-04 10:47:45','2025-07-04 10:47:45'),
(77,'delete-vehicle-types','delete-vehicle-types','Get all types','vehicle-type',NULL,'types',NULL,NULL,NULL,'2025-07-04 10:47:45','2025-07-04 10:47:45'),
(78,'toggle-vehicle-types','toggle-vehicle-types','Get all types','vehicle-type',NULL,'types',NULL,NULL,NULL,'2025-07-04 10:47:45','2025-07-04 10:47:45'),
(79,'map-menu','map','View all map related menus','map',NULL,NULL,NULL,8,'fa fa-map','2025-07-04 10:47:45','2025-07-04 10:47:45'),
(80,'view-zone-map','view-zone-map','map-view','map','zone',NULL,'zone',NULL,NULL,'2025-07-04 10:47:45','2025-07-04 10:47:45'),
(81,'view-zone','Get-All-zones','Get all zones','map','zone',NULL,'zone',NULL,NULL,'2025-07-04 10:47:45','2025-07-04 10:47:45'),
(82,'add-zone','add-zones','Add zones','map','zone',NULL,'zone',NULL,NULL,'2025-07-04 10:47:45','2025-07-04 10:47:45'),
(83,'edit-zone','edit-zones','Edit zones','map','zone',NULL,'zone',NULL,NULL,'2025-07-04 10:47:45','2025-07-04 10:47:45'),
(84,'delete-zone','delete-zones','Get all zones','map','zone',NULL,'zone',NULL,NULL,'2025-07-04 10:47:45','2025-07-04 10:47:45'),
(85,'toggle-zone','toggle-status-zones','Toggle Status Zones','map','zone',NULL,'zone',NULL,NULL,'2025-07-04 10:47:45','2025-07-04 10:47:45'),
(86,'surge-zone','surge-zones','Surge zones','map','zone',NULL,'zone',NULL,NULL,'2025-07-04 10:47:45','2025-07-04 10:47:45'),
(87,'list-airports','Get-All-Airports','Get all airports','map','airport',NULL,'aiports',NULL,NULL,'2025-07-04 10:47:45','2025-07-04 10:47:45'),
(88,'Add-Airports','Add-Airports','Add airports','map','airport',NULL,'aiports',NULL,NULL,'2025-07-04 10:47:45','2025-07-04 10:47:45'),
(89,'Edit-airports','Edit-Airports','Edit airports','map','airport',NULL,'aiports',NULL,NULL,'2025-07-04 10:47:45','2025-07-04 10:47:45'),
(90,'Delete-Airports','Delete-Airports','Delete airports','map','airport',NULL,'aiports',NULL,NULL,'2025-07-04 10:47:45','2025-07-04 10:47:45'),
(91,'Map-view-Airports','Map-view-Airports','Map-view-Airports','map','airport',NULL,'aiports',NULL,NULL,'2025-07-04 10:47:45','2025-07-04 10:47:45'),
(92,'Toggle-Airports','Toggle-Airports','Toggle-Airports','map','airport',NULL,'aiports',NULL,NULL,'2025-07-04 10:47:45','2025-07-04 10:47:45'),
(93,'vehicle-fare','vehicle-fare','list-vehicle_fare','vehicle-fare',NULL,'vehicle_fare',NULL,NULL,NULL,'2025-07-04 10:47:45','2025-07-04 10:47:45'),
(94,'add-price','add-price','add price','vehicle-fare',NULL,'vehicle_fare',NULL,NULL,NULL,'2025-07-04 10:47:45','2025-07-04 10:47:45'),
(95,'edit-price','edit-price','edit price','vehicle-fare',NULL,'vehicle_fare',NULL,NULL,NULL,'2025-07-04 10:47:45','2025-07-04 10:47:45'),
(96,'delete-price','delete-price','delete price','vehicle-fare',NULL,'vehicle_fare',NULL,NULL,NULL,'2025-07-04 10:47:45','2025-07-04 10:47:45'),
(97,'toggle-price','toggle-price','toggle price','vehicle-fare',NULL,'vehicle_fare',NULL,NULL,NULL,'2025-07-04 10:47:45','2025-07-04 10:47:45'),
(98,'default-vehicle-type','default-vehicle-type','default-vehicle-type','vehicle-fare',NULL,'vehicle_fare',NULL,NULL,NULL,'2025-07-04 10:47:45','2025-07-04 10:47:45'),
(99,'assign-rental-package','assign-rental-package','assign-rental-package','vehicle-fare',NULL,'vehicle_fare',NULL,NULL,NULL,'2025-07-04 10:47:45','2025-07-04 10:47:45'),
(100,'rental-package','rental-package','rental-package','vehicle-fare',NULL,'vehicle_fare',NULL,NULL,NULL,'2025-07-04 10:47:45','2025-07-04 10:47:45'),
(101,'add-rental-package','add-rental-package','add-rental-package','vehicle-fare',NULL,'vehicle_fare',NULL,NULL,NULL,'2025-07-04 10:47:45','2025-07-04 10:47:45'),
(102,'edit-rental-package','edit-rental-package','edit-rental-package','vehicle-fare',NULL,'vehicle_fare',NULL,NULL,NULL,'2025-07-04 10:47:45','2025-07-04 10:47:45'),
(103,'delete-rental-package','delete-rental-package','delete-rental-package','vehicle-fare',NULL,'vehicle_fare',NULL,NULL,NULL,'2025-07-04 10:47:45','2025-07-04 10:47:45'),
(104,'toggle-rental-package','toggle-rental-package','toggle-rental-package','vehicle-fare',NULL,'vehicle_fare',NULL,NULL,NULL,'2025-07-04 10:47:45','2025-07-04 10:47:45'),
(105,'drivers-menu','drivers-menu','drivers','drivers',NULL,NULL,NULL,4,'fa fa-users','2025-07-04 10:47:45','2025-07-04 10:47:45'),
(106,'view-drivers','view-drivers','Get all drivers','drivers','driver_details',NULL,'drivers',NULL,NULL,'2025-07-04 10:47:45','2025-07-04 10:47:45'),
(107,'view-approval-pending-drivers','view-approval-pending-drivers','Get-All-approval-pending-Drivers','drivers','driver_details',NULL,'drivers',NULL,NULL,'2025-07-04 10:47:45','2025-07-04 10:47:45'),
(108,'view-driver-ratings','view-driver-ratings','Get all Drivers-Ratings','drivers','driver_details',NULL,'drivers',NULL,NULL,'2025-07-04 10:47:45','2025-07-04 10:47:45'),
(109,'view-driver-withdrawal-requests','view-driver-withdrawal-requests','Get all Drivers-withdrawal-request','drivers','driver_details',NULL,'drivers',NULL,NULL,'2025-07-04 10:47:45','2025-07-04 10:47:45'),
(110,'view-negative-balance-drivers','view-negative-balance-drivers','Get all-Negative-Balance-Drivers','drivers','driver_details',NULL,'drivers',NULL,NULL,'2025-07-04 10:47:45','2025-07-04 10:47:45'),
(111,'edit-drivers','edit-drivers','edit-drivers','drivers','driver_details',NULL,'drivers',NULL,NULL,'2025-07-04 10:47:45','2025-07-04 10:47:45'),
(112,'toggle-drivers','toggle-drivers','toggle-drivers','drivers','driver_details',NULL,'drivers',NULL,NULL,'2025-07-04 10:47:45','2025-07-04 10:47:45'),
(113,'view-request-list','view-request-list','view-request-list','drivers','driver_details',NULL,'drivers',NULL,NULL,'2025-07-04 10:47:45','2025-07-04 10:47:45'),
(114,'driver-payment-history','driver-payment-history','driver-payment-history','drivers','driver_details',NULL,'drivers',NULL,NULL,'2025-07-04 10:47:45','2025-07-04 10:47:45'),
(115,'view-driver-profile','view-driver-profile','view-profile','drivers','driver_details',NULL,'drivers',NULL,NULL,'2025-07-04 10:47:45','2025-07-04 10:47:45'),
(116,'add-drivers','add-drivers','add-drivers','drivers','driver_details',NULL,'drivers',NULL,NULL,'2025-07-04 10:47:45','2025-07-04 10:47:45'),
(117,'update-drivers','update-drivers','update-drivers','drivers','driver_details',NULL,'drivers',NULL,NULL,'2025-07-04 10:47:45','2025-07-04 10:47:45'),
(118,'delete-drivers','delete-drivers','delete-drivers','drivers','driver_details',NULL,'drivers',NULL,NULL,'2025-07-04 10:47:45','2025-07-04 10:47:45'),
(119,'driver-document','driver-document','driver-document','drivers','driver_details',NULL,'drivers',NULL,NULL,'2025-07-04 10:47:45','2025-07-04 10:47:45'),
(120,'driver-document-view-image','driver-document-view-image','driver-document-view','drivers','driver_details',NULL,'drivers',NULL,NULL,'2025-07-04 10:47:45','2025-07-04 10:47:45'),
(121,'driver-document-edit','driver-document-edit','driver-document-edit','drivers','driver_details',NULL,'drivers',NULL,NULL,'2025-07-04 10:47:45','2025-07-04 10:47:45'),
(122,'driver-document-toggle','driver-document-toggle','driver-document-toggle','drivers','driver_details',NULL,'drivers',NULL,NULL,'2025-07-04 10:47:45','2025-07-04 10:47:45'),
(123,'view-driver-rating','view-driver-rating','view-driver-rating','drivers','driver_details',NULL,'drivers',NULL,NULL,'2025-07-04 10:47:45','2025-07-04 10:47:45'),
(124,'driver-withdrwal-request-view','driver-withdrwal-request-view','driver-withdrwal-request-view','drivers','driver_details',NULL,'drivers',NULL,NULL,'2025-07-04 10:47:45','2025-07-04 10:47:45'),
(125,'neagtive-driver-view','neagtive-driver-view','neagtive-driver-view','drivers','driver_details',NULL,'drivers',NULL,NULL,'2025-07-04 10:47:45','2025-07-04 10:47:45'),
(126,'fleet-drivers-menu','fleet-drivers-menu','fleet-drivers','fleet-drivers',NULL,NULL,NULL,4,'fa fa-users','2025-07-04 10:47:45','2025-07-04 10:47:45'),
(127,'view-approved-fleet-drivers','view-approved-drivers','Get all drivers','fleet-drivers','fleet-driver_details',NULL,'fleet-drivers',NULL,NULL,'2025-07-04 10:47:45','2025-07-04 10:47:45'),
(128,'fleet-drivers-waiting-for-approval','fleet-drivers-waiting-for-approval','fleet-drivers-waiting-for-approval','fleet-drivers','fleet-driver_details',NULL,'fleet-drivers',NULL,NULL,'2025-07-04 10:47:45','2025-07-04 10:47:45'),
(129,'edit-fleet-drivers','edit-fleet-drivers','edit-fleet-drivers','fleet-drivers','driver_details',NULL,'fleet-drivers',NULL,NULL,'2025-07-04 10:47:45','2025-07-04 10:47:45'),
(130,'toggle-fleet-drivers','toggle-fleet-drivers','toggle-fleet-drivers','fleet-drivers','driver_details',NULL,'fleet-drivers',NULL,NULL,'2025-07-04 10:47:45','2025-07-04 10:47:45'),
(131,'update-fleet-drivers','update-fleet-drivers','update-fleet-drivers','fleet-drivers','driver_details',NULL,'fleet-drivers',NULL,NULL,'2025-07-04 10:47:45','2025-07-04 10:47:45'),
(132,'delete-fleet-drivers','delete-fleet-drivers','delete-fleet-drivers','fleet-drivers','driver_details',NULL,'fleet-drivers',NULL,NULL,'2025-07-04 10:47:45','2025-07-04 10:47:45'),
(133,'add-fleet-drivers','add-fleet-drivers','add-fleet-drivers','fleet-drivers','driver_details',NULL,'fleet-drivers',NULL,NULL,'2025-07-04 10:47:45','2025-07-04 10:47:45'),
(134,'view-fleet-driver-request-list','view-fleet-driver-request-list','view-fleet-driver-request-list','fleet-drivers','driver_details',NULL,'fleet-drivers',NULL,NULL,'2025-07-04 10:47:45','2025-07-04 10:47:45'),
(135,'fleet-driver-payment-history','fleet-driver-payment-history','fleet-driver-payment-history','fleet-drivers','driver_details',NULL,'fleet-drivers',NULL,NULL,'2025-07-04 10:47:45','2025-07-04 10:47:45'),
(136,'view-fleet-driver-profile','view-fleet-driver-profile','view-fleet-driver-profile','fleet-drivers','driver_details',NULL,'fleet-drivers',NULL,NULL,'2025-07-04 10:47:45','2025-07-04 10:47:45'),
(137,'fleet-driver-document','fleet-driver-document','fleet-driver-document','fleet-drivers','fleet-driver_details',NULL,'fleet-drivers',NULL,NULL,'2025-07-04 10:47:45','2025-07-04 10:47:45'),
(138,'fleet-driver-document-view-image','fleet-driver-document-view-image','fleet-driver-document-view','fleet-drivers','fleet-driver_details',NULL,'fleet-drivers',NULL,NULL,'2025-07-04 10:47:45','2025-07-04 10:47:45'),
(139,'fleet-driver-document-edit','fleet-driver-document-edit','fleet-driver-document-edit','fleet-drivers','fleet-driver_details',NULL,'fleet-drivers',NULL,NULL,'2025-07-04 10:47:45','2025-07-04 10:47:45'),
(140,'fleet-driver-document-upload','fleet-driver-document-upload','fleet-driver-document-upload','fleet-drivers','fleet-driver_details',NULL,'fleet-drivers',NULL,NULL,'2025-07-04 10:47:45','2025-07-04 10:47:45'),
(141,'fleet-driver-document-toggle','fleet-driver-document-toggle','fleet-driver-document-toggle','fleet-drivers','fleet-driver_details',NULL,'fleet-drivers',NULL,NULL,'2025-07-04 10:47:45','2025-07-04 10:47:45'),
(142,'user-menu','user-menu','View all user related menus','users',NULL,NULL,NULL,5,'fa fa-user','2025-07-04 10:47:45','2025-07-04 10:47:45'),
(143,'view-users','Get-All-Users','Get all Users','users','user_details',NULL,'users',NULL,NULL,'2025-07-04 10:47:45','2025-07-04 10:47:45'),
(144,'add-user','add-users','add user','users',NULL,'users',NULL,NULL,NULL,'2025-07-04 10:47:45','2025-07-04 10:47:45'),
(145,'edit-user','edit-user','edit user','users',NULL,'users',NULL,NULL,NULL,'2025-07-04 10:47:45','2025-07-04 10:47:45'),
(146,'delete-user','delete-user','delete user','users',NULL,'users',NULL,NULL,NULL,'2025-07-04 10:47:45','2025-07-04 10:47:45'),
(147,'toggle-user','toggle-user','toggle-user','users',NULL,'users',NULL,NULL,NULL,'2025-07-04 10:47:45','2025-07-04 10:47:45'),
(148,'view-user-request-list','view-user-request-list','view-user-request-list','users',NULL,'users',NULL,NULL,NULL,'2025-07-04 10:47:45','2025-07-04 10:47:45'),
(149,'user-payment-history','user-payment-history','user-payment-history','users',NULL,'users',NULL,NULL,NULL,'2025-07-04 10:47:45','2025-07-04 10:47:45'),
(150,'view-delete-users','view-deleted-users','view-deleted-users','users',NULL,'users',NULL,NULL,NULL,'2025-07-04 10:47:45','2025-07-04 10:47:45'),
(151,'view-sos','view-sos','Emergency Numbers','sos',NULL,'sos',NULL,6,'fa fa-heartbeat','2025-07-04 10:47:45','2025-07-04 10:47:45'),
(152,'add-sos','add-sos','add sos','sos',NULL,'sos',NULL,NULL,NULL,'2025-07-04 10:47:45','2025-07-04 10:47:45'),
(153,'edit-sos','edit-sos','edit sos','sos',NULL,'sos',NULL,NULL,NULL,'2025-07-04 10:47:45','2025-07-04 10:47:45'),
(154,'delete-sos','delete-sos','delete sos','sos',NULL,'sos',NULL,NULL,NULL,'2025-07-04 10:47:45','2025-07-04 10:47:45'),
(155,'toggle-sos','toggle-sos','toggle-sos','sos',NULL,'sos',NULL,NULL,NULL,'2025-07-04 10:47:45','2025-07-04 10:47:45'),
(156,'manage-promo','manage-promo','View Promo code','promo',NULL,'promo',NULL,10,'fa fa-gift','2025-07-04 10:47:45','2025-07-04 10:47:45'),
(157,'add-promo','add-promo','add Promo code','promo',NULL,'promo',NULL,NULL,NULL,'2025-07-04 10:47:45','2025-07-04 10:47:45'),
(158,'edit-promo','edit-promo','edit promo','promo',NULL,'promo',NULL,NULL,NULL,'2025-07-04 10:47:45','2025-07-04 10:47:45'),
(159,'delete-promo','delete-promo','delete promo','promo',NULL,'promo',NULL,NULL,NULL,'2025-07-04 10:47:45','2025-07-04 10:47:45'),
(160,'toggle-promo','toggle-promo','toggle-promo','promo',NULL,'promo',NULL,NULL,NULL,'2025-07-04 10:47:45','2025-07-04 10:47:45'),
(161,'notifications','notifications','notifications','notifications',NULL,'notifications',NULL,NULL,NULL,'2025-07-04 10:47:45','2025-07-04 10:47:45'),
(162,'view-notifications','view-notifications','view notifications','notifications',NULL,'notifications',NULL,NULL,NULL,'2025-07-04 10:47:45','2025-07-04 10:47:45'),
(163,'send_push','send-push','toggle-promo','notifications',NULL,'notifications',NULL,NULL,NULL,'2025-07-04 10:47:45','2025-07-04 10:47:45'),
(164,'delete-notifications','delete-notification','delete-notifications','notifications',NULL,'notifications',NULL,NULL,NULL,'2025-07-04 10:47:45','2025-07-04 10:47:45'),
(165,'manage-faq','manage-faq','View Promo code','faq',NULL,'faq',NULL,NULL,'fa fa-gift','2025-07-04 10:47:45','2025-07-04 10:47:45'),
(166,'add-faq','add-faq','add Promo code','faq',NULL,'faq',NULL,NULL,NULL,'2025-07-04 10:47:45','2025-07-04 10:47:45'),
(167,'edit-faq','edit-faq','edit faq','faq',NULL,'faq',NULL,NULL,NULL,'2025-07-04 10:47:45','2025-07-04 10:47:45'),
(168,'delete-faq','delete-faq','delete faq','faq',NULL,'faq',NULL,NULL,NULL,'2025-07-04 10:47:45','2025-07-04 10:47:45'),
(169,'toggle-faq','toggle-faq','toggle-faq','faq',NULL,'faq',NULL,NULL,NULL,'2025-07-04 10:47:45','2025-07-04 10:47:45'),
(170,'cancellation-reason','manage-cancellation','View Promo code','cancellation',NULL,'cancellation',NULL,NULL,'fa fa-gift','2025-07-04 10:47:45','2025-07-04 10:47:45'),
(171,'add-cancellation','add-cancellation','add cancellation','cancellation',NULL,'cancellation',NULL,NULL,NULL,'2025-07-04 10:47:45','2025-07-04 10:47:45'),
(172,'edit-cancellation','edit-cancellation','edit cancellation','cancellation',NULL,'cancellation',NULL,NULL,NULL,'2025-07-04 10:47:45','2025-07-04 10:47:45'),
(173,'delete-cancellation','delete-cancellation','delete cancellation','cancellation',NULL,'cancellation',NULL,NULL,NULL,'2025-07-04 10:47:45','2025-07-04 10:47:45'),
(174,'toggle-cancellation','toggle-cancellation','toggle-cancellation','cancellation',NULL,'cancellation',NULL,NULL,NULL,'2025-07-04 10:47:45','2025-07-04 10:47:45'),
(175,'complaints','complaints','View Complaints','complaints',NULL,'complaint',NULL,15,'fa fa-list-alt','2025-07-04 10:47:45','2025-07-04 10:47:45'),
(176,'user-complaint','user-complaint','Manange User Complaint','complaints','user-complaint',NULL,'complaint/users',15,'fa fa-circle-thin','2025-07-04 10:47:45','2025-07-04 10:47:45'),
(177,'driver-complaint','driver-complaint','Manage Driver Complaint','complaints','driver-complaint',NULL,'complaint/drivers',15,'fa fa-circle-thin','2025-07-04 10:47:45','2025-07-04 10:47:45'),
(178,'owner-complaint','owner-complaint','Manage Owner Complaint','complaints','owner-complaint',NULL,'complaint/owner',15,'fa fa-circle-thin','2025-07-04 10:47:45','2025-07-04 10:47:45'),
(179,'complaint-title','complaint-title','View Complaint Title','complaints','complaint-title',NULL,'complaint/title',15,'fa fa-circle-thin','2025-07-04 10:47:45','2025-07-04 10:47:45'),
(180,'add-complaint-title','add-complaint-title','View Complaint Title','complaints','complaint-title',NULL,'complaint/title',15,NULL,'2025-07-04 10:47:45','2025-07-04 10:47:45'),
(181,'edit-complaint-title','edit-complaint-title','View Complaint Title','complaints','complaint-title',NULL,'complaint/title',15,NULL,'2025-07-04 10:47:45','2025-07-04 10:47:45'),
(182,'delete-complaint-title','delete-complaint-title','View Complaint Title','complaints','complaint-title',NULL,'complaint/title',15,NULL,'2025-07-04 10:47:45','2025-07-04 10:47:45'),
(183,'toggle-complaint-title','toggle-complaint-title','View Complaint Title','complaints','complaint-title',NULL,'complaint/title',15,NULL,'2025-07-04 10:47:45','2025-07-04 10:47:45'),
(184,'reports','reports','View reports','reports',NULL,'reports',NULL,16,'fa fa-file-pdf-o','2025-07-04 10:47:45','2025-07-04 10:47:45'),
(185,'user-report','user-report','Download User Report','reports','user_report',NULL,'reports/user',16,'fa fa-circle-thin','2025-07-04 10:47:45','2025-07-04 10:47:45'),
(186,'driver-report','driver-report','Download Driver Report','reports','driver_report',NULL,'reports/driver',16,'fa fa-circle-thin','2025-07-04 10:47:45','2025-07-04 10:47:45'),
(187,'finance-report','finance-report','Download Finance Report','reports','travel_report',NULL,'reports/travel',16,'fa fa-circle-thin','2025-07-04 10:47:45','2025-07-04 10:47:45'),
(188,'owner-report','owner-report','Download Owner Report','reports','owner_report',NULL,'reports/owner',16,'fa fa-circle-thin','2025-07-04 10:47:45','2025-07-04 10:47:45'),
(189,'driver-duties-report','driver-duities-report','Download driver-duities-report','reports','driver_report',NULL,'reports/driver',16,'fa fa-circle-thin','2025-07-04 10:47:45','2025-07-04 10:47:45'),
(190,'manage-map','manage-map','Manage Map','map',NULL,'map',NULL,17,'fa fa-globe','2025-07-04 10:47:45','2025-07-04 10:47:45'),
(191,'heat-map','heat-map','View Heat Map','map','heat_map',NULL,'map/heatmap',16,'fa fa-circle-thin','2025-07-04 10:47:45','2025-07-04 10:47:45'),
(192,'map-view','map-view','Map View','map',NULL,'map',NULL,17,'fa fa-globe','2025-07-04 10:47:45','2025-07-04 10:47:45'),
(193,'cms','cms','Manage Cms','cms',NULL,'cms',NULL,17,'fa fa-globe','2025-07-04 10:47:45','2025-07-04 10:47:45');

--
-- Table structure for table `personal_access_tokens`
--

CREATE TABLE `personal_access_tokens` (
  `id` bigint(20) unsigned NOT NULL AUTO_INCREMENT,
  `tokenable_type` varchar(191) COLLATE utf8mb4_unicode_ci NOT NULL,
  `tokenable_id` bigint(20) unsigned NOT NULL,
  `name` varchar(191) COLLATE utf8mb4_unicode_ci NOT NULL,
  `token` varchar(64) COLLATE utf8mb4_unicode_ci NOT NULL,
  `abilities` text COLLATE utf8mb4_unicode_ci DEFAULT NULL,
  `last_used_at` timestamp NULL DEFAULT NULL,
  `created_at` timestamp NULL DEFAULT NULL,
  `updated_at` timestamp NULL DEFAULT NULL,
  PRIMARY KEY (`id`),
  UNIQUE KEY `personal_access_tokens_token_unique` (`token`),
  KEY `personal_access_tokens_tokenable_type_tokenable_id_index` (`tokenable_type`,`tokenable_id`)
) ENGINE=InnoDB DEFAULT CHARSET=utf8mb4 COLLATE=utf8mb4_unicode_ci;

--
-- Dumping data for table `personal_access_tokens`
--


--
-- Table structure for table `poc_clients`
--

CREATE TABLE `poc_clients` (
  `id` char(36) COLLATE utf8mb4_unicode_ci NOT NULL,
  `project_id` int(10) unsigned NOT NULL,
  `user_id` int(10) unsigned NOT NULL,
  `created_at` timestamp NULL DEFAULT NULL,
  `updated_at` timestamp NULL DEFAULT NULL,
  PRIMARY KEY (`id`),
  KEY `poc_clients_user_id_foreign` (`user_id`),
  KEY `poc_clients_project_id_foreign` (`project_id`),
  CONSTRAINT `poc_clients_project_id_foreign` FOREIGN KEY (`project_id`) REFERENCES `projects` (`id`) ON DELETE CASCADE,
  CONSTRAINT `poc_clients_user_id_foreign` FOREIGN KEY (`user_id`) REFERENCES `users` (`id`) ON DELETE CASCADE
) ENGINE=InnoDB DEFAULT CHARSET=utf8mb4 COLLATE=utf8mb4_unicode_ci;

--
-- Dumping data for table `poc_clients`
--


--
-- Table structure for table `project_flavours`
--

CREATE TABLE `project_flavours` (
  `id` int(10) unsigned NOT NULL AUTO_INCREMENT,
  `project_id` int(10) unsigned NOT NULL,
  `flavour_name` varchar(191) COLLATE utf8mb4_unicode_ci NOT NULL,
  `app_name` varchar(191) COLLATE utf8mb4_unicode_ci NOT NULL,
  `bundle_identifier` varchar(191) COLLATE utf8mb4_unicode_ci NOT NULL,
  `created_at` timestamp NULL DEFAULT NULL,
  `updated_at` timestamp NULL DEFAULT NULL,
  PRIMARY KEY (`id`),
  KEY `project_flavours_project_id_foreign` (`project_id`),
  CONSTRAINT `project_flavours_project_id_foreign` FOREIGN KEY (`project_id`) REFERENCES `projects` (`id`) ON DELETE CASCADE
) ENGINE=InnoDB DEFAULT CHARSET=utf8mb4 COLLATE=utf8mb4_unicode_ci;

--
-- Dumping data for table `project_flavours`
--


--
-- Table structure for table `projects`
--

CREATE TABLE `projects` (
  `id` int(10) unsigned NOT NULL AUTO_INCREMENT,
  `project_name` varchar(191) COLLATE utf8mb4_unicode_ci NOT NULL,
  `poc_name` varchar(191) COLLATE utf8mb4_unicode_ci DEFAULT NULL,
  `poc_email` varchar(191) COLLATE utf8mb4_unicode_ci DEFAULT NULL,
  `active` tinyint(1) NOT NULL DEFAULT 1,
  `created_at` timestamp NULL DEFAULT NULL,
  `updated_at` timestamp NULL DEFAULT NULL,
  PRIMARY KEY (`id`)
) ENGINE=InnoDB DEFAULT CHARSET=utf8mb4 COLLATE=utf8mb4_unicode_ci;

--
-- Dumping data for table `projects`
--


--
-- Table structure for table `promo`
--

CREATE TABLE `promo` (
  `id` char(36) COLLATE utf8mb4_unicode_ci NOT NULL,
  `transport_type` enum('taxi','delivery','both') COLLATE utf8mb4_unicode_ci DEFAULT NULL,
  `service_location_id` bigint(20) unsigned DEFAULT NULL,
  `code` varchar(191) COLLATE utf8mb4_unicode_ci NOT NULL,
  `minimum_trip_amount` int(11) NOT NULL DEFAULT 0,
  `maximum_discount_amount` int(11) NOT NULL DEFAULT 0,
  `discount_percent` int(11) NOT NULL DEFAULT 0,
  `total_uses` int(11) NOT NULL DEFAULT 0,
  `service_ids` text COLLATE utf8mb4_unicode_ci DEFAULT NULL,
  `uses_per_user` int(11) NOT NULL DEFAULT 0,
  `from` datetime NOT NULL,
  `to` datetime NOT NULL,
  `promo_code_users_availabe` enum('yes','no') COLLATE utf8mb4_unicode_ci DEFAULT NULL,
  `promo_code_users_available` varchar(191) COLLATE utf8mb4_unicode_ci DEFAULT NULL,
  `user_id` int(10) unsigned DEFAULT NULL,
  `active` tinyint(1) NOT NULL DEFAULT 1,
  `created_at` timestamp NULL DEFAULT NULL,
  `updated_at` timestamp NULL DEFAULT NULL,
  PRIMARY KEY (`id`),
  KEY `promo_service_location_id_foreign` (`service_location_id`),
  KEY `promo_user_id_foreign` (`user_id`),
  CONSTRAINT `promo_user_id_foreign` FOREIGN KEY (`user_id`) REFERENCES `users` (`id`) ON DELETE CASCADE
) ENGINE=InnoDB DEFAULT CHARSET=utf8mb4 COLLATE=utf8mb4_unicode_ci;

--
-- Dumping data for table `promo`
--

INSERT INTO `promo` VALUES
('21d42c1f-71ba-4055-8c1d-93621fabf389','taxi',NULL,'OFF10',500,1000,10,0,NULL,10,'2025-07-31 00:00:00','2025-08-30 23:59:59',NULL,NULL,NULL,1,'2025-07-09 11:40:41','2025-07-11 06:09:54'),
('9b78671c-dc3e-49ca-b2ae-ed21a5700c32','both',NULL,'MXUBER50',20,200,50,1,NULL,2,'2025-07-11 00:00:00','2025-10-23 23:59:59',NULL,NULL,NULL,1,'2025-07-11 07:03:15','2025-07-11 10:46:04');

--
-- Table structure for table `promo_code_users`
--

CREATE TABLE `promo_code_users` (
  `id` int(10) unsigned NOT NULL AUTO_INCREMENT,
  `promo_code_id` char(36) COLLATE utf8mb4_unicode_ci NOT NULL,
  `user_id` int(10) unsigned DEFAULT NULL,
  `service_location_id` char(36) COLLATE utf8mb4_unicode_ci NOT NULL,
  `created_at` timestamp NULL DEFAULT NULL,
  `updated_at` timestamp NULL DEFAULT NULL,
  PRIMARY KEY (`id`),
  KEY `promo_code_users_promo_code_id_foreign` (`promo_code_id`),
  KEY `promo_code_users_service_location_id_foreign` (`service_location_id`),
  CONSTRAINT `promo_code_users_promo_code_id_foreign` FOREIGN KEY (`promo_code_id`) REFERENCES `promo` (`id`) ON DELETE CASCADE,
  CONSTRAINT `promo_code_users_service_location_id_foreign` FOREIGN KEY (`service_location_id`) REFERENCES `service_locations` (`id`) ON DELETE CASCADE
) ENGINE=InnoDB AUTO_INCREMENT=4 DEFAULT CHARSET=utf8mb4 COLLATE=utf8mb4_unicode_ci;

--
-- Dumping data for table `promo_code_users`
--

INSERT INTO `promo_code_users` VALUES
(2,'21d42c1f-71ba-4055-8c1d-93621fabf389',NULL,'fc839e9a-ba34-4f76-b0a0-60215746d87a','2025-07-09 11:41:31','2025-07-09 11:41:31'),
(3,'9b78671c-dc3e-49ca-b2ae-ed21a5700c32',NULL,'fc839e9a-ba34-4f76-b0a0-60215746d87a','2025-07-11 07:03:15','2025-07-11 07:03:15');

--
-- Table structure for table `promo_users`
--

CREATE TABLE `promo_users` (
  `id` int(10) unsigned NOT NULL AUTO_INCREMENT,
  `promo_code_id` char(36) COLLATE utf8mb4_unicode_ci NOT NULL,
  `user_id` int(10) unsigned NOT NULL,
  `request_id` char(36) COLLATE utf8mb4_unicode_ci NOT NULL,
  `created_at` timestamp NULL DEFAULT NULL,
  `updated_at` timestamp NULL DEFAULT NULL,
  PRIMARY KEY (`id`),
  KEY `promo_users_promo_code_id_foreign` (`promo_code_id`),
  KEY `promo_users_user_id_foreign` (`user_id`),
  KEY `promo_users_request_id_foreign` (`request_id`),
  CONSTRAINT `promo_users_promo_code_id_foreign` FOREIGN KEY (`promo_code_id`) REFERENCES `promo` (`id`) ON DELETE CASCADE,
  CONSTRAINT `promo_users_request_id_foreign` FOREIGN KEY (`request_id`) REFERENCES `requests` (`id`) ON DELETE CASCADE,
  CONSTRAINT `promo_users_user_id_foreign` FOREIGN KEY (`user_id`) REFERENCES `users` (`id`) ON DELETE CASCADE
) ENGINE=InnoDB AUTO_INCREMENT=2 DEFAULT CHARSET=utf8mb4 COLLATE=utf8mb4_unicode_ci;

--
-- Dumping data for table `promo_users`
--


--
-- Table structure for table `request_bills`
--

CREATE TABLE `request_bills` (
  `id` int(10) unsigned NOT NULL AUTO_INCREMENT,
  `request_id` char(36) COLLATE utf8mb4_unicode_ci NOT NULL,
  `base_price` double(10,2) NOT NULL DEFAULT 0.00,
  `base_distance` int(11) NOT NULL,
  `total_distance` double(15,8) NOT NULL DEFAULT 0.00000000,
  `total_time` double(15,2) NOT NULL DEFAULT 0.00,
  `price_per_distance` double(10,2) NOT NULL DEFAULT 0.00,
  `distance_price` double(10,2) NOT NULL DEFAULT 0.00,
  `price_per_time` double(10,2) NOT NULL DEFAULT 0.00,
  `time_price` double(10,2) NOT NULL DEFAULT 0.00,
  `waiting_charge_per_min` int(11) NOT NULL DEFAULT 0,
  `calculated_waiting_time` int(11) NOT NULL DEFAULT 0,
  `after_trip_start_waiting_time` int(11) NOT NULL DEFAULT 0,
  `before_trip_start_waiting_time` int(11) NOT NULL DEFAULT 0,
  `airport_surge_fee` double(10,2) NOT NULL DEFAULT 0.00,
  `waiting_charge` double(10,2) NOT NULL DEFAULT 0.00,
  `cancellation_fee` double(10,2) NOT NULL DEFAULT 0.00,
  `service_tax` double(10,2) NOT NULL DEFAULT 0.00,
  `service_tax_percentage` int(11) NOT NULL DEFAULT 0,
  `promo_discount` double(10,2) NOT NULL DEFAULT 0.00,
  `admin_commision` double(10,2) NOT NULL DEFAULT 0.00,
  `admin_commision_from_driver` double(10,2) NOT NULL DEFAULT 0.00,
  `admin_commision_with_tax` double(10,2) NOT NULL DEFAULT 0.00,
  `driver_commision` double(10,2) NOT NULL DEFAULT 0.00,
  `tips` double(10,2) NOT NULL DEFAULT 0.00,
  `additional_charges_reason` varchar(191) COLLATE utf8mb4_unicode_ci DEFAULT NULL,
  `additional_charges_amount` double(10,2) NOT NULL DEFAULT 0.00,
  `total_amount` double(10,2) NOT NULL DEFAULT 0.00,
  `requested_currency_code` varchar(191) COLLATE utf8mb4_unicode_ci NOT NULL,
  `requested_currency_symbol` varchar(191) COLLATE utf8mb4_unicode_ci DEFAULT NULL,
  `created_at` timestamp NULL DEFAULT NULL,
  `updated_at` timestamp NULL DEFAULT NULL,
  PRIMARY KEY (`id`),
  KEY `request_bills_request_id_foreign` (`request_id`),
  CONSTRAINT `request_bills_request_id_foreign` FOREIGN KEY (`request_id`) REFERENCES `requests` (`id`) ON DELETE CASCADE
) ENGINE=InnoDB AUTO_INCREMENT=39 DEFAULT CHARSET=utf8mb4 COLLATE=utf8mb4_unicode_ci;

--
-- Dumping data for table `request_bills`
--

INSERT INTO `request_bills` VALUES
(1,'47d2d8bd-7ae9-4dad-ad7f-e020e8606a3e',5.00,5,0.00000000,1.00,5.00,0.00,5.00,5.00,5,0,0,0,0.00,0.00,0.00,1.00,5,0.00,2.00,2.00,5.00,8.00,0.00,NULL,0.00,13.00,'USD','$','2025-07-07 09:17:40','2025-07-07 09:17:40'),
(2,'3baa28d3-697b-4959-a3de-b73ef2791460',5.00,5,1.00000000,0.00,5.00,0.00,5.00,0.00,5,0,0,0,0.00,0.00,0.00,1.00,5,0.00,2.00,2.00,5.00,11.00,8.00,NULL,0.00,8.00,'USD','$','2025-07-07 09:20:08','2025-07-07 09:20:22'),
(3,'e2065c02-e924-479e-a069-d0264e464214',5.00,5,1.00000000,0.00,5.00,0.00,5.00,0.00,5,0,0,0,0.00,0.00,0.00,1.00,5,0.00,2.00,2.00,5.00,13.00,10.00,NULL,0.00,8.00,'USD','$','2025-07-07 09:35:28','2025-07-07 09:35:35'),
(4,'b17323f5-c6a7-4551-aea0-64a89ac68d1c',5.00,5,0.00000000,0.00,5.00,0.00,5.00,0.00,5,0,0,0,0.00,0.00,0.00,1.00,5,0.00,2.00,2.00,5.00,3.00,0.00,NULL,0.00,8.00,'USD','$','2025-07-07 09:40:38','2025-07-07 09:40:38'),
(5,'02f4fac4-0507-4634-9e6a-3228ea7f92f9',5.00,5,0.00000000,0.00,5.00,0.00,5.00,0.00,5,0,0,0,0.00,0.00,0.00,1.00,5,0.00,2.00,2.00,5.00,3.00,0.00,NULL,0.00,8.00,'USD','$','2025-07-08 09:08:01','2025-07-08 09:08:01'),
(6,'ec1f4da7-bb27-4811-8a40-f219d5968e87',5.00,5,1.00000000,0.00,5.00,0.00,5.00,0.00,5,0,0,0,0.00,0.00,0.00,1.00,5,0.00,2.00,2.00,5.00,3.00,0.00,NULL,0.00,8.00,'USD','$','2025-07-08 12:55:40','2025-07-08 12:55:40'),
(7,'307f8283-136c-4ad1-9530-7bb3a8a9458a',5.00,5,0.00000000,1.00,5.00,0.00,5.00,5.00,5,0,0,0,0.00,0.00,0.00,1.00,5,0.00,2.00,2.00,5.00,8.00,0.00,NULL,0.00,13.00,'USD','$','2025-07-09 04:29:06','2025-07-09 04:29:06'),
(8,'31de28d3-53a6-4294-a097-24d2bc34d652',5.00,5,1.00000000,0.00,5.00,0.00,5.00,0.00,5,0,0,1,0.00,0.00,0.00,1.00,5,0.00,2.00,2.00,5.00,3.00,0.00,NULL,0.00,8.00,'USD','$','2025-07-09 06:17:22','2025-07-09 06:17:22'),
(9,'0c894e81-d9d7-4b32-bbd8-5a3c4b2d080f',5.00,5,1.00000000,5.00,5.00,0.00,5.00,25.00,5,0,0,0,0.00,0.00,0.00,2.00,5,0.00,2.00,2.00,6.00,28.00,0.00,NULL,0.00,34.00,'USD','$','2025-07-09 06:26:32','2025-07-09 06:26:32'),
(10,'51012261-2174-4d55-9aa9-5402236611f8',5.00,5,0.00000000,0.00,5.00,0.00,5.00,0.00,5,0,0,0,0.00,0.00,0.00,1.00,5,0.00,2.00,2.00,5.00,3.00,0.00,NULL,0.00,8.00,'USD','$','2025-07-09 06:39:11','2025-07-09 06:39:11'),
(11,'80836517-ad42-4282-b2d5-2e2aceb82063',5.00,5,1.00000000,0.00,5.00,0.00,5.00,0.00,5,0,0,0,0.00,0.00,0.00,1.00,5,0.00,2.00,2.00,5.00,3.00,0.00,NULL,0.00,8.00,'USD','$','2025-07-09 09:13:06','2025-07-09 09:13:06'),
(12,'72f9fa1e-a38e-42a4-a93c-d47b47f3316b',5.00,5,1.00000000,0.00,5.00,0.00,5.00,0.00,5,0,0,0,0.00,0.00,0.00,1.00,5,0.00,2.00,2.00,5.00,3.00,0.00,NULL,0.00,8.00,'USD','$','2025-07-09 09:15:21','2025-07-09 09:15:21'),
(13,'7645a091-dc10-4aea-9840-4759e2727abb',5.00,5,1.00000000,1.00,5.00,0.00,5.00,5.00,5,0,0,0,0.00,0.00,0.00,1.00,5,0.00,2.00,2.00,5.00,8.00,0.00,NULL,0.00,13.00,'USD','$','2025-07-09 09:37:04','2025-07-09 09:37:04'),
(14,'3fd1d886-0790-4a46-ab7a-4811da57dd78',5.00,5,1.00000000,1.00,5.00,0.00,5.00,5.00,5,0,0,0,0.00,0.00,0.00,1.00,5,0.00,2.00,2.00,5.00,8.00,0.00,NULL,0.00,13.00,'USD','$','2025-07-09 09:43:50','2025-07-09 09:43:50'),
(15,'71dd8364-0905-4539-9db5-74aef01b2b01',5.00,5,1.00000000,8.00,5.00,0.00,5.00,40.00,5,0,0,0,0.00,0.00,0.00,3.00,5,0.00,2.00,2.00,7.00,43.00,0.00,NULL,0.00,50.00,'USD','$','2025-07-09 09:58:37','2025-07-09 09:58:37'),
(16,'3568a981-3b82-422a-9bb6-e1a442386a8f',5.00,5,1.00000000,0.00,5.00,0.00,5.00,0.00,5,0,0,0,0.00,0.00,0.00,1.00,5,0.00,2.00,2.00,5.00,3.00,0.00,NULL,0.00,8.00,'USD','$','2025-07-09 10:44:46','2025-07-09 10:44:46'),
(17,'8ddd9f2b-bd34-4fc2-8c06-570e228acff0',5.00,5,1.00000000,0.00,5.00,0.00,5.00,0.00,5,0,0,0,0.00,0.00,0.00,1.00,5,0.00,2.00,2.00,5.00,13.00,10.00,NULL,0.00,8.00,'USD','$','2025-07-09 11:14:20','2025-07-09 11:14:29'),
(18,'94022826-a02e-4412-b49c-8f050106240f',5.00,5,1.00000000,0.00,5.00,0.00,5.00,0.00,5,0,0,0,0.00,0.00,0.00,1.00,5,0.00,2.00,2.00,5.00,13.00,10.00,NULL,0.00,8.00,'USD','$','2025-07-09 11:19:14','2025-07-09 11:19:23'),
(19,'a3c84139-f709-410c-9ffc-cb87eaf42d81',5.00,5,1.00000000,0.00,5.00,0.00,5.00,0.00,5,0,0,0,0.00,0.00,0.00,1.00,5,0.00,2.00,2.00,5.00,13.00,10.00,NULL,0.00,8.00,'USD','$','2025-07-09 11:24:00','2025-07-09 11:24:07'),
(20,'99435eae-549c-4de5-8a87-5a5a4e4ef22c',5.00,5,1.00000000,15.00,5.00,0.00,5.00,75.00,5,0,0,0,0.00,0.00,0.00,4.00,5,0.00,2.00,2.00,8.00,78.00,0.00,NULL,0.00,86.00,'USD','$','2025-07-09 11:42:37','2025-07-09 11:42:37'),
(21,'7fdf9a78-80ec-42a6-8228-361fab41a194',5.00,5,1.00000000,0.00,5.00,0.00,5.00,0.00,5,0,0,0,5.00,0.00,0.00,1.00,3,0.00,2.00,2.00,5.00,8.00,0.00,NULL,0.00,13.00,'USD','$','2025-07-10 07:07:02','2025-07-10 07:07:02'),
(22,'fbc532a3-d04e-4b5d-b51a-9356bc5ececa',5.00,5,1.00000000,0.00,5.00,0.00,5.00,0.00,5,0,0,0,5.00,0.00,0.00,1.00,3,0.00,2.00,2.00,5.00,18.00,10.00,NULL,0.00,13.00,'USD','$','2025-07-10 09:22:35','2025-07-10 09:22:44'),
(23,'a4e70763-222a-4eeb-903e-4e8d09f62895',5.00,5,0.00000000,0.00,5.00,0.00,5.00,0.00,5,0,0,0,5.00,0.00,0.00,1.00,3,0.00,2.00,2.00,5.00,8.00,0.00,NULL,0.00,13.00,'USD','$','2025-07-10 09:24:46','2025-07-10 09:24:46'),
(24,'897e7bbe-c27c-482b-8b4b-864197d5ec7f',5.00,5,1.00000000,0.00,5.00,0.00,5.00,0.00,5,0,0,0,5.00,0.00,0.00,1.00,3,0.00,2.00,2.00,5.00,38.00,30.00,NULL,0.00,13.00,'USD','$','2025-07-10 09:29:58','2025-07-10 09:32:34'),
(25,'ed62c19e-8ffc-4e6e-80d1-e147b99c3990',5.00,5,1.00000000,0.00,5.00,0.00,5.00,0.00,5,0,0,1,5.00,0.00,0.00,1.00,3,0.00,2.00,2.00,5.00,8.00,0.00,NULL,0.00,13.00,'USD','$','2025-07-10 09:40:50','2025-07-10 09:40:50'),
(26,'aa18c435-5ab8-4910-84df-a2734b395e4d',5.00,5,1.00000000,0.00,5.00,0.00,5.00,0.00,5,0,0,0,5.00,0.00,0.00,1.00,3,0.00,2.00,2.00,5.00,8.00,0.00,NULL,0.00,13.00,'USD','$','2025-07-10 10:14:36','2025-07-10 10:14:36'),
(27,'91f2f1b5-1236-486c-a0ad-420825939763',5.00,5,3.00000000,0.00,5.00,0.00,5.00,0.00,5,0,0,0,5.00,0.00,0.00,1.00,3,0.00,2.00,2.00,5.00,38.00,30.00,NULL,0.00,13.00,'USD','$','2025-07-10 10:20:06','2025-07-10 10:20:18'),
(28,'3676a8da-98f9-4440-81f6-7ea9e48e2c3d',5.00,5,0.00000000,0.00,5.00,0.00,5.00,0.00,5,0,0,0,5.00,0.00,0.00,1.00,3,0.00,2.00,2.00,5.00,8.00,0.00,NULL,0.00,13.00,'USD','$','2025-07-10 10:32:33','2025-07-10 10:32:33'),
(29,'8b33759a-4b53-484b-96cd-a26f2a146f5e',5.00,5,0.00000000,0.00,5.00,0.00,5.00,0.00,5,0,0,0,5.00,0.00,0.00,1.00,3,0.00,2.00,2.00,5.00,8.00,0.00,NULL,0.00,13.00,'USD','$','2025-07-10 10:41:35','2025-07-10 10:41:35'),
(30,'b4e6cd31-098d-4dad-8a85-fb98c2f96864',5.00,5,0.00000000,0.00,5.00,0.00,5.00,0.00,5,0,0,0,5.00,0.00,0.00,1.00,3,0.00,2.00,2.00,5.00,8.00,0.00,NULL,0.00,13.00,'USD','$','2025-07-11 04:49:50','2025-07-11 04:49:50'),
(31,'faa44e82-f8f4-413b-ad58-d3aeaa110d0d',5.00,5,0.00000000,0.00,5.00,0.00,5.00,0.00,5,0,0,0,5.00,0.00,0.00,1.00,3,0.00,2.00,2.00,5.00,8.00,0.00,NULL,0.00,13.00,'USD','$','2025-07-11 04:53:31','2025-07-11 04:53:42'),
(32,'35254a08-0ed4-4262-ae91-caceab0208d9',5.00,5,0.00000000,0.00,5.00,0.00,5.00,0.00,5,0,0,0,5.00,0.00,0.00,1.00,3,0.00,2.00,2.00,5.00,8.00,0.00,NULL,0.00,13.00,'USD','$','2025-07-11 05:27:47','2025-07-11 05:27:47'),
(33,'fb13b372-3cd1-48a4-9449-356f7493c463',5.00,5,0.00000000,0.00,5.00,0.00,5.00,0.00,5,0,0,0,5.00,0.00,0.00,1.00,3,0.00,2.00,2.00,5.00,8.00,0.00,NULL,0.00,13.00,'USD','$','2025-07-11 05:46:23','2025-07-11 05:46:23'),
(34,'451f7ca4-3fc4-42a5-ae05-a53f301c46eb',5.00,5,1.00000000,0.00,5.00,0.00,5.00,0.00,5,0,0,0,5.00,0.00,0.00,1.00,3,0.00,2.00,2.00,5.00,8.00,0.00,NULL,0.00,13.00,'USD','$','2025-07-11 09:28:43','2025-07-11 09:28:43'),
(35,'c0355fc3-e282-4bc0-8693-032d2d4e7dfd',5.00,5,0.00000000,0.00,5.00,0.00,5.00,0.00,5,0,0,0,5.00,0.00,0.00,1.00,3,0.00,2.00,2.00,5.00,8.00,0.00,NULL,0.00,13.00,'USD','$','2025-07-11 09:37:30','2025-07-11 09:37:30'),
(36,'64643543-1157-4075-a890-1cbeeb235fb1',5.00,5,0.00000000,0.00,5.00,0.00,5.00,0.00,5,0,0,0,5.00,0.00,0.00,1.00,3,0.00,2.00,2.00,5.00,8.00,0.00,NULL,0.00,13.00,'USD','$','2025-07-11 09:43:26','2025-07-11 09:43:26'),
(37,'c1c62b02-41e8-4b0d-a1c9-5de2af52db0e',5.00,5,0.00000000,10.00,5.00,0.00,5.00,50.00,5,0,9,0,5.00,0.00,0.00,2.00,3,0.00,2.00,2.00,6.00,58.00,0.00,NULL,0.00,64.00,'USD','$','2025-07-11 10:01:12','2025-07-11 10:01:12'),
(38,'33337975-4fdb-48d4-93ee-50f4f1c018d6',5.00,5,0.00000000,0.00,5.00,0.00,5.00,0.00,5,0,0,0,5.00,0.00,0.00,1.00,3,0.00,2.00,2.00,5.00,8.00,0.00,NULL,0.00,13.00,'USD','$','2025-07-11 11:03:07','2025-07-11 11:03:26');

--
-- Table structure for table `request_cancellation_fees`
--

CREATE TABLE `request_cancellation_fees` (
  `id` int(10) unsigned NOT NULL AUTO_INCREMENT,
  `request_id` char(36) COLLATE utf8mb4_unicode_ci NOT NULL,
  `user_id` int(10) unsigned DEFAULT NULL,
  `driver_id` int(10) unsigned DEFAULT NULL,
  `cancellation_fee` double(10,2) NOT NULL DEFAULT 0.00,
  `is_paid` tinyint(1) NOT NULL DEFAULT 0,
  `paid_request_id` char(36) COLLATE utf8mb4_unicode_ci DEFAULT NULL,
  `created_at` timestamp NULL DEFAULT NULL,
  `updated_at` timestamp NULL DEFAULT NULL,
  PRIMARY KEY (`id`),
  KEY `request_cancellation_fees_paid_request_id_foreign` (`paid_request_id`),
  KEY `request_cancellation_fees_request_id_foreign` (`request_id`),
  KEY `request_cancellation_fees_user_id_foreign` (`user_id`),
  KEY `request_cancellation_fees_driver_id_foreign` (`driver_id`),
  CONSTRAINT `request_cancellation_fees_driver_id_foreign` FOREIGN KEY (`driver_id`) REFERENCES `drivers` (`id`) ON DELETE CASCADE,
  CONSTRAINT `request_cancellation_fees_paid_request_id_foreign` FOREIGN KEY (`paid_request_id`) REFERENCES `requests` (`id`) ON DELETE CASCADE,
  CONSTRAINT `request_cancellation_fees_request_id_foreign` FOREIGN KEY (`request_id`) REFERENCES `requests` (`id`) ON DELETE CASCADE,
  CONSTRAINT `request_cancellation_fees_user_id_foreign` FOREIGN KEY (`user_id`) REFERENCES `users` (`id`) ON DELETE CASCADE
) ENGINE=InnoDB AUTO_INCREMENT=4 DEFAULT CHARSET=utf8mb4 COLLATE=utf8mb4_unicode_ci;

--
-- Dumping data for table `request_cancellation_fees`
--

INSERT INTO `request_cancellation_fees` VALUES
(1,'707dcbdf-0e0a-4ee4-b7e8-00f5706496a1',NULL,1,5.00,1,'707dcbdf-0e0a-4ee4-b7e8-00f5706496a1','2025-07-09 04:26:15','2025-07-09 04:26:15'),
(2,'5a168d14-741a-4eb4-8942-2bb6ef90c42e',NULL,1,5.00,1,'5a168d14-741a-4eb4-8942-2bb6ef90c42e','2025-07-09 06:12:35','2025-07-09 06:12:35'),
(3,'db227e97-af40-4a7b-bc45-270586b152a8',NULL,1,5.00,1,'db227e97-af40-4a7b-bc45-270586b152a8','2025-07-10 09:18:57','2025-07-10 09:18:57');

--
-- Table structure for table `request_cycles`
--

CREATE TABLE `request_cycles` (
  `id` bigint(20) unsigned NOT NULL AUTO_INCREMENT,
  `request_id` char(36) COLLATE utf8mb4_unicode_ci NOT NULL,
  `user_id` int(10) unsigned NOT NULL,
  `driver_id` int(10) unsigned DEFAULT NULL,
  `request_data` text COLLATE utf8mb4_unicode_ci NOT NULL,
  `orderby_status` varchar(191) COLLATE utf8mb4_unicode_ci NOT NULL DEFAULT '0',
  `created_at` timestamp NULL DEFAULT NULL,
  `updated_at` timestamp NULL DEFAULT NULL,
  PRIMARY KEY (`id`),
  KEY `request_cycles_user_id_foreign` (`user_id`),
  KEY `request_cycles_driver_id_foreign` (`driver_id`),
  CONSTRAINT `request_cycles_driver_id_foreign` FOREIGN KEY (`driver_id`) REFERENCES `drivers` (`id`) ON DELETE CASCADE,
  CONSTRAINT `request_cycles_user_id_foreign` FOREIGN KEY (`user_id`) REFERENCES `users` (`id`) ON DELETE CASCADE
) ENGINE=InnoDB AUTO_INCREMENT=89 DEFAULT CHARSET=utf8mb4 COLLATE=utf8mb4_unicode_ci;

--
-- Dumping data for table `request_cycles`
--

INSERT INTO `request_cycles` VALUES
(1,'3baa28d3-697b-4959-a3de-b73ef2791460',2,1,'W3sic3RhdHVzIjoxLCJwcm9jZXNzX3R5cGUiOiJjcmVhdGVfcmVxdWVzdCIsIm9yZGVyYnlfc3RhdHVzIjoxLCJpZl9kaXNwYXRjaGVyIjpmYWxzZSwidXNlcl9pbWFnZSI6Imh0dHBzOlwvXC9teHViZXIuYXRoYXJ2YXRlay5jb21cL3N0b3JhZ2VcL3VwbG9hZHNcL3VzZXJcL3Byb2ZpbGUtcGljdHVyZVwveVZid3ZuUVgyMnZ2ME5YN1dwZzFWTFc1RVk1WlRxVDFSa2RvaXlodi5wbmciLCJkcmljdmVyX2RldGFpbHMiOm51bGwsImNyZWF0ZWRfYXQiOiIyMDI1LTA3LTA3IDA5OjE5OjExIn0seyJyYXRpbmciOiI1LjAwIiwic3RhdHVzIjoxLCJpc19hY2NlcHQiOjIsImRyaWN2ZXJfZGV0YWlscyI6eyJuYW1lIjoiRHJpdmVyIERlbW8iLCJtb2JpbGUiOiI5ODc2NTQzMjExIiwiaW1hZ2UiOiJodHRwczpcL1wvbXh1YmVyLmF0aGFydmF0ZWsuY29tXC9hc3NldHNcL2ltYWdlc1wvZGVmYXVsdC1wcm9maWxlLXBpY3R1cmUucG5nIn0sImNyZWF0ZWRfYXQiOiIyMDI1LTA3LTA3IDA5OjE5OjIyIiwib3JkZXJieV9zdGF0dXMiOjIsInByb2Nlc3NfdHlwZSI6ImFjY2VwdCJ9LHsicmF0aW5nIjoiNS4wMCIsInN0YXR1cyI6NCwicHJvY2Vzc190eXBlIjoidHJpcF9hcnJpdmVkIiwib3JkZXJieV9zdGF0dXMiOjMsImRyaWN2ZXJfZGV0YWlscyI6eyJuYW1lIjoiRHJpdmVyIERlbW8iLCJtb2JpbGUiOiI5ODc2NTQzMjExIiwiaW1hZ2UiOiJodHRwczpcL1wvbXh1YmVyLmF0aGFydmF0ZWsuY29tXC9hc3NldHNcL2ltYWdlc1wvZGVmYXVsdC1wcm9maWxlLXBpY3R1cmUucG5nIn0sImNyZWF0ZWRfYXQiOiIyMDI1LTA3LTA3IDA5OjE5OjM4In0seyJyYXRpbmciOiI1LjAwIiwic3RhdHVzIjo1LCJvcmRlcmJ5X3N0YXR1cyI6NCwicHJvY2Vzc190eXBlIjoidHJpcF9zdGFydCIsImRyaWN2ZXJfZGV0YWlscyI6eyJuYW1lIjoiRHJpdmVyIERlbW8iLCJtb2JpbGUiOiI5ODc2NTQzMjExIiwiaW1hZ2UiOiJodHRwczpcL1wvbXh1YmVyLmF0aGFydmF0ZWsuY29tXC9hc3NldHNcL2ltYWdlc1wvZGVmYXVsdC1wcm9maWxlLXBpY3R1cmUucG5nIn0sImNyZWF0ZWRfYXQiOiIyMDI1LTA3LTA3IDA5OjE5OjU0In0seyJyYXRpbmciOiI1LjAwIiwic3RhdHVzIjo1LCJwcm9jZXNzX3R5cGUiOiJ0cmlwX2NvbXBsZXRlZCIsIm9yZGVyYnlfc3RhdHVzIjo1LCJkcmljdmVyX2RldGFpbHMiOnsibmFtZSI6IkRyaXZlciBEZW1vIiwibW9iaWxlIjoiOTg3NjU0MzIxMSIsImltYWdlIjoiaHR0cHM6XC9cL214dWJlci5hdGhhcnZhdGVrLmNvbVwvYXNzZXRzXC9pbWFnZXNcL2RlZmF1bHQtcHJvZmlsZS1waWN0dXJlLnBuZyJ9LCJjcmVhdGVkX2F0IjoiMjAyNS0wNy0wNyAwOToyMDowOCJ9XQ==','5','2025-07-07 09:19:11','2025-07-07 09:20:08'),
(2,'35a42837-67af-48a5-b01b-55f9c14b04b7',2,1,'W3sic3RhdHVzIjoxLCJwcm9jZXNzX3R5cGUiOiJjcmVhdGVfcmVxdWVzdCIsIm9yZGVyYnlfc3RhdHVzIjoxLCJpZl9kaXNwYXRjaGVyIjpmYWxzZSwidXNlcl9pbWFnZSI6Imh0dHBzOlwvXC9teHViZXIuYXRoYXJ2YXRlay5jb21cL3N0b3JhZ2VcL3VwbG9hZHNcL3VzZXJcL3Byb2ZpbGUtcGljdHVyZVwveVZid3ZuUVgyMnZ2ME5YN1dwZzFWTFc1RVk1WlRxVDFSa2RvaXlodi5wbmciLCJkcmljdmVyX2RldGFpbHMiOm51bGwsImNyZWF0ZWRfYXQiOiIyMDI1LTA3LTA3IDA5OjIzOjQ3In0seyJyYXRpbmciOiI1LjAwIiwic3RhdHVzIjoxLCJpc19hY2NlcHQiOjIsImRyaWN2ZXJfZGV0YWlscyI6eyJuYW1lIjoiRHJpdmVyIERlbW8iLCJtb2JpbGUiOiI5ODc2NTQzMjExIiwiaW1hZ2UiOiJodHRwczpcL1wvbXh1YmVyLmF0aGFydmF0ZWsuY29tXC9hc3NldHNcL2ltYWdlc1wvZGVmYXVsdC1wcm9maWxlLXBpY3R1cmUucG5nIn0sImNyZWF0ZWRfYXQiOiIyMDI1LTA3LTA3IDA5OjIzOjU2Iiwib3JkZXJieV9zdGF0dXMiOjIsInByb2Nlc3NfdHlwZSI6ImFjY2VwdCJ9LHsic3RhdHVzIjo3LCJwcm9jZXNzX3R5cGUiOiJ1c2VyX2NhbmNlbGxlZCIsImNyZWF0ZWRfYXQiOiIyMDI1LTA3LTA3IDA5OjI1OjEzIiwiZHJpY3Zlcl9kZXRhaWxzIjp7Im5hbWUiOiJVc2VyIERlbW8iLCJtb2JpbGUiOiI5ODc2NTQzMjEwIiwiaW1hZ2UiOiJodHRwczpcL1wvbXh1YmVyLmF0aGFydmF0ZWsuY29tXC9zdG9yYWdlXC91cGxvYWRzXC91c2VyXC9wcm9maWxlLXBpY3R1cmVcL3lWYnd2blFYMjJ2djBOWDdXcGcxVkxXNUVZNVpUcVQxUmtkb2l5aHYucG5nIn0sInJhdGluZyI6IjUuMDAiLCJuYW1lIjoiRHJpdmVyIERlbW8iLCJtb2JpbGUiOiI5ODc2NTQzMjExIiwiaW1hZ2UiOiJodHRwczpcL1wvbXh1YmVyLmF0aGFydmF0ZWsuY29tXC9hc3NldHNcL2ltYWdlc1wvZGVmYXVsdC1wcm9maWxlLXBpY3R1cmUucG5nIn1d','3','2025-07-07 09:23:47','2025-07-07 09:25:13'),
(3,'3b48379f-b72d-413c-b576-18d142eabebd',2,NULL,'W3sicHJvY2Vzc190eXBlIjoiY3JlYXRlX3JlcXVlc3QiLCJzdGF0dXMiOjEsImlmX2Rpc3BhdGNoZXIiOmZhbHNlLCJ1c2VyX2ltYWdlIjoiaHR0cHM6XC9cL214dWJlci5hdGhhcnZhdGVrLmNvbVwvc3RvcmFnZVwvdXBsb2Fkc1wvdXNlclwvcHJvZmlsZS1waWN0dXJlXC95VmJ3dm5RWDIydnYwTlg3V3BnMVZMVzVFWTVaVHFUMVJrZG9peWh2LnBuZyIsIm9yZGVyYnlfc3RhdHVzIjoxLCJkcmljdmVyX2RldGFpbHMiOm51bGwsImNyZWF0ZWRfYXQiOiIyMDI1LTA3LTA3IDA5OjI3OjIyIn1d','1','2025-07-07 09:27:22','2025-07-07 09:27:22'),
(4,'e2065c02-e924-479e-a069-d0264e464214',2,1,'W3sic3RhdHVzIjoxLCJwcm9jZXNzX3R5cGUiOiJjcmVhdGVfcmVxdWVzdCIsIm9yZGVyYnlfc3RhdHVzIjoxLCJpZl9kaXNwYXRjaGVyIjpmYWxzZSwidXNlcl9pbWFnZSI6Imh0dHBzOlwvXC9teHViZXIuYXRoYXJ2YXRlay5jb21cL3N0b3JhZ2VcL3VwbG9hZHNcL3VzZXJcL3Byb2ZpbGUtcGljdHVyZVwveVZid3ZuUVgyMnZ2ME5YN1dwZzFWTFc1RVk1WlRxVDFSa2RvaXlodi5wbmciLCJkcmljdmVyX2RldGFpbHMiOm51bGwsImNyZWF0ZWRfYXQiOiIyMDI1LTA3LTA3IDA5OjMzOjUwIn0seyJyYXRpbmciOiI1LjAwIiwic3RhdHVzIjoxLCJpc19hY2NlcHQiOjIsImRyaWN2ZXJfZGV0YWlscyI6eyJuYW1lIjoiRHJpdmVyIERlbW8iLCJtb2JpbGUiOiI5ODc2NTQzMjExIiwiaW1hZ2UiOiJodHRwczpcL1wvbXh1YmVyLmF0aGFydmF0ZWsuY29tXC9hc3NldHNcL2ltYWdlc1wvZGVmYXVsdC1wcm9maWxlLXBpY3R1cmUucG5nIn0sImNyZWF0ZWRfYXQiOiIyMDI1LTA3LTA3IDA5OjM0OjEwIiwib3JkZXJieV9zdGF0dXMiOjIsInByb2Nlc3NfdHlwZSI6ImFjY2VwdCJ9LHsicmF0aW5nIjoiNS4wMCIsInN0YXR1cyI6NCwicHJvY2Vzc190eXBlIjoidHJpcF9hcnJpdmVkIiwib3JkZXJieV9zdGF0dXMiOjMsImRyaWN2ZXJfZGV0YWlscyI6eyJuYW1lIjoiRHJpdmVyIERlbW8iLCJtb2JpbGUiOiI5ODc2NTQzMjExIiwiaW1hZ2UiOiJodHRwczpcL1wvbXh1YmVyLmF0aGFydmF0ZWsuY29tXC9hc3NldHNcL2ltYWdlc1wvZGVmYXVsdC1wcm9maWxlLXBpY3R1cmUucG5nIn0sImNyZWF0ZWRfYXQiOiIyMDI1LTA3LTA3IDA5OjM0OjM0In0seyJyYXRpbmciOiI1LjAwIiwic3RhdHVzIjo1LCJvcmRlcmJ5X3N0YXR1cyI6NCwicHJvY2Vzc190eXBlIjoidHJpcF9zdGFydCIsImRyaWN2ZXJfZGV0YWlscyI6eyJuYW1lIjoiRHJpdmVyIERlbW8iLCJtb2JpbGUiOiI5ODc2NTQzMjExIiwiaW1hZ2UiOiJodHRwczpcL1wvbXh1YmVyLmF0aGFydmF0ZWsuY29tXC9hc3NldHNcL2ltYWdlc1wvZGVmYXVsdC1wcm9maWxlLXBpY3R1cmUucG5nIn0sImNyZWF0ZWRfYXQiOiIyMDI1LTA3LTA3IDA5OjM1OjAzIn0seyJyYXRpbmciOiI1LjAwIiwic3RhdHVzIjo1LCJwcm9jZXNzX3R5cGUiOiJ0cmlwX2NvbXBsZXRlZCIsIm9yZGVyYnlfc3RhdHVzIjo1LCJkcmljdmVyX2RldGFpbHMiOnsibmFtZSI6IkRyaXZlciBEZW1vIiwibW9iaWxlIjoiOTg3NjU0MzIxMSIsImltYWdlIjoiaHR0cHM6XC9cL214dWJlci5hdGhhcnZhdGVrLmNvbVwvYXNzZXRzXC9pbWFnZXNcL2RlZmF1bHQtcHJvZmlsZS1waWN0dXJlLnBuZyJ9LCJjcmVhdGVkX2F0IjoiMjAyNS0wNy0wNyAwOTozNToyOCJ9XQ==','5','2025-07-07 09:33:50','2025-07-07 09:35:28'),
(5,'821a1751-6f0d-4a37-9881-2d3698a4c9a9',2,NULL,'W3sicHJvY2Vzc190eXBlIjoiY3JlYXRlX3JlcXVlc3QiLCJzdGF0dXMiOjEsImlmX2Rpc3BhdGNoZXIiOmZhbHNlLCJ1c2VyX2ltYWdlIjoiaHR0cHM6XC9cL214dWJlci5hdGhhcnZhdGVrLmNvbVwvc3RvcmFnZVwvdXBsb2Fkc1wvdXNlclwvcHJvZmlsZS1waWN0dXJlXC95VmJ3dm5RWDIydnYwTlg3V3BnMVZMVzVFWTVaVHFUMVJrZG9peWh2LnBuZyIsIm9yZGVyYnlfc3RhdHVzIjoxLCJkcmljdmVyX2RldGFpbHMiOm51bGwsImNyZWF0ZWRfYXQiOiIyMDI1LTA3LTA4IDA0OjIzOjMzIn1d','1','2025-07-08 04:23:33','2025-07-08 04:23:33'),
(6,'d418a91f-163f-4877-b46d-1e432852d356',2,NULL,'W3sic3RhdHVzIjoxLCJwcm9jZXNzX3R5cGUiOiJjcmVhdGVfcmVxdWVzdCIsIm9yZGVyYnlfc3RhdHVzIjoxLCJpZl9kaXNwYXRjaGVyIjpmYWxzZSwidXNlcl9pbWFnZSI6Imh0dHBzOlwvXC9teHViZXIuYXRoYXJ2YXRlay5jb21cL3N0b3JhZ2VcL3VwbG9hZHNcL3VzZXJcL3Byb2ZpbGUtcGljdHVyZVwveVZid3ZuUVgyMnZ2ME5YN1dwZzFWTFc1RVk1WlRxVDFSa2RvaXlodi5wbmciLCJkcmljdmVyX2RldGFpbHMiOm51bGwsImNyZWF0ZWRfYXQiOiIyMDI1LTA3LTA4IDA0OjI1OjA5In0seyJzdGF0dXMiOjcsInByb2Nlc3NfdHlwZSI6InVzZXJfY2FuY2VsbGVkIiwiY3JlYXRlZF9hdCI6IjIwMjUtMDctMDggMDQ6Mjc6MTgiLCJkcmljdmVyX2RldGFpbHMiOnsibmFtZSI6IlVzZXIgRGVtbyIsIm1vYmlsZSI6Ijk4NzY1NDMyMTAiLCJpbWFnZSI6Imh0dHBzOlwvXC9teHViZXIuYXRoYXJ2YXRlay5jb21cL3N0b3JhZ2VcL3VwbG9hZHNcL3VzZXJcL3Byb2ZpbGUtcGljdHVyZVwveVZid3ZuUVgyMnZ2ME5YN1dwZzFWTFc1RVk1WlRxVDFSa2RvaXlodi5wbmcifX1d','2','2025-07-08 04:25:09','2025-07-08 04:27:18'),
(7,'a7aec3ca-d7e7-4ac9-bbcd-5b3231a8ca9b',2,NULL,'W3sic3RhdHVzIjoxLCJwcm9jZXNzX3R5cGUiOiJjcmVhdGVfcmVxdWVzdCIsIm9yZGVyYnlfc3RhdHVzIjoxLCJpZl9kaXNwYXRjaGVyIjpmYWxzZSwidXNlcl9pbWFnZSI6Imh0dHBzOlwvXC9teHViZXIuYXRoYXJ2YXRlay5jb21cL3N0b3JhZ2VcL3VwbG9hZHNcL3VzZXJcL3Byb2ZpbGUtcGljdHVyZVwveVZid3ZuUVgyMnZ2ME5YN1dwZzFWTFc1RVk1WlRxVDFSa2RvaXlodi5wbmciLCJkcmljdmVyX2RldGFpbHMiOm51bGwsImNyZWF0ZWRfYXQiOiIyMDI1LTA3LTA4IDA0OjI3OjI1In0seyJzdGF0dXMiOjcsInByb2Nlc3NfdHlwZSI6InVzZXJfY2FuY2VsbGVkIiwiY3JlYXRlZF9hdCI6IjIwMjUtMDctMDggMDQ6Mjc6MjgiLCJkcmljdmVyX2RldGFpbHMiOnsibmFtZSI6IlVzZXIgRGVtbyIsIm1vYmlsZSI6Ijk4NzY1NDMyMTAiLCJpbWFnZSI6Imh0dHBzOlwvXC9teHViZXIuYXRoYXJ2YXRlay5jb21cL3N0b3JhZ2VcL3VwbG9hZHNcL3VzZXJcL3Byb2ZpbGUtcGljdHVyZVwveVZid3ZuUVgyMnZ2ME5YN1dwZzFWTFc1RVk1WlRxVDFSa2RvaXlodi5wbmcifX1d','2','2025-07-08 04:27:25','2025-07-08 04:27:28'),
(8,'27b25f48-ccd0-4aa2-9b13-e8d0ab529d4e',2,NULL,'W3sic3RhdHVzIjoxLCJwcm9jZXNzX3R5cGUiOiJjcmVhdGVfcmVxdWVzdCIsIm9yZGVyYnlfc3RhdHVzIjoxLCJpZl9kaXNwYXRjaGVyIjpmYWxzZSwidXNlcl9pbWFnZSI6Imh0dHBzOlwvXC9teHViZXIuYXRoYXJ2YXRlay5jb21cL3N0b3JhZ2VcL3VwbG9hZHNcL3VzZXJcL3Byb2ZpbGUtcGljdHVyZVwveVZid3ZuUVgyMnZ2ME5YN1dwZzFWTFc1RVk1WlRxVDFSa2RvaXlodi5wbmciLCJkcmljdmVyX2RldGFpbHMiOm51bGwsImNyZWF0ZWRfYXQiOiIyMDI1LTA3LTA4IDA1OjAwOjMxIn0seyJzdGF0dXMiOjcsInByb2Nlc3NfdHlwZSI6InVzZXJfY2FuY2VsbGVkIiwiY3JlYXRlZF9hdCI6IjIwMjUtMDctMDggMDU6MDE6MzUiLCJkcmljdmVyX2RldGFpbHMiOnsibmFtZSI6IlVzZXIgRGVtbyIsIm1vYmlsZSI6Ijk4NzY1NDMyMTAiLCJpbWFnZSI6Imh0dHBzOlwvXC9teHViZXIuYXRoYXJ2YXRlay5jb21cL3N0b3JhZ2VcL3VwbG9hZHNcL3VzZXJcL3Byb2ZpbGUtcGljdHVyZVwveVZid3ZuUVgyMnZ2ME5YN1dwZzFWTFc1RVk1WlRxVDFSa2RvaXlodi5wbmcifX1d','2','2025-07-08 05:00:31','2025-07-08 05:01:35'),
(9,'758571c9-570d-4d6f-b850-5740304284cd',2,NULL,'W3sic3RhdHVzIjoxLCJwcm9jZXNzX3R5cGUiOiJjcmVhdGVfcmVxdWVzdCIsIm9yZGVyYnlfc3RhdHVzIjoxLCJpZl9kaXNwYXRjaGVyIjpmYWxzZSwidXNlcl9pbWFnZSI6Imh0dHBzOlwvXC9teHViZXIuYXRoYXJ2YXRlay5jb21cL3N0b3JhZ2VcL3VwbG9hZHNcL3VzZXJcL3Byb2ZpbGUtcGljdHVyZVwveVZid3ZuUVgyMnZ2ME5YN1dwZzFWTFc1RVk1WlRxVDFSa2RvaXlodi5wbmciLCJkcmljdmVyX2RldGFpbHMiOm51bGwsImNyZWF0ZWRfYXQiOiIyMDI1LTA3LTA4IDA2OjA4OjQ4In0seyJzdGF0dXMiOjcsInByb2Nlc3NfdHlwZSI6InVzZXJfY2FuY2VsbGVkIiwiY3JlYXRlZF9hdCI6IjIwMjUtMDctMDggMDY6MDg6NTEiLCJkcmljdmVyX2RldGFpbHMiOnsibmFtZSI6IlVzZXIgRGVtbyIsIm1vYmlsZSI6Ijk4NzY1NDMyMTAiLCJpbWFnZSI6Imh0dHBzOlwvXC9teHViZXIuYXRoYXJ2YXRlay5jb21cL3N0b3JhZ2VcL3VwbG9hZHNcL3VzZXJcL3Byb2ZpbGUtcGljdHVyZVwveVZid3ZuUVgyMnZ2ME5YN1dwZzFWTFc1RVk1WlRxVDFSa2RvaXlodi5wbmcifX1d','2','2025-07-08 06:08:48','2025-07-08 06:08:51'),
(10,'ec1f4da7-bb27-4811-8a40-f219d5968e87',2,1,'W3sic3RhdHVzIjoxLCJwcm9jZXNzX3R5cGUiOiJjcmVhdGVfcmVxdWVzdCIsIm9yZGVyYnlfc3RhdHVzIjoxLCJpZl9kaXNwYXRjaGVyIjpmYWxzZSwidXNlcl9pbWFnZSI6Imh0dHBzOlwvXC9teHViZXIuYXRoYXJ2YXRlay5jb21cL3N0b3JhZ2VcL3VwbG9hZHNcL3VzZXJcL3Byb2ZpbGUtcGljdHVyZVwveVZid3ZuUVgyMnZ2ME5YN1dwZzFWTFc1RVk1WlRxVDFSa2RvaXlodi5wbmciLCJkcmljdmVyX2RldGFpbHMiOm51bGwsImNyZWF0ZWRfYXQiOiIyMDI1LTA3LTA4IDEyOjQ4OjQxIn0seyJyYXRpbmciOiI1LjAwIiwic3RhdHVzIjoxLCJpc19hY2NlcHQiOjIsImRyaWN2ZXJfZGV0YWlscyI6eyJuYW1lIjoiRHJpdmVyIERlbW8iLCJtb2JpbGUiOiI5ODc2NTQzMjExIiwiaW1hZ2UiOiJodHRwczpcL1wvbXh1YmVyLmF0aGFydmF0ZWsuY29tXC9hc3NldHNcL2ltYWdlc1wvZGVmYXVsdC1wcm9maWxlLXBpY3R1cmUucG5nIn0sImNyZWF0ZWRfYXQiOiIyMDI1LTA3LTA4IDEyOjQ5OjA5Iiwib3JkZXJieV9zdGF0dXMiOjIsInByb2Nlc3NfdHlwZSI6ImFjY2VwdCJ9LHsicmF0aW5nIjoiNS4wMCIsInN0YXR1cyI6NCwicHJvY2Vzc190eXBlIjoidHJpcF9hcnJpdmVkIiwib3JkZXJieV9zdGF0dXMiOjMsImRyaWN2ZXJfZGV0YWlscyI6eyJuYW1lIjoiRHJpdmVyIERlbW8iLCJtb2JpbGUiOiI5ODc2NTQzMjExIiwiaW1hZ2UiOiJodHRwczpcL1wvbXh1YmVyLmF0aGFydmF0ZWsuY29tXC9hc3NldHNcL2ltYWdlc1wvZGVmYXVsdC1wcm9maWxlLXBpY3R1cmUucG5nIn0sImNyZWF0ZWRfYXQiOiIyMDI1LTA3LTA4IDEyOjU1OjA2In0seyJyYXRpbmciOiI1LjAwIiwic3RhdHVzIjo1LCJvcmRlcmJ5X3N0YXR1cyI6NCwicHJvY2Vzc190eXBlIjoidHJpcF9zdGFydCIsImRyaWN2ZXJfZGV0YWlscyI6eyJuYW1lIjoiRHJpdmVyIERlbW8iLCJtb2JpbGUiOiI5ODc2NTQzMjExIiwiaW1hZ2UiOiJodHRwczpcL1wvbXh1YmVyLmF0aGFydmF0ZWsuY29tXC9hc3NldHNcL2ltYWdlc1wvZGVmYXVsdC1wcm9maWxlLXBpY3R1cmUucG5nIn0sImNyZWF0ZWRfYXQiOiIyMDI1LTA3LTA4IDEyOjU1OjI1In0seyJyYXRpbmciOiI1LjAwIiwic3RhdHVzIjo1LCJwcm9jZXNzX3R5cGUiOiJ0cmlwX2NvbXBsZXRlZCIsIm9yZGVyYnlfc3RhdHVzIjo1LCJkcmljdmVyX2RldGFpbHMiOnsibmFtZSI6IkRyaXZlciBEZW1vIiwibW9iaWxlIjoiOTg3NjU0MzIxMSIsImltYWdlIjoiaHR0cHM6XC9cL214dWJlci5hdGhhcnZhdGVrLmNvbVwvYXNzZXRzXC9pbWFnZXNcL2RlZmF1bHQtcHJvZmlsZS1waWN0dXJlLnBuZyJ9LCJjcmVhdGVkX2F0IjoiMjAyNS0wNy0wOCAxMjo1NTo0MCJ9XQ==','5','2025-07-08 12:48:41','2025-07-08 12:55:40'),
(11,'cffedee4-1260-4e7a-b758-86d918ad6b25',2,NULL,'W3sic3RhdHVzIjoxLCJwcm9jZXNzX3R5cGUiOiJjcmVhdGVfcmVxdWVzdCIsIm9yZGVyYnlfc3RhdHVzIjoxLCJpZl9kaXNwYXRjaGVyIjpmYWxzZSwidXNlcl9pbWFnZSI6Imh0dHBzOlwvXC9teHViZXIuYXRoYXJ2YXRlay5jb21cL3N0b3JhZ2VcL3VwbG9hZHNcL3VzZXJcL3Byb2ZpbGUtcGljdHVyZVwveVZid3ZuUVgyMnZ2ME5YN1dwZzFWTFc1RVk1WlRxVDFSa2RvaXlodi5wbmciLCJkcmljdmVyX2RldGFpbHMiOm51bGwsImNyZWF0ZWRfYXQiOiIyMDI1LTA3LTA5IDA0OjEzOjUxIn0seyJzdGF0dXMiOjcsInByb2Nlc3NfdHlwZSI6InVzZXJfY2FuY2VsbGVkIiwiY3JlYXRlZF9hdCI6IjIwMjUtMDctMDkgMDQ6MTQ6NDciLCJkcmljdmVyX2RldGFpbHMiOnsibmFtZSI6IlVzZXIgRGVtbyIsIm1vYmlsZSI6Ijk4NzY1NDMyMTAiLCJpbWFnZSI6Imh0dHBzOlwvXC9teHViZXIuYXRoYXJ2YXRlay5jb21cL3N0b3JhZ2VcL3VwbG9hZHNcL3VzZXJcL3Byb2ZpbGUtcGljdHVyZVwveVZid3ZuUVgyMnZ2ME5YN1dwZzFWTFc1RVk1WlRxVDFSa2RvaXlodi5wbmcifX1d','2','2025-07-09 04:13:51','2025-07-09 04:14:47'),
(12,'707dcbdf-0e0a-4ee4-b7e8-00f5706496a1',2,1,'W3sic3RhdHVzIjoxLCJwcm9jZXNzX3R5cGUiOiJjcmVhdGVfcmVxdWVzdCIsIm9yZGVyYnlfc3RhdHVzIjoxLCJpZl9kaXNwYXRjaGVyIjpmYWxzZSwidXNlcl9pbWFnZSI6Imh0dHBzOlwvXC9teHViZXIuYXRoYXJ2YXRlay5jb21cL3N0b3JhZ2VcL3VwbG9hZHNcL3VzZXJcL3Byb2ZpbGUtcGljdHVyZVwveVZid3ZuUVgyMnZ2ME5YN1dwZzFWTFc1RVk1WlRxVDFSa2RvaXlodi5wbmciLCJkcmljdmVyX2RldGFpbHMiOm51bGwsImNyZWF0ZWRfYXQiOiIyMDI1LTA3LTA5IDA0OjE5OjM0In0seyJyYXRpbmciOiI1LjAwIiwic3RhdHVzIjoxLCJpc19hY2NlcHQiOjIsImRyaWN2ZXJfZGV0YWlscyI6eyJuYW1lIjoiRHJpdmVyIERlbW8iLCJtb2JpbGUiOiI5ODc2NTQzMjExIiwiaW1hZ2UiOiJodHRwczpcL1wvbXh1YmVyLmF0aGFydmF0ZWsuY29tXC9hc3NldHNcL2ltYWdlc1wvZGVmYXVsdC1wcm9maWxlLXBpY3R1cmUucG5nIn0sImNyZWF0ZWRfYXQiOiIyMDI1LTA3LTA5IDA0OjIxOjM5Iiwib3JkZXJieV9zdGF0dXMiOjIsInByb2Nlc3NfdHlwZSI6ImFjY2VwdCJ9LHsicmF0aW5nIjoiNS4wMCIsInN0YXR1cyI6NCwicHJvY2Vzc190eXBlIjoidHJpcF9hcnJpdmVkIiwib3JkZXJieV9zdGF0dXMiOjMsImRyaWN2ZXJfZGV0YWlscyI6eyJuYW1lIjoiRHJpdmVyIERlbW8iLCJtb2JpbGUiOiI5ODc2NTQzMjExIiwiaW1hZ2UiOiJodHRwczpcL1wvbXh1YmVyLmF0aGFydmF0ZWsuY29tXC9hc3NldHNcL2ltYWdlc1wvZGVmYXVsdC1wcm9maWxlLXBpY3R1cmUucG5nIn0sImNyZWF0ZWRfYXQiOiIyMDI1LTA3LTA5IDA0OjI0OjQwIn1d','3','2025-07-09 04:19:34','2025-07-09 04:24:40'),
(13,'48d2d00d-14fb-4106-add9-4da5eedd8518',2,NULL,'W3sic3RhdHVzIjoxLCJwcm9jZXNzX3R5cGUiOiJjcmVhdGVfcmVxdWVzdCIsIm9yZGVyYnlfc3RhdHVzIjoxLCJpZl9kaXNwYXRjaGVyIjpmYWxzZSwidXNlcl9pbWFnZSI6Imh0dHBzOlwvXC9teHViZXIuYXRoYXJ2YXRlay5jb21cL3N0b3JhZ2VcL3VwbG9hZHNcL3VzZXJcL3Byb2ZpbGUtcGljdHVyZVwveVZid3ZuUVgyMnZ2ME5YN1dwZzFWTFc1RVk1WlRxVDFSa2RvaXlodi5wbmciLCJkcmljdmVyX2RldGFpbHMiOm51bGwsImNyZWF0ZWRfYXQiOiIyMDI1LTA3LTA5IDA0OjI0OjE3In0seyJzdGF0dXMiOjcsInByb2Nlc3NfdHlwZSI6InVzZXJfY2FuY2VsbGVkIiwiY3JlYXRlZF9hdCI6IjIwMjUtMDctMDkgMDQ6MjU6NDciLCJkcmljdmVyX2RldGFpbHMiOnsibmFtZSI6IlVzZXIgRGVtbyIsIm1vYmlsZSI6Ijk4NzY1NDMyMTAiLCJpbWFnZSI6Imh0dHBzOlwvXC9teHViZXIuYXRoYXJ2YXRlay5jb21cL3N0b3JhZ2VcL3VwbG9hZHNcL3VzZXJcL3Byb2ZpbGUtcGljdHVyZVwveVZid3ZuUVgyMnZ2ME5YN1dwZzFWTFc1RVk1WlRxVDFSa2RvaXlodi5wbmcifX1d','2','2025-07-09 04:24:17','2025-07-09 04:25:47'),
(14,'307f8283-136c-4ad1-9530-7bb3a8a9458a',2,1,'W3sic3RhdHVzIjoxLCJwcm9jZXNzX3R5cGUiOiJjcmVhdGVfcmVxdWVzdCIsIm9yZGVyYnlfc3RhdHVzIjoxLCJpZl9kaXNwYXRjaGVyIjpmYWxzZSwidXNlcl9pbWFnZSI6Imh0dHBzOlwvXC9teHViZXIuYXRoYXJ2YXRlay5jb21cL3N0b3JhZ2VcL3VwbG9hZHNcL3VzZXJcL3Byb2ZpbGUtcGljdHVyZVwveVZid3ZuUVgyMnZ2ME5YN1dwZzFWTFc1RVk1WlRxVDFSa2RvaXlodi5wbmciLCJkcmljdmVyX2RldGFpbHMiOm51bGwsImNyZWF0ZWRfYXQiOiIyMDI1LTA3LTA5IDA0OjI2OjIzIn0seyJyYXRpbmciOiI1LjAwIiwic3RhdHVzIjoxLCJpc19hY2NlcHQiOjIsImRyaWN2ZXJfZGV0YWlscyI6eyJuYW1lIjoiRHJpdmVyIERlbW8iLCJtb2JpbGUiOiI5ODc2NTQzMjExIiwiaW1hZ2UiOiJodHRwczpcL1wvbXh1YmVyLmF0aGFydmF0ZWsuY29tXC9hc3NldHNcL2ltYWdlc1wvZGVmYXVsdC1wcm9maWxlLXBpY3R1cmUucG5nIn0sImNyZWF0ZWRfYXQiOiIyMDI1LTA3LTA5IDA0OjI2OjMyIiwib3JkZXJieV9zdGF0dXMiOjIsInByb2Nlc3NfdHlwZSI6ImFjY2VwdCJ9LHsicmF0aW5nIjoiNS4wMCIsInN0YXR1cyI6NCwicHJvY2Vzc190eXBlIjoidHJpcF9hcnJpdmVkIiwib3JkZXJieV9zdGF0dXMiOjMsImRyaWN2ZXJfZGV0YWlscyI6eyJuYW1lIjoiRHJpdmVyIERlbW8iLCJtb2JpbGUiOiI5ODc2NTQzMjExIiwiaW1hZ2UiOiJodHRwczpcL1wvbXh1YmVyLmF0aGFydmF0ZWsuY29tXC9hc3NldHNcL2ltYWdlc1wvZGVmYXVsdC1wcm9maWxlLXBpY3R1cmUucG5nIn0sImNyZWF0ZWRfYXQiOiIyMDI1LTA3LTA5IDA0OjI3OjIwIn0seyJyYXRpbmciOiI1LjAwIiwic3RhdHVzIjo1LCJvcmRlcmJ5X3N0YXR1cyI6NCwicHJvY2Vzc190eXBlIjoidHJpcF9zdGFydCIsImRyaWN2ZXJfZGV0YWlscyI6eyJuYW1lIjoiRHJpdmVyIERlbW8iLCJtb2JpbGUiOiI5ODc2NTQzMjExIiwiaW1hZ2UiOiJodHRwczpcL1wvbXh1YmVyLmF0aGFydmF0ZWsuY29tXC9hc3NldHNcL2ltYWdlc1wvZGVmYXVsdC1wcm9maWxlLXBpY3R1cmUucG5nIn0sImNyZWF0ZWRfYXQiOiIyMDI1LTA3LTA5IDA0OjI3OjM0In0seyJyYXRpbmciOiI1LjAwIiwic3RhdHVzIjo1LCJwcm9jZXNzX3R5cGUiOiJ0cmlwX2NvbXBsZXRlZCIsIm9yZGVyYnlfc3RhdHVzIjo1LCJkcmljdmVyX2RldGFpbHMiOnsibmFtZSI6IkRyaXZlciBEZW1vIiwibW9iaWxlIjoiOTg3NjU0MzIxMSIsImltYWdlIjoiaHR0cHM6XC9cL214dWJlci5hdGhhcnZhdGVrLmNvbVwvYXNzZXRzXC9pbWFnZXNcL2RlZmF1bHQtcHJvZmlsZS1waWN0dXJlLnBuZyJ9LCJjcmVhdGVkX2F0IjoiMjAyNS0wNy0wOSAwNDoyOTowNiJ9XQ==','5','2025-07-09 04:26:23','2025-07-09 04:29:06'),
(15,'a4687ae8-5230-4bf7-b0a0-43add699e109',2,1,'W3sic3RhdHVzIjoxLCJwcm9jZXNzX3R5cGUiOiJjcmVhdGVfcmVxdWVzdCIsIm9yZGVyYnlfc3RhdHVzIjoxLCJpZl9kaXNwYXRjaGVyIjpmYWxzZSwidXNlcl9pbWFnZSI6Imh0dHBzOlwvXC9teHViZXIuYXRoYXJ2YXRlay5jb21cL3N0b3JhZ2VcL3VwbG9hZHNcL3VzZXJcL3Byb2ZpbGUtcGljdHVyZVwveVZid3ZuUVgyMnZ2ME5YN1dwZzFWTFc1RVk1WlRxVDFSa2RvaXlodi5wbmciLCJkcmljdmVyX2RldGFpbHMiOm51bGwsImNyZWF0ZWRfYXQiOiIyMDI1LTA3LTA5IDA0OjM0OjUzIn0seyJyYXRpbmciOiI1LjAwIiwic3RhdHVzIjoyLCJpc19hY2NlcHQiOjMsImRyaWN2ZXJfZGV0YWlscyI6eyJuYW1lIjoiRHJpdmVyIERlbW8iLCJtb2JpbGUiOiI5ODc2NTQzMjExIiwiaW1hZ2UiOiJodHRwczpcL1wvbXh1YmVyLmF0aGFydmF0ZWsuY29tXC9hc3NldHNcL2ltYWdlc1wvZGVmYXVsdC1wcm9maWxlLXBpY3R1cmUucG5nIn0sImNyZWF0ZWRfYXQiOiIyMDI1LTA3LTA5IDA0OjM1OjI4Iiwib3JkZXJieV9zdGF0dXMiOjIsInByb2Nlc3NfdHlwZSI6ImRlY2xpbmUifSx7InN0YXR1cyI6NywicHJvY2Vzc190eXBlIjoidXNlcl9jYW5jZWxsZWQiLCJjcmVhdGVkX2F0IjoiMjAyNS0wNy0wOSAwNDozNjo0OCIsImRyaWN2ZXJfZGV0YWlscyI6eyJuYW1lIjoiVXNlciBEZW1vIiwibW9iaWxlIjoiOTg3NjU0MzIxMCIsImltYWdlIjoiaHR0cHM6XC9cL214dWJlci5hdGhhcnZhdGVrLmNvbVwvc3RvcmFnZVwvdXBsb2Fkc1wvdXNlclwvcHJvZmlsZS1waWN0dXJlXC95VmJ3dm5RWDIydnYwTlg3V3BnMVZMVzVFWTVaVHFUMVJrZG9peWh2LnBuZyJ9fV0=','3','2025-07-09 04:34:53','2025-07-09 04:36:48'),
(16,'5a168d14-741a-4eb4-8942-2bb6ef90c42e',2,1,'W3sic3RhdHVzIjoxLCJwcm9jZXNzX3R5cGUiOiJjcmVhdGVfcmVxdWVzdCIsIm9yZGVyYnlfc3RhdHVzIjoxLCJpZl9kaXNwYXRjaGVyIjpmYWxzZSwidXNlcl9pbWFnZSI6Imh0dHBzOlwvXC9teHViZXIuYXRoYXJ2YXRlay5jb21cL3N0b3JhZ2VcL3VwbG9hZHNcL3VzZXJcL3Byb2ZpbGUtcGljdHVyZVwveVZid3ZuUVgyMnZ2ME5YN1dwZzFWTFc1RVk1WlRxVDFSa2RvaXlodi5wbmciLCJkcmljdmVyX2RldGFpbHMiOm51bGwsImNyZWF0ZWRfYXQiOiIyMDI1LTA3LTA5IDA0OjM2OjU0In0seyJyYXRpbmciOiI1LjAwIiwic3RhdHVzIjoxLCJpc19hY2NlcHQiOjIsImRyaWN2ZXJfZGV0YWlscyI6eyJuYW1lIjoiRHJpdmVyIERlbW8iLCJtb2JpbGUiOiI5ODc2NTQzMjExIiwiaW1hZ2UiOiJodHRwczpcL1wvbXh1YmVyLmF0aGFydmF0ZWsuY29tXC9hc3NldHNcL2ltYWdlc1wvZGVmYXVsdC1wcm9maWxlLXBpY3R1cmUucG5nIn0sImNyZWF0ZWRfYXQiOiIyMDI1LTA3LTA5IDA0OjM2OjU4Iiwib3JkZXJieV9zdGF0dXMiOjIsInByb2Nlc3NfdHlwZSI6ImFjY2VwdCJ9LHsicmF0aW5nIjoiNS4wMCIsInN0YXR1cyI6NCwicHJvY2Vzc190eXBlIjoidHJpcF9hcnJpdmVkIiwib3JkZXJieV9zdGF0dXMiOjMsImRyaWN2ZXJfZGV0YWlscyI6eyJuYW1lIjoiRHJpdmVyIERlbW8iLCJtb2JpbGUiOiI5ODc2NTQzMjExIiwiaW1hZ2UiOiJodHRwczpcL1wvbXh1YmVyLmF0aGFydmF0ZWsuY29tXC9hc3NldHNcL2ltYWdlc1wvZGVmYXVsdC1wcm9maWxlLXBpY3R1cmUucG5nIn0sImNyZWF0ZWRfYXQiOiIyMDI1LTA3LTA5IDA2OjExOjQxIn1d','3','2025-07-09 04:36:54','2025-07-09 06:11:41'),
(17,'5f7e35fc-b569-450d-bfde-7fd1d2f6b024',2,NULL,'W3sicHJvY2Vzc190eXBlIjoiY3JlYXRlX3JlcXVlc3QiLCJzdGF0dXMiOjEsImlmX2Rpc3BhdGNoZXIiOmZhbHNlLCJ1c2VyX2ltYWdlIjoiaHR0cHM6XC9cL214dWJlci5hdGhhcnZhdGVrLmNvbVwvc3RvcmFnZVwvdXBsb2Fkc1wvdXNlclwvcHJvZmlsZS1waWN0dXJlXC95VmJ3dm5RWDIydnYwTlg3V3BnMVZMVzVFWTVaVHFUMVJrZG9peWh2LnBuZyIsIm9yZGVyYnlfc3RhdHVzIjoxLCJkcmljdmVyX2RldGFpbHMiOm51bGwsImNyZWF0ZWRfYXQiOiIyMDI1LTA3LTA5IDA0OjM4OjA2In1d','1','2025-07-09 04:38:06','2025-07-09 04:38:06'),
(18,'ed56f10c-d8d0-4112-9a98-e45917ea0cd7',11,NULL,'W3sicHJvY2Vzc190eXBlIjoiY3JlYXRlX3JlcXVlc3QiLCJzdGF0dXMiOjEsImlmX2Rpc3BhdGNoZXIiOmZhbHNlLCJ1c2VyX2ltYWdlIjoiaHR0cHM6XC9cL214dWJlci5hdGhhcnZhdGVrLmNvbVwvYXNzZXRzXC9pbWFnZXNcL2RlZmF1bHQtcHJvZmlsZS1waWN0dXJlLnBuZyIsIm9yZGVyYnlfc3RhdHVzIjoxLCJkcmljdmVyX2RldGFpbHMiOm51bGwsImNyZWF0ZWRfYXQiOiIyMDI1LTA3LTA5IDA1OjI0OjAwIn0seyJzdGF0dXMiOjcsInByb2Nlc3NfdHlwZSI6InVzZXJfY2FuY2VsbGVkIiwiY3JlYXRlZF9hdCI6IjIwMjUtMDctMDkgMDU6MjQ6NDgiLCJkcmljdmVyX2RldGFpbHMiOnsibmFtZSI6Im5ldyB1c2VyIiwibW9iaWxlIjoiMzIxNDU2Nzg5MSIsImltYWdlIjoiaHR0cHM6XC9cL214dWJlci5hdGhhcnZhdGVrLmNvbVwvYXNzZXRzXC9pbWFnZXNcL2RlZmF1bHQtcHJvZmlsZS1waWN0dXJlLnBuZyJ9fV0=','2','2025-07-09 05:24:00','2025-07-09 05:24:48'),
(19,'0fef6b16-0d60-432b-9099-7cf4af3429c0',11,NULL,'W3sicHJvY2Vzc190eXBlIjoiY3JlYXRlX3JlcXVlc3QiLCJzdGF0dXMiOjEsImlmX2Rpc3BhdGNoZXIiOmZhbHNlLCJ1c2VyX2ltYWdlIjoiaHR0cHM6XC9cL214dWJlci5hdGhhcnZhdGVrLmNvbVwvYXNzZXRzXC9pbWFnZXNcL2RlZmF1bHQtcHJvZmlsZS1waWN0dXJlLnBuZyIsIm9yZGVyYnlfc3RhdHVzIjoxLCJkcmljdmVyX2RldGFpbHMiOm51bGwsImNyZWF0ZWRfYXQiOiIyMDI1LTA3LTA5IDA1OjI1OjQ4In1d','1','2025-07-09 05:25:48','2025-07-09 05:25:48'),
(20,'cccd0937-894f-4517-a559-1ffefbd0f3d0',11,NULL,'W3sicHJvY2Vzc190eXBlIjoiY3JlYXRlX3JlcXVlc3QiLCJzdGF0dXMiOjEsImlmX2Rpc3BhdGNoZXIiOmZhbHNlLCJ1c2VyX2ltYWdlIjoiaHR0cHM6XC9cL214dWJlci5hdGhhcnZhdGVrLmNvbVwvYXNzZXRzXC9pbWFnZXNcL2RlZmF1bHQtcHJvZmlsZS1waWN0dXJlLnBuZyIsIm9yZGVyYnlfc3RhdHVzIjoxLCJkcmljdmVyX2RldGFpbHMiOm51bGwsImNyZWF0ZWRfYXQiOiIyMDI1LTA3LTA5IDA1OjI2OjI0In1d','1','2025-07-09 05:26:24','2025-07-09 05:26:24'),
(21,'104e83e0-250a-4511-b9e1-cea09ff65cd6',11,NULL,'W3sic3RhdHVzIjoxLCJwcm9jZXNzX3R5cGUiOiJjcmVhdGVfcmVxdWVzdCIsIm9yZGVyYnlfc3RhdHVzIjoxLCJpZl9kaXNwYXRjaGVyIjpmYWxzZSwidXNlcl9pbWFnZSI6Imh0dHBzOlwvXC9teHViZXIuYXRoYXJ2YXRlay5jb21cL2Fzc2V0c1wvaW1hZ2VzXC9kZWZhdWx0LXByb2ZpbGUtcGljdHVyZS5wbmciLCJkcmljdmVyX2RldGFpbHMiOm51bGwsImNyZWF0ZWRfYXQiOiIyMDI1LTA3LTA5IDA1OjM0OjE1In0seyJzdGF0dXMiOjcsInByb2Nlc3NfdHlwZSI6InVzZXJfY2FuY2VsbGVkIiwiY3JlYXRlZF9hdCI6IjIwMjUtMDctMDkgMDU6MzQ6NTIiLCJkcmljdmVyX2RldGFpbHMiOnsibmFtZSI6Im5ldyB1c2VyIiwibW9iaWxlIjoiMzIxNDU2Nzg5MSIsImltYWdlIjoiaHR0cHM6XC9cL214dWJlci5hdGhhcnZhdGVrLmNvbVwvYXNzZXRzXC9pbWFnZXNcL2RlZmF1bHQtcHJvZmlsZS1waWN0dXJlLnBuZyJ9fV0=','2','2025-07-09 05:34:15','2025-07-09 05:34:52'),
(22,'31de28d3-53a6-4294-a097-24d2bc34d652',2,1,'W3sic3RhdHVzIjoxLCJwcm9jZXNzX3R5cGUiOiJjcmVhdGVfcmVxdWVzdCIsIm9yZGVyYnlfc3RhdHVzIjoxLCJpZl9kaXNwYXRjaGVyIjpmYWxzZSwidXNlcl9pbWFnZSI6Imh0dHBzOlwvXC9teHViZXIuYXRoYXJ2YXRlay5jb21cL3N0b3JhZ2VcL3VwbG9hZHNcL3VzZXJcL3Byb2ZpbGUtcGljdHVyZVwveVZid3ZuUVgyMnZ2ME5YN1dwZzFWTFc1RVk1WlRxVDFSa2RvaXlodi5wbmciLCJkcmljdmVyX2RldGFpbHMiOm51bGwsImNyZWF0ZWRfYXQiOiIyMDI1LTA3LTA5IDA2OjE1OjU2In0seyJyYXRpbmciOiI1LjAwIiwic3RhdHVzIjoxLCJpc19hY2NlcHQiOjIsImRyaWN2ZXJfZGV0YWlscyI6eyJuYW1lIjoiRHJpdmVyIERlbW8iLCJtb2JpbGUiOiI5ODc2NTQzMjExIiwiaW1hZ2UiOiJodHRwczpcL1wvbXh1YmVyLmF0aGFydmF0ZWsuY29tXC9hc3NldHNcL2ltYWdlc1wvZGVmYXVsdC1wcm9maWxlLXBpY3R1cmUucG5nIn0sImNyZWF0ZWRfYXQiOiIyMDI1LTA3LTA5IDA2OjE2OjE5Iiwib3JkZXJieV9zdGF0dXMiOjIsInByb2Nlc3NfdHlwZSI6ImFjY2VwdCJ9LHsicmF0aW5nIjoiNS4wMCIsInN0YXR1cyI6NCwicHJvY2Vzc190eXBlIjoidHJpcF9hcnJpdmVkIiwib3JkZXJieV9zdGF0dXMiOjMsImRyaWN2ZXJfZGV0YWlscyI6eyJuYW1lIjoiRHJpdmVyIERlbW8iLCJtb2JpbGUiOiI5ODc2NTQzMjExIiwiaW1hZ2UiOiJodHRwczpcL1wvbXh1YmVyLmF0aGFydmF0ZWsuY29tXC9hc3NldHNcL2ltYWdlc1wvZGVmYXVsdC1wcm9maWxlLXBpY3R1cmUucG5nIn0sImNyZWF0ZWRfYXQiOiIyMDI1LTA3LTA5IDA2OjE2OjI1In0seyJyYXRpbmciOiI1LjAwIiwic3RhdHVzIjo1LCJvcmRlcmJ5X3N0YXR1cyI6NCwicHJvY2Vzc190eXBlIjoidHJpcF9zdGFydCIsImRyaWN2ZXJfZGV0YWlscyI6eyJuYW1lIjoiRHJpdmVyIERlbW8iLCJtb2JpbGUiOiI5ODc2NTQzMjExIiwiaW1hZ2UiOiJodHRwczpcL1wvbXh1YmVyLmF0aGFydmF0ZWsuY29tXC9hc3NldHNcL2ltYWdlc1wvZGVmYXVsdC1wcm9maWxlLXBpY3R1cmUucG5nIn0sImNyZWF0ZWRfYXQiOiIyMDI1LTA3LTA5IDA2OjE3OjA4In0seyJyYXRpbmciOiI1LjAwIiwic3RhdHVzIjo1LCJwcm9jZXNzX3R5cGUiOiJ0cmlwX2NvbXBsZXRlZCIsIm9yZGVyYnlfc3RhdHVzIjo1LCJkcmljdmVyX2RldGFpbHMiOnsibmFtZSI6IkRyaXZlciBEZW1vIiwibW9iaWxlIjoiOTg3NjU0MzIxMSIsImltYWdlIjoiaHR0cHM6XC9cL214dWJlci5hdGhhcnZhdGVrLmNvbVwvYXNzZXRzXC9pbWFnZXNcL2RlZmF1bHQtcHJvZmlsZS1waWN0dXJlLnBuZyJ9LCJjcmVhdGVkX2F0IjoiMjAyNS0wNy0wOSAwNjoxNzoyMiJ9XQ==','5','2025-07-09 06:15:56','2025-07-09 06:17:22'),
(23,'51012261-2174-4d55-9aa9-5402236611f8',2,1,'W3sic3RhdHVzIjoxLCJwcm9jZXNzX3R5cGUiOiJjcmVhdGVfcmVxdWVzdCIsIm9yZGVyYnlfc3RhdHVzIjoxLCJpZl9kaXNwYXRjaGVyIjpmYWxzZSwidXNlcl9pbWFnZSI6Imh0dHBzOlwvXC9teHViZXIuYXRoYXJ2YXRlay5jb21cL3N0b3JhZ2VcL3VwbG9hZHNcL3VzZXJcL3Byb2ZpbGUtcGljdHVyZVwveVZid3ZuUVgyMnZ2ME5YN1dwZzFWTFc1RVk1WlRxVDFSa2RvaXlodi5wbmciLCJkcmljdmVyX2RldGFpbHMiOm51bGwsImNyZWF0ZWRfYXQiOiIyMDI1LTA3LTA5IDA2OjM3OjE3In0seyJyYXRpbmciOiI1LjAwIiwic3RhdHVzIjoxLCJpc19hY2NlcHQiOjIsImRyaWN2ZXJfZGV0YWlscyI6eyJuYW1lIjoiRHJpdmVyIERlbW8iLCJtb2JpbGUiOiI5ODc2NTQzMjExIiwiaW1hZ2UiOiJodHRwczpcL1wvbXh1YmVyLmF0aGFydmF0ZWsuY29tXC9hc3NldHNcL2ltYWdlc1wvZGVmYXVsdC1wcm9maWxlLXBpY3R1cmUucG5nIn0sImNyZWF0ZWRfYXQiOiIyMDI1LTA3LTA5IDA2OjM3OjQ1Iiwib3JkZXJieV9zdGF0dXMiOjIsInByb2Nlc3NfdHlwZSI6ImFjY2VwdCJ9LHsicmF0aW5nIjoiNS4wMCIsInN0YXR1cyI6NCwicHJvY2Vzc190eXBlIjoidHJpcF9hcnJpdmVkIiwib3JkZXJieV9zdGF0dXMiOjMsImRyaWN2ZXJfZGV0YWlscyI6eyJuYW1lIjoiRHJpdmVyIERlbW8iLCJtb2JpbGUiOiI5ODc2NTQzMjExIiwiaW1hZ2UiOiJodHRwczpcL1wvbXh1YmVyLmF0aGFydmF0ZWsuY29tXC9hc3NldHNcL2ltYWdlc1wvZGVmYXVsdC1wcm9maWxlLXBpY3R1cmUucG5nIn0sImNyZWF0ZWRfYXQiOiIyMDI1LTA3LTA5IDA2OjM3OjUzIn0seyJyYXRpbmciOiI1LjAwIiwic3RhdHVzIjo1LCJvcmRlcmJ5X3N0YXR1cyI6NCwicHJvY2Vzc190eXBlIjoidHJpcF9zdGFydCIsImRyaWN2ZXJfZGV0YWlscyI6eyJuYW1lIjoiRHJpdmVyIERlbW8iLCJtb2JpbGUiOiI5ODc2NTQzMjExIiwiaW1hZ2UiOiJodHRwczpcL1wvbXh1YmVyLmF0aGFydmF0ZWsuY29tXC9hc3NldHNcL2ltYWdlc1wvZGVmYXVsdC1wcm9maWxlLXBpY3R1cmUucG5nIn0sImNyZWF0ZWRfYXQiOiIyMDI1LTA3LTA5IDA2OjM4OjU4In0seyJyYXRpbmciOiI1LjAwIiwic3RhdHVzIjo1LCJwcm9jZXNzX3R5cGUiOiJ0cmlwX2NvbXBsZXRlZCIsIm9yZGVyYnlfc3RhdHVzIjo1LCJkcmljdmVyX2RldGFpbHMiOnsibmFtZSI6IkRyaXZlciBEZW1vIiwibW9iaWxlIjoiOTg3NjU0MzIxMSIsImltYWdlIjoiaHR0cHM6XC9cL214dWJlci5hdGhhcnZhdGVrLmNvbVwvYXNzZXRzXC9pbWFnZXNcL2RlZmF1bHQtcHJvZmlsZS1waWN0dXJlLnBuZyJ9LCJjcmVhdGVkX2F0IjoiMjAyNS0wNy0wOSAwNjozOToxMSJ9XQ==','5','2025-07-09 06:37:17','2025-07-09 06:39:11'),
(24,'80836517-ad42-4282-b2d5-2e2aceb82063',2,1,'W3sic3RhdHVzIjoxLCJwcm9jZXNzX3R5cGUiOiJjcmVhdGVfcmVxdWVzdCIsImlmX2Rpc3BhdGNoZXIiOnRydWUsInVzZXJfaW1hZ2UiOiJodHRwczpcL1wvbXh1YmVyLmF0aGFydmF0ZWsuY29tXC9hc3NldHNcL2ltYWdlc1wvZGVmYXVsdC1wcm9maWxlLXBpY3R1cmUucG5nIiwib3JkZXJieV9zdGF0dXMiOjEsImRyaWN2ZXJfZGV0YWlscyI6bnVsbCwiY3JlYXRlZF9hdCI6IjIwMjUtMDctMDkgMDg6NDA6MDkifSx7InJhdGluZyI6IjUuMDAiLCJzdGF0dXMiOjEsImlzX2FjY2VwdCI6MiwiZHJpY3Zlcl9kZXRhaWxzIjp7Im5hbWUiOiJEcml2ZXIgRGVtbyIsIm1vYmlsZSI6Ijk4NzY1NDMyMTEiLCJpbWFnZSI6Imh0dHBzOlwvXC9teHViZXIuYXRoYXJ2YXRlay5jb21cL2Fzc2V0c1wvaW1hZ2VzXC9kZWZhdWx0LXByb2ZpbGUtcGljdHVyZS5wbmcifSwiY3JlYXRlZF9hdCI6IjIwMjUtMDctMDkgMDg6NDI6MTUiLCJvcmRlcmJ5X3N0YXR1cyI6MiwicHJvY2Vzc190eXBlIjoiYWNjZXB0In0seyJyYXRpbmciOiI1LjAwIiwic3RhdHVzIjo0LCJwcm9jZXNzX3R5cGUiOiJ0cmlwX2Fycml2ZWQiLCJvcmRlcmJ5X3N0YXR1cyI6MywiZHJpY3Zlcl9kZXRhaWxzIjp7Im5hbWUiOiJEcml2ZXIgRGVtbyIsIm1vYmlsZSI6Ijk4NzY1NDMyMTEiLCJpbWFnZSI6Imh0dHBzOlwvXC9teHViZXIuYXRoYXJ2YXRlay5jb21cL2Fzc2V0c1wvaW1hZ2VzXC9kZWZhdWx0LXByb2ZpbGUtcGljdHVyZS5wbmcifSwiY3JlYXRlZF9hdCI6IjIwMjUtMDctMDkgMDk6MTI6NTcifSx7InJhdGluZyI6IjUuMDAiLCJzdGF0dXMiOjUsIm9yZGVyYnlfc3RhdHVzIjo0LCJwcm9jZXNzX3R5cGUiOiJ0cmlwX3N0YXJ0IiwiZHJpY3Zlcl9kZXRhaWxzIjp7Im5hbWUiOiJEcml2ZXIgRGVtbyIsIm1vYmlsZSI6Ijk4NzY1NDMyMTEiLCJpbWFnZSI6Imh0dHBzOlwvXC9teHViZXIuYXRoYXJ2YXRlay5jb21cL2Fzc2V0c1wvaW1hZ2VzXC9kZWZhdWx0LXByb2ZpbGUtcGljdHVyZS5wbmcifSwiY3JlYXRlZF9hdCI6IjIwMjUtMDctMDkgMDk6MTM6MDEifSx7InJhdGluZyI6IjUuMDAiLCJzdGF0dXMiOjUsInByb2Nlc3NfdHlwZSI6InRyaXBfY29tcGxldGVkIiwib3JkZXJieV9zdGF0dXMiOjUsImRyaWN2ZXJfZGV0YWlscyI6eyJuYW1lIjoiRHJpdmVyIERlbW8iLCJtb2JpbGUiOiI5ODc2NTQzMjExIiwiaW1hZ2UiOiJodHRwczpcL1wvbXh1YmVyLmF0aGFydmF0ZWsuY29tXC9hc3NldHNcL2ltYWdlc1wvZGVmYXVsdC1wcm9maWxlLXBpY3R1cmUucG5nIn0sImNyZWF0ZWRfYXQiOiIyMDI1LTA3LTA5IDA5OjEzOjA2In1d','5','2025-07-09 08:40:09','2025-07-09 09:13:06'),
(25,'7b75c032-8039-4c13-bfa6-d1f0dc870e5f',15,NULL,'W3sic3RhdHVzIjoxLCJwcm9jZXNzX3R5cGUiOiJjcmVhdGVfcmVxdWVzdCIsImlmX2Rpc3BhdGNoZXIiOnRydWUsInVzZXJfaW1hZ2UiOiJodHRwczpcL1wvbXh1YmVyLmF0aGFydmF0ZWsuY29tXC9hc3NldHNcL2ltYWdlc1wvZGVmYXVsdC1wcm9maWxlLXBpY3R1cmUucG5nIiwib3JkZXJieV9zdGF0dXMiOjEsImRyaWN2ZXJfZGV0YWlscyI6bnVsbCwiY3JlYXRlZF9hdCI6IjIwMjUtMDctMDkgMDg6NDQ6MTkifSx7ImRyaWN2ZXJfZGV0YWlscyI6bnVsbCwicHJvY2Vzc190eXBlIjoiYXV0b19jYW5jZWxsZWQifV0=','2','2025-07-09 08:44:19','2025-07-09 09:13:59'),
(26,'c02e4a19-7f9d-405d-8331-c74823fc4069',16,NULL,'W3sic3RhdHVzIjoxLCJwcm9jZXNzX3R5cGUiOiJjcmVhdGVfcmVxdWVzdCIsImlmX2Rpc3BhdGNoZXIiOnRydWUsInVzZXJfaW1hZ2UiOiJodHRwczpcL1wvbXh1YmVyLmF0aGFydmF0ZWsuY29tXC9hc3NldHNcL2ltYWdlc1wvZGVmYXVsdC1wcm9maWxlLXBpY3R1cmUucG5nIiwib3JkZXJieV9zdGF0dXMiOjEsImRyaWN2ZXJfZGV0YWlscyI6bnVsbCwiY3JlYXRlZF9hdCI6IjIwMjUtMDctMDkgMDg6NTA6MDYifSx7ImRyaWN2ZXJfZGV0YWlscyI6bnVsbCwicHJvY2Vzc190eXBlIjoiYXV0b19jYW5jZWxsZWQifV0=','2','2025-07-09 08:50:06','2025-07-09 09:14:00'),
(27,'ac78bcc2-5da0-4d36-867a-506868eb0ce1',17,NULL,'W3sic3RhdHVzIjoxLCJwcm9jZXNzX3R5cGUiOiJjcmVhdGVfcmVxdWVzdCIsImlmX2Rpc3BhdGNoZXIiOnRydWUsInVzZXJfaW1hZ2UiOiJodHRwczpcL1wvbXh1YmVyLmF0aGFydmF0ZWsuY29tXC9hc3NldHNcL2ltYWdlc1wvZGVmYXVsdC1wcm9maWxlLXBpY3R1cmUucG5nIiwib3JkZXJieV9zdGF0dXMiOjEsImRyaWN2ZXJfZGV0YWlscyI6bnVsbCwiY3JlYXRlZF9hdCI6IjIwMjUtMDctMDkgMDg6NTg6MzAifSx7ImRyaWN2ZXJfZGV0YWlscyI6bnVsbCwicHJvY2Vzc190eXBlIjoiYXV0b19jYW5jZWxsZWQifV0=','2','2025-07-09 08:58:30','2025-07-09 09:13:59'),
(28,'72f9fa1e-a38e-42a4-a93c-d47b47f3316b',2,1,'W3sic3RhdHVzIjoxLCJwcm9jZXNzX3R5cGUiOiJjcmVhdGVfcmVxdWVzdCIsImlmX2Rpc3BhdGNoZXIiOnRydWUsInVzZXJfaW1hZ2UiOiJodHRwczpcL1wvbXh1YmVyLmF0aGFydmF0ZWsuY29tXC9hc3NldHNcL2ltYWdlc1wvZGVmYXVsdC1wcm9maWxlLXBpY3R1cmUucG5nIiwib3JkZXJieV9zdGF0dXMiOjEsImRyaWN2ZXJfZGV0YWlscyI6bnVsbCwiY3JlYXRlZF9hdCI6IjIwMjUtMDctMDkgMDk6MTM6NDkifSx7InJhdGluZyI6IjUuMDAiLCJzdGF0dXMiOjEsImlzX2FjY2VwdCI6MiwiZHJpY3Zlcl9kZXRhaWxzIjp7Im5hbWUiOiJEcml2ZXIgRGVtbyIsIm1vYmlsZSI6Ijk4NzY1NDMyMTEiLCJpbWFnZSI6Imh0dHBzOlwvXC9teHViZXIuYXRoYXJ2YXRlay5jb21cL2Fzc2V0c1wvaW1hZ2VzXC9kZWZhdWx0LXByb2ZpbGUtcGljdHVyZS5wbmcifSwiY3JlYXRlZF9hdCI6IjIwMjUtMDctMDkgMDk6MTM6NTciLCJvcmRlcmJ5X3N0YXR1cyI6MiwicHJvY2Vzc190eXBlIjoiYWNjZXB0In0seyJyYXRpbmciOiI1LjAwIiwic3RhdHVzIjo0LCJwcm9jZXNzX3R5cGUiOiJ0cmlwX2Fycml2ZWQiLCJvcmRlcmJ5X3N0YXR1cyI6MywiZHJpY3Zlcl9kZXRhaWxzIjp7Im5hbWUiOiJEcml2ZXIgRGVtbyIsIm1vYmlsZSI6Ijk4NzY1NDMyMTEiLCJpbWFnZSI6Imh0dHBzOlwvXC9teHViZXIuYXRoYXJ2YXRlay5jb21cL2Fzc2V0c1wvaW1hZ2VzXC9kZWZhdWx0LXByb2ZpbGUtcGljdHVyZS5wbmcifSwiY3JlYXRlZF9hdCI6IjIwMjUtMDctMDkgMDk6MTQ6MTgifSx7InJhdGluZyI6IjUuMDAiLCJzdGF0dXMiOjUsIm9yZGVyYnlfc3RhdHVzIjo0LCJwcm9jZXNzX3R5cGUiOiJ0cmlwX3N0YXJ0IiwiZHJpY3Zlcl9kZXRhaWxzIjp7Im5hbWUiOiJEcml2ZXIgRGVtbyIsIm1vYmlsZSI6Ijk4NzY1NDMyMTEiLCJpbWFnZSI6Imh0dHBzOlwvXC9teHViZXIuYXRoYXJ2YXRlay5jb21cL2Fzc2V0c1wvaW1hZ2VzXC9kZWZhdWx0LXByb2ZpbGUtcGljdHVyZS5wbmcifSwiY3JlYXRlZF9hdCI6IjIwMjUtMDctMDkgMDk6MTQ6MjQifSx7InJhdGluZyI6IjUuMDAiLCJzdGF0dXMiOjUsInByb2Nlc3NfdHlwZSI6InRyaXBfY29tcGxldGVkIiwib3JkZXJieV9zdGF0dXMiOjUsImRyaWN2ZXJfZGV0YWlscyI6eyJuYW1lIjoiRHJpdmVyIERlbW8iLCJtb2JpbGUiOiI5ODc2NTQzMjExIiwiaW1hZ2UiOiJodHRwczpcL1wvbXh1YmVyLmF0aGFydmF0ZWsuY29tXC9hc3NldHNcL2ltYWdlc1wvZGVmYXVsdC1wcm9maWxlLXBpY3R1cmUucG5nIn0sImNyZWF0ZWRfYXQiOiIyMDI1LTA3LTA5IDA5OjE1OjIxIn1d','5','2025-07-09 09:13:49','2025-07-09 09:15:21'),
(29,'7645a091-dc10-4aea-9840-4759e2727abb',2,6,'W3sic3RhdHVzIjoxLCJwcm9jZXNzX3R5cGUiOiJjcmVhdGVfcmVxdWVzdCIsImlmX2Rpc3BhdGNoZXIiOnRydWUsInVzZXJfaW1hZ2UiOiJodHRwczpcL1wvbXh1YmVyLmF0aGFydmF0ZWsuY29tXC9hc3NldHNcL2ltYWdlc1wvZGVmYXVsdC1wcm9maWxlLXBpY3R1cmUucG5nIiwib3JkZXJieV9zdGF0dXMiOjEsImRyaWN2ZXJfZGV0YWlscyI6bnVsbCwiY3JlYXRlZF9hdCI6IjIwMjUtMDctMDkgMDk6MzQ6MjgifSx7InJhdGluZyI6IjAuMDAiLCJzdGF0dXMiOjEsImlzX2FjY2VwdCI6MiwiZHJpY3Zlcl9kZXRhaWxzIjp7Im5hbWUiOiJuZXciLCJtb2JpbGUiOiIxMjM0NDMyMTEyIiwiaW1hZ2UiOiJodHRwczpcL1wvbXh1YmVyLmF0aGFydmF0ZWsuY29tXC9hc3NldHNcL2ltYWdlc1wvZGVmYXVsdC1wcm9maWxlLXBpY3R1cmUucG5nIn0sImNyZWF0ZWRfYXQiOiIyMDI1LTA3LTA5IDA5OjM0OjM3Iiwib3JkZXJieV9zdGF0dXMiOjIsInByb2Nlc3NfdHlwZSI6ImFjY2VwdCJ9LHsicmF0aW5nIjoiMC4wMCIsInN0YXR1cyI6NCwicHJvY2Vzc190eXBlIjoidHJpcF9hcnJpdmVkIiwib3JkZXJieV9zdGF0dXMiOjMsImRyaWN2ZXJfZGV0YWlscyI6eyJuYW1lIjoibmV3IiwibW9iaWxlIjoiMTIzNDQzMjExMiIsImltYWdlIjoiaHR0cHM6XC9cL214dWJlci5hdGhhcnZhdGVrLmNvbVwvYXNzZXRzXC9pbWFnZXNcL2RlZmF1bHQtcHJvZmlsZS1waWN0dXJlLnBuZyJ9LCJjcmVhdGVkX2F0IjoiMjAyNS0wNy0wOSAwOTozNDo0OCJ9LHsicmF0aW5nIjoiMC4wMCIsInN0YXR1cyI6NSwib3JkZXJieV9zdGF0dXMiOjQsInByb2Nlc3NfdHlwZSI6InRyaXBfc3RhcnQiLCJkcmljdmVyX2RldGFpbHMiOnsibmFtZSI6Im5ldyIsIm1vYmlsZSI6IjEyMzQ0MzIxMTIiLCJpbWFnZSI6Imh0dHBzOlwvXC9teHViZXIuYXRoYXJ2YXRlay5jb21cL2Fzc2V0c1wvaW1hZ2VzXC9kZWZhdWx0LXByb2ZpbGUtcGljdHVyZS5wbmcifSwiY3JlYXRlZF9hdCI6IjIwMjUtMDctMDkgMDk6MzU6NDcifSx7InJhdGluZyI6IjAuMDAiLCJzdGF0dXMiOjUsInByb2Nlc3NfdHlwZSI6InRyaXBfY29tcGxldGVkIiwib3JkZXJieV9zdGF0dXMiOjUsImRyaWN2ZXJfZGV0YWlscyI6eyJuYW1lIjoibmV3IiwibW9iaWxlIjoiMTIzNDQzMjExMiIsImltYWdlIjoiaHR0cHM6XC9cL214dWJlci5hdGhhcnZhdGVrLmNvbVwvYXNzZXRzXC9pbWFnZXNcL2RlZmF1bHQtcHJvZmlsZS1waWN0dXJlLnBuZyJ9LCJjcmVhdGVkX2F0IjoiMjAyNS0wNy0wOSAwOTozNzowNCJ9XQ==','5','2025-07-09 09:34:28','2025-07-09 09:37:04'),
(30,'3fd1d886-0790-4a46-ab7a-4811da57dd78',20,6,'W3sic3RhdHVzIjoxLCJwcm9jZXNzX3R5cGUiOiJjcmVhdGVfcmVxdWVzdCIsImlmX2Rpc3BhdGNoZXIiOnRydWUsInVzZXJfaW1hZ2UiOiJodHRwczpcL1wvbXh1YmVyLmF0aGFydmF0ZWsuY29tXC9hc3NldHNcL2ltYWdlc1wvZGVmYXVsdC1wcm9maWxlLXBpY3R1cmUucG5nIiwib3JkZXJieV9zdGF0dXMiOjEsImRyaWN2ZXJfZGV0YWlscyI6bnVsbCwiY3JlYXRlZF9hdCI6IjIwMjUtMDctMDkgMDk6NDA6MzgifSx7InJhdGluZyI6IjUuMDAiLCJzdGF0dXMiOjEsImlzX2FjY2VwdCI6MiwiZHJpY3Zlcl9kZXRhaWxzIjp7Im5hbWUiOiJuZXciLCJtb2JpbGUiOiIxMjM0NDMyMTEyIiwiaW1hZ2UiOiJodHRwczpcL1wvbXh1YmVyLmF0aGFydmF0ZWsuY29tXC9hc3NldHNcL2ltYWdlc1wvZGVmYXVsdC1wcm9maWxlLXBpY3R1cmUucG5nIn0sImNyZWF0ZWRfYXQiOiIyMDI1LTA3LTA5IDA5OjQxOjM0Iiwib3JkZXJieV9zdGF0dXMiOjIsInByb2Nlc3NfdHlwZSI6ImFjY2VwdCJ9LHsicmF0aW5nIjoiNS4wMCIsInN0YXR1cyI6NCwicHJvY2Vzc190eXBlIjoidHJpcF9hcnJpdmVkIiwib3JkZXJieV9zdGF0dXMiOjMsImRyaWN2ZXJfZGV0YWlscyI6eyJuYW1lIjoibmV3IiwibW9iaWxlIjoiMTIzNDQzMjExMiIsImltYWdlIjoiaHR0cHM6XC9cL214dWJlci5hdGhhcnZhdGVrLmNvbVwvYXNzZXRzXC9pbWFnZXNcL2RlZmF1bHQtcHJvZmlsZS1waWN0dXJlLnBuZyJ9LCJjcmVhdGVkX2F0IjoiMjAyNS0wNy0wOSAwOTo0MTo0MyJ9LHsicmF0aW5nIjoiNS4wMCIsInN0YXR1cyI6NSwib3JkZXJieV9zdGF0dXMiOjQsInByb2Nlc3NfdHlwZSI6InRyaXBfc3RhcnQiLCJkcmljdmVyX2RldGFpbHMiOnsibmFtZSI6Im5ldyIsIm1vYmlsZSI6IjEyMzQ0MzIxMTIiLCJpbWFnZSI6Imh0dHBzOlwvXC9teHViZXIuYXRoYXJ2YXRlay5jb21cL2Fzc2V0c1wvaW1hZ2VzXC9kZWZhdWx0LXByb2ZpbGUtcGljdHVyZS5wbmcifSwiY3JlYXRlZF9hdCI6IjIwMjUtMDctMDkgMDk6NDI6MDYifSx7InJhdGluZyI6IjUuMDAiLCJzdGF0dXMiOjUsInByb2Nlc3NfdHlwZSI6InRyaXBfY29tcGxldGVkIiwib3JkZXJieV9zdGF0dXMiOjUsImRyaWN2ZXJfZGV0YWlscyI6eyJuYW1lIjoibmV3IiwibW9iaWxlIjoiMTIzNDQzMjExMiIsImltYWdlIjoiaHR0cHM6XC9cL214dWJlci5hdGhhcnZhdGVrLmNvbVwvYXNzZXRzXC9pbWFnZXNcL2RlZmF1bHQtcHJvZmlsZS1waWN0dXJlLnBuZyJ9LCJjcmVhdGVkX2F0IjoiMjAyNS0wNy0wOSAwOTo0Mzo1MCJ9XQ==','5','2025-07-09 09:40:38','2025-07-09 09:43:50'),
(31,'71dd8364-0905-4539-9db5-74aef01b2b01',20,6,'W3sic3RhdHVzIjoxLCJwcm9jZXNzX3R5cGUiOiJjcmVhdGVfcmVxdWVzdCIsImlmX2Rpc3BhdGNoZXIiOnRydWUsInVzZXJfaW1hZ2UiOiJodHRwczpcL1wvbXh1YmVyLmF0aGFydmF0ZWsuY29tXC9hc3NldHNcL2ltYWdlc1wvZGVmYXVsdC1wcm9maWxlLXBpY3R1cmUucG5nIiwib3JkZXJieV9zdGF0dXMiOjEsImRyaWN2ZXJfZGV0YWlscyI6bnVsbCwiY3JlYXRlZF9hdCI6IjIwMjUtMDctMDkgMDk6NDg6NDQifSx7InJhdGluZyI6IjUuMDAiLCJzdGF0dXMiOjEsImlzX2FjY2VwdCI6MiwiZHJpY3Zlcl9kZXRhaWxzIjp7Im5hbWUiOiJuZXciLCJtb2JpbGUiOiIxMjM0NDMyMTEyIiwiaW1hZ2UiOiJodHRwczpcL1wvbXh1YmVyLmF0aGFydmF0ZWsuY29tXC9hc3NldHNcL2ltYWdlc1wvZGVmYXVsdC1wcm9maWxlLXBpY3R1cmUucG5nIn0sImNyZWF0ZWRfYXQiOiIyMDI1LTA3LTA5IDA5OjQ4OjQ5Iiwib3JkZXJieV9zdGF0dXMiOjIsInByb2Nlc3NfdHlwZSI6ImFjY2VwdCJ9LHsicmF0aW5nIjoiNS4wMCIsInN0YXR1cyI6NCwicHJvY2Vzc190eXBlIjoidHJpcF9hcnJpdmVkIiwib3JkZXJieV9zdGF0dXMiOjMsImRyaWN2ZXJfZGV0YWlscyI6eyJuYW1lIjoibmV3IiwibW9iaWxlIjoiMTIzNDQzMjExMiIsImltYWdlIjoiaHR0cHM6XC9cL214dWJlci5hdGhhcnZhdGVrLmNvbVwvYXNzZXRzXC9pbWFnZXNcL2RlZmF1bHQtcHJvZmlsZS1waWN0dXJlLnBuZyJ9LCJjcmVhdGVkX2F0IjoiMjAyNS0wNy0wOSAwOTo0ODo1NCJ9LHsicmF0aW5nIjoiNS4wMCIsInN0YXR1cyI6NSwib3JkZXJieV9zdGF0dXMiOjQsInByb2Nlc3NfdHlwZSI6InRyaXBfc3RhcnQiLCJkcmljdmVyX2RldGFpbHMiOnsibmFtZSI6Im5ldyIsIm1vYmlsZSI6IjEyMzQ0MzIxMTIiLCJpbWFnZSI6Imh0dHBzOlwvXC9teHViZXIuYXRoYXJ2YXRlay5jb21cL2Fzc2V0c1wvaW1hZ2VzXC9kZWZhdWx0LXByb2ZpbGUtcGljdHVyZS5wbmcifSwiY3JlYXRlZF9hdCI6IjIwMjUtMDctMDkgMDk6NDk6NTgifSx7InJhdGluZyI6IjUuMDAiLCJzdGF0dXMiOjUsInByb2Nlc3NfdHlwZSI6InRyaXBfY29tcGxldGVkIiwib3JkZXJieV9zdGF0dXMiOjUsImRyaWN2ZXJfZGV0YWlscyI6eyJuYW1lIjoibmV3IiwibW9iaWxlIjoiMTIzNDQzMjExMiIsImltYWdlIjoiaHR0cHM6XC9cL214dWJlci5hdGhhcnZhdGVrLmNvbVwvYXNzZXRzXC9pbWFnZXNcL2RlZmF1bHQtcHJvZmlsZS1waWN0dXJlLnBuZyJ9LCJjcmVhdGVkX2F0IjoiMjAyNS0wNy0wOSAwOTo1ODozNyJ9XQ==','5','2025-07-09 09:48:44','2025-07-09 09:58:37'),
(32,'3568a981-3b82-422a-9bb6-e1a442386a8f',20,6,'W3sic3RhdHVzIjoxLCJwcm9jZXNzX3R5cGUiOiJjcmVhdGVfcmVxdWVzdCIsImlmX2Rpc3BhdGNoZXIiOnRydWUsInVzZXJfaW1hZ2UiOiJodHRwczpcL1wvbXh1YmVyLmF0aGFydmF0ZWsuY29tXC9hc3NldHNcL2ltYWdlc1wvZGVmYXVsdC1wcm9maWxlLXBpY3R1cmUucG5nIiwib3JkZXJieV9zdGF0dXMiOjEsImRyaWN2ZXJfZGV0YWlscyI6bnVsbCwiY3JlYXRlZF9hdCI6IjIwMjUtMDctMDkgMTA6NDM6NDAifSx7InJhdGluZyI6IjUuMDAiLCJzdGF0dXMiOjEsImlzX2FjY2VwdCI6MiwiZHJpY3Zlcl9kZXRhaWxzIjp7Im5hbWUiOiJuZXciLCJtb2JpbGUiOiIxMjM0NDMyMTEyIiwiaW1hZ2UiOiJodHRwczpcL1wvbXh1YmVyLmF0aGFydmF0ZWsuY29tXC9hc3NldHNcL2ltYWdlc1wvZGVmYXVsdC1wcm9maWxlLXBpY3R1cmUucG5nIn0sImNyZWF0ZWRfYXQiOiIyMDI1LTA3LTA5IDEwOjQ0OjI0Iiwib3JkZXJieV9zdGF0dXMiOjIsInByb2Nlc3NfdHlwZSI6ImFjY2VwdCJ9LHsicmF0aW5nIjoiNS4wMCIsInN0YXR1cyI6NCwicHJvY2Vzc190eXBlIjoidHJpcF9hcnJpdmVkIiwib3JkZXJieV9zdGF0dXMiOjMsImRyaWN2ZXJfZGV0YWlscyI6eyJuYW1lIjoibmV3IiwibW9iaWxlIjoiMTIzNDQzMjExMiIsImltYWdlIjoiaHR0cHM6XC9cL214dWJlci5hdGhhcnZhdGVrLmNvbVwvYXNzZXRzXC9pbWFnZXNcL2RlZmF1bHQtcHJvZmlsZS1waWN0dXJlLnBuZyJ9LCJjcmVhdGVkX2F0IjoiMjAyNS0wNy0wOSAxMDo0NDozMCJ9LHsicmF0aW5nIjoiNS4wMCIsInN0YXR1cyI6NSwib3JkZXJieV9zdGF0dXMiOjQsInByb2Nlc3NfdHlwZSI6InRyaXBfc3RhcnQiLCJkcmljdmVyX2RldGFpbHMiOnsibmFtZSI6Im5ldyIsIm1vYmlsZSI6IjEyMzQ0MzIxMTIiLCJpbWFnZSI6Imh0dHBzOlwvXC9teHViZXIuYXRoYXJ2YXRlay5jb21cL2Fzc2V0c1wvaW1hZ2VzXC9kZWZhdWx0LXByb2ZpbGUtcGljdHVyZS5wbmcifSwiY3JlYXRlZF9hdCI6IjIwMjUtMDctMDkgMTA6NDQ6MzYifSx7InJhdGluZyI6IjUuMDAiLCJzdGF0dXMiOjUsInByb2Nlc3NfdHlwZSI6InRyaXBfY29tcGxldGVkIiwib3JkZXJieV9zdGF0dXMiOjUsImRyaWN2ZXJfZGV0YWlscyI6eyJuYW1lIjoibmV3IiwibW9iaWxlIjoiMTIzNDQzMjExMiIsImltYWdlIjoiaHR0cHM6XC9cL214dWJlci5hdGhhcnZhdGVrLmNvbVwvYXNzZXRzXC9pbWFnZXNcL2RlZmF1bHQtcHJvZmlsZS1waWN0dXJlLnBuZyJ9LCJjcmVhdGVkX2F0IjoiMjAyNS0wNy0wOSAxMDo0NDo0NiJ9XQ==','5','2025-07-09 10:43:40','2025-07-09 10:44:46'),
(33,'134d13c8-4192-419f-8cf1-dd9c40062e51',22,NULL,'W3sic3RhdHVzIjoxLCJwcm9jZXNzX3R5cGUiOiJjcmVhdGVfcmVxdWVzdCIsImlmX2Rpc3BhdGNoZXIiOnRydWUsInVzZXJfaW1hZ2UiOiJodHRwczpcL1wvbXh1YmVyLmF0aGFydmF0ZWsuY29tXC9hc3NldHNcL2ltYWdlc1wvZGVmYXVsdC1wcm9maWxlLXBpY3R1cmUucG5nIiwib3JkZXJieV9zdGF0dXMiOjEsImRyaWN2ZXJfZGV0YWlscyI6bnVsbCwiY3JlYXRlZF9hdCI6IjIwMjUtMDctMDkgMTA6NDc6MDgifSx7InJhdGluZyI6IjUuMDAiLCJzdGF0dXMiOjIsImlzX2FjY2VwdCI6MywiZHJpY3Zlcl9kZXRhaWxzIjp7Im5hbWUiOiJuZXciLCJtb2JpbGUiOiIxMjM0NDMyMTEyIiwiaW1hZ2UiOiJodHRwczpcL1wvbXh1YmVyLmF0aGFydmF0ZWsuY29tXC9hc3NldHNcL2ltYWdlc1wvZGVmYXVsdC1wcm9maWxlLXBpY3R1cmUucG5nIn0sImNyZWF0ZWRfYXQiOiIyMDI1LTA3LTA5IDEwOjQ3OjE2Iiwib3JkZXJieV9zdGF0dXMiOjIsInByb2Nlc3NfdHlwZSI6ImRlY2xpbmUifSx7ImRyaWN2ZXJfZGV0YWlscyI6bnVsbCwicHJvY2Vzc190eXBlIjoiYXV0b19jYW5jZWxsZWQifV0=','3','2025-07-09 10:47:08','2025-07-09 11:13:26'),
(34,'8ddd9f2b-bd34-4fc2-8c06-570e228acff0',2,1,'W3sic3RhdHVzIjoxLCJwcm9jZXNzX3R5cGUiOiJjcmVhdGVfcmVxdWVzdCIsIm9yZGVyYnlfc3RhdHVzIjoxLCJpZl9kaXNwYXRjaGVyIjpmYWxzZSwidXNlcl9pbWFnZSI6Imh0dHBzOlwvXC9teHViZXIuYXRoYXJ2YXRlay5jb21cL3N0b3JhZ2VcL3VwbG9hZHNcL3VzZXJcL3Byb2ZpbGUtcGljdHVyZVwveVZid3ZuUVgyMnZ2ME5YN1dwZzFWTFc1RVk1WlRxVDFSa2RvaXlodi5wbmciLCJkcmljdmVyX2RldGFpbHMiOm51bGwsImNyZWF0ZWRfYXQiOiIyMDI1LTA3LTA5IDExOjEzOjE3In0seyJyYXRpbmciOiI1LjAwIiwic3RhdHVzIjoxLCJpc19hY2NlcHQiOjIsImRyaWN2ZXJfZGV0YWlscyI6eyJuYW1lIjoiRHJpdmVyIERlbW8iLCJtb2JpbGUiOiI5ODc2NTQzMjExIiwiaW1hZ2UiOiJodHRwczpcL1wvbXh1YmVyLmF0aGFydmF0ZWsuY29tXC9hc3NldHNcL2ltYWdlc1wvZGVmYXVsdC1wcm9maWxlLXBpY3R1cmUucG5nIn0sImNyZWF0ZWRfYXQiOiIyMDI1LTA3LTA5IDExOjEzOjI0Iiwib3JkZXJieV9zdGF0dXMiOjIsInByb2Nlc3NfdHlwZSI6ImFjY2VwdCJ9LHsicmF0aW5nIjoiNS4wMCIsInN0YXR1cyI6NCwicHJvY2Vzc190eXBlIjoidHJpcF9hcnJpdmVkIiwib3JkZXJieV9zdGF0dXMiOjMsImRyaWN2ZXJfZGV0YWlscyI6eyJuYW1lIjoiRHJpdmVyIERlbW8iLCJtb2JpbGUiOiI5ODc2NTQzMjExIiwiaW1hZ2UiOiJodHRwczpcL1wvbXh1YmVyLmF0aGFydmF0ZWsuY29tXC9hc3NldHNcL2ltYWdlc1wvZGVmYXVsdC1wcm9maWxlLXBpY3R1cmUucG5nIn0sImNyZWF0ZWRfYXQiOiIyMDI1LTA3LTA5IDExOjEzOjM0In0seyJyYXRpbmciOiI1LjAwIiwic3RhdHVzIjo1LCJvcmRlcmJ5X3N0YXR1cyI6NCwicHJvY2Vzc190eXBlIjoidHJpcF9zdGFydCIsImRyaWN2ZXJfZGV0YWlscyI6eyJuYW1lIjoiRHJpdmVyIERlbW8iLCJtb2JpbGUiOiI5ODc2NTQzMjExIiwiaW1hZ2UiOiJodHRwczpcL1wvbXh1YmVyLmF0aGFydmF0ZWsuY29tXC9hc3NldHNcL2ltYWdlc1wvZGVmYXVsdC1wcm9maWxlLXBpY3R1cmUucG5nIn0sImNyZWF0ZWRfYXQiOiIyMDI1LTA3LTA5IDExOjEzOjU4In0seyJyYXRpbmciOiI1LjAwIiwic3RhdHVzIjo1LCJwcm9jZXNzX3R5cGUiOiJ0cmlwX2NvbXBsZXRlZCIsIm9yZGVyYnlfc3RhdHVzIjo1LCJkcmljdmVyX2RldGFpbHMiOnsibmFtZSI6IkRyaXZlciBEZW1vIiwibW9iaWxlIjoiOTg3NjU0MzIxMSIsImltYWdlIjoiaHR0cHM6XC9cL214dWJlci5hdGhhcnZhdGVrLmNvbVwvYXNzZXRzXC9pbWFnZXNcL2RlZmF1bHQtcHJvZmlsZS1waWN0dXJlLnBuZyJ9LCJjcmVhdGVkX2F0IjoiMjAyNS0wNy0wOSAxMToxNDoyMCJ9XQ==','5','2025-07-09 11:13:17','2025-07-09 11:14:20'),
(35,'d6fec7ac-427a-403b-8c47-19d08e2441ef',2,1,'W3sic3RhdHVzIjoxLCJwcm9jZXNzX3R5cGUiOiJjcmVhdGVfcmVxdWVzdCIsIm9yZGVyYnlfc3RhdHVzIjoxLCJpZl9kaXNwYXRjaGVyIjpmYWxzZSwidXNlcl9pbWFnZSI6Imh0dHBzOlwvXC9teHViZXIuYXRoYXJ2YXRlay5jb21cL3N0b3JhZ2VcL3VwbG9hZHNcL3VzZXJcL3Byb2ZpbGUtcGljdHVyZVwveVZid3ZuUVgyMnZ2ME5YN1dwZzFWTFc1RVk1WlRxVDFSa2RvaXlodi5wbmciLCJkcmljdmVyX2RldGFpbHMiOm51bGwsImNyZWF0ZWRfYXQiOiIyMDI1LTA3LTEwIDA2OjIwOjQ1In0seyJyYXRpbmciOiI1LjAwIiwic3RhdHVzIjoxLCJpc19hY2NlcHQiOjIsImRyaWN2ZXJfZGV0YWlscyI6eyJuYW1lIjoiRHJpdmVyIERlbW8iLCJtb2JpbGUiOiI5ODc2NTQzMjExIiwiaW1hZ2UiOiJodHRwczpcL1wvbXh1YmVyLmF0aGFydmF0ZWsuY29tXC9hc3NldHNcL2ltYWdlc1wvZGVmYXVsdC1wcm9maWxlLXBpY3R1cmUucG5nIn0sImNyZWF0ZWRfYXQiOiIyMDI1LTA3LTEwIDA2OjIxOjI0Iiwib3JkZXJieV9zdGF0dXMiOjIsInByb2Nlc3NfdHlwZSI6ImFjY2VwdCJ9LHsic3RhdHVzIjo3LCJwcm9jZXNzX3R5cGUiOiJ1c2VyX2NhbmNlbGxlZCIsImNyZWF0ZWRfYXQiOiIyMDI1LTA3LTEwIDA2OjI3OjIxIiwiZHJpY3Zlcl9kZXRhaWxzIjp7Im5hbWUiOiJVc2VyIERlbW8iLCJtb2JpbGUiOiI5ODc2NTQzMjEwIiwiaW1hZ2UiOiJodHRwczpcL1wvbXh1YmVyLmF0aGFydmF0ZWsuY29tXC9zdG9yYWdlXC91cGxvYWRzXC91c2VyXC9wcm9maWxlLXBpY3R1cmVcL3lWYnd2blFYMjJ2djBOWDdXcGcxVkxXNUVZNVpUcVQxUmtkb2l5aHYucG5nIn0sInJhdGluZyI6IjUuMDAiLCJuYW1lIjoiRHJpdmVyIERlbW8iLCJtb2JpbGUiOiI5ODc2NTQzMjExIiwiaW1hZ2UiOiJodHRwczpcL1wvbXh1YmVyLmF0aGFydmF0ZWsuY29tXC9hc3NldHNcL2ltYWdlc1wvZGVmYXVsdC1wcm9maWxlLXBpY3R1cmUucG5nIn1d','3','2025-07-10 06:20:45','2025-07-10 06:27:21'),
(36,'eaff2b26-f4f4-43c3-b16b-a8b736ca3867',2,NULL,'W3sic3RhdHVzIjoxLCJwcm9jZXNzX3R5cGUiOiJjcmVhdGVfcmVxdWVzdCIsIm9yZGVyYnlfc3RhdHVzIjoxLCJpZl9kaXNwYXRjaGVyIjpmYWxzZSwidXNlcl9pbWFnZSI6Imh0dHBzOlwvXC9teHViZXIuYXRoYXJ2YXRlay5jb21cL3N0b3JhZ2VcL3VwbG9hZHNcL3VzZXJcL3Byb2ZpbGUtcGljdHVyZVwveVZid3ZuUVgyMnZ2ME5YN1dwZzFWTFc1RVk1WlRxVDFSa2RvaXlodi5wbmciLCJkcmljdmVyX2RldGFpbHMiOm51bGwsImNyZWF0ZWRfYXQiOiIyMDI1LTA3LTEwIDA2OjI5OjIzIn0seyJzdGF0dXMiOjcsInByb2Nlc3NfdHlwZSI6InVzZXJfY2FuY2VsbGVkIiwiY3JlYXRlZF9hdCI6IjIwMjUtMDctMTAgMDY6MzU6MjUiLCJkcmljdmVyX2RldGFpbHMiOnsibmFtZSI6IlVzZXIgRGVtbyIsIm1vYmlsZSI6Ijk4NzY1NDMyMTAiLCJpbWFnZSI6Imh0dHBzOlwvXC9teHViZXIuYXRoYXJ2YXRlay5jb21cL3N0b3JhZ2VcL3VwbG9hZHNcL3VzZXJcL3Byb2ZpbGUtcGljdHVyZVwveVZid3ZuUVgyMnZ2ME5YN1dwZzFWTFc1RVk1WlRxVDFSa2RvaXlodi5wbmcifSwicmF0aW5nIjoiNS4wMCIsIm5hbWUiOiJEcml2ZXIgRGVtbyIsIm1vYmlsZSI6Ijk4NzY1NDMyMTEiLCJpbWFnZSI6Imh0dHBzOlwvXC9teHViZXIuYXRoYXJ2YXRlay5jb21cL2Fzc2V0c1wvaW1hZ2VzXC9kZWZhdWx0LXByb2ZpbGUtcGljdHVyZS5wbmcifSx7InN0YXR1cyI6NywicHJvY2Vzc190eXBlIjoidXNlcl9jYW5jZWxsZWQiLCJjcmVhdGVkX2F0IjoiMjAyNS0wNy0xMCAwNjozNToyNiIsImRyaWN2ZXJfZGV0YWlscyI6eyJuYW1lIjoiVXNlciBEZW1vIiwibW9iaWxlIjoiOTg3NjU0MzIxMCIsImltYWdlIjoiaHR0cHM6XC9cL214dWJlci5hdGhhcnZhdGVrLmNvbVwvc3RvcmFnZVwvdXBsb2Fkc1wvdXNlclwvcHJvZmlsZS1waWN0dXJlXC95VmJ3dm5RWDIydnYwTlg3V3BnMVZMVzVFWTVaVHFUMVJrZG9peWh2LnBuZyJ9fSx7InN0YXR1cyI6NywicHJvY2Vzc190eXBlIjoidXNlcl9jYW5jZWxsZWQiLCJjcmVhdGVkX2F0IjoiMjAyNS0wNy0xMCAwNjozNToyNyIsImRyaWN2ZXJfZGV0YWlscyI6eyJuYW1lIjoiVXNlciBEZW1vIiwibW9iaWxlIjoiOTg3NjU0MzIxMCIsImltYWdlIjoiaHR0cHM6XC9cL214dWJlci5hdGhhcnZhdGVrLmNvbVwvc3RvcmFnZVwvdXBsb2Fkc1wvdXNlclwvcHJvZmlsZS1waWN0dXJlXC95VmJ3dm5RWDIydnYwTlg3V3BnMVZMVzVFWTVaVHFUMVJrZG9peWh2LnBuZyJ9fSx7InN0YXR1cyI6NywicHJvY2Vzc190eXBlIjoidXNlcl9jYW5jZWxsZWQiLCJjcmVhdGVkX2F0IjoiMjAyNS0wNy0xMCAwNjozNToyNyIsImRyaWN2ZXJfZGV0YWlscyI6eyJuYW1lIjoiVXNlciBEZW1vIiwibW9iaWxlIjoiOTg3NjU0MzIxMCIsImltYWdlIjoiaHR0cHM6XC9cL214dWJlci5hdGhhcnZhdGVrLmNvbVwvc3RvcmFnZVwvdXBsb2Fkc1wvdXNlclwvcHJvZmlsZS1waWN0dXJlXC95VmJ3dm5RWDIydnYwTlg3V3BnMVZMVzVFWTVaVHFUMVJrZG9peWh2LnBuZyJ9fSx7InN0YXR1cyI6NywicHJvY2Vzc190eXBlIjoidXNlcl9jYW5jZWxsZWQiLCJjcmVhdGVkX2F0IjoiMjAyNS0wNy0xMCAwNjozNToyOSIsImRyaWN2ZXJfZGV0YWlscyI6eyJuYW1lIjoiVXNlciBEZW1vIiwibW9iaWxlIjoiOTg3NjU0MzIxMCIsImltYWdlIjoiaHR0cHM6XC9cL214dWJlci5hdGhhcnZhdGVrLmNvbVwvc3RvcmFnZVwvdXBsb2Fkc1wvdXNlclwvcHJvZmlsZS1waWN0dXJlXC95VmJ3dm5RWDIydnYwTlg3V3BnMVZMVzVFWTVaVHFUMVJrZG9peWh2LnBuZyJ9fV0=','6','2025-07-10 06:29:23','2025-07-10 06:35:29'),
(37,'7fdf9a78-80ec-42a6-8228-361fab41a194',22,1,'W3sic3RhdHVzIjoxLCJwcm9jZXNzX3R5cGUiOiJjcmVhdGVfcmVxdWVzdCIsImlmX2Rpc3BhdGNoZXIiOnRydWUsInVzZXJfaW1hZ2UiOiJodHRwczpcL1wvbXh1YmVyLmF0aGFydmF0ZWsuY29tXC9hc3NldHNcL2ltYWdlc1wvZGVmYXVsdC1wcm9maWxlLXBpY3R1cmUucG5nIiwib3JkZXJieV9zdGF0dXMiOjEsImRyaWN2ZXJfZGV0YWlscyI6bnVsbCwiY3JlYXRlZF9hdCI6IjIwMjUtMDctMTAgMDc6MDU6MDUifSx7InJhdGluZyI6IjUuMDAiLCJzdGF0dXMiOjEsImlzX2FjY2VwdCI6MiwiZHJpY3Zlcl9kZXRhaWxzIjp7Im5hbWUiOiJEcml2ZXIgRGVtbyIsIm1vYmlsZSI6Ijk4NzY1NDMyMTEiLCJpbWFnZSI6Imh0dHBzOlwvXC9teHViZXIuYXRoYXJ2YXRlay5jb21cL2Fzc2V0c1wvaW1hZ2VzXC9kZWZhdWx0LXByb2ZpbGUtcGljdHVyZS5wbmcifSwiY3JlYXRlZF9hdCI6IjIwMjUtMDctMTAgMDc6MDU6MzEiLCJvcmRlcmJ5X3N0YXR1cyI6MiwicHJvY2Vzc190eXBlIjoiYWNjZXB0In0seyJyYXRpbmciOiI1LjAwIiwic3RhdHVzIjo0LCJwcm9jZXNzX3R5cGUiOiJ0cmlwX2Fycml2ZWQiLCJvcmRlcmJ5X3N0YXR1cyI6MywiZHJpY3Zlcl9kZXRhaWxzIjp7Im5hbWUiOiJEcml2ZXIgRGVtbyIsIm1vYmlsZSI6Ijk4NzY1NDMyMTEiLCJpbWFnZSI6Imh0dHBzOlwvXC9teHViZXIuYXRoYXJ2YXRlay5jb21cL2Fzc2V0c1wvaW1hZ2VzXC9kZWZhdWx0LXByb2ZpbGUtcGljdHVyZS5wbmcifSwiY3JlYXRlZF9hdCI6IjIwMjUtMDctMTAgMDc6MDY6MTQifSx7InJhdGluZyI6IjUuMDAiLCJzdGF0dXMiOjUsIm9yZGVyYnlfc3RhdHVzIjo0LCJwcm9jZXNzX3R5cGUiOiJ0cmlwX3N0YXJ0IiwiZHJpY3Zlcl9kZXRhaWxzIjp7Im5hbWUiOiJEcml2ZXIgRGVtbyIsIm1vYmlsZSI6Ijk4NzY1NDMyMTEiLCJpbWFnZSI6Imh0dHBzOlwvXC9teHViZXIuYXRoYXJ2YXRlay5jb21cL2Fzc2V0c1wvaW1hZ2VzXC9kZWZhdWx0LXByb2ZpbGUtcGljdHVyZS5wbmcifSwiY3JlYXRlZF9hdCI6IjIwMjUtMDctMTAgMDc6MDY6MjgifSx7InJhdGluZyI6IjUuMDAiLCJzdGF0dXMiOjUsInByb2Nlc3NfdHlwZSI6InRyaXBfY29tcGxldGVkIiwib3JkZXJieV9zdGF0dXMiOjUsImRyaWN2ZXJfZGV0YWlscyI6eyJuYW1lIjoiRHJpdmVyIERlbW8iLCJtb2JpbGUiOiI5ODc2NTQzMjExIiwiaW1hZ2UiOiJodHRwczpcL1wvbXh1YmVyLmF0aGFydmF0ZWsuY29tXC9hc3NldHNcL2ltYWdlc1wvZGVmYXVsdC1wcm9maWxlLXBpY3R1cmUucG5nIn0sImNyZWF0ZWRfYXQiOiIyMDI1LTA3LTEwIDA3OjA3OjAyIn1d','5','2025-07-10 07:05:05','2025-07-10 07:07:02'),
(38,'db227e97-af40-4a7b-bc45-270586b152a8',20,1,'W3sic3RhdHVzIjoxLCJwcm9jZXNzX3R5cGUiOiJjcmVhdGVfcmVxdWVzdCIsImlmX2Rpc3BhdGNoZXIiOnRydWUsInVzZXJfaW1hZ2UiOiJodHRwczpcL1wvbXh1YmVyLmF0aGFydmF0ZWsuY29tXC9hc3NldHNcL2ltYWdlc1wvZGVmYXVsdC1wcm9maWxlLXBpY3R1cmUucG5nIiwib3JkZXJieV9zdGF0dXMiOjEsImRyaWN2ZXJfZGV0YWlscyI6bnVsbCwiY3JlYXRlZF9hdCI6IjIwMjUtMDctMTAgMDg6MjA6MTEifSx7InJhdGluZyI6IjUuMDAiLCJzdGF0dXMiOjEsImlzX2FjY2VwdCI6MiwiZHJpY3Zlcl9kZXRhaWxzIjp7Im5hbWUiOiJEcml2ZXIgRGVtbyIsIm1vYmlsZSI6Ijk4NzY1NDMyMTEiLCJpbWFnZSI6Imh0dHBzOlwvXC9teHViZXIuYXRoYXJ2YXRlay5jb21cL2Fzc2V0c1wvaW1hZ2VzXC9kZWZhdWx0LXByb2ZpbGUtcGljdHVyZS5wbmcifSwiY3JlYXRlZF9hdCI6IjIwMjUtMDctMTAgMDg6MjA6NDMiLCJvcmRlcmJ5X3N0YXR1cyI6MiwicHJvY2Vzc190eXBlIjoiYWNjZXB0In0seyJyYXRpbmciOiI1LjAwIiwic3RhdHVzIjo0LCJwcm9jZXNzX3R5cGUiOiJ0cmlwX2Fycml2ZWQiLCJvcmRlcmJ5X3N0YXR1cyI6MywiZHJpY3Zlcl9kZXRhaWxzIjp7Im5hbWUiOiJEcml2ZXIgRGVtbyIsIm1vYmlsZSI6Ijk4NzY1NDMyMTEiLCJpbWFnZSI6Imh0dHBzOlwvXC9teHViZXIuYXRoYXJ2YXRlay5jb21cL2Fzc2V0c1wvaW1hZ2VzXC9kZWZhdWx0LXByb2ZpbGUtcGljdHVyZS5wbmcifSwiY3JlYXRlZF9hdCI6IjIwMjUtMDctMTAgMDg6MjI6MjMifV0=','3','2025-07-10 08:20:11','2025-07-10 08:22:23'),
(39,'228870d7-bdee-41f6-8e58-b0c8db4f0e39',2,NULL,'W3sic3RhdHVzIjoxLCJwcm9jZXNzX3R5cGUiOiJjcmVhdGVfcmVxdWVzdCIsIm9yZGVyYnlfc3RhdHVzIjoxLCJpZl9kaXNwYXRjaGVyIjpmYWxzZSwidXNlcl9pbWFnZSI6Imh0dHBzOlwvXC9teHViZXIuYXRoYXJ2YXRlay5jb21cL3N0b3JhZ2VcL3VwbG9hZHNcL3VzZXJcL3Byb2ZpbGUtcGljdHVyZVwveVZid3ZuUVgyMnZ2ME5YN1dwZzFWTFc1RVk1WlRxVDFSa2RvaXlodi5wbmciLCJkcmljdmVyX2RldGFpbHMiOm51bGwsImNyZWF0ZWRfYXQiOiIyMDI1LTA3LTEwIDA4OjM2OjQ1In0seyJzdGF0dXMiOjcsInByb2Nlc3NfdHlwZSI6InVzZXJfY2FuY2VsbGVkIiwiY3JlYXRlZF9hdCI6IjIwMjUtMDctMTAgMDg6Mzk6NDEiLCJkcmljdmVyX2RldGFpbHMiOnsibmFtZSI6IlVzZXIgRGVtbyIsIm1vYmlsZSI6Ijk4NzY1NDMyMTAiLCJpbWFnZSI6Imh0dHBzOlwvXC9teHViZXIuYXRoYXJ2YXRlay5jb21cL3N0b3JhZ2VcL3VwbG9hZHNcL3VzZXJcL3Byb2ZpbGUtcGljdHVyZVwveVZid3ZuUVgyMnZ2ME5YN1dwZzFWTFc1RVk1WlRxVDFSa2RvaXlodi5wbmcifX1d','2','2025-07-10 08:36:45','2025-07-10 08:39:41'),
(40,'fbc532a3-d04e-4b5d-b51a-9356bc5ececa',2,1,'W3sic3RhdHVzIjoxLCJwcm9jZXNzX3R5cGUiOiJjcmVhdGVfcmVxdWVzdCIsIm9yZGVyYnlfc3RhdHVzIjoxLCJpZl9kaXNwYXRjaGVyIjpmYWxzZSwidXNlcl9pbWFnZSI6Imh0dHBzOlwvXC9teHViZXIuYXRoYXJ2YXRlay5jb21cL3N0b3JhZ2VcL3VwbG9hZHNcL3VzZXJcL3Byb2ZpbGUtcGljdHVyZVwveVZid3ZuUVgyMnZ2ME5YN1dwZzFWTFc1RVk1WlRxVDFSa2RvaXlodi5wbmciLCJkcmljdmVyX2RldGFpbHMiOm51bGwsImNyZWF0ZWRfYXQiOiIyMDI1LTA3LTEwIDA5OjIwOjU5In0seyJyYXRpbmciOiI1LjAwIiwic3RhdHVzIjoxLCJpc19hY2NlcHQiOjIsImRyaWN2ZXJfZGV0YWlscyI6eyJuYW1lIjoiRHJpdmVyIERlbW8iLCJtb2JpbGUiOiI5ODc2NTQzMjExIiwiaW1hZ2UiOiJodHRwczpcL1wvbXh1YmVyLmF0aGFydmF0ZWsuY29tXC9hc3NldHNcL2ltYWdlc1wvZGVmYXVsdC1wcm9maWxlLXBpY3R1cmUucG5nIn0sImNyZWF0ZWRfYXQiOiIyMDI1LTA3LTEwIDA5OjIxOjA5Iiwib3JkZXJieV9zdGF0dXMiOjIsInByb2Nlc3NfdHlwZSI6ImFjY2VwdCJ9LHsicmF0aW5nIjoiNS4wMCIsInN0YXR1cyI6NCwicHJvY2Vzc190eXBlIjoidHJpcF9hcnJpdmVkIiwib3JkZXJieV9zdGF0dXMiOjMsImRyaWN2ZXJfZGV0YWlscyI6eyJuYW1lIjoiRHJpdmVyIERlbW8iLCJtb2JpbGUiOiI5ODc2NTQzMjExIiwiaW1hZ2UiOiJodHRwczpcL1wvbXh1YmVyLmF0aGFydmF0ZWsuY29tXC9hc3NldHNcL2ltYWdlc1wvZGVmYXVsdC1wcm9maWxlLXBpY3R1cmUucG5nIn0sImNyZWF0ZWRfYXQiOiIyMDI1LTA3LTEwIDA5OjIyOjA2In0seyJyYXRpbmciOiI1LjAwIiwic3RhdHVzIjo1LCJvcmRlcmJ5X3N0YXR1cyI6NCwicHJvY2Vzc190eXBlIjoidHJpcF9zdGFydCIsImRyaWN2ZXJfZGV0YWlscyI6eyJuYW1lIjoiRHJpdmVyIERlbW8iLCJtb2JpbGUiOiI5ODc2NTQzMjExIiwiaW1hZ2UiOiJodHRwczpcL1wvbXh1YmVyLmF0aGFydmF0ZWsuY29tXC9hc3NldHNcL2ltYWdlc1wvZGVmYXVsdC1wcm9maWxlLXBpY3R1cmUucG5nIn0sImNyZWF0ZWRfYXQiOiIyMDI1LTA3LTEwIDA5OjIyOjI1In0seyJyYXRpbmciOiI1LjAwIiwic3RhdHVzIjo1LCJwcm9jZXNzX3R5cGUiOiJ0cmlwX2NvbXBsZXRlZCIsIm9yZGVyYnlfc3RhdHVzIjo1LCJkcmljdmVyX2RldGFpbHMiOnsibmFtZSI6IkRyaXZlciBEZW1vIiwibW9iaWxlIjoiOTg3NjU0MzIxMSIsImltYWdlIjoiaHR0cHM6XC9cL214dWJlci5hdGhhcnZhdGVrLmNvbVwvYXNzZXRzXC9pbWFnZXNcL2RlZmF1bHQtcHJvZmlsZS1waWN0dXJlLnBuZyJ9LCJjcmVhdGVkX2F0IjoiMjAyNS0wNy0xMCAwOToyMjozNSJ9XQ==','5','2025-07-10 09:20:59','2025-07-10 09:22:35'),
(41,'897e7bbe-c27c-482b-8b4b-864197d5ec7f',2,1,'W3sic3RhdHVzIjoxLCJwcm9jZXNzX3R5cGUiOiJjcmVhdGVfcmVxdWVzdCIsIm9yZGVyYnlfc3RhdHVzIjoxLCJpZl9kaXNwYXRjaGVyIjpmYWxzZSwidXNlcl9pbWFnZSI6Imh0dHBzOlwvXC9teHViZXIuYXRoYXJ2YXRlay5jb21cL3N0b3JhZ2VcL3VwbG9hZHNcL3VzZXJcL3Byb2ZpbGUtcGljdHVyZVwveVZid3ZuUVgyMnZ2ME5YN1dwZzFWTFc1RVk1WlRxVDFSa2RvaXlodi5wbmciLCJkcmljdmVyX2RldGFpbHMiOm51bGwsImNyZWF0ZWRfYXQiOiIyMDI1LTA3LTEwIDA5OjI4OjAzIn0seyJyYXRpbmciOiI1LjAwIiwic3RhdHVzIjoxLCJpc19hY2NlcHQiOjIsImRyaWN2ZXJfZGV0YWlscyI6eyJuYW1lIjoiRHJpdmVyIERlbW8iLCJtb2JpbGUiOiI5ODc2NTQzMjExIiwiaW1hZ2UiOiJodHRwczpcL1wvbXh1YmVyLmF0aGFydmF0ZWsuY29tXC9hc3NldHNcL2ltYWdlc1wvZGVmYXVsdC1wcm9maWxlLXBpY3R1cmUucG5nIn0sImNyZWF0ZWRfYXQiOiIyMDI1LTA3LTEwIDA5OjI4OjE0Iiwib3JkZXJieV9zdGF0dXMiOjIsInByb2Nlc3NfdHlwZSI6ImFjY2VwdCJ9LHsicmF0aW5nIjoiNS4wMCIsInN0YXR1cyI6NCwicHJvY2Vzc190eXBlIjoidHJpcF9hcnJpdmVkIiwib3JkZXJieV9zdGF0dXMiOjMsImRyaWN2ZXJfZGV0YWlscyI6eyJuYW1lIjoiRHJpdmVyIERlbW8iLCJtb2JpbGUiOiI5ODc2NTQzMjExIiwiaW1hZ2UiOiJodHRwczpcL1wvbXh1YmVyLmF0aGFydmF0ZWsuY29tXC9hc3NldHNcL2ltYWdlc1wvZGVmYXVsdC1wcm9maWxlLXBpY3R1cmUucG5nIn0sImNyZWF0ZWRfYXQiOiIyMDI1LTA3LTEwIDA5OjI5OjIyIn0seyJyYXRpbmciOiI1LjAwIiwic3RhdHVzIjo1LCJvcmRlcmJ5X3N0YXR1cyI6NCwicHJvY2Vzc190eXBlIjoidHJpcF9zdGFydCIsImRyaWN2ZXJfZGV0YWlscyI6eyJuYW1lIjoiRHJpdmVyIERlbW8iLCJtb2JpbGUiOiI5ODc2NTQzMjExIiwiaW1hZ2UiOiJodHRwczpcL1wvbXh1YmVyLmF0aGFydmF0ZWsuY29tXC9hc3NldHNcL2ltYWdlc1wvZGVmYXVsdC1wcm9maWxlLXBpY3R1cmUucG5nIn0sImNyZWF0ZWRfYXQiOiIyMDI1LTA3LTEwIDA5OjI5OjQwIn0seyJyYXRpbmciOiI1LjAwIiwic3RhdHVzIjo1LCJwcm9jZXNzX3R5cGUiOiJ0cmlwX2NvbXBsZXRlZCIsIm9yZGVyYnlfc3RhdHVzIjo1LCJkcmljdmVyX2RldGFpbHMiOnsibmFtZSI6IkRyaXZlciBEZW1vIiwibW9iaWxlIjoiOTg3NjU0MzIxMSIsImltYWdlIjoiaHR0cHM6XC9cL214dWJlci5hdGhhcnZhdGVrLmNvbVwvYXNzZXRzXC9pbWFnZXNcL2RlZmF1bHQtcHJvZmlsZS1waWN0dXJlLnBuZyJ9LCJjcmVhdGVkX2F0IjoiMjAyNS0wNy0xMCAwOToyOTo1OCJ9XQ==','5','2025-07-10 09:28:03','2025-07-10 09:29:58'),
(42,'5962f12b-54c4-4ad9-9ab0-4f8fb5a588b2',2,NULL,'W3sic3RhdHVzIjoxLCJwcm9jZXNzX3R5cGUiOiJjcmVhdGVfcmVxdWVzdCIsIm9yZGVyYnlfc3RhdHVzIjoxLCJpZl9kaXNwYXRjaGVyIjpmYWxzZSwidXNlcl9pbWFnZSI6Imh0dHBzOlwvXC9teHViZXIuYXRoYXJ2YXRlay5jb21cL3N0b3JhZ2VcL3VwbG9hZHNcL3VzZXJcL3Byb2ZpbGUtcGljdHVyZVwveVZid3ZuUVgyMnZ2ME5YN1dwZzFWTFc1RVk1WlRxVDFSa2RvaXlodi5wbmciLCJkcmljdmVyX2RldGFpbHMiOm51bGwsImNyZWF0ZWRfYXQiOiIyMDI1LTA3LTEwIDA5OjQzOjQ5In0seyJzdGF0dXMiOjcsInByb2Nlc3NfdHlwZSI6InVzZXJfY2FuY2VsbGVkIiwiY3JlYXRlZF9hdCI6IjIwMjUtMDctMTAgMDk6NDQ6MDciLCJkcmljdmVyX2RldGFpbHMiOnsibmFtZSI6IlVzZXIgRGVtbyIsIm1vYmlsZSI6Ijk4NzY1NDMyMTAiLCJpbWFnZSI6Imh0dHBzOlwvXC9teHViZXIuYXRoYXJ2YXRlay5jb21cL3N0b3JhZ2VcL3VwbG9hZHNcL3VzZXJcL3Byb2ZpbGUtcGljdHVyZVwveVZid3ZuUVgyMnZ2ME5YN1dwZzFWTFc1RVk1WlRxVDFSa2RvaXlodi5wbmcifX1d','2','2025-07-10 09:43:49','2025-07-10 09:44:07'),
(43,'aa18c435-5ab8-4910-84df-a2734b395e4d',2,1,'W3sic3RhdHVzIjoxLCJwcm9jZXNzX3R5cGUiOiJjcmVhdGVfcmVxdWVzdCIsIm9yZGVyYnlfc3RhdHVzIjoxLCJpZl9kaXNwYXRjaGVyIjpmYWxzZSwidXNlcl9pbWFnZSI6Imh0dHBzOlwvXC9teHViZXIuYXRoYXJ2YXRlay5jb21cL3N0b3JhZ2VcL3VwbG9hZHNcL3VzZXJcL3Byb2ZpbGUtcGljdHVyZVwveVZid3ZuUVgyMnZ2ME5YN1dwZzFWTFc1RVk1WlRxVDFSa2RvaXlodi5wbmciLCJkcmljdmVyX2RldGFpbHMiOm51bGwsImNyZWF0ZWRfYXQiOiIyMDI1LTA3LTEwIDEwOjEzOjM3In0seyJyYXRpbmciOiI1LjAwIiwic3RhdHVzIjoxLCJpc19hY2NlcHQiOjIsImRyaWN2ZXJfZGV0YWlscyI6eyJuYW1lIjoiRHJpdmVyIERlbW8iLCJtb2JpbGUiOiI5ODc2NTQzMjExIiwiaW1hZ2UiOiJodHRwczpcL1wvbXh1YmVyLmF0aGFydmF0ZWsuY29tXC9hc3NldHNcL2ltYWdlc1wvZGVmYXVsdC1wcm9maWxlLXBpY3R1cmUucG5nIn0sImNyZWF0ZWRfYXQiOiIyMDI1LTA3LTEwIDEwOjEzOjQ2Iiwib3JkZXJieV9zdGF0dXMiOjIsInByb2Nlc3NfdHlwZSI6ImFjY2VwdCJ9LHsicmF0aW5nIjoiNS4wMCIsInN0YXR1cyI6NCwicHJvY2Vzc190eXBlIjoidHJpcF9hcnJpdmVkIiwib3JkZXJieV9zdGF0dXMiOjMsImRyaWN2ZXJfZGV0YWlscyI6eyJuYW1lIjoiRHJpdmVyIERlbW8iLCJtb2JpbGUiOiI5ODc2NTQzMjExIiwiaW1hZ2UiOiJodHRwczpcL1wvbXh1YmVyLmF0aGFydmF0ZWsuY29tXC9hc3NldHNcL2ltYWdlc1wvZGVmYXVsdC1wcm9maWxlLXBpY3R1cmUucG5nIn0sImNyZWF0ZWRfYXQiOiIyMDI1LTA3LTEwIDEwOjEzOjU2In0seyJyYXRpbmciOiI1LjAwIiwic3RhdHVzIjo1LCJvcmRlcmJ5X3N0YXR1cyI6NCwicHJvY2Vzc190eXBlIjoidHJpcF9zdGFydCIsImRyaWN2ZXJfZGV0YWlscyI6eyJuYW1lIjoiRHJpdmVyIERlbW8iLCJtb2JpbGUiOiI5ODc2NTQzMjExIiwiaW1hZ2UiOiJodHRwczpcL1wvbXh1YmVyLmF0aGFydmF0ZWsuY29tXC9hc3NldHNcL2ltYWdlc1wvZGVmYXVsdC1wcm9maWxlLXBpY3R1cmUucG5nIn0sImNyZWF0ZWRfYXQiOiIyMDI1LTA3LTEwIDEwOjE0OjE2In0seyJyYXRpbmciOiI1LjAwIiwic3RhdHVzIjo1LCJwcm9jZXNzX3R5cGUiOiJ0cmlwX2NvbXBsZXRlZCIsIm9yZGVyYnlfc3RhdHVzIjo1LCJkcmljdmVyX2RldGFpbHMiOnsibmFtZSI6IkRyaXZlciBEZW1vIiwibW9iaWxlIjoiOTg3NjU0MzIxMSIsImltYWdlIjoiaHR0cHM6XC9cL214dWJlci5hdGhhcnZhdGVrLmNvbVwvYXNzZXRzXC9pbWFnZXNcL2RlZmF1bHQtcHJvZmlsZS1waWN0dXJlLnBuZyJ9LCJjcmVhdGVkX2F0IjoiMjAyNS0wNy0xMCAxMDoxNDozNiJ9XQ==','5','2025-07-10 10:13:37','2025-07-10 10:14:36'),
(44,'5a4151b0-a845-4c36-a2d4-2f8974cb333d',2,NULL,'W3sic3RhdHVzIjoxLCJwcm9jZXNzX3R5cGUiOiJjcmVhdGVfcmVxdWVzdCIsIm9yZGVyYnlfc3RhdHVzIjoxLCJpZl9kaXNwYXRjaGVyIjpmYWxzZSwidXNlcl9pbWFnZSI6Imh0dHBzOlwvXC9teHViZXIuYXRoYXJ2YXRlay5jb21cL3N0b3JhZ2VcL3VwbG9hZHNcL3VzZXJcL3Byb2ZpbGUtcGljdHVyZVwveVZid3ZuUVgyMnZ2ME5YN1dwZzFWTFc1RVk1WlRxVDFSa2RvaXlodi5wbmciLCJkcmljdmVyX2RldGFpbHMiOm51bGwsImNyZWF0ZWRfYXQiOiIyMDI1LTA3LTEwIDEwOjE4OjQzIn0seyJzdGF0dXMiOjcsInByb2Nlc3NfdHlwZSI6InVzZXJfY2FuY2VsbGVkIiwiY3JlYXRlZF9hdCI6IjIwMjUtMDctMTAgMTA6MTk6MDUiLCJkcmljdmVyX2RldGFpbHMiOnsibmFtZSI6IlVzZXIgRGVtbyIsIm1vYmlsZSI6Ijk4NzY1NDMyMTAiLCJpbWFnZSI6Imh0dHBzOlwvXC9teHViZXIuYXRoYXJ2YXRlay5jb21cL3N0b3JhZ2VcL3VwbG9hZHNcL3VzZXJcL3Byb2ZpbGUtcGljdHVyZVwveVZid3ZuUVgyMnZ2ME5YN1dwZzFWTFc1RVk1WlRxVDFSa2RvaXlodi5wbmcifX1d','2','2025-07-10 10:18:43','2025-07-10 10:19:05'),
(45,'91f2f1b5-1236-486c-a0ad-420825939763',2,1,'W3sic3RhdHVzIjoxLCJwcm9jZXNzX3R5cGUiOiJjcmVhdGVfcmVxdWVzdCIsIm9yZGVyYnlfc3RhdHVzIjoxLCJpZl9kaXNwYXRjaGVyIjpmYWxzZSwidXNlcl9pbWFnZSI6Imh0dHBzOlwvXC9teHViZXIuYXRoYXJ2YXRlay5jb21cL3N0b3JhZ2VcL3VwbG9hZHNcL3VzZXJcL3Byb2ZpbGUtcGljdHVyZVwveVZid3ZuUVgyMnZ2ME5YN1dwZzFWTFc1RVk1WlRxVDFSa2RvaXlodi5wbmciLCJkcmljdmVyX2RldGFpbHMiOm51bGwsImNyZWF0ZWRfYXQiOiIyMDI1LTA3LTEwIDEwOjE5OjEyIn0seyJyYXRpbmciOiI1LjAwIiwic3RhdHVzIjoxLCJpc19hY2NlcHQiOjIsImRyaWN2ZXJfZGV0YWlscyI6eyJuYW1lIjoiRHJpdmVyIERlbW8iLCJtb2JpbGUiOiI5ODc2NTQzMjExIiwiaW1hZ2UiOiJodHRwczpcL1wvbXh1YmVyLmF0aGFydmF0ZWsuY29tXC9hc3NldHNcL2ltYWdlc1wvZGVmYXVsdC1wcm9maWxlLXBpY3R1cmUucG5nIn0sImNyZWF0ZWRfYXQiOiIyMDI1LTA3LTEwIDEwOjE5OjI0Iiwib3JkZXJieV9zdGF0dXMiOjIsInByb2Nlc3NfdHlwZSI6ImFjY2VwdCJ9LHsicmF0aW5nIjoiNS4wMCIsInN0YXR1cyI6NCwicHJvY2Vzc190eXBlIjoidHJpcF9hcnJpdmVkIiwib3JkZXJieV9zdGF0dXMiOjMsImRyaWN2ZXJfZGV0YWlscyI6eyJuYW1lIjoiRHJpdmVyIERlbW8iLCJtb2JpbGUiOiI5ODc2NTQzMjExIiwiaW1hZ2UiOiJodHRwczpcL1wvbXh1YmVyLmF0aGFydmF0ZWsuY29tXC9hc3NldHNcL2ltYWdlc1wvZGVmYXVsdC1wcm9maWxlLXBpY3R1cmUucG5nIn0sImNyZWF0ZWRfYXQiOiIyMDI1LTA3LTEwIDEwOjE5OjM3In0seyJyYXRpbmciOiI1LjAwIiwic3RhdHVzIjo1LCJvcmRlcmJ5X3N0YXR1cyI6NCwicHJvY2Vzc190eXBlIjoidHJpcF9zdGFydCIsImRyaWN2ZXJfZGV0YWlscyI6eyJuYW1lIjoiRHJpdmVyIERlbW8iLCJtb2JpbGUiOiI5ODc2NTQzMjExIiwiaW1hZ2UiOiJodHRwczpcL1wvbXh1YmVyLmF0aGFydmF0ZWsuY29tXC9hc3NldHNcL2ltYWdlc1wvZGVmYXVsdC1wcm9maWxlLXBpY3R1cmUucG5nIn0sImNyZWF0ZWRfYXQiOiIyMDI1LTA3LTEwIDEwOjE5OjUwIn0seyJyYXRpbmciOiI1LjAwIiwic3RhdHVzIjo1LCJwcm9jZXNzX3R5cGUiOiJ0cmlwX2NvbXBsZXRlZCIsIm9yZGVyYnlfc3RhdHVzIjo1LCJkcmljdmVyX2RldGFpbHMiOnsibmFtZSI6IkRyaXZlciBEZW1vIiwibW9iaWxlIjoiOTg3NjU0MzIxMSIsImltYWdlIjoiaHR0cHM6XC9cL214dWJlci5hdGhhcnZhdGVrLmNvbVwvYXNzZXRzXC9pbWFnZXNcL2RlZmF1bHQtcHJvZmlsZS1waWN0dXJlLnBuZyJ9LCJjcmVhdGVkX2F0IjoiMjAyNS0wNy0xMCAxMDoyMDowNiJ9XQ==','5','2025-07-10 10:19:12','2025-07-10 10:20:06'),
(46,'1d5b24af-b10d-4654-958f-bd28ce19a52a',2,1,'W3sic3RhdHVzIjoxLCJwcm9jZXNzX3R5cGUiOiJjcmVhdGVfcmVxdWVzdCIsIm9yZGVyYnlfc3RhdHVzIjoxLCJpZl9kaXNwYXRjaGVyIjpmYWxzZSwidXNlcl9pbWFnZSI6Imh0dHBzOlwvXC9teHViZXIuYXRoYXJ2YXRlay5jb21cL3N0b3JhZ2VcL3VwbG9hZHNcL3VzZXJcL3Byb2ZpbGUtcGljdHVyZVwveVZid3ZuUVgyMnZ2ME5YN1dwZzFWTFc1RVk1WlRxVDFSa2RvaXlodi5wbmciLCJkcmljdmVyX2RldGFpbHMiOm51bGwsImNyZWF0ZWRfYXQiOiIyMDI1LTA3LTEwIDEwOjMwOjQwIn0seyJyYXRpbmciOiI1LjAwIiwic3RhdHVzIjoyLCJpc19hY2NlcHQiOjMsImRyaWN2ZXJfZGV0YWlscyI6eyJuYW1lIjoiRHJpdmVyIERlbW8iLCJtb2JpbGUiOiI5ODc2NTQzMjExIiwiaW1hZ2UiOiJodHRwczpcL1wvbXh1YmVyLmF0aGFydmF0ZWsuY29tXC9hc3NldHNcL2ltYWdlc1wvZGVmYXVsdC1wcm9maWxlLXBpY3R1cmUucG5nIn0sImNyZWF0ZWRfYXQiOiIyMDI1LTA3LTEwIDEwOjMwOjQ2Iiwib3JkZXJieV9zdGF0dXMiOjIsInByb2Nlc3NfdHlwZSI6ImRlY2xpbmUifSx7InN0YXR1cyI6NywicHJvY2Vzc190eXBlIjoidXNlcl9jYW5jZWxsZWQiLCJjcmVhdGVkX2F0IjoiMjAyNS0wNy0xMCAxMDozMDo1OSIsImRyaWN2ZXJfZGV0YWlscyI6eyJuYW1lIjoiVXNlciBEZW1vIiwibW9iaWxlIjoiOTg3NjU0MzIxMCIsImltYWdlIjoiaHR0cHM6XC9cL214dWJlci5hdGhhcnZhdGVrLmNvbVwvc3RvcmFnZVwvdXBsb2Fkc1wvdXNlclwvcHJvZmlsZS1waWN0dXJlXC95VmJ3dm5RWDIydnYwTlg3V3BnMVZMVzVFWTVaVHFUMVJrZG9peWh2LnBuZyJ9fV0=','3','2025-07-10 10:30:40','2025-07-10 10:30:59'),
(47,'7eef7aea-2b42-4cca-828b-1bdba82084ae',2,NULL,'W3sicHJvY2Vzc190eXBlIjoiY3JlYXRlX3JlcXVlc3QiLCJzdGF0dXMiOjEsImlmX2Rpc3BhdGNoZXIiOmZhbHNlLCJ1c2VyX2ltYWdlIjoiaHR0cHM6XC9cL214dWJlci5hdGhhcnZhdGVrLmNvbVwvc3RvcmFnZVwvdXBsb2Fkc1wvdXNlclwvcHJvZmlsZS1waWN0dXJlXC95VmJ3dm5RWDIydnYwTlg3V3BnMVZMVzVFWTVaVHFUMVJrZG9peWh2LnBuZyIsIm9yZGVyYnlfc3RhdHVzIjoxLCJkcmljdmVyX2RldGFpbHMiOm51bGwsImNyZWF0ZWRfYXQiOiIyMDI1LTA3LTEwIDEwOjMxOjE5In1d','1','2025-07-10 10:31:19','2025-07-10 10:31:19'),
(48,'8b33759a-4b53-484b-96cd-a26f2a146f5e',2,1,'W3sic3RhdHVzIjoxLCJwcm9jZXNzX3R5cGUiOiJjcmVhdGVfcmVxdWVzdCIsIm9yZGVyYnlfc3RhdHVzIjoxLCJpZl9kaXNwYXRjaGVyIjpmYWxzZSwidXNlcl9pbWFnZSI6Imh0dHBzOlwvXC9teHViZXIuYXRoYXJ2YXRlay5jb21cL3N0b3JhZ2VcL3VwbG9hZHNcL3VzZXJcL3Byb2ZpbGUtcGljdHVyZVwveVZid3ZuUVgyMnZ2ME5YN1dwZzFWTFc1RVk1WlRxVDFSa2RvaXlodi5wbmciLCJkcmljdmVyX2RldGFpbHMiOm51bGwsImNyZWF0ZWRfYXQiOiIyMDI1LTA3LTEwIDEwOjM5OjQ2In0seyJyYXRpbmciOiI0Ljk1Iiwic3RhdHVzIjoxLCJpc19hY2NlcHQiOjIsImRyaWN2ZXJfZGV0YWlscyI6eyJuYW1lIjoiRHJpdmVyIERlbW8iLCJtb2JpbGUiOiI5ODc2NTQzMjExIiwiaW1hZ2UiOiJodHRwczpcL1wvbXh1YmVyLmF0aGFydmF0ZWsuY29tXC9hc3NldHNcL2ltYWdlc1wvZGVmYXVsdC1wcm9maWxlLXBpY3R1cmUucG5nIn0sImNyZWF0ZWRfYXQiOiIyMDI1LTA3LTEwIDEwOjM5OjU3Iiwib3JkZXJieV9zdGF0dXMiOjIsInByb2Nlc3NfdHlwZSI6ImFjY2VwdCJ9LHsicmF0aW5nIjoiNC45NSIsInN0YXR1cyI6NCwicHJvY2Vzc190eXBlIjoidHJpcF9hcnJpdmVkIiwib3JkZXJieV9zdGF0dXMiOjMsImRyaWN2ZXJfZGV0YWlscyI6eyJuYW1lIjoiRHJpdmVyIERlbW8iLCJtb2JpbGUiOiI5ODc2NTQzMjExIiwiaW1hZ2UiOiJodHRwczpcL1wvbXh1YmVyLmF0aGFydmF0ZWsuY29tXC9hc3NldHNcL2ltYWdlc1wvZGVmYXVsdC1wcm9maWxlLXBpY3R1cmUucG5nIn0sImNyZWF0ZWRfYXQiOiIyMDI1LTA3LTEwIDEwOjQwOjMyIn0seyJyYXRpbmciOiI0Ljk1Iiwic3RhdHVzIjo1LCJvcmRlcmJ5X3N0YXR1cyI6NCwicHJvY2Vzc190eXBlIjoidHJpcF9zdGFydCIsImRyaWN2ZXJfZGV0YWlscyI6eyJuYW1lIjoiRHJpdmVyIERlbW8iLCJtb2JpbGUiOiI5ODc2NTQzMjExIiwiaW1hZ2UiOiJodHRwczpcL1wvbXh1YmVyLmF0aGFydmF0ZWsuY29tXC9hc3NldHNcL2ltYWdlc1wvZGVmYXVsdC1wcm9maWxlLXBpY3R1cmUucG5nIn0sImNyZWF0ZWRfYXQiOiIyMDI1LTA3LTEwIDEwOjQxOjIxIn0seyJyYXRpbmciOiI0Ljk1Iiwic3RhdHVzIjo1LCJwcm9jZXNzX3R5cGUiOiJ0cmlwX2NvbXBsZXRlZCIsIm9yZGVyYnlfc3RhdHVzIjo1LCJkcmljdmVyX2RldGFpbHMiOnsibmFtZSI6IkRyaXZlciBEZW1vIiwibW9iaWxlIjoiOTg3NjU0MzIxMSIsImltYWdlIjoiaHR0cHM6XC9cL214dWJlci5hdGhhcnZhdGVrLmNvbVwvYXNzZXRzXC9pbWFnZXNcL2RlZmF1bHQtcHJvZmlsZS1waWN0dXJlLnBuZyJ9LCJjcmVhdGVkX2F0IjoiMjAyNS0wNy0xMCAxMDo0MTozNSJ9XQ==','5','2025-07-10 10:39:46','2025-07-10 10:41:35'),
(49,'da349bbb-dc34-496b-99a8-1aa44cc2dfda',33,NULL,'W3sic3RhdHVzIjoxLCJwcm9jZXNzX3R5cGUiOiJjcmVhdGVfcmVxdWVzdCIsImlmX2Rpc3BhdGNoZXIiOnRydWUsInVzZXJfaW1hZ2UiOiJodHRwczpcL1wvbXh1YmVyLmF0aGFydmF0ZWsuY29tXC9hc3NldHNcL2ltYWdlc1wvZGVmYXVsdC1wcm9maWxlLXBpY3R1cmUucG5nIiwib3JkZXJieV9zdGF0dXMiOjEsImRyaWN2ZXJfZGV0YWlscyI6bnVsbCwiY3JlYXRlZF9hdCI6IjIwMjUtMDctMTAgMTE6MzY6MjMifSx7ImRyaWN2ZXJfZGV0YWlscyI6bnVsbCwicHJvY2Vzc190eXBlIjoiYXV0b19jYW5jZWxsZWQifV0=','2','2025-07-10 11:36:23','2025-07-10 15:13:59'),
(50,'b1b29ec3-64c2-4d2a-ad24-12739fb96a8e',2,NULL,'W3sic3RhdHVzIjoxLCJwcm9jZXNzX3R5cGUiOiJjcmVhdGVfcmVxdWVzdCIsImlmX2Rpc3BhdGNoZXIiOnRydWUsInVzZXJfaW1hZ2UiOiJodHRwczpcL1wvbXh1YmVyLmF0aGFydmF0ZWsuY29tXC9hc3NldHNcL2ltYWdlc1wvZGVmYXVsdC1wcm9maWxlLXBpY3R1cmUucG5nIiwib3JkZXJieV9zdGF0dXMiOjEsImRyaWN2ZXJfZGV0YWlscyI6bnVsbCwiY3JlYXRlZF9hdCI6IjIwMjUtMDctMTAgMTE6NDY6MTAifSx7InN0YXR1cyI6NywicHJvY2Vzc190eXBlIjoidXNlcl9jYW5jZWxsZWQiLCJjcmVhdGVkX2F0IjoiMjAyNS0wNy0xMCAxNToxMzo1NyIsImRyaWN2ZXJfZGV0YWlscyI6eyJuYW1lIjoiVXNlciBEZW1vIiwibW9iaWxlIjoiOTg3NjU0MzIxMCIsImltYWdlIjoiaHR0cHM6XC9cL214dWJlci5hdGhhcnZhdGVrLmNvbVwvc3RvcmFnZVwvdXBsb2Fkc1wvdXNlclwvcHJvZmlsZS1waWN0dXJlXC95VmJ3dm5RWDIydnYwTlg3V3BnMVZMVzVFWTVaVHFUMVJrZG9peWh2LnBuZyJ9fSx7InN0YXR1cyI6NywicHJvY2Vzc190eXBlIjoidXNlcl9jYW5jZWxsZWQiLCJjcmVhdGVkX2F0IjoiMjAyNS0wNy0xMCAxNToxMzo1OCIsImRyaWN2ZXJfZGV0YWlscyI6eyJuYW1lIjoiVXNlciBEZW1vIiwibW9iaWxlIjoiOTg3NjU0MzIxMCIsImltYWdlIjoiaHR0cHM6XC9cL214dWJlci5hdGhhcnZhdGVrLmNvbVwvc3RvcmFnZVwvdXBsb2Fkc1wvdXNlclwvcHJvZmlsZS1waWN0dXJlXC95VmJ3dm5RWDIydnYwTlg3V3BnMVZMVzVFWTVaVHFUMVJrZG9peWh2LnBuZyJ9fSx7InN0YXR1cyI6NywicHJvY2Vzc190eXBlIjoidXNlcl9jYW5jZWxsZWQiLCJjcmVhdGVkX2F0IjoiMjAyNS0wNy0xMCAxNToxMzo1OSIsImRyaWN2ZXJfZGV0YWlscyI6eyJuYW1lIjoiVXNlciBEZW1vIiwibW9iaWxlIjoiOTg3NjU0MzIxMCIsImltYWdlIjoiaHR0cHM6XC9cL214dWJlci5hdGhhcnZhdGVrLmNvbVwvc3RvcmFnZVwvdXBsb2Fkc1wvdXNlclwvcHJvZmlsZS1waWN0dXJlXC95VmJ3dm5RWDIydnYwTlg3V3BnMVZMVzVFWTVaVHFUMVJrZG9peWh2LnBuZyJ9fSx7InN0YXR1cyI6NywicHJvY2Vzc190eXBlIjoidXNlcl9jYW5jZWxsZWQiLCJjcmVhdGVkX2F0IjoiMjAyNS0wNy0xMCAxNToxNDowMCIsImRyaWN2ZXJfZGV0YWlscyI6eyJuYW1lIjoiVXNlciBEZW1vIiwibW9iaWxlIjoiOTg3NjU0MzIxMCIsImltYWdlIjoiaHR0cHM6XC9cL214dWJlci5hdGhhcnZhdGVrLmNvbVwvc3RvcmFnZVwvdXBsb2Fkc1wvdXNlclwvcHJvZmlsZS1waWN0dXJlXC95VmJ3dm5RWDIydnYwTlg3V3BnMVZMVzVFWTVaVHFUMVJrZG9peWh2LnBuZyJ9fV0=','5','2025-07-10 11:46:10','2025-07-10 15:14:00'),
(51,'35cb97ac-effa-4f9a-9576-7691f03c2388',2,NULL,'W3sicHJvY2Vzc190eXBlIjoiY3JlYXRlX3JlcXVlc3QiLCJzdGF0dXMiOjEsImlmX2Rpc3BhdGNoZXIiOmZhbHNlLCJ1c2VyX2ltYWdlIjoiaHR0cHM6XC9cL214dWJlci5hdGhhcnZhdGVrLmNvbVwvc3RvcmFnZVwvdXBsb2Fkc1wvdXNlclwvcHJvZmlsZS1waWN0dXJlXC95VmJ3dm5RWDIydnYwTlg3V3BnMVZMVzVFWTVaVHFUMVJrZG9peWh2LnBuZyIsIm9yZGVyYnlfc3RhdHVzIjoxLCJkcmljdmVyX2RldGFpbHMiOm51bGwsImNyZWF0ZWRfYXQiOiIyMDI1LTA3LTEwIDE1OjE1OjMxIn1d','1','2025-07-10 15:15:31','2025-07-10 15:15:31'),
(52,'64f995dc-2c57-4fdd-95e4-e130cd08b052',2,NULL,'W3sic3RhdHVzIjoxLCJwcm9jZXNzX3R5cGUiOiJjcmVhdGVfcmVxdWVzdCIsImlmX2Rpc3BhdGNoZXIiOnRydWUsInVzZXJfaW1hZ2UiOiJodHRwczpcL1wvbXh1YmVyLm1pbWVsZC5jb21cL2Fzc2V0c1wvaW1hZ2VzXC9kZWZhdWx0LXByb2ZpbGUtcGljdHVyZS5wbmciLCJvcmRlcmJ5X3N0YXR1cyI6MSwiZHJpY3Zlcl9kZXRhaWxzIjpudWxsLCJjcmVhdGVkX2F0IjoiMjAyNS0wNy0xMSAwNDozMTowMyJ9LHsic3RhdHVzIjo3LCJwcm9jZXNzX3R5cGUiOiJ1c2VyX2NhbmNlbGxlZCIsImNyZWF0ZWRfYXQiOiIyMDI1LTA3LTExIDA0OjQ4OjQ5IiwiZHJpY3Zlcl9kZXRhaWxzIjp7Im5hbWUiOiJVc2VyIERlbW8iLCJtb2JpbGUiOiI5ODc2NTQzMjEwIiwiaW1hZ2UiOiJodHRwczpcL1wvbXh1YmVyLm1pbWVsZC5jb21cL3N0b3JhZ2VcL3VwbG9hZHNcL3VzZXJcL3Byb2ZpbGUtcGljdHVyZVwveVZid3ZuUVgyMnZ2ME5YN1dwZzFWTFc1RVk1WlRxVDFSa2RvaXlodi5wbmcifSwicmF0aW5nIjoiNS4wMCIsIm5hbWUiOiJuZXciLCJtb2JpbGUiOiIxMjM0NDMyMTEyIiwiaW1hZ2UiOiJodHRwczpcL1wvbXh1YmVyLm1pbWVsZC5jb21cL2Fzc2V0c1wvaW1hZ2VzXC9kZWZhdWx0LXByb2ZpbGUtcGljdHVyZS5wbmcifSx7InN0YXR1cyI6NywicHJvY2Vzc190eXBlIjoidXNlcl9jYW5jZWxsZWQiLCJjcmVhdGVkX2F0IjoiMjAyNS0wNy0xMSAwNDo0ODo1MCIsImRyaWN2ZXJfZGV0YWlscyI6eyJuYW1lIjoiVXNlciBEZW1vIiwibW9iaWxlIjoiOTg3NjU0MzIxMCIsImltYWdlIjoiaHR0cHM6XC9cL214dWJlci5taW1lbGQuY29tXC9zdG9yYWdlXC91cGxvYWRzXC91c2VyXC9wcm9maWxlLXBpY3R1cmVcL3lWYnd2blFYMjJ2djBOWDdXcGcxVkxXNUVZNVpUcVQxUmtkb2l5aHYucG5nIn19LHsic3RhdHVzIjo3LCJwcm9jZXNzX3R5cGUiOiJ1c2VyX2NhbmNlbGxlZCIsImNyZWF0ZWRfYXQiOiIyMDI1LTA3LTExIDA0OjQ4OjUwIiwiZHJpY3Zlcl9kZXRhaWxzIjp7Im5hbWUiOiJVc2VyIERlbW8iLCJtb2JpbGUiOiI5ODc2NTQzMjEwIiwiaW1hZ2UiOiJodHRwczpcL1wvbXh1YmVyLm1pbWVsZC5jb21cL3N0b3JhZ2VcL3VwbG9hZHNcL3VzZXJcL3Byb2ZpbGUtcGljdHVyZVwveVZid3ZuUVgyMnZ2ME5YN1dwZzFWTFc1RVk1WlRxVDFSa2RvaXlodi5wbmcifX1d','4','2025-07-11 04:31:03','2025-07-11 04:48:50'),
(53,'e035d1c9-5a94-45f4-86a1-57fb0d055ac6',2,NULL,'W3sic3RhdHVzIjoxLCJwcm9jZXNzX3R5cGUiOiJjcmVhdGVfcmVxdWVzdCIsIm9yZGVyYnlfc3RhdHVzIjoxLCJpZl9kaXNwYXRjaGVyIjpmYWxzZSwidXNlcl9pbWFnZSI6Imh0dHBzOlwvXC9teHViZXIubWltZWxkLmNvbVwvc3RvcmFnZVwvdXBsb2Fkc1wvdXNlclwvcHJvZmlsZS1waWN0dXJlXC95VmJ3dm5RWDIydnYwTlg3V3BnMVZMVzVFWTVaVHFUMVJrZG9peWh2LnBuZyIsImRyaWN2ZXJfZGV0YWlscyI6bnVsbCwiY3JlYXRlZF9hdCI6IjIwMjUtMDctMTEgMDQ6NDk6NDUifSx7InN0YXR1cyI6NywicHJvY2Vzc190eXBlIjoidXNlcl9jYW5jZWxsZWQiLCJjcmVhdGVkX2F0IjoiMjAyNS0wNy0xMSAwNDo1MTowMSIsImRyaWN2ZXJfZGV0YWlscyI6eyJuYW1lIjoiVXNlciBEZW1vIiwibW9iaWxlIjoiOTg3NjU0MzIxMCIsImltYWdlIjoiaHR0cHM6XC9cL214dWJlci5taW1lbGQuY29tXC9zdG9yYWdlXC91cGxvYWRzXC91c2VyXC9wcm9maWxlLXBpY3R1cmVcL3lWYnd2blFYMjJ2djBOWDdXcGcxVkxXNUVZNVpUcVQxUmtkb2l5aHYucG5nIn19XQ==','2','2025-07-11 04:49:45','2025-07-11 04:51:01'),
(54,'faa44e82-f8f4-413b-ad58-d3aeaa110d0d',2,1,'W3sic3RhdHVzIjoxLCJwcm9jZXNzX3R5cGUiOiJjcmVhdGVfcmVxdWVzdCIsIm9yZGVyYnlfc3RhdHVzIjoxLCJpZl9kaXNwYXRjaGVyIjpmYWxzZSwidXNlcl9pbWFnZSI6Imh0dHBzOlwvXC9teHViZXIubWltZWxkLmNvbVwvc3RvcmFnZVwvdXBsb2Fkc1wvdXNlclwvcHJvZmlsZS1waWN0dXJlXC95VmJ3dm5RWDIydnYwTlg3V3BnMVZMVzVFWTVaVHFUMVJrZG9peWh2LnBuZyIsImRyaWN2ZXJfZGV0YWlscyI6bnVsbCwiY3JlYXRlZF9hdCI6IjIwMjUtMDctMTEgMDQ6NTI6NDUifSx7InJhdGluZyI6IjQuOTIiLCJzdGF0dXMiOjEsImlzX2FjY2VwdCI6MiwiZHJpY3Zlcl9kZXRhaWxzIjp7Im5hbWUiOiJEcml2ZXIgRGVtbyIsIm1vYmlsZSI6Ijk4NzY1NDMyMTEiLCJpbWFnZSI6Imh0dHBzOlwvXC9teHViZXIubWltZWxkLmNvbVwvYXNzZXRzXC9pbWFnZXNcL2RlZmF1bHQtcHJvZmlsZS1waWN0dXJlLnBuZyJ9LCJjcmVhdGVkX2F0IjoiMjAyNS0wNy0xMSAwNDo1MzowMiIsIm9yZGVyYnlfc3RhdHVzIjoyLCJwcm9jZXNzX3R5cGUiOiJhY2NlcHQifSx7InJhdGluZyI6IjQuOTIiLCJzdGF0dXMiOjQsInByb2Nlc3NfdHlwZSI6InRyaXBfYXJyaXZlZCIsIm9yZGVyYnlfc3RhdHVzIjozLCJkcmljdmVyX2RldGFpbHMiOnsibmFtZSI6IkRyaXZlciBEZW1vIiwibW9iaWxlIjoiOTg3NjU0MzIxMSIsImltYWdlIjoiaHR0cHM6XC9cL214dWJlci5taW1lbGQuY29tXC9hc3NldHNcL2ltYWdlc1wvZGVmYXVsdC1wcm9maWxlLXBpY3R1cmUucG5nIn0sImNyZWF0ZWRfYXQiOiIyMDI1LTA3LTExIDA0OjUzOjEyIn0seyJyYXRpbmciOiI0LjkyIiwic3RhdHVzIjo1LCJvcmRlcmJ5X3N0YXR1cyI6NCwicHJvY2Vzc190eXBlIjoidHJpcF9zdGFydCIsImRyaWN2ZXJfZGV0YWlscyI6eyJuYW1lIjoiRHJpdmVyIERlbW8iLCJtb2JpbGUiOiI5ODc2NTQzMjExIiwiaW1hZ2UiOiJodHRwczpcL1wvbXh1YmVyLm1pbWVsZC5jb21cL2Fzc2V0c1wvaW1hZ2VzXC9kZWZhdWx0LXByb2ZpbGUtcGljdHVyZS5wbmcifSwiY3JlYXRlZF9hdCI6IjIwMjUtMDctMTEgMDQ6NTM6MjMifSx7InJhdGluZyI6IjQuOTIiLCJzdGF0dXMiOjUsInByb2Nlc3NfdHlwZSI6InRyaXBfY29tcGxldGVkIiwib3JkZXJieV9zdGF0dXMiOjUsImRyaWN2ZXJfZGV0YWlscyI6eyJuYW1lIjoiRHJpdmVyIERlbW8iLCJtb2JpbGUiOiI5ODc2NTQzMjExIiwiaW1hZ2UiOiJodHRwczpcL1wvbXh1YmVyLm1pbWVsZC5jb21cL2Fzc2V0c1wvaW1hZ2VzXC9kZWZhdWx0LXByb2ZpbGUtcGljdHVyZS5wbmcifSwiY3JlYXRlZF9hdCI6IjIwMjUtMDctMTEgMDQ6NTM6MzEifV0=','5','2025-07-11 04:52:45','2025-07-11 04:53:31'),
(55,'35254a08-0ed4-4262-ae91-caceab0208d9',2,1,'W3sic3RhdHVzIjoxLCJwcm9jZXNzX3R5cGUiOiJjcmVhdGVfcmVxdWVzdCIsIm9yZGVyYnlfc3RhdHVzIjoxLCJpZl9kaXNwYXRjaGVyIjpmYWxzZSwidXNlcl9pbWFnZSI6Imh0dHBzOlwvXC9teHViZXIubWltZWxkLmNvbVwvc3RvcmFnZVwvdXBsb2Fkc1wvdXNlclwvcHJvZmlsZS1waWN0dXJlXC95VmJ3dm5RWDIydnYwTlg3V3BnMVZMVzVFWTVaVHFUMVJrZG9peWh2LnBuZyIsImRyaWN2ZXJfZGV0YWlscyI6bnVsbCwiY3JlYXRlZF9hdCI6IjIwMjUtMDctMTEgMDU6Mjc6MDcifSx7InJhdGluZyI6IjQuODgiLCJzdGF0dXMiOjEsImlzX2FjY2VwdCI6MiwiZHJpY3Zlcl9kZXRhaWxzIjp7Im5hbWUiOiJEcml2ZXIgRGVtbyIsIm1vYmlsZSI6Ijk4NzY1NDMyMTEiLCJpbWFnZSI6Imh0dHBzOlwvXC9teHViZXIubWltZWxkLmNvbVwvYXNzZXRzXC9pbWFnZXNcL2RlZmF1bHQtcHJvZmlsZS1waWN0dXJlLnBuZyJ9LCJjcmVhdGVkX2F0IjoiMjAyNS0wNy0xMSAwNToyNzoxNSIsIm9yZGVyYnlfc3RhdHVzIjoyLCJwcm9jZXNzX3R5cGUiOiJhY2NlcHQifSx7InJhdGluZyI6IjQuODgiLCJzdGF0dXMiOjQsInByb2Nlc3NfdHlwZSI6InRyaXBfYXJyaXZlZCIsIm9yZGVyYnlfc3RhdHVzIjozLCJkcmljdmVyX2RldGFpbHMiOnsibmFtZSI6IkRyaXZlciBEZW1vIiwibW9iaWxlIjoiOTg3NjU0MzIxMSIsImltYWdlIjoiaHR0cHM6XC9cL214dWJlci5taW1lbGQuY29tXC9hc3NldHNcL2ltYWdlc1wvZGVmYXVsdC1wcm9maWxlLXBpY3R1cmUucG5nIn0sImNyZWF0ZWRfYXQiOiIyMDI1LTA3LTExIDA1OjI3OjI1In0seyJyYXRpbmciOiI0Ljg4Iiwic3RhdHVzIjo1LCJvcmRlcmJ5X3N0YXR1cyI6NCwicHJvY2Vzc190eXBlIjoidHJpcF9zdGFydCIsImRyaWN2ZXJfZGV0YWlscyI6eyJuYW1lIjoiRHJpdmVyIERlbW8iLCJtb2JpbGUiOiI5ODc2NTQzMjExIiwiaW1hZ2UiOiJodHRwczpcL1wvbXh1YmVyLm1pbWVsZC5jb21cL2Fzc2V0c1wvaW1hZ2VzXC9kZWZhdWx0LXByb2ZpbGUtcGljdHVyZS5wbmcifSwiY3JlYXRlZF9hdCI6IjIwMjUtMDctMTEgMDU6Mjc6MzYifSx7InJhdGluZyI6IjQuODgiLCJzdGF0dXMiOjUsInByb2Nlc3NfdHlwZSI6InRyaXBfY29tcGxldGVkIiwib3JkZXJieV9zdGF0dXMiOjUsImRyaWN2ZXJfZGV0YWlscyI6eyJuYW1lIjoiRHJpdmVyIERlbW8iLCJtb2JpbGUiOiI5ODc2NTQzMjExIiwiaW1hZ2UiOiJodHRwczpcL1wvbXh1YmVyLm1pbWVsZC5jb21cL2Fzc2V0c1wvaW1hZ2VzXC9kZWZhdWx0LXByb2ZpbGUtcGljdHVyZS5wbmcifSwiY3JlYXRlZF9hdCI6IjIwMjUtMDctMTEgMDU6Mjc6NDcifV0=','5','2025-07-11 05:27:07','2025-07-11 05:27:47'),
(56,'a4aeb21c-ca5b-432f-8785-0fa13efad79d',2,NULL,'W3sic3RhdHVzIjoxLCJwcm9jZXNzX3R5cGUiOiJjcmVhdGVfcmVxdWVzdCIsIm9yZGVyYnlfc3RhdHVzIjoxLCJpZl9kaXNwYXRjaGVyIjpmYWxzZSwidXNlcl9pbWFnZSI6Imh0dHBzOlwvXC9teHViZXIubWltZWxkLmNvbVwvc3RvcmFnZVwvdXBsb2Fkc1wvdXNlclwvcHJvZmlsZS1waWN0dXJlXC95VmJ3dm5RWDIydnYwTlg3V3BnMVZMVzVFWTVaVHFUMVJrZG9peWh2LnBuZyIsImRyaWN2ZXJfZGV0YWlscyI6bnVsbCwiY3JlYXRlZF9hdCI6IjIwMjUtMDctMTEgMDU6MzY6NDAifSx7InN0YXR1cyI6NywicHJvY2Vzc190eXBlIjoidXNlcl9jYW5jZWxsZWQiLCJjcmVhdGVkX2F0IjoiMjAyNS0wNy0xMSAwNTozNjo1NiIsImRyaWN2ZXJfZGV0YWlscyI6eyJuYW1lIjoiVXNlciBEZW1vIiwibW9iaWxlIjoiOTg3NjU0MzIxMCIsImltYWdlIjoiaHR0cHM6XC9cL214dWJlci5taW1lbGQuY29tXC9zdG9yYWdlXC91cGxvYWRzXC91c2VyXC9wcm9maWxlLXBpY3R1cmVcL3lWYnd2blFYMjJ2djBOWDdXcGcxVkxXNUVZNVpUcVQxUmtkb2l5aHYucG5nIn19XQ==','2','2025-07-11 05:36:40','2025-07-11 05:36:56'),
(57,'1ae2dbe4-651d-4ec2-ad1e-a28ad9f6c456',2,NULL,'W3sic3RhdHVzIjoxLCJwcm9jZXNzX3R5cGUiOiJjcmVhdGVfcmVxdWVzdCIsIm9yZGVyYnlfc3RhdHVzIjoxLCJpZl9kaXNwYXRjaGVyIjpmYWxzZSwidXNlcl9pbWFnZSI6Imh0dHBzOlwvXC9teHViZXIubWltZWxkLmNvbVwvc3RvcmFnZVwvdXBsb2Fkc1wvdXNlclwvcHJvZmlsZS1waWN0dXJlXC95VmJ3dm5RWDIydnYwTlg3V3BnMVZMVzVFWTVaVHFUMVJrZG9peWh2LnBuZyIsImRyaWN2ZXJfZGV0YWlscyI6bnVsbCwiY3JlYXRlZF9hdCI6IjIwMjUtMDctMTEgMDU6MzY6NTkifSx7InN0YXR1cyI6NywicHJvY2Vzc190eXBlIjoidXNlcl9jYW5jZWxsZWQiLCJjcmVhdGVkX2F0IjoiMjAyNS0wNy0xMSAwNTozNzowMSIsImRyaWN2ZXJfZGV0YWlscyI6eyJuYW1lIjoiVXNlciBEZW1vIiwibW9iaWxlIjoiOTg3NjU0MzIxMCIsImltYWdlIjoiaHR0cHM6XC9cL214dWJlci5taW1lbGQuY29tXC9zdG9yYWdlXC91cGxvYWRzXC91c2VyXC9wcm9maWxlLXBpY3R1cmVcL3lWYnd2blFYMjJ2djBOWDdXcGcxVkxXNUVZNVpUcVQxUmtkb2l5aHYucG5nIn19XQ==','2','2025-07-11 05:36:59','2025-07-11 05:37:01'),
(58,'1278f072-23be-4e87-8961-250ca84821b1',2,NULL,'W3sic3RhdHVzIjoxLCJwcm9jZXNzX3R5cGUiOiJjcmVhdGVfcmVxdWVzdCIsIm9yZGVyYnlfc3RhdHVzIjoxLCJpZl9kaXNwYXRjaGVyIjpmYWxzZSwidXNlcl9pbWFnZSI6Imh0dHBzOlwvXC9teHViZXIubWltZWxkLmNvbVwvc3RvcmFnZVwvdXBsb2Fkc1wvdXNlclwvcHJvZmlsZS1waWN0dXJlXC95VmJ3dm5RWDIydnYwTlg3V3BnMVZMVzVFWTVaVHFUMVJrZG9peWh2LnBuZyIsImRyaWN2ZXJfZGV0YWlscyI6bnVsbCwiY3JlYXRlZF9hdCI6IjIwMjUtMDctMTEgMDU6NDQ6MzcifSx7InN0YXR1cyI6NywicHJvY2Vzc190eXBlIjoidXNlcl9jYW5jZWxsZWQiLCJjcmVhdGVkX2F0IjoiMjAyNS0wNy0xMSAwNTo0NToyMSIsImRyaWN2ZXJfZGV0YWlscyI6eyJuYW1lIjoiVXNlciBEZW1vIiwibW9iaWxlIjoiOTg3NjU0MzIxMCIsImltYWdlIjoiaHR0cHM6XC9cL214dWJlci5taW1lbGQuY29tXC9zdG9yYWdlXC91cGxvYWRzXC91c2VyXC9wcm9maWxlLXBpY3R1cmVcL3lWYnd2blFYMjJ2djBOWDdXcGcxVkxXNUVZNVpUcVQxUmtkb2l5aHYucG5nIn19XQ==','2','2025-07-11 05:44:37','2025-07-11 05:45:21'),
(59,'c5a3217b-e820-4258-8da0-9a6562819c04',2,NULL,'W3sic3RhdHVzIjoxLCJwcm9jZXNzX3R5cGUiOiJjcmVhdGVfcmVxdWVzdCIsIm9yZGVyYnlfc3RhdHVzIjoxLCJpZl9kaXNwYXRjaGVyIjpmYWxzZSwidXNlcl9pbWFnZSI6Imh0dHBzOlwvXC9teHViZXIubWltZWxkLmNvbVwvc3RvcmFnZVwvdXBsb2Fkc1wvdXNlclwvcHJvZmlsZS1waWN0dXJlXC95VmJ3dm5RWDIydnYwTlg3V3BnMVZMVzVFWTVaVHFUMVJrZG9peWh2LnBuZyIsImRyaWN2ZXJfZGV0YWlscyI6bnVsbCwiY3JlYXRlZF9hdCI6IjIwMjUtMDctMTEgMDU6NDU6MjcifSx7InN0YXR1cyI6NywicHJvY2Vzc190eXBlIjoidXNlcl9jYW5jZWxsZWQiLCJjcmVhdGVkX2F0IjoiMjAyNS0wNy0xMSAwNTo0NTo0NSIsImRyaWN2ZXJfZGV0YWlscyI6eyJuYW1lIjoiVXNlciBEZW1vIiwibW9iaWxlIjoiOTg3NjU0MzIxMCIsImltYWdlIjoiaHR0cHM6XC9cL214dWJlci5taW1lbGQuY29tXC9zdG9yYWdlXC91cGxvYWRzXC91c2VyXC9wcm9maWxlLXBpY3R1cmVcL3lWYnd2blFYMjJ2djBOWDdXcGcxVkxXNUVZNVpUcVQxUmtkb2l5aHYucG5nIn0sInJhdGluZyI6IjQuODUiLCJuYW1lIjoiRHJpdmVyIERlbW8iLCJtb2JpbGUiOiI5ODc2NTQzMjExIiwiaW1hZ2UiOiJodHRwczpcL1wvbXh1YmVyLm1pbWVsZC5jb21cL2Fzc2V0c1wvaW1hZ2VzXC9kZWZhdWx0LXByb2ZpbGUtcGljdHVyZS5wbmcifSx7InN0YXR1cyI6NywicHJvY2Vzc190eXBlIjoidXNlcl9jYW5jZWxsZWQiLCJjcmVhdGVkX2F0IjoiMjAyNS0wNy0xMSAwNTo0NTo0OSIsImRyaWN2ZXJfZGV0YWlscyI6eyJuYW1lIjoiVXNlciBEZW1vIiwibW9iaWxlIjoiOTg3NjU0MzIxMCIsImltYWdlIjoiaHR0cHM6XC9cL214dWJlci5taW1lbGQuY29tXC9zdG9yYWdlXC91cGxvYWRzXC91c2VyXC9wcm9maWxlLXBpY3R1cmVcL3lWYnd2blFYMjJ2djBOWDdXcGcxVkxXNUVZNVpUcVQxUmtkb2l5aHYucG5nIn19XQ==','3','2025-07-11 05:45:27','2025-07-11 05:45:49'),
(60,'fb13b372-3cd1-48a4-9449-356f7493c463',2,1,'W3sic3RhdHVzIjoxLCJwcm9jZXNzX3R5cGUiOiJjcmVhdGVfcmVxdWVzdCIsIm9yZGVyYnlfc3RhdHVzIjoxLCJpZl9kaXNwYXRjaGVyIjpmYWxzZSwidXNlcl9pbWFnZSI6Imh0dHBzOlwvXC9teHViZXIubWltZWxkLmNvbVwvc3RvcmFnZVwvdXBsb2Fkc1wvdXNlclwvcHJvZmlsZS1waWN0dXJlXC95VmJ3dm5RWDIydnYwTlg3V3BnMVZMVzVFWTVaVHFUMVJrZG9peWh2LnBuZyIsImRyaWN2ZXJfZGV0YWlscyI6bnVsbCwiY3JlYXRlZF9hdCI6IjIwMjUtMDctMTEgMDU6NDU6NTMifSx7InJhdGluZyI6IjQuODUiLCJzdGF0dXMiOjEsImlzX2FjY2VwdCI6MiwiZHJpY3Zlcl9kZXRhaWxzIjp7Im5hbWUiOiJEcml2ZXIgRGVtbyIsIm1vYmlsZSI6Ijk4NzY1NDMyMTEiLCJpbWFnZSI6Imh0dHBzOlwvXC9teHViZXIubWltZWxkLmNvbVwvYXNzZXRzXC9pbWFnZXNcL2RlZmF1bHQtcHJvZmlsZS1waWN0dXJlLnBuZyJ9LCJjcmVhdGVkX2F0IjoiMjAyNS0wNy0xMSAwNTo0NTo1NiIsIm9yZGVyYnlfc3RhdHVzIjoyLCJwcm9jZXNzX3R5cGUiOiJhY2NlcHQifSx7InJhdGluZyI6IjQuODUiLCJzdGF0dXMiOjQsInByb2Nlc3NfdHlwZSI6InRyaXBfYXJyaXZlZCIsIm9yZGVyYnlfc3RhdHVzIjozLCJkcmljdmVyX2RldGFpbHMiOnsibmFtZSI6IkRyaXZlciBEZW1vIiwibW9iaWxlIjoiOTg3NjU0MzIxMSIsImltYWdlIjoiaHR0cHM6XC9cL214dWJlci5taW1lbGQuY29tXC9hc3NldHNcL2ltYWdlc1wvZGVmYXVsdC1wcm9maWxlLXBpY3R1cmUucG5nIn0sImNyZWF0ZWRfYXQiOiIyMDI1LTA3LTExIDA1OjQ2OjAzIn0seyJyYXRpbmciOiI0Ljg1Iiwic3RhdHVzIjo1LCJvcmRlcmJ5X3N0YXR1cyI6NCwicHJvY2Vzc190eXBlIjoidHJpcF9zdGFydCIsImRyaWN2ZXJfZGV0YWlscyI6eyJuYW1lIjoiRHJpdmVyIERlbW8iLCJtb2JpbGUiOiI5ODc2NTQzMjExIiwiaW1hZ2UiOiJodHRwczpcL1wvbXh1YmVyLm1pbWVsZC5jb21cL2Fzc2V0c1wvaW1hZ2VzXC9kZWZhdWx0LXByb2ZpbGUtcGljdHVyZS5wbmcifSwiY3JlYXRlZF9hdCI6IjIwMjUtMDctMTEgMDU6NDY6MTYifSx7InJhdGluZyI6IjQuODUiLCJzdGF0dXMiOjUsInByb2Nlc3NfdHlwZSI6InRyaXBfY29tcGxldGVkIiwib3JkZXJieV9zdGF0dXMiOjUsImRyaWN2ZXJfZGV0YWlscyI6eyJuYW1lIjoiRHJpdmVyIERlbW8iLCJtb2JpbGUiOiI5ODc2NTQzMjExIiwiaW1hZ2UiOiJodHRwczpcL1wvbXh1YmVyLm1pbWVsZC5jb21cL2Fzc2V0c1wvaW1hZ2VzXC9kZWZhdWx0LXByb2ZpbGUtcGljdHVyZS5wbmcifSwiY3JlYXRlZF9hdCI6IjIwMjUtMDctMTEgMDU6NDY6MjMifV0=','5','2025-07-11 05:45:53','2025-07-11 05:46:23'),
(61,'4df296fe-fb6a-410a-ac6a-65e562029e28',36,NULL,'W3sic3RhdHVzIjoxLCJwcm9jZXNzX3R5cGUiOiJjcmVhdGVfcmVxdWVzdCIsImlmX2Rpc3BhdGNoZXIiOnRydWUsInVzZXJfaW1hZ2UiOiJodHRwczpcL1wvbXh1YmVyLm1pbWVsZC5jb21cL2Fzc2V0c1wvaW1hZ2VzXC9kZWZhdWx0LXByb2ZpbGUtcGljdHVyZS5wbmciLCJvcmRlcmJ5X3N0YXR1cyI6MSwiZHJpY3Zlcl9kZXRhaWxzIjpudWxsLCJjcmVhdGVkX2F0IjoiMjAyNS0wNy0xMSAwNjo0NTo1MSJ9LHsiZHJpY3Zlcl9kZXRhaWxzIjpudWxsLCJwcm9jZXNzX3R5cGUiOiJhdXRvX2NhbmNlbGxlZCJ9XQ==','2','2025-07-11 06:45:51','2025-07-11 08:13:49'),
(62,'eb6d39fa-5fa3-4b86-8179-b48f0825eea4',2,NULL,'W3sic3RhdHVzIjoxLCJwcm9jZXNzX3R5cGUiOiJjcmVhdGVfcmVxdWVzdCIsImlmX2Rpc3BhdGNoZXIiOnRydWUsInVzZXJfaW1hZ2UiOiJodHRwczpcL1wvbXh1YmVyLm1pbWVsZC5jb21cL2Fzc2V0c1wvaW1hZ2VzXC9kZWZhdWx0LXByb2ZpbGUtcGljdHVyZS5wbmciLCJvcmRlcmJ5X3N0YXR1cyI6MSwiZHJpY3Zlcl9kZXRhaWxzIjpudWxsLCJjcmVhdGVkX2F0IjoiMjAyNS0wNy0xMSAwNjo1ODozOSJ9LHsic3RhdHVzIjo3LCJwcm9jZXNzX3R5cGUiOiJ1c2VyX2NhbmNlbGxlZCIsImNyZWF0ZWRfYXQiOiIyMDI1LTA3LTExIDA4OjEzOjQ3IiwiZHJpY3Zlcl9kZXRhaWxzIjp7Im5hbWUiOiJVc2VyIERlbW8iLCJtb2JpbGUiOiI5ODc2NTQzMjEwIiwiaW1hZ2UiOiJodHRwczpcL1wvbXh1YmVyLm1pbWVsZC5jb21cL3N0b3JhZ2VcL3VwbG9hZHNcL3VzZXJcL3Byb2ZpbGUtcGljdHVyZVwveVZid3ZuUVgyMnZ2ME5YN1dwZzFWTFc1RVk1WlRxVDFSa2RvaXlodi5wbmcifX0seyJzdGF0dXMiOjcsInByb2Nlc3NfdHlwZSI6InVzZXJfY2FuY2VsbGVkIiwiY3JlYXRlZF9hdCI6IjIwMjUtMDctMTEgMDg6MTM6NDgiLCJkcmljdmVyX2RldGFpbHMiOnsibmFtZSI6IlVzZXIgRGVtbyIsIm1vYmlsZSI6Ijk4NzY1NDMyMTAiLCJpbWFnZSI6Imh0dHBzOlwvXC9teHViZXIubWltZWxkLmNvbVwvc3RvcmFnZVwvdXBsb2Fkc1wvdXNlclwvcHJvZmlsZS1waWN0dXJlXC95VmJ3dm5RWDIydnYwTlg3V3BnMVZMVzVFWTVaVHFUMVJrZG9peWh2LnBuZyJ9fSx7InN0YXR1cyI6NywicHJvY2Vzc190eXBlIjoidXNlcl9jYW5jZWxsZWQiLCJjcmVhdGVkX2F0IjoiMjAyNS0wNy0xMSAwODoxMzo0OSIsImRyaWN2ZXJfZGV0YWlscyI6eyJuYW1lIjoiVXNlciBEZW1vIiwibW9iaWxlIjoiOTg3NjU0MzIxMCIsImltYWdlIjoiaHR0cHM6XC9cL214dWJlci5taW1lbGQuY29tXC9zdG9yYWdlXC91cGxvYWRzXC91c2VyXC9wcm9maWxlLXBpY3R1cmVcL3lWYnd2blFYMjJ2djBOWDdXcGcxVkxXNUVZNVpUcVQxUmtkb2l5aHYucG5nIn19LHsic3RhdHVzIjo3LCJwcm9jZXNzX3R5cGUiOiJ1c2VyX2NhbmNlbGxlZCIsImNyZWF0ZWRfYXQiOiIyMDI1LTA3LTExIDA4OjEzOjUwIiwiZHJpY3Zlcl9kZXRhaWxzIjp7Im5hbWUiOiJVc2VyIERlbW8iLCJtb2JpbGUiOiI5ODc2NTQzMjEwIiwiaW1hZ2UiOiJodHRwczpcL1wvbXh1YmVyLm1pbWVsZC5jb21cL3N0b3JhZ2VcL3VwbG9hZHNcL3VzZXJcL3Byb2ZpbGUtcGljdHVyZVwveVZid3ZuUVgyMnZ2ME5YN1dwZzFWTFc1RVk1WlRxVDFSa2RvaXlodi5wbmcifX1d','5','2025-07-11 06:58:39','2025-07-11 08:13:50'),
(63,'a7ca9fe4-287e-467b-8fd4-5ce0ae95d606',37,NULL,'W3sic3RhdHVzIjoxLCJwcm9jZXNzX3R5cGUiOiJjcmVhdGVfcmVxdWVzdCIsImlmX2Rpc3BhdGNoZXIiOnRydWUsInVzZXJfaW1hZ2UiOiJodHRwczpcL1wvbXh1YmVyLm1pbWVsZC5jb21cL2Fzc2V0c1wvaW1hZ2VzXC9kZWZhdWx0LXByb2ZpbGUtcGljdHVyZS5wbmciLCJvcmRlcmJ5X3N0YXR1cyI6MSwiZHJpY3Zlcl9kZXRhaWxzIjpudWxsLCJjcmVhdGVkX2F0IjoiMjAyNS0wNy0xMSAwNzowMTozMiJ9LHsiZHJpY3Zlcl9kZXRhaWxzIjpudWxsLCJwcm9jZXNzX3R5cGUiOiJhdXRvX2NhbmNlbGxlZCJ9LHsiZHJpY3Zlcl9kZXRhaWxzIjpudWxsLCJwcm9jZXNzX3R5cGUiOiJhdXRvX2NhbmNlbGxlZCJ9XQ==','3','2025-07-11 07:01:32','2025-07-11 08:13:50'),
(64,'a0b2492d-de2c-4908-b3d1-79beabd4381a',38,NULL,'W3sic3RhdHVzIjoxLCJwcm9jZXNzX3R5cGUiOiJjcmVhdGVfcmVxdWVzdCIsImlmX2Rpc3BhdGNoZXIiOnRydWUsInVzZXJfaW1hZ2UiOiJodHRwczpcL1wvbXh1YmVyLm1pbWVsZC5jb21cL2Fzc2V0c1wvaW1hZ2VzXC9kZWZhdWx0LXByb2ZpbGUtcGljdHVyZS5wbmciLCJvcmRlcmJ5X3N0YXR1cyI6MSwiZHJpY3Zlcl9kZXRhaWxzIjpudWxsLCJjcmVhdGVkX2F0IjoiMjAyNS0wNy0xMSAwNzowNToyOSJ9LHsiZHJpY3Zlcl9kZXRhaWxzIjpudWxsLCJwcm9jZXNzX3R5cGUiOiJhdXRvX2NhbmNlbGxlZCJ9XQ==','2','2025-07-11 07:05:29','2025-07-11 08:13:49'),
(65,'c0be482b-c17a-4639-aa85-c980d6f58303',2,NULL,'W3sic3RhdHVzIjoxLCJwcm9jZXNzX3R5cGUiOiJjcmVhdGVfcmVxdWVzdCIsIm9yZGVyYnlfc3RhdHVzIjoxLCJpZl9kaXNwYXRjaGVyIjpmYWxzZSwidXNlcl9pbWFnZSI6Imh0dHBzOlwvXC9teHViZXIubWltZWxkLmNvbVwvc3RvcmFnZVwvdXBsb2Fkc1wvdXNlclwvcHJvZmlsZS1waWN0dXJlXC95VmJ3dm5RWDIydnYwTlg3V3BnMVZMVzVFWTVaVHFUMVJrZG9peWh2LnBuZyIsImRyaWN2ZXJfZGV0YWlscyI6bnVsbCwiY3JlYXRlZF9hdCI6IjIwMjUtMDctMTEgMDg6MTY6MDYifSx7InN0YXR1cyI6NywicHJvY2Vzc190eXBlIjoidXNlcl9jYW5jZWxsZWQiLCJjcmVhdGVkX2F0IjoiMjAyNS0wNy0xMSAwODoxNjowOCIsImRyaWN2ZXJfZGV0YWlscyI6eyJuYW1lIjoiVXNlciBEZW1vIiwibW9iaWxlIjoiOTg3NjU0MzIxMCIsImltYWdlIjoiaHR0cHM6XC9cL214dWJlci5taW1lbGQuY29tXC9zdG9yYWdlXC91cGxvYWRzXC91c2VyXC9wcm9maWxlLXBpY3R1cmVcL3lWYnd2blFYMjJ2djBOWDdXcGcxVkxXNUVZNVpUcVQxUmtkb2l5aHYucG5nIn19LHsic3RhdHVzIjo3LCJwcm9jZXNzX3R5cGUiOiJ1c2VyX2NhbmNlbGxlZCIsImNyZWF0ZWRfYXQiOiIyMDI1LTA3LTExIDA4OjE2OjEyIiwiZHJpY3Zlcl9kZXRhaWxzIjp7Im5hbWUiOiJVc2VyIERlbW8iLCJtb2JpbGUiOiI5ODc2NTQzMjEwIiwiaW1hZ2UiOiJodHRwczpcL1wvbXh1YmVyLm1pbWVsZC5jb21cL3N0b3JhZ2VcL3VwbG9hZHNcL3VzZXJcL3Byb2ZpbGUtcGljdHVyZVwveVZid3ZuUVgyMnZ2ME5YN1dwZzFWTFc1RVk1WlRxVDFSa2RvaXlodi5wbmcifX1d','3','2025-07-11 08:16:06','2025-07-11 08:16:12'),
(66,'23bb8c8e-abc1-4715-8a64-14b15be1da48',2,NULL,'W3sic3RhdHVzIjoxLCJwcm9jZXNzX3R5cGUiOiJjcmVhdGVfcmVxdWVzdCIsIm9yZGVyYnlfc3RhdHVzIjoxLCJpZl9kaXNwYXRjaGVyIjpmYWxzZSwidXNlcl9pbWFnZSI6Imh0dHBzOlwvXC9teHViZXIubWltZWxkLmNvbVwvc3RvcmFnZVwvdXBsb2Fkc1wvdXNlclwvcHJvZmlsZS1waWN0dXJlXC95VmJ3dm5RWDIydnYwTlg3V3BnMVZMVzVFWTVaVHFUMVJrZG9peWh2LnBuZyIsImRyaWN2ZXJfZGV0YWlscyI6bnVsbCwiY3JlYXRlZF9hdCI6IjIwMjUtMDctMTEgMDg6MTY6MTcifSx7InN0YXR1cyI6NywicHJvY2Vzc190eXBlIjoidXNlcl9jYW5jZWxsZWQiLCJjcmVhdGVkX2F0IjoiMjAyNS0wNy0xMSAwODoxNzoyOSIsImRyaWN2ZXJfZGV0YWlscyI6eyJuYW1lIjoiVXNlciBEZW1vIiwibW9iaWxlIjoiOTg3NjU0MzIxMCIsImltYWdlIjoiaHR0cHM6XC9cL214dWJlci5taW1lbGQuY29tXC9zdG9yYWdlXC91cGxvYWRzXC91c2VyXC9wcm9maWxlLXBpY3R1cmVcL3lWYnd2blFYMjJ2djBOWDdXcGcxVkxXNUVZNVpUcVQxUmtkb2l5aHYucG5nIn0sInJhdGluZyI6IjQuNzgiLCJuYW1lIjoiRHJpdmVyIERlbW8iLCJtb2JpbGUiOiI5ODc2NTQzMjExIiwiaW1hZ2UiOiJodHRwczpcL1wvbXh1YmVyLm1pbWVsZC5jb21cL2Fzc2V0c1wvaW1hZ2VzXC9kZWZhdWx0LXByb2ZpbGUtcGljdHVyZS5wbmcifV0=','2','2025-07-11 08:16:17','2025-07-11 08:17:29'),
(67,'f36cc01a-b817-408f-83bf-fd08fa12a562',2,NULL,'W3sic3RhdHVzIjoxLCJwcm9jZXNzX3R5cGUiOiJjcmVhdGVfcmVxdWVzdCIsIm9yZGVyYnlfc3RhdHVzIjoxLCJpZl9kaXNwYXRjaGVyIjpmYWxzZSwidXNlcl9pbWFnZSI6Imh0dHBzOlwvXC9teHViZXIubWltZWxkLmNvbVwvc3RvcmFnZVwvdXBsb2Fkc1wvdXNlclwvcHJvZmlsZS1waWN0dXJlXC95VmJ3dm5RWDIydnYwTlg3V3BnMVZMVzVFWTVaVHFUMVJrZG9peWh2LnBuZyIsImRyaWN2ZXJfZGV0YWlscyI6bnVsbCwiY3JlYXRlZF9hdCI6IjIwMjUtMDctMTEgMDg6MTc6MzcifSx7InN0YXR1cyI6NywicHJvY2Vzc190eXBlIjoidXNlcl9jYW5jZWxsZWQiLCJjcmVhdGVkX2F0IjoiMjAyNS0wNy0xMSAwODoxOToyMyIsImRyaWN2ZXJfZGV0YWlscyI6eyJuYW1lIjoiVXNlciBEZW1vIiwibW9iaWxlIjoiOTg3NjU0MzIxMCIsImltYWdlIjoiaHR0cHM6XC9cL214dWJlci5taW1lbGQuY29tXC9zdG9yYWdlXC91cGxvYWRzXC91c2VyXC9wcm9maWxlLXBpY3R1cmVcL3lWYnd2blFYMjJ2djBOWDdXcGcxVkxXNUVZNVpUcVQxUmtkb2l5aHYucG5nIn0sInJhdGluZyI6IjQuNzgiLCJuYW1lIjoiRHJpdmVyIERlbW8iLCJtb2JpbGUiOiI5ODc2NTQzMjExIiwiaW1hZ2UiOiJodHRwczpcL1wvbXh1YmVyLm1pbWVsZC5jb21cL2Fzc2V0c1wvaW1hZ2VzXC9kZWZhdWx0LXByb2ZpbGUtcGljdHVyZS5wbmcifSx7InN0YXR1cyI6NywicHJvY2Vzc190eXBlIjoidXNlcl9jYW5jZWxsZWQiLCJjcmVhdGVkX2F0IjoiMjAyNS0wNy0xMSAwODoxOTo0NCIsImRyaWN2ZXJfZGV0YWlscyI6eyJuYW1lIjoiVXNlciBEZW1vIiwibW9iaWxlIjoiOTg3NjU0MzIxMCIsImltYWdlIjoiaHR0cHM6XC9cL214dWJlci5taW1lbGQuY29tXC9zdG9yYWdlXC91cGxvYWRzXC91c2VyXC9wcm9maWxlLXBpY3R1cmVcL3lWYnd2blFYMjJ2djBOWDdXcGcxVkxXNUVZNVpUcVQxUmtkb2l5aHYucG5nIn19XQ==','3','2025-07-11 08:17:37','2025-07-11 08:19:44'),
(68,'4057c805-146b-424f-be21-0bda5c96f74e',2,NULL,'W3sic3RhdHVzIjoxLCJwcm9jZXNzX3R5cGUiOiJjcmVhdGVfcmVxdWVzdCIsIm9yZGVyYnlfc3RhdHVzIjoxLCJpZl9kaXNwYXRjaGVyIjpmYWxzZSwidXNlcl9pbWFnZSI6Imh0dHBzOlwvXC9teHViZXIubWltZWxkLmNvbVwvc3RvcmFnZVwvdXBsb2Fkc1wvdXNlclwvcHJvZmlsZS1waWN0dXJlXC95VmJ3dm5RWDIydnYwTlg3V3BnMVZMVzVFWTVaVHFUMVJrZG9peWh2LnBuZyIsImRyaWN2ZXJfZGV0YWlscyI6bnVsbCwiY3JlYXRlZF9hdCI6IjIwMjUtMDctMTEgMDg6MTk6NDcifV0=','1','2025-07-11 08:19:47','2025-07-11 08:19:47'),
(69,'71984356-b8dc-42f7-9159-6345c444a184',2,NULL,'W3sic3RhdHVzIjoxLCJwcm9jZXNzX3R5cGUiOiJjcmVhdGVfcmVxdWVzdCIsIm9yZGVyYnlfc3RhdHVzIjoxLCJpZl9kaXNwYXRjaGVyIjpmYWxzZSwidXNlcl9pbWFnZSI6Imh0dHBzOlwvXC9teHViZXIubWltZWxkLmNvbVwvc3RvcmFnZVwvdXBsb2Fkc1wvdXNlclwvcHJvZmlsZS1waWN0dXJlXC95VmJ3dm5RWDIydnYwTlg3V3BnMVZMVzVFWTVaVHFUMVJrZG9peWh2LnBuZyIsImRyaWN2ZXJfZGV0YWlscyI6bnVsbCwiY3JlYXRlZF9hdCI6IjIwMjUtMDctMTEgMDg6MTk6NTgifSx7InN0YXR1cyI6NywicHJvY2Vzc190eXBlIjoidXNlcl9jYW5jZWxsZWQiLCJjcmVhdGVkX2F0IjoiMjAyNS0wNy0xMSAwODo1ODoyOCIsImRyaWN2ZXJfZGV0YWlscyI6eyJuYW1lIjoiVXNlciBEZW1vIiwibW9iaWxlIjoiOTg3NjU0MzIxMCIsImltYWdlIjoiaHR0cHM6XC9cL214dWJlci5taW1lbGQuY29tXC9zdG9yYWdlXC91cGxvYWRzXC91c2VyXC9wcm9maWxlLXBpY3R1cmVcL3lWYnd2blFYMjJ2djBOWDdXcGcxVkxXNUVZNVpUcVQxUmtkb2l5aHYucG5nIn0sInJhdGluZyI6IjQuNzgiLCJuYW1lIjoiRHJpdmVyIERlbW8iLCJtb2JpbGUiOiI5ODc2NTQzMjExIiwiaW1hZ2UiOiJodHRwczpcL1wvbXh1YmVyLm1pbWVsZC5jb21cL2Fzc2V0c1wvaW1hZ2VzXC9kZWZhdWx0LXByb2ZpbGUtcGljdHVyZS5wbmcifSx7InN0YXR1cyI6NywicHJvY2Vzc190eXBlIjoidXNlcl9jYW5jZWxsZWQiLCJjcmVhdGVkX2F0IjoiMjAyNS0wNy0xMSAwODo1ODozMCIsImRyaWN2ZXJfZGV0YWlscyI6eyJuYW1lIjoiVXNlciBEZW1vIiwibW9iaWxlIjoiOTg3NjU0MzIxMCIsImltYWdlIjoiaHR0cHM6XC9cL214dWJlci5taW1lbGQuY29tXC9zdG9yYWdlXC91cGxvYWRzXC91c2VyXC9wcm9maWxlLXBpY3R1cmVcL3lWYnd2blFYMjJ2djBOWDdXcGcxVkxXNUVZNVpUcVQxUmtkb2l5aHYucG5nIn19LHsic3RhdHVzIjo3LCJwcm9jZXNzX3R5cGUiOiJ1c2VyX2NhbmNlbGxlZCIsImNyZWF0ZWRfYXQiOiIyMDI1LTA3LTExIDA4OjU4OjMwIiwiZHJpY3Zlcl9kZXRhaWxzIjp7Im5hbWUiOiJVc2VyIERlbW8iLCJtb2JpbGUiOiI5ODc2NTQzMjEwIiwiaW1hZ2UiOiJodHRwczpcL1wvbXh1YmVyLm1pbWVsZC5jb21cL3N0b3JhZ2VcL3VwbG9hZHNcL3VzZXJcL3Byb2ZpbGUtcGljdHVyZVwveVZid3ZuUVgyMnZ2ME5YN1dwZzFWTFc1RVk1WlRxVDFSa2RvaXlodi5wbmcifX0seyJzdGF0dXMiOjcsInByb2Nlc3NfdHlwZSI6InVzZXJfY2FuY2VsbGVkIiwiY3JlYXRlZF9hdCI6IjIwMjUtMDctMTEgMDg6NTg6MzIiLCJkcmljdmVyX2RldGFpbHMiOnsibmFtZSI6IlVzZXIgRGVtbyIsIm1vYmlsZSI6Ijk4NzY1NDMyMTAiLCJpbWFnZSI6Imh0dHBzOlwvXC9teHViZXIubWltZWxkLmNvbVwvc3RvcmFnZVwvdXBsb2Fkc1wvdXNlclwvcHJvZmlsZS1waWN0dXJlXC95VmJ3dm5RWDIydnYwTlg3V3BnMVZMVzVFWTVaVHFUMVJrZG9peWh2LnBuZyJ9fSx7InN0YXR1cyI6NywicHJvY2Vzc190eXBlIjoidXNlcl9jYW5jZWxsZWQiLCJjcmVhdGVkX2F0IjoiMjAyNS0wNy0xMSAwODo1ODozMyIsImRyaWN2ZXJfZGV0YWlscyI6eyJuYW1lIjoiVXNlciBEZW1vIiwibW9iaWxlIjoiOTg3NjU0MzIxMCIsImltYWdlIjoiaHR0cHM6XC9cL214dWJlci5taW1lbGQuY29tXC9zdG9yYWdlXC91cGxvYWRzXC91c2VyXC9wcm9maWxlLXBpY3R1cmVcL3lWYnd2blFYMjJ2djBOWDdXcGcxVkxXNUVZNVpUcVQxUmtkb2l5aHYucG5nIn19LHsic3RhdHVzIjo3LCJwcm9jZXNzX3R5cGUiOiJ1c2VyX2NhbmNlbGxlZCIsImNyZWF0ZWRfYXQiOiIyMDI1LTA3LTExIDA4OjU4OjMzIiwiZHJpY3Zlcl9kZXRhaWxzIjp7Im5hbWUiOiJVc2VyIERlbW8iLCJtb2JpbGUiOiI5ODc2NTQzMjEwIiwiaW1hZ2UiOiJodHRwczpcL1wvbXh1YmVyLm1pbWVsZC5jb21cL3N0b3JhZ2VcL3VwbG9hZHNcL3VzZXJcL3Byb2ZpbGUtcGljdHVyZVwveVZid3ZuUVgyMnZ2ME5YN1dwZzFWTFc1RVk1WlRxVDFSa2RvaXlodi5wbmcifX1d','7','2025-07-11 08:19:58','2025-07-11 08:58:33'),
(70,'e3971476-996d-4cf4-bfec-12256009fa67',2,NULL,'W3sic3RhdHVzIjoxLCJwcm9jZXNzX3R5cGUiOiJjcmVhdGVfcmVxdWVzdCIsIm9yZGVyYnlfc3RhdHVzIjoxLCJpZl9kaXNwYXRjaGVyIjpmYWxzZSwidXNlcl9pbWFnZSI6Imh0dHBzOlwvXC9teHViZXIubWltZWxkLmNvbVwvc3RvcmFnZVwvdXBsb2Fkc1wvdXNlclwvcHJvZmlsZS1waWN0dXJlXC95VmJ3dm5RWDIydnYwTlg3V3BnMVZMVzVFWTVaVHFUMVJrZG9peWh2LnBuZyIsImRyaWN2ZXJfZGV0YWlscyI6bnVsbCwiY3JlYXRlZF9hdCI6IjIwMjUtMDctMTEgMDk6MDM6MTMifSx7InN0YXR1cyI6NywicHJvY2Vzc190eXBlIjoidXNlcl9jYW5jZWxsZWQiLCJjcmVhdGVkX2F0IjoiMjAyNS0wNy0xMSAwOTowMzoyMSIsImRyaWN2ZXJfZGV0YWlscyI6eyJuYW1lIjoiVXNlciBEZW1vIiwibW9iaWxlIjoiOTg3NjU0MzIxMCIsImltYWdlIjoiaHR0cHM6XC9cL214dWJlci5taW1lbGQuY29tXC9zdG9yYWdlXC91cGxvYWRzXC91c2VyXC9wcm9maWxlLXBpY3R1cmVcL3lWYnd2blFYMjJ2djBOWDdXcGcxVkxXNUVZNVpUcVQxUmtkb2l5aHYucG5nIn19XQ==','2','2025-07-11 09:03:13','2025-07-11 09:03:21'),
(71,'2f9a2365-8cf8-47bd-b8ae-d2621938c6a6',2,NULL,'W3sicHJvY2Vzc190eXBlIjoiY3JlYXRlX3JlcXVlc3QiLCJzdGF0dXMiOjEsImlmX2Rpc3BhdGNoZXIiOmZhbHNlLCJ1c2VyX2ltYWdlIjoiaHR0cHM6XC9cL214dWJlci5taW1lbGQuY29tXC9zdG9yYWdlXC91cGxvYWRzXC91c2VyXC9wcm9maWxlLXBpY3R1cmVcL3lWYnd2blFYMjJ2djBOWDdXcGcxVkxXNUVZNVpUcVQxUmtkb2l5aHYucG5nIiwib3JkZXJieV9zdGF0dXMiOjEsImRyaWN2ZXJfZGV0YWlscyI6bnVsbCwiY3JlYXRlZF9hdCI6IjIwMjUtMDctMTEgMDk6MDM6NDAifV0=','1','2025-07-11 09:03:40','2025-07-11 09:03:40'),
(72,'c445a1bf-ff67-42b1-b36e-c5f7be1b696d',2,NULL,'W3sic3RhdHVzIjoxLCJwcm9jZXNzX3R5cGUiOiJjcmVhdGVfcmVxdWVzdCIsIm9yZGVyYnlfc3RhdHVzIjoxLCJpZl9kaXNwYXRjaGVyIjpmYWxzZSwidXNlcl9pbWFnZSI6Imh0dHBzOlwvXC9teHViZXIubWltZWxkLmNvbVwvc3RvcmFnZVwvdXBsb2Fkc1wvdXNlclwvcHJvZmlsZS1waWN0dXJlXC95VmJ3dm5RWDIydnYwTlg3V3BnMVZMVzVFWTVaVHFUMVJrZG9peWh2LnBuZyIsImRyaWN2ZXJfZGV0YWlscyI6bnVsbCwiY3JlYXRlZF9hdCI6IjIwMjUtMDctMTEgMDk6MjM6MjQifSx7InN0YXR1cyI6NywicHJvY2Vzc190eXBlIjoidXNlcl9jYW5jZWxsZWQiLCJjcmVhdGVkX2F0IjoiMjAyNS0wNy0xMSAwOToyNDowMCIsImRyaWN2ZXJfZGV0YWlscyI6eyJuYW1lIjoiVXNlciBEZW1vIiwibW9iaWxlIjoiOTg3NjU0MzIxMCIsImltYWdlIjoiaHR0cHM6XC9cL214dWJlci5taW1lbGQuY29tXC9zdG9yYWdlXC91cGxvYWRzXC91c2VyXC9wcm9maWxlLXBpY3R1cmVcL3lWYnd2blFYMjJ2djBOWDdXcGcxVkxXNUVZNVpUcVQxUmtkb2l5aHYucG5nIn19LHsic3RhdHVzIjo3LCJwcm9jZXNzX3R5cGUiOiJ1c2VyX2NhbmNlbGxlZCIsImNyZWF0ZWRfYXQiOiIyMDI1LTA3LTExIDA5OjI0OjAzIiwiZHJpY3Zlcl9kZXRhaWxzIjp7Im5hbWUiOiJVc2VyIERlbW8iLCJtb2JpbGUiOiI5ODc2NTQzMjEwIiwiaW1hZ2UiOiJodHRwczpcL1wvbXh1YmVyLm1pbWVsZC5jb21cL3N0b3JhZ2VcL3VwbG9hZHNcL3VzZXJcL3Byb2ZpbGUtcGljdHVyZVwveVZid3ZuUVgyMnZ2ME5YN1dwZzFWTFc1RVk1WlRxVDFSa2RvaXlodi5wbmcifX0seyJzdGF0dXMiOjcsInByb2Nlc3NfdHlwZSI6InVzZXJfY2FuY2VsbGVkIiwiY3JlYXRlZF9hdCI6IjIwMjUtMDctMTEgMDk6MjQ6MDMiLCJkcmljdmVyX2RldGFpbHMiOnsibmFtZSI6IlVzZXIgRGVtbyIsIm1vYmlsZSI6Ijk4NzY1NDMyMTAiLCJpbWFnZSI6Imh0dHBzOlwvXC9teHViZXIubWltZWxkLmNvbVwvc3RvcmFnZVwvdXBsb2Fkc1wvdXNlclwvcHJvZmlsZS1waWN0dXJlXC95VmJ3dm5RWDIydnYwTlg3V3BnMVZMVzVFWTVaVHFUMVJrZG9peWh2LnBuZyJ9fV0=','4','2025-07-11 09:23:24','2025-07-11 09:24:03'),
(73,'cb169179-8c09-401e-b33f-4afc2a4db02a',2,NULL,'W3sic3RhdHVzIjoxLCJwcm9jZXNzX3R5cGUiOiJjcmVhdGVfcmVxdWVzdCIsIm9yZGVyYnlfc3RhdHVzIjoxLCJpZl9kaXNwYXRjaGVyIjpmYWxzZSwidXNlcl9pbWFnZSI6Imh0dHBzOlwvXC9teHViZXIubWltZWxkLmNvbVwvc3RvcmFnZVwvdXBsb2Fkc1wvdXNlclwvcHJvZmlsZS1waWN0dXJlXC95VmJ3dm5RWDIydnYwTlg3V3BnMVZMVzVFWTVaVHFUMVJrZG9peWh2LnBuZyIsImRyaWN2ZXJfZGV0YWlscyI6bnVsbCwiY3JlYXRlZF9hdCI6IjIwMjUtMDctMTEgMDk6MjQ6MDQifSx7InN0YXR1cyI6NywicHJvY2Vzc190eXBlIjoidXNlcl9jYW5jZWxsZWQiLCJjcmVhdGVkX2F0IjoiMjAyNS0wNy0xMSAwOToyNToxMSIsImRyaWN2ZXJfZGV0YWlscyI6eyJuYW1lIjoiVXNlciBEZW1vIiwibW9iaWxlIjoiOTg3NjU0MzIxMCIsImltYWdlIjoiaHR0cHM6XC9cL214dWJlci5taW1lbGQuY29tXC9zdG9yYWdlXC91cGxvYWRzXC91c2VyXC9wcm9maWxlLXBpY3R1cmVcL3lWYnd2blFYMjJ2djBOWDdXcGcxVkxXNUVZNVpUcVQxUmtkb2l5aHYucG5nIn19XQ==','2','2025-07-11 09:24:04','2025-07-11 09:25:11'),
(74,'4c1ad53f-2d19-490c-91ec-f47484afca73',2,4,'W3sic3RhdHVzIjoxLCJwcm9jZXNzX3R5cGUiOiJjcmVhdGVfcmVxdWVzdCIsIm9yZGVyYnlfc3RhdHVzIjoxLCJpZl9kaXNwYXRjaGVyIjpmYWxzZSwidXNlcl9pbWFnZSI6Imh0dHBzOlwvXC9teHViZXIubWltZWxkLmNvbVwvc3RvcmFnZVwvdXBsb2Fkc1wvdXNlclwvcHJvZmlsZS1waWN0dXJlXC95VmJ3dm5RWDIydnYwTlg3V3BnMVZMVzVFWTVaVHFUMVJrZG9peWh2LnBuZyIsImRyaWN2ZXJfZGV0YWlscyI6bnVsbCwiY3JlYXRlZF9hdCI6IjIwMjUtMDctMTEgMDk6MjU6MzUifSx7InJhdGluZyI6IjAuMDAiLCJzdGF0dXMiOjIsImlzX2FjY2VwdCI6MywiZHJpY3Zlcl9kZXRhaWxzIjp7Im5hbWUiOiJUZXN0RHJpdmVyIiwibW9iaWxlIjoiOTg3NjU0MzIxNCIsImltYWdlIjoiaHR0cHM6XC9cL214dWJlci5taW1lbGQuY29tXC9hc3NldHNcL2ltYWdlc1wvZGVmYXVsdC1wcm9maWxlLXBpY3R1cmUucG5nIn0sImNyZWF0ZWRfYXQiOiIyMDI1LTA3LTExIDA5OjI2OjExIiwib3JkZXJieV9zdGF0dXMiOjIsInByb2Nlc3NfdHlwZSI6ImRlY2xpbmUifSx7InN0YXR1cyI6NywicHJvY2Vzc190eXBlIjoidXNlcl9jYW5jZWxsZWQiLCJjcmVhdGVkX2F0IjoiMjAyNS0wNy0xMSAwOToyNjoxOCIsImRyaWN2ZXJfZGV0YWlscyI6eyJuYW1lIjoiVXNlciBEZW1vIiwibW9iaWxlIjoiOTg3NjU0MzIxMCIsImltYWdlIjoiaHR0cHM6XC9cL214dWJlci5taW1lbGQuY29tXC9zdG9yYWdlXC91cGxvYWRzXC91c2VyXC9wcm9maWxlLXBpY3R1cmVcL3lWYnd2blFYMjJ2djBOWDdXcGcxVkxXNUVZNVpUcVQxUmtkb2l5aHYucG5nIn19XQ==','3','2025-07-11 09:25:35','2025-07-11 09:26:18'),
(75,'451f7ca4-3fc4-42a5-ae05-a53f301c46eb',2,4,'W3sic3RhdHVzIjoxLCJwcm9jZXNzX3R5cGUiOiJjcmVhdGVfcmVxdWVzdCIsIm9yZGVyYnlfc3RhdHVzIjoxLCJpZl9kaXNwYXRjaGVyIjpmYWxzZSwidXNlcl9pbWFnZSI6Imh0dHBzOlwvXC9teHViZXIubWltZWxkLmNvbVwvc3RvcmFnZVwvdXBsb2Fkc1wvdXNlclwvcHJvZmlsZS1waWN0dXJlXC95VmJ3dm5RWDIydnYwTlg3V3BnMVZMVzVFWTVaVHFUMVJrZG9peWh2LnBuZyIsImRyaWN2ZXJfZGV0YWlscyI6bnVsbCwiY3JlYXRlZF9hdCI6IjIwMjUtMDctMTEgMDk6MjY6MzAifSx7InJhdGluZyI6IjAuMDAiLCJzdGF0dXMiOjEsImlzX2FjY2VwdCI6MiwiZHJpY3Zlcl9kZXRhaWxzIjp7Im5hbWUiOiJUZXN0RHJpdmVyIiwibW9iaWxlIjoiOTg3NjU0MzIxNCIsImltYWdlIjoiaHR0cHM6XC9cL214dWJlci5taW1lbGQuY29tXC9hc3NldHNcL2ltYWdlc1wvZGVmYXVsdC1wcm9maWxlLXBpY3R1cmUucG5nIn0sImNyZWF0ZWRfYXQiOiIyMDI1LTA3LTExIDA5OjI2OjM1Iiwib3JkZXJieV9zdGF0dXMiOjIsInByb2Nlc3NfdHlwZSI6ImFjY2VwdCJ9LHsicmF0aW5nIjoiMC4wMCIsInN0YXR1cyI6NCwicHJvY2Vzc190eXBlIjoidHJpcF9hcnJpdmVkIiwib3JkZXJieV9zdGF0dXMiOjMsImRyaWN2ZXJfZGV0YWlscyI6eyJuYW1lIjoiVGVzdERyaXZlciIsIm1vYmlsZSI6Ijk4NzY1NDMyMTQiLCJpbWFnZSI6Imh0dHBzOlwvXC9teHViZXIubWltZWxkLmNvbVwvYXNzZXRzXC9pbWFnZXNcL2RlZmF1bHQtcHJvZmlsZS1waWN0dXJlLnBuZyJ9LCJjcmVhdGVkX2F0IjoiMjAyNS0wNy0xMSAwOToyNzoxNiJ9LHsicmF0aW5nIjoiMC4wMCIsInN0YXR1cyI6NSwib3JkZXJieV9zdGF0dXMiOjQsInByb2Nlc3NfdHlwZSI6InRyaXBfc3RhcnQiLCJkcmljdmVyX2RldGFpbHMiOnsibmFtZSI6IlRlc3REcml2ZXIiLCJtb2JpbGUiOiI5ODc2NTQzMjE0IiwiaW1hZ2UiOiJodHRwczpcL1wvbXh1YmVyLm1pbWVsZC5jb21cL2Fzc2V0c1wvaW1hZ2VzXC9kZWZhdWx0LXByb2ZpbGUtcGljdHVyZS5wbmcifSwiY3JlYXRlZF9hdCI6IjIwMjUtMDctMTEgMDk6Mjc6NTMifSx7InJhdGluZyI6IjAuMDAiLCJzdGF0dXMiOjUsInByb2Nlc3NfdHlwZSI6InRyaXBfY29tcGxldGVkIiwib3JkZXJieV9zdGF0dXMiOjUsImRyaWN2ZXJfZGV0YWlscyI6eyJuYW1lIjoiVGVzdERyaXZlciIsIm1vYmlsZSI6Ijk4NzY1NDMyMTQiLCJpbWFnZSI6Imh0dHBzOlwvXC9teHViZXIubWltZWxkLmNvbVwvYXNzZXRzXC9pbWFnZXNcL2RlZmF1bHQtcHJvZmlsZS1waWN0dXJlLnBuZyJ9LCJjcmVhdGVkX2F0IjoiMjAyNS0wNy0xMSAwOToyODo0MyJ9XQ==','5','2025-07-11 09:26:30','2025-07-11 09:28:43'),
(76,'d87ccb85-8f3b-45d9-bd0c-d0905bda183e',2,NULL,'W3sic3RhdHVzIjoxLCJwcm9jZXNzX3R5cGUiOiJjcmVhdGVfcmVxdWVzdCIsIm9yZGVyYnlfc3RhdHVzIjoxLCJpZl9kaXNwYXRjaGVyIjpmYWxzZSwidXNlcl9pbWFnZSI6Imh0dHBzOlwvXC9teHViZXIubWltZWxkLmNvbVwvc3RvcmFnZVwvdXBsb2Fkc1wvdXNlclwvcHJvZmlsZS1waWN0dXJlXC95VmJ3dm5RWDIydnYwTlg3V3BnMVZMVzVFWTVaVHFUMVJrZG9peWh2LnBuZyIsImRyaWN2ZXJfZGV0YWlscyI6bnVsbCwiY3JlYXRlZF9hdCI6IjIwMjUtMDctMTEgMDk6MzE6MzgifSx7InN0YXR1cyI6NywicHJvY2Vzc190eXBlIjoidXNlcl9jYW5jZWxsZWQiLCJjcmVhdGVkX2F0IjoiMjAyNS0wNy0xMSAwOTozMTo0MyIsImRyaWN2ZXJfZGV0YWlscyI6eyJuYW1lIjoiVXNlciBEZW1vIiwibW9iaWxlIjoiOTg3NjU0MzIxMCIsImltYWdlIjoiaHR0cHM6XC9cL214dWJlci5taW1lbGQuY29tXC9zdG9yYWdlXC91cGxvYWRzXC91c2VyXC9wcm9maWxlLXBpY3R1cmVcL3lWYnd2blFYMjJ2djBOWDdXcGcxVkxXNUVZNVpUcVQxUmtkb2l5aHYucG5nIn19XQ==','2','2025-07-11 09:31:38','2025-07-11 09:31:43'),
(77,'c0355fc3-e282-4bc0-8693-032d2d4e7dfd',2,4,'W3sic3RhdHVzIjoxLCJwcm9jZXNzX3R5cGUiOiJjcmVhdGVfcmVxdWVzdCIsIm9yZGVyYnlfc3RhdHVzIjoxLCJpZl9kaXNwYXRjaGVyIjpmYWxzZSwidXNlcl9pbWFnZSI6Imh0dHBzOlwvXC9teHViZXIubWltZWxkLmNvbVwvc3RvcmFnZVwvdXBsb2Fkc1wvdXNlclwvcHJvZmlsZS1waWN0dXJlXC95VmJ3dm5RWDIydnYwTlg3V3BnMVZMVzVFWTVaVHFUMVJrZG9peWh2LnBuZyIsImRyaWN2ZXJfZGV0YWlscyI6bnVsbCwiY3JlYXRlZF9hdCI6IjIwMjUtMDctMTEgMDk6MzU6NTEifSx7InJhdGluZyI6IjQuMDAiLCJzdGF0dXMiOjEsImlzX2FjY2VwdCI6MiwiZHJpY3Zlcl9kZXRhaWxzIjp7Im5hbWUiOiJUZXN0RHJpdmVyIiwibW9iaWxlIjoiOTg3NjU0MzIxNCIsImltYWdlIjoiaHR0cHM6XC9cL214dWJlci5taW1lbGQuY29tXC9hc3NldHNcL2ltYWdlc1wvZGVmYXVsdC1wcm9maWxlLXBpY3R1cmUucG5nIn0sImNyZWF0ZWRfYXQiOiIyMDI1LTA3LTExIDA5OjM1OjU4Iiwib3JkZXJieV9zdGF0dXMiOjIsInByb2Nlc3NfdHlwZSI6ImFjY2VwdCJ9LHsicmF0aW5nIjoiNC4wMCIsInN0YXR1cyI6NCwicHJvY2Vzc190eXBlIjoidHJpcF9hcnJpdmVkIiwib3JkZXJieV9zdGF0dXMiOjMsImRyaWN2ZXJfZGV0YWlscyI6eyJuYW1lIjoiVGVzdERyaXZlciIsIm1vYmlsZSI6Ijk4NzY1NDMyMTQiLCJpbWFnZSI6Imh0dHBzOlwvXC9teHViZXIubWltZWxkLmNvbVwvYXNzZXRzXC9pbWFnZXNcL2RlZmF1bHQtcHJvZmlsZS1waWN0dXJlLnBuZyJ9LCJjcmVhdGVkX2F0IjoiMjAyNS0wNy0xMSAwOTozNjowMyJ9LHsicmF0aW5nIjoiNC4wMCIsInN0YXR1cyI6NSwib3JkZXJieV9zdGF0dXMiOjQsInByb2Nlc3NfdHlwZSI6InRyaXBfc3RhcnQiLCJkcmljdmVyX2RldGFpbHMiOnsibmFtZSI6IlRlc3REcml2ZXIiLCJtb2JpbGUiOiI5ODc2NTQzMjE0IiwiaW1hZ2UiOiJodHRwczpcL1wvbXh1YmVyLm1pbWVsZC5jb21cL2Fzc2V0c1wvaW1hZ2VzXC9kZWZhdWx0LXByb2ZpbGUtcGljdHVyZS5wbmcifSwiY3JlYXRlZF9hdCI6IjIwMjUtMDctMTEgMDk6MzY6MzIifSx7InJhdGluZyI6IjQuMDAiLCJzdGF0dXMiOjUsInByb2Nlc3NfdHlwZSI6InRyaXBfY29tcGxldGVkIiwib3JkZXJieV9zdGF0dXMiOjUsImRyaWN2ZXJfZGV0YWlscyI6eyJuYW1lIjoiVGVzdERyaXZlciIsIm1vYmlsZSI6Ijk4NzY1NDMyMTQiLCJpbWFnZSI6Imh0dHBzOlwvXC9teHViZXIubWltZWxkLmNvbVwvYXNzZXRzXC9pbWFnZXNcL2RlZmF1bHQtcHJvZmlsZS1waWN0dXJlLnBuZyJ9LCJjcmVhdGVkX2F0IjoiMjAyNS0wNy0xMSAwOTozNzozMCJ9XQ==','5','2025-07-11 09:35:51','2025-07-11 09:37:30'),
(78,'64643543-1157-4075-a890-1cbeeb235fb1',2,4,'W3sic3RhdHVzIjoxLCJwcm9jZXNzX3R5cGUiOiJjcmVhdGVfcmVxdWVzdCIsIm9yZGVyYnlfc3RhdHVzIjoxLCJpZl9kaXNwYXRjaGVyIjpmYWxzZSwidXNlcl9pbWFnZSI6Imh0dHBzOlwvXC9teHViZXIubWltZWxkLmNvbVwvc3RvcmFnZVwvdXBsb2Fkc1wvdXNlclwvcHJvZmlsZS1waWN0dXJlXC95VmJ3dm5RWDIydnYwTlg3V3BnMVZMVzVFWTVaVHFUMVJrZG9peWh2LnBuZyIsImRyaWN2ZXJfZGV0YWlscyI6bnVsbCwiY3JlYXRlZF9hdCI6IjIwMjUtMDctMTEgMDk6Mzg6MjcifSx7InJhdGluZyI6IjQuMDAiLCJzdGF0dXMiOjEsImlzX2FjY2VwdCI6MiwiZHJpY3Zlcl9kZXRhaWxzIjp7Im5hbWUiOiJUZXN0RHJpdmVyIiwibW9iaWxlIjoiOTg3NjU0MzIxNCIsImltYWdlIjoiaHR0cHM6XC9cL214dWJlci5taW1lbGQuY29tXC9hc3NldHNcL2ltYWdlc1wvZGVmYXVsdC1wcm9maWxlLXBpY3R1cmUucG5nIn0sImNyZWF0ZWRfYXQiOiIyMDI1LTA3LTExIDA5OjM4OjQxIiwib3JkZXJieV9zdGF0dXMiOjIsInByb2Nlc3NfdHlwZSI6ImFjY2VwdCJ9LHsicmF0aW5nIjoiNC4wMCIsInN0YXR1cyI6NCwicHJvY2Vzc190eXBlIjoidHJpcF9hcnJpdmVkIiwib3JkZXJieV9zdGF0dXMiOjMsImRyaWN2ZXJfZGV0YWlscyI6eyJuYW1lIjoiVGVzdERyaXZlciIsIm1vYmlsZSI6Ijk4NzY1NDMyMTQiLCJpbWFnZSI6Imh0dHBzOlwvXC9teHViZXIubWltZWxkLmNvbVwvYXNzZXRzXC9pbWFnZXNcL2RlZmF1bHQtcHJvZmlsZS1waWN0dXJlLnBuZyJ9LCJjcmVhdGVkX2F0IjoiMjAyNS0wNy0xMSAwOTo0MzowNiJ9LHsicmF0aW5nIjoiNC4wMCIsInN0YXR1cyI6NSwib3JkZXJieV9zdGF0dXMiOjQsInByb2Nlc3NfdHlwZSI6InRyaXBfc3RhcnQiLCJkcmljdmVyX2RldGFpbHMiOnsibmFtZSI6IlRlc3REcml2ZXIiLCJtb2JpbGUiOiI5ODc2NTQzMjE0IiwiaW1hZ2UiOiJodHRwczpcL1wvbXh1YmVyLm1pbWVsZC5jb21cL2Fzc2V0c1wvaW1hZ2VzXC9kZWZhdWx0LXByb2ZpbGUtcGljdHVyZS5wbmcifSwiY3JlYXRlZF9hdCI6IjIwMjUtMDctMTEgMDk6NDM6MTkifSx7InJhdGluZyI6IjQuMDAiLCJzdGF0dXMiOjUsInByb2Nlc3NfdHlwZSI6InRyaXBfY29tcGxldGVkIiwib3JkZXJieV9zdGF0dXMiOjUsImRyaWN2ZXJfZGV0YWlscyI6eyJuYW1lIjoiVGVzdERyaXZlciIsIm1vYmlsZSI6Ijk4NzY1NDMyMTQiLCJpbWFnZSI6Imh0dHBzOlwvXC9teHViZXIubWltZWxkLmNvbVwvYXNzZXRzXC9pbWFnZXNcL2RlZmF1bHQtcHJvZmlsZS1waWN0dXJlLnBuZyJ9LCJjcmVhdGVkX2F0IjoiMjAyNS0wNy0xMSAwOTo0MzoyNiJ9XQ==','5','2025-07-11 09:38:27','2025-07-11 09:43:26'),
(79,'a61e5802-6e04-4ca4-b385-c753661eff9e',2,NULL,'W3sic3RhdHVzIjoxLCJwcm9jZXNzX3R5cGUiOiJjcmVhdGVfcmVxdWVzdCIsIm9yZGVyYnlfc3RhdHVzIjoxLCJpZl9kaXNwYXRjaGVyIjpmYWxzZSwidXNlcl9pbWFnZSI6Imh0dHBzOlwvXC9teHViZXIubWltZWxkLmNvbVwvc3RvcmFnZVwvdXBsb2Fkc1wvdXNlclwvcHJvZmlsZS1waWN0dXJlXC95VmJ3dm5RWDIydnYwTlg3V3BnMVZMVzVFWTVaVHFUMVJrZG9peWh2LnBuZyIsImRyaWN2ZXJfZGV0YWlscyI6bnVsbCwiY3JlYXRlZF9hdCI6IjIwMjUtMDctMTEgMDk6NDE6NDgifSx7InN0YXR1cyI6NywicHJvY2Vzc190eXBlIjoidXNlcl9jYW5jZWxsZWQiLCJjcmVhdGVkX2F0IjoiMjAyNS0wNy0xMSAwOTo0MTo1MiIsImRyaWN2ZXJfZGV0YWlscyI6eyJuYW1lIjoiVXNlciBEZW1vIiwibW9iaWxlIjoiOTg3NjU0MzIxMCIsImltYWdlIjoiaHR0cHM6XC9cL214dWJlci5taW1lbGQuY29tXC9zdG9yYWdlXC91cGxvYWRzXC91c2VyXC9wcm9maWxlLXBpY3R1cmVcL3lWYnd2blFYMjJ2djBOWDdXcGcxVkxXNUVZNVpUcVQxUmtkb2l5aHYucG5nIn19XQ==','2','2025-07-11 09:41:48','2025-07-11 09:41:52'),
(80,'fe8c37d1-b693-4957-849e-2e1354a3b96a',2,NULL,'W3sicHJvY2Vzc190eXBlIjoiY3JlYXRlX3JlcXVlc3QiLCJzdGF0dXMiOjEsImlmX2Rpc3BhdGNoZXIiOmZhbHNlLCJ1c2VyX2ltYWdlIjoiaHR0cHM6XC9cL214dWJlci5taW1lbGQuY29tXC9zdG9yYWdlXC91cGxvYWRzXC91c2VyXC9wcm9maWxlLXBpY3R1cmVcL3lWYnd2blFYMjJ2djBOWDdXcGcxVkxXNUVZNVpUcVQxUmtkb2l5aHYucG5nIiwib3JkZXJieV9zdGF0dXMiOjEsImRyaWN2ZXJfZGV0YWlscyI6bnVsbCwiY3JlYXRlZF9hdCI6IjIwMjUtMDctMTEgMDk6NDI6MjcifV0=','1','2025-07-11 09:42:27','2025-07-11 09:42:27'),
(81,'4d140234-5dbc-4635-9c86-63a845da1867',2,NULL,'W3sic3RhdHVzIjoxLCJwcm9jZXNzX3R5cGUiOiJjcmVhdGVfcmVxdWVzdCIsIm9yZGVyYnlfc3RhdHVzIjoxLCJpZl9kaXNwYXRjaGVyIjpmYWxzZSwidXNlcl9pbWFnZSI6Imh0dHBzOlwvXC9teHViZXIubWltZWxkLmNvbVwvc3RvcmFnZVwvdXBsb2Fkc1wvdXNlclwvcHJvZmlsZS1waWN0dXJlXC95VmJ3dm5RWDIydnYwTlg3V3BnMVZMVzVFWTVaVHFUMVJrZG9peWh2LnBuZyIsImRyaWN2ZXJfZGV0YWlscyI6bnVsbCwiY3JlYXRlZF9hdCI6IjIwMjUtMDctMTEgMDk6NDM6MjEifSx7InN0YXR1cyI6NywicHJvY2Vzc190eXBlIjoidXNlcl9jYW5jZWxsZWQiLCJjcmVhdGVkX2F0IjoiMjAyNS0wNy0xMSAwOTo0MzozNiIsImRyaWN2ZXJfZGV0YWlscyI6eyJuYW1lIjoiVXNlciBEZW1vIiwibW9iaWxlIjoiOTg3NjU0MzIxMCIsImltYWdlIjoiaHR0cHM6XC9cL214dWJlci5taW1lbGQuY29tXC9zdG9yYWdlXC91cGxvYWRzXC91c2VyXC9wcm9maWxlLXBpY3R1cmVcL3lWYnd2blFYMjJ2djBOWDdXcGcxVkxXNUVZNVpUcVQxUmtkb2l5aHYucG5nIn19XQ==','2','2025-07-11 09:43:21','2025-07-11 09:43:36'),
(82,'c1c62b02-41e8-4b0d-a1c9-5de2af52db0e',2,4,'W3sic3RhdHVzIjoxLCJwcm9jZXNzX3R5cGUiOiJjcmVhdGVfcmVxdWVzdCIsIm9yZGVyYnlfc3RhdHVzIjoxLCJpZl9kaXNwYXRjaGVyIjpmYWxzZSwidXNlcl9pbWFnZSI6Imh0dHBzOlwvXC9teHViZXIubWltZWxkLmNvbVwvc3RvcmFnZVwvdXBsb2Fkc1wvdXNlclwvcHJvZmlsZS1waWN0dXJlXC95VmJ3dm5RWDIydnYwTlg3V3BnMVZMVzVFWTVaVHFUMVJrZG9peWh2LnBuZyIsImRyaWN2ZXJfZGV0YWlscyI6bnVsbCwiY3JlYXRlZF9hdCI6IjIwMjUtMDctMTEgMDk6NTA6MTgifSx7InJhdGluZyI6IjQuMDAiLCJzdGF0dXMiOjEsImlzX2FjY2VwdCI6MiwiZHJpY3Zlcl9kZXRhaWxzIjp7Im5hbWUiOiJUZXN0RHJpdmVyIiwibW9iaWxlIjoiOTg3NjU0MzIxNCIsImltYWdlIjoiaHR0cHM6XC9cL214dWJlci5taW1lbGQuY29tXC9hc3NldHNcL2ltYWdlc1wvZGVmYXVsdC1wcm9maWxlLXBpY3R1cmUucG5nIn0sImNyZWF0ZWRfYXQiOiIyMDI1LTA3LTExIDA5OjUwOjI4Iiwib3JkZXJieV9zdGF0dXMiOjIsInByb2Nlc3NfdHlwZSI6ImFjY2VwdCJ9LHsicmF0aW5nIjoiNC4wMCIsInN0YXR1cyI6NCwicHJvY2Vzc190eXBlIjoidHJpcF9hcnJpdmVkIiwib3JkZXJieV9zdGF0dXMiOjMsImRyaWN2ZXJfZGV0YWlscyI6eyJuYW1lIjoiVGVzdERyaXZlciIsIm1vYmlsZSI6Ijk4NzY1NDMyMTQiLCJpbWFnZSI6Imh0dHBzOlwvXC9teHViZXIubWltZWxkLmNvbVwvYXNzZXRzXC9pbWFnZXNcL2RlZmF1bHQtcHJvZmlsZS1waWN0dXJlLnBuZyJ9LCJjcmVhdGVkX2F0IjoiMjAyNS0wNy0xMSAwOTo1MDozNSJ9LHsicmF0aW5nIjoiNC4wMCIsInN0YXR1cyI6NSwib3JkZXJieV9zdGF0dXMiOjQsInByb2Nlc3NfdHlwZSI6InRyaXBfc3RhcnQiLCJkcmljdmVyX2RldGFpbHMiOnsibmFtZSI6IlRlc3REcml2ZXIiLCJtb2JpbGUiOiI5ODc2NTQzMjE0IiwiaW1hZ2UiOiJodHRwczpcL1wvbXh1YmVyLm1pbWVsZC5jb21cL2Fzc2V0c1wvaW1hZ2VzXC9kZWZhdWx0LXByb2ZpbGUtcGljdHVyZS5wbmcifSwiY3JlYXRlZF9hdCI6IjIwMjUtMDctMTEgMDk6NTA6NTIifSx7InJhdGluZyI6IjQuMDAiLCJzdGF0dXMiOjUsInByb2Nlc3NfdHlwZSI6InRyaXBfY29tcGxldGVkIiwib3JkZXJieV9zdGF0dXMiOjUsImRyaWN2ZXJfZGV0YWlscyI6eyJuYW1lIjoiVGVzdERyaXZlciIsIm1vYmlsZSI6Ijk4NzY1NDMyMTQiLCJpbWFnZSI6Imh0dHBzOlwvXC9teHViZXIubWltZWxkLmNvbVwvYXNzZXRzXC9pbWFnZXNcL2RlZmF1bHQtcHJvZmlsZS1waWN0dXJlLnBuZyJ9LCJjcmVhdGVkX2F0IjoiMjAyNS0wNy0xMSAxMDowMToxMiJ9XQ==','5','2025-07-11 09:50:18','2025-07-11 10:01:12'),
(83,'8b7b0d4e-a915-4faf-b7db-2c1baa5ca38b',41,NULL,'W3sic3RhdHVzIjoxLCJwcm9jZXNzX3R5cGUiOiJjcmVhdGVfcmVxdWVzdCIsIm9yZGVyYnlfc3RhdHVzIjoxLCJpZl9kaXNwYXRjaGVyIjpmYWxzZSwidXNlcl9pbWFnZSI6Imh0dHBzOlwvXC9teHViZXIubWltZWxkLmNvbVwvYXNzZXRzXC9pbWFnZXNcL2RlZmF1bHQtcHJvZmlsZS1waWN0dXJlLnBuZyIsImRyaWN2ZXJfZGV0YWlscyI6bnVsbCwiY3JlYXRlZF9hdCI6IjIwMjUtMDctMTEgMTA6MTU6MzIifSx7InN0YXR1cyI6NywicHJvY2Vzc190eXBlIjoidXNlcl9jYW5jZWxsZWQiLCJjcmVhdGVkX2F0IjoiMjAyNS0wNy0xMSAxMDoyMDoyOSIsImRyaWN2ZXJfZGV0YWlscyI6eyJuYW1lIjoibmV3d3ciLCJtb2JpbGUiOiI3NzEwOTAwOTMxIiwiaW1hZ2UiOiJodHRwczpcL1wvbXh1YmVyLm1pbWVsZC5jb21cL2Fzc2V0c1wvaW1hZ2VzXC9kZWZhdWx0LXByb2ZpbGUtcGljdHVyZS5wbmcifX1d','2','2025-07-11 10:15:32','2025-07-11 10:20:29'),
(84,'5ec6977d-fb83-44fc-8199-b645e6bcd3d1',44,NULL,'W3sicHJvY2Vzc190eXBlIjoiY3JlYXRlX3JlcXVlc3QiLCJzdGF0dXMiOjEsImlmX2Rpc3BhdGNoZXIiOmZhbHNlLCJ1c2VyX2ltYWdlIjoiaHR0cHM6XC9cL214dWJlci5taW1lbGQuY29tXC9hc3NldHNcL2ltYWdlc1wvZGVmYXVsdC1wcm9maWxlLXBpY3R1cmUucG5nIiwib3JkZXJieV9zdGF0dXMiOjEsImRyaWN2ZXJfZGV0YWlscyI6bnVsbCwiY3JlYXRlZF9hdCI6IjIwMjUtMDctMTEgMTA6MTg6MTMifV0=','1','2025-07-11 10:18:13','2025-07-11 10:18:13'),
(85,'26cf9df4-2436-4f1e-a95d-8d863e4f42b3',2,NULL,'W3sic3RhdHVzIjoxLCJwcm9jZXNzX3R5cGUiOiJjcmVhdGVfcmVxdWVzdCIsIm9yZGVyYnlfc3RhdHVzIjoxLCJpZl9kaXNwYXRjaGVyIjpmYWxzZSwidXNlcl9pbWFnZSI6Imh0dHBzOlwvXC9teHViZXIubWltZWxkLmNvbVwvc3RvcmFnZVwvdXBsb2Fkc1wvdXNlclwvcHJvZmlsZS1waWN0dXJlXC95VmJ3dm5RWDIydnYwTlg3V3BnMVZMVzVFWTVaVHFUMVJrZG9peWh2LnBuZyIsImRyaWN2ZXJfZGV0YWlscyI6bnVsbCwiY3JlYXRlZF9hdCI6IjIwMjUtMDctMTEgMTA6NDY6MDUifSx7InN0YXR1cyI6NywicHJvY2Vzc190eXBlIjoidXNlcl9jYW5jZWxsZWQiLCJjcmVhdGVkX2F0IjoiMjAyNS0wNy0xMSAxMDo0NzoxMSIsImRyaWN2ZXJfZGV0YWlscyI6eyJuYW1lIjoiVXNlciBEZW1vIiwibW9iaWxlIjoiOTg3NjU0MzIxMCIsImltYWdlIjoiaHR0cHM6XC9cL214dWJlci5taW1lbGQuY29tXC9zdG9yYWdlXC91cGxvYWRzXC91c2VyXC9wcm9maWxlLXBpY3R1cmVcL3lWYnd2blFYMjJ2djBOWDdXcGcxVkxXNUVZNVpUcVQxUmtkb2l5aHYucG5nIn19XQ==','2','2025-07-11 10:46:05','2025-07-11 10:47:11'),
(86,'b3375f01-5a10-4cfc-93f2-71ea210e259c',44,NULL,'W3sic3RhdHVzIjoxLCJwcm9jZXNzX3R5cGUiOiJjcmVhdGVfcmVxdWVzdCIsIm9yZGVyYnlfc3RhdHVzIjoxLCJpZl9kaXNwYXRjaGVyIjpmYWxzZSwidXNlcl9pbWFnZSI6Imh0dHBzOlwvXC9teHViZXIubWltZWxkLmNvbVwvYXNzZXRzXC9pbWFnZXNcL2RlZmF1bHQtcHJvZmlsZS1waWN0dXJlLnBuZyIsImRyaWN2ZXJfZGV0YWlscyI6bnVsbCwiY3JlYXRlZF9hdCI6IjIwMjUtMDctMTEgMTA6NTk6MjYifSx7InN0YXR1cyI6NywicHJvY2Vzc190eXBlIjoidXNlcl9jYW5jZWxsZWQiLCJjcmVhdGVkX2F0IjoiMjAyNS0wNy0xMSAxMDo1OToyOSIsImRyaWN2ZXJfZGV0YWlscyI6eyJuYW1lIjoidGVzdCIsIm1vYmlsZSI6Ijk2NTM0MTIwODciLCJpbWFnZSI6Imh0dHBzOlwvXC9teHViZXIubWltZWxkLmNvbVwvYXNzZXRzXC9pbWFnZXNcL2RlZmF1bHQtcHJvZmlsZS1waWN0dXJlLnBuZyJ9fV0=','2','2025-07-11 10:59:26','2025-07-11 10:59:29'),
(87,'1974b926-d2e5-4a3e-97d6-bdcdbf5edbc6',44,NULL,'W3sic3RhdHVzIjoxLCJwcm9jZXNzX3R5cGUiOiJjcmVhdGVfcmVxdWVzdCIsIm9yZGVyYnlfc3RhdHVzIjoxLCJpZl9kaXNwYXRjaGVyIjpmYWxzZSwidXNlcl9pbWFnZSI6Imh0dHBzOlwvXC9teHViZXIubWltZWxkLmNvbVwvYXNzZXRzXC9pbWFnZXNcL2RlZmF1bHQtcHJvZmlsZS1waWN0dXJlLnBuZyIsImRyaWN2ZXJfZGV0YWlscyI6bnVsbCwiY3JlYXRlZF9hdCI6IjIwMjUtMDctMTEgMTE6MDE6MjQifSx7InN0YXR1cyI6NywicHJvY2Vzc190eXBlIjoidXNlcl9jYW5jZWxsZWQiLCJjcmVhdGVkX2F0IjoiMjAyNS0wNy0xMSAxMTowMTozMSIsImRyaWN2ZXJfZGV0YWlscyI6eyJuYW1lIjoidGVzdCIsIm1vYmlsZSI6Ijk2NTM0MTIwODciLCJpbWFnZSI6Imh0dHBzOlwvXC9teHViZXIubWltZWxkLmNvbVwvYXNzZXRzXC9pbWFnZXNcL2RlZmF1bHQtcHJvZmlsZS1waWN0dXJlLnBuZyJ9fSx7InN0YXR1cyI6NywicHJvY2Vzc190eXBlIjoidXNlcl9jYW5jZWxsZWQiLCJjcmVhdGVkX2F0IjoiMjAyNS0wNy0xMSAxMTowMTozMiIsImRyaWN2ZXJfZGV0YWlscyI6eyJuYW1lIjoidGVzdCIsIm1vYmlsZSI6Ijk2NTM0MTIwODciLCJpbWFnZSI6Imh0dHBzOlwvXC9teHViZXIubWltZWxkLmNvbVwvYXNzZXRzXC9pbWFnZXNcL2RlZmF1bHQtcHJvZmlsZS1waWN0dXJlLnBuZyJ9fV0=','3','2025-07-11 11:01:24','2025-07-11 11:01:32'),
(88,'33337975-4fdb-48d4-93ee-50f4f1c018d6',44,16,'W3sic3RhdHVzIjoxLCJwcm9jZXNzX3R5cGUiOiJjcmVhdGVfcmVxdWVzdCIsIm9yZGVyYnlfc3RhdHVzIjoxLCJpZl9kaXNwYXRjaGVyIjpmYWxzZSwidXNlcl9pbWFnZSI6Imh0dHBzOlwvXC9teHViZXIubWltZWxkLmNvbVwvYXNzZXRzXC9pbWFnZXNcL2RlZmF1bHQtcHJvZmlsZS1waWN0dXJlLnBuZyIsImRyaWN2ZXJfZGV0YWlscyI6bnVsbCwiY3JlYXRlZF9hdCI6IjIwMjUtMDctMTEgMTE6MDE6MzgifSx7InJhdGluZyI6IjAuMDAiLCJzdGF0dXMiOjEsImlzX2FjY2VwdCI6MiwiZHJpY3Zlcl9kZXRhaWxzIjp7Im5hbWUiOiJ0ZXN0IiwibW9iaWxlIjoiOTYzMjU4NzQxMCIsImltYWdlIjoiaHR0cHM6XC9cL214dWJlci5taW1lbGQuY29tXC9hc3NldHNcL2ltYWdlc1wvZGVmYXVsdC1wcm9maWxlLXBpY3R1cmUucG5nIn0sImNyZWF0ZWRfYXQiOiIyMDI1LTA3LTExIDExOjAyOjE3Iiwib3JkZXJieV9zdGF0dXMiOjIsInByb2Nlc3NfdHlwZSI6ImFjY2VwdCJ9LHsicmF0aW5nIjoiMC4wMCIsInN0YXR1cyI6NCwicHJvY2Vzc190eXBlIjoidHJpcF9hcnJpdmVkIiwib3JkZXJieV9zdGF0dXMiOjMsImRyaWN2ZXJfZGV0YWlscyI6eyJuYW1lIjoidGVzdCIsIm1vYmlsZSI6Ijk2MzI1ODc0MTAiLCJpbWFnZSI6Imh0dHBzOlwvXC9teHViZXIubWltZWxkLmNvbVwvYXNzZXRzXC9pbWFnZXNcL2RlZmF1bHQtcHJvZmlsZS1waWN0dXJlLnBuZyJ9LCJjcmVhdGVkX2F0IjoiMjAyNS0wNy0xMSAxMTowMjozMiJ9LHsicmF0aW5nIjoiMC4wMCIsInN0YXR1cyI6NSwib3JkZXJieV9zdGF0dXMiOjQsInByb2Nlc3NfdHlwZSI6InRyaXBfc3RhcnQiLCJkcmljdmVyX2RldGFpbHMiOnsibmFtZSI6InRlc3QiLCJtb2JpbGUiOiI5NjMyNTg3NDEwIiwiaW1hZ2UiOiJodHRwczpcL1wvbXh1YmVyLm1pbWVsZC5jb21cL2Fzc2V0c1wvaW1hZ2VzXC9kZWZhdWx0LXByb2ZpbGUtcGljdHVyZS5wbmcifSwiY3JlYXRlZF9hdCI6IjIwMjUtMDctMTEgMTE6MDM6MDMifSx7InJhdGluZyI6IjAuMDAiLCJzdGF0dXMiOjUsInByb2Nlc3NfdHlwZSI6InRyaXBfY29tcGxldGVkIiwib3JkZXJieV9zdGF0dXMiOjUsImRyaWN2ZXJfZGV0YWlscyI6eyJuYW1lIjoidGVzdCIsIm1vYmlsZSI6Ijk2MzI1ODc0MTAiLCJpbWFnZSI6Imh0dHBzOlwvXC9teHViZXIubWltZWxkLmNvbVwvYXNzZXRzXC9pbWFnZXNcL2RlZmF1bHQtcHJvZmlsZS1waWN0dXJlLnBuZyJ9LCJjcmVhdGVkX2F0IjoiMjAyNS0wNy0xMSAxMTowMzowNyJ9XQ==','5','2025-07-11 11:01:38','2025-07-11 11:03:07');

--
-- Table structure for table `request_delivery_proofs`
--

CREATE TABLE `request_delivery_proofs` (
  `id` int(10) unsigned NOT NULL AUTO_INCREMENT,
  `request_id` char(36) COLLATE utf8mb4_unicode_ci NOT NULL,
  `after_load` tinyint(1) NOT NULL DEFAULT 0,
  `after_unload` tinyint(1) NOT NULL DEFAULT 0,
  `proof_image` varchar(191) COLLATE utf8mb4_unicode_ci NOT NULL,
  `created_at` timestamp NULL DEFAULT NULL,
  `updated_at` timestamp NULL DEFAULT NULL,
  PRIMARY KEY (`id`),
  KEY `request_delivery_proofs_request_id_foreign` (`request_id`),
  CONSTRAINT `request_delivery_proofs_request_id_foreign` FOREIGN KEY (`request_id`) REFERENCES `requests` (`id`) ON DELETE CASCADE
) ENGINE=InnoDB AUTO_INCREMENT=19 DEFAULT CHARSET=utf8mb4 COLLATE=utf8mb4_unicode_ci;

--
-- Dumping data for table `request_delivery_proofs`
--

INSERT INTO `request_delivery_proofs` VALUES
(1,'7645a091-dc10-4aea-9840-4759e2727abb',0,0,'A467FhWAC3eqAsEQB7YUPsSZOFzce4zrz9P5XS0i.jpg','2025-07-09 09:35:45','2025-07-09 09:35:45'),
(2,'7645a091-dc10-4aea-9840-4759e2727abb',1,0,'UDDY12KkkzFZ6SiarYBsnbbMk1NIfUBhAK4D9R9D.jpg','2025-07-09 09:36:53','2025-07-09 09:36:53'),
(3,'7645a091-dc10-4aea-9840-4759e2727abb',0,1,'4xsxsXfamMyc92277Yit3WePTquOBqSotIs3OMpr.png','2025-07-09 09:37:01','2025-07-09 09:37:01'),
(4,'3fd1d886-0790-4a46-ab7a-4811da57dd78',0,0,'WC1UZe67XZK7lSLki6byw3uCZbyglyviw6OUjVor.jpg','2025-07-09 09:42:04','2025-07-09 09:42:04'),
(5,'3fd1d886-0790-4a46-ab7a-4811da57dd78',1,0,'B1tDq1p93365EfmhmaFKss1LIz8l87APXU0ZomvH.jpg','2025-07-09 09:43:39','2025-07-09 09:43:39'),
(6,'3fd1d886-0790-4a46-ab7a-4811da57dd78',0,1,'r9p1ZhiME5rcyWofyjhWR2lUwqvuJRIDJNcFvx0C.png','2025-07-09 09:43:48','2025-07-09 09:43:48'),
(7,'71dd8364-0905-4539-9db5-74aef01b2b01',0,0,'Tb6WwaT91drCwEV9bJJPhjNPO4R1xtWMoUdKJ9iy.jpg','2025-07-09 09:49:56','2025-07-09 09:49:56'),
(8,'71dd8364-0905-4539-9db5-74aef01b2b01',1,0,'Qj33OZZXDhNo8T6nlqMXr6FuAZ0T6BX6hYebSm1K.jpg','2025-07-09 09:58:30','2025-07-09 09:58:30'),
(9,'71dd8364-0905-4539-9db5-74aef01b2b01',0,1,'adfOcqg4eNlREvyHbcRTuPXZlN2ceH2eYHjQPej6.png','2025-07-09 09:58:35','2025-07-09 09:58:35'),
(10,'94022826-a02e-4412-b49c-8f050106240f',0,0,'CYtiqxerb6xPhaaJTK9tBGbXe74WTgnnqIFhTNYZ.jpg','2025-07-09 11:18:40','2025-07-09 11:18:40'),
(11,'94022826-a02e-4412-b49c-8f050106240f',1,0,'94ASzRl2dffSQJ3Xy6Jfx2IAdlcpPIeG6VNAHagZ.jpg','2025-07-09 11:19:07','2025-07-09 11:19:07'),
(12,'94022826-a02e-4412-b49c-8f050106240f',0,1,'mtcaqouf6jdZXFzHdlCoNOb3MkapuyPFdp1hBdgC.png','2025-07-09 11:19:11','2025-07-09 11:19:11'),
(13,'a3c84139-f709-410c-9ffc-cb87eaf42d81',0,0,'l3iYbE97NfD85lpCQa8VxT1Lik8xBDyvslzEe6pD.jpg','2025-07-09 11:23:29','2025-07-09 11:23:29'),
(14,'a3c84139-f709-410c-9ffc-cb87eaf42d81',1,0,'QXJHQwqOXsQV2wg2lGvvWfQXlNrKaBsNumkNrTVd.jpg','2025-07-09 11:23:54','2025-07-09 11:23:54'),
(15,'a3c84139-f709-410c-9ffc-cb87eaf42d81',0,1,'J33Suno962n6hOjWZJCFQEZElyXl3vQkMcdMel9P.png','2025-07-09 11:23:58','2025-07-09 11:23:58'),
(16,'ed62c19e-8ffc-4e6e-80d1-e147b99c3990',0,0,'cUWlYOPxowt3L7jWsYAAb4zAI8fPC3DjmpGgZcwr.jpg','2025-07-10 09:40:01','2025-07-10 09:40:01'),
(17,'ed62c19e-8ffc-4e6e-80d1-e147b99c3990',1,0,'Hch4nJwm3ZyhQAreuFgWZraB2IAiBxWWDV2qH3kT.jpg','2025-07-10 09:40:32','2025-07-10 09:40:32'),
(18,'ed62c19e-8ffc-4e6e-80d1-e147b99c3990',0,1,'ftJUr5S6kzzoIgBLw83mP4RawHFppTVV9kcsDnd2.png','2025-07-10 09:40:47','2025-07-10 09:40:47');

--
-- Table structure for table `request_eta`
--

CREATE TABLE `request_eta` (
  `id` bigint(20) unsigned NOT NULL AUTO_INCREMENT,
  `request_id` char(36) COLLATE utf8mb4_unicode_ci NOT NULL,
  `base_price` double(10,2) NOT NULL DEFAULT 0.00,
  `base_distance` int(11) NOT NULL,
  `total_distance` double(15,8) NOT NULL DEFAULT 0.00000000,
  `total_time` double(15,2) NOT NULL DEFAULT 0.00,
  `price_per_distance` double(10,2) NOT NULL DEFAULT 0.00,
  `distance_price` double(10,2) NOT NULL DEFAULT 0.00,
  `price_per_time` double(10,2) NOT NULL DEFAULT 0.00,
  `time_price` double(10,2) NOT NULL DEFAULT 0.00,
  `waiting_charge` double(10,2) NOT NULL DEFAULT 0.00,
  `cancellation_fee` double(10,2) NOT NULL DEFAULT 0.00,
  `service_tax` double(10,2) NOT NULL DEFAULT 0.00,
  `service_tax_percentage` int(11) NOT NULL DEFAULT 0,
  `promo_discount` double(10,2) NOT NULL DEFAULT 0.00,
  `admin_commision` double(10,2) NOT NULL DEFAULT 0.00,
  `admin_commision_with_tax` double(10,2) NOT NULL DEFAULT 0.00,
  `driver_commision` double(10,2) NOT NULL DEFAULT 0.00,
  `total_amount` double(10,2) NOT NULL DEFAULT 0.00,
  `requested_currency_code` varchar(191) COLLATE utf8mb4_unicode_ci NOT NULL,
  `created_at` timestamp NULL DEFAULT NULL,
  `updated_at` timestamp NULL DEFAULT NULL,
  PRIMARY KEY (`id`),
  KEY `request_eta_request_id_foreign` (`request_id`),
  CONSTRAINT `request_eta_request_id_foreign` FOREIGN KEY (`request_id`) REFERENCES `requests` (`id`) ON DELETE CASCADE
) ENGINE=InnoDB DEFAULT CHARSET=utf8mb4 COLLATE=utf8mb4_unicode_ci;

--
-- Dumping data for table `request_eta`
--


--
-- Table structure for table `request_places`
--

CREATE TABLE `request_places` (
  `id` int(10) unsigned NOT NULL AUTO_INCREMENT,
  `request_id` char(36) COLLATE utf8mb4_unicode_ci NOT NULL,
  `pick_lat` double(15,8) DEFAULT NULL,
  `pick_lng` double(15,8) DEFAULT NULL,
  `drop_lat` double(15,8) DEFAULT NULL,
  `drop_lng` double(15,8) DEFAULT NULL,
  `request_path` longtext COLLATE utf8mb4_unicode_ci DEFAULT NULL,
  `pick_address` varchar(191) COLLATE utf8mb4_unicode_ci DEFAULT NULL,
  `drop_address` varchar(191) COLLATE utf8mb4_unicode_ci DEFAULT NULL,
  `pickup_poc_name` varchar(191) COLLATE utf8mb4_unicode_ci DEFAULT NULL,
  `drop_poc_name` varchar(191) COLLATE utf8mb4_unicode_ci DEFAULT NULL,
  `pickup_poc_mobile` varchar(191) COLLATE utf8mb4_unicode_ci DEFAULT NULL,
  `pickup_poc_instruction` varchar(191) COLLATE utf8mb4_unicode_ci DEFAULT NULL,
  `drop_poc_mobile` varchar(191) COLLATE utf8mb4_unicode_ci DEFAULT NULL,
  `drop_poc_instruction` varchar(191) COLLATE utf8mb4_unicode_ci DEFAULT NULL,
  `created_at` timestamp NULL DEFAULT NULL,
  `updated_at` timestamp NULL DEFAULT NULL,
  PRIMARY KEY (`id`),
  KEY `request_places_request_id_foreign` (`request_id`),
  CONSTRAINT `request_places_request_id_foreign` FOREIGN KEY (`request_id`) REFERENCES `requests` (`id`) ON DELETE CASCADE
) ENGINE=InnoDB AUTO_INCREMENT=117 DEFAULT CHARSET=utf8mb4 COLLATE=utf8mb4_unicode_ci;

--
-- Dumping data for table `request_places`
--

INSERT INTO `request_places` VALUES
(1,'609fe5a0-4b80-46fa-bfd0-ba9b49f506f5',26.74912206,80.76434098,26.69161690,80.67846550,NULL,'PQX7+JPM, Amawa, Amavan, Uttar Pradesh 226401, India','Gauri, Unnao, Lucknow Division, Uttar Pradesh, India',NULL,NULL,NULL,NULL,NULL,NULL,'2025-07-07 08:36:15','2025-07-07 08:36:15'),
(2,'32de4573-adf6-4b5c-9cfd-d425779944a9',26.74912206,80.76434098,26.69161690,80.67846550,NULL,'PQX7+JPM, Amawa, Amavan, Uttar Pradesh 226401, India','Gauri, Unnao, Lucknow Division, Uttar Pradesh, India',NULL,NULL,NULL,NULL,NULL,NULL,'2025-07-07 08:36:41','2025-07-07 08:36:41'),
(3,'f40432c9-b7ba-40b3-ab9c-d2a644d5491c',26.74912206,80.76434098,26.69161690,80.67846550,NULL,'PQX7+JPM, Amawa, Amavan, Uttar Pradesh 226401, India','Gauri, Unnao, Lucknow Division, Uttar Pradesh, India',NULL,NULL,NULL,NULL,NULL,NULL,'2025-07-07 08:36:55','2025-07-07 08:36:55'),
(4,'263725ec-0ab6-4747-9350-b895d29b24bd',26.74912206,80.76434098,26.69161690,80.67846550,NULL,'PQX7+JPM, Amawa, Amavan, Uttar Pradesh 226401, India','Gauri, Unnao, Lucknow Division, Uttar Pradesh, India',NULL,NULL,NULL,NULL,NULL,NULL,'2025-07-07 08:37:00','2025-07-07 08:37:00'),
(5,'ebb9ff1a-2a0e-429b-9a89-8d0ea5c7a79f',26.74912206,80.76434098,26.69161690,80.67846550,NULL,'PQX7+JPM, Amawa, Amavan, Uttar Pradesh 226401, India','Gauri, Unnao, Lucknow Division, Uttar Pradesh, India',NULL,NULL,NULL,NULL,NULL,NULL,'2025-07-07 08:37:06','2025-07-07 08:37:06'),
(6,'9498c8a3-2282-4987-8ee6-59734a26ad31',26.74921308,80.76432221,26.69161690,80.67846550,NULL,'PQX7+JPM, Amawa, Amavan, Uttar Pradesh 226401, India','Gauri, Unnao, Lucknow Division, Uttar Pradesh, India',NULL,NULL,NULL,NULL,NULL,NULL,'2025-07-07 09:00:54','2025-07-07 09:00:54'),
(7,'47d2d8bd-7ae9-4dad-ad7f-e020e8606a3e',26.74897280,80.76433520,26.74897280,80.76433520,'[{\"lat\":26.7489728,\"lng\":80.7643352}]','PQX7+JPM, Amawa, Amavan, Uttar Pradesh 226401, India','PQX7+JPM, Amawa, Amavan, Uttar Pradesh 226401, India',NULL,NULL,NULL,NULL,NULL,NULL,'2025-07-07 09:15:51','2025-07-07 09:17:40'),
(8,'3baa28d3-697b-4959-a3de-b73ef2791460',26.74965618,80.76229781,26.74897280,80.76433520,'[{\"lat\":26.7489728,\"lng\":80.7643352}]','PQX6+VW Amavan, Uttar Pradesh, India','PQX7+JPM, Amawa, Amavan, Uttar Pradesh 226401, India',NULL,NULL,NULL,NULL,NULL,NULL,'2025-07-07 09:19:10','2025-07-07 09:20:08'),
(9,'35a42837-67af-48a5-b01b-55f9c14b04b7',26.74863614,80.76553423,26.74955589,80.76319400,NULL,'PQX8+Q53, Amavan, Uttar Pradesh 226401, India','PQX7+JPM, Amawa, Amavan, Uttar Pradesh 226401, India',NULL,NULL,NULL,NULL,NULL,NULL,'2025-07-07 09:23:47','2025-07-07 09:23:47'),
(10,'3b48379f-b72d-413c-b576-18d142eabebd',26.74921428,80.76431349,26.74955589,80.76319400,NULL,'PQX7+JPM, Amawa, Amavan, Uttar Pradesh 226401, India','PQX7+JPM, Amawa, Amavan, Uttar Pradesh 226401, India',NULL,NULL,NULL,NULL,NULL,NULL,'2025-07-07 09:27:22','2025-07-07 09:27:22'),
(11,'e2065c02-e924-479e-a069-d0264e464214',26.74921547,80.76431517,26.74897280,80.76433520,'[{\"lat\":26.7489728,\"lng\":80.7643352}]','PQX7+JPM, Amawa, Amavan, Uttar Pradesh 226401, India','PQX7+JPM, Amawa, Amavan, Uttar Pradesh 226401, India',NULL,NULL,NULL,NULL,NULL,NULL,'2025-07-07 09:33:49','2025-07-07 09:35:28'),
(12,'b17323f5-c6a7-4551-aea0-64a89ac68d1c',26.74897280,80.76433520,26.74897280,80.76433520,'[{\"lat\":26.7489728,\"lng\":80.7643352}]','PQX7+JPM, Amawa, Amavan, Uttar Pradesh 226401, India','PQX7+JPM, Amawa, Amavan, Uttar Pradesh 226401, India',NULL,NULL,NULL,NULL,NULL,NULL,'2025-07-07 09:40:08','2025-07-07 09:40:38'),
(13,'821a1751-6f0d-4a37-9881-2d3698a4c9a9',26.74899332,80.76433226,26.74955589,80.76319400,NULL,'PQX7+JPM, Amawa, Amavan, Uttar Pradesh 226401, India','PQX7+JPM, Amawa, Amavan, Uttar Pradesh 226401, India',NULL,NULL,NULL,NULL,NULL,NULL,'2025-07-08 04:23:33','2025-07-08 04:23:33'),
(14,'d418a91f-163f-4877-b46d-1e432852d356',26.74899242,80.76433226,26.74955589,80.76319400,NULL,'PQX7+JPM, Amawa, Amavan, Uttar Pradesh 226401, India','PQX7+JPM, Amawa, Amavan, Uttar Pradesh 226401, India',NULL,NULL,NULL,NULL,NULL,NULL,'2025-07-08 04:25:09','2025-07-08 04:25:09'),
(15,'a7aec3ca-d7e7-4ac9-bbcd-5b3231a8ca9b',26.74899242,80.76433226,26.74955589,80.76319400,NULL,'PQX7+JPM, Amawa, Amavan, Uttar Pradesh 226401, India','PQX7+JPM, Amawa, Amavan, Uttar Pradesh 226401, India',NULL,NULL,NULL,NULL,NULL,NULL,'2025-07-08 04:27:24','2025-07-08 04:27:24'),
(16,'27b25f48-ccd0-4aa2-9b13-e8d0ab529d4e',26.74899093,80.76433294,26.74955589,80.76319400,NULL,'PQX7+JPM, Amawa, Amavan, Uttar Pradesh 226401, India','PQX7+JPM, Amawa, Amavan, Uttar Pradesh 226401, India',NULL,NULL,NULL,NULL,NULL,NULL,'2025-07-08 05:00:30','2025-07-08 05:00:30'),
(17,'758571c9-570d-4d6f-b850-5740304284cd',26.74899542,80.76433092,26.74955589,80.76319400,NULL,'PQX7+JPM, Amawa, Amavan, Uttar Pradesh 226401, India','PQX7+JPM, Amawa, Amavan, Uttar Pradesh 226401, India',NULL,NULL,NULL,NULL,NULL,NULL,'2025-07-08 06:08:48','2025-07-08 06:08:48'),
(18,'02f4fac4-0507-4634-9e6a-3228ea7f92f9',26.74897000,80.76433630,26.74897000,80.76433630,'[{\"lat\":26.74897,\"lng\":80.7643363}]','PQX7+JPM, Amawa, Amavan, Uttar Pradesh 226401, India','PQX7+JPM, Amawa, Amavan, Uttar Pradesh 226401, India',NULL,NULL,NULL,NULL,NULL,NULL,'2025-07-08 09:07:49','2025-07-08 09:08:01'),
(19,'ec1f4da7-bb27-4811-8a40-f219d5968e87',26.74899332,80.76433260,26.74903260,80.76432380,'[{\"lat\":26.7490326,\"lng\":80.7643238}]','PQX7+JPM, Amawa, Amavan, Uttar Pradesh 226401, India','PQX7+JPM, Amawa, Amavan, Uttar Pradesh 226401, India',NULL,NULL,NULL,NULL,NULL,NULL,'2025-07-08 12:48:40','2025-07-08 12:55:40'),
(20,'cffedee4-1260-4e7a-b758-86d918ad6b25',19.21305400,76.77331254,19.25081110,76.79518490,NULL,'6Q7F+68 Balsa kh., Maharashtra, India','Vasantrao Naik Marathwada Krishi Vidyapeeth, Parbhani, Maharashtra, India',NULL,NULL,NULL,NULL,NULL,NULL,'2025-07-09 04:13:51','2025-07-09 04:13:51'),
(21,'707dcbdf-0e0a-4ee4-b7e8-00f5706496a1',18.82388048,74.37237505,18.82117750,74.37313120,NULL,'R9FC+HW Shirur, Maharashtra, India','Chandmal Tarachand Bora College, Ghodnadi, Maharashtra, India',NULL,NULL,NULL,NULL,NULL,NULL,'2025-07-09 04:19:34','2025-07-09 04:19:34'),
(22,'48d2d00d-14fb-4106-add9-4da5eedd8518',26.74898224,80.76433528,26.73466250,80.75370310,NULL,'PQX7+JPM, Amawa, Amavan, Uttar Pradesh 226401, India','Amawan School, Amavan, Uttar Pradesh, India',NULL,NULL,NULL,NULL,NULL,NULL,'2025-07-09 04:24:17','2025-07-09 04:24:17'),
(23,'307f8283-136c-4ad1-9530-7bb3a8a9458a',26.74898224,80.76433528,26.74898240,80.76433500,'[{\"lat\":26.7489824,\"lng\":80.764335}]','PQX7+JPM, Amawa, Amavan, Uttar Pradesh 226401, India','PQX7+JPM, Amawa, Amavan, Uttar Pradesh 226401, India',NULL,NULL,NULL,NULL,NULL,NULL,'2025-07-09 04:26:22','2025-07-09 04:29:06'),
(24,'a47f7c82-798f-4d6c-bead-a32a4d3577e1',18.82398965,74.37312238,18.82456400,74.37676010,NULL,'R9FF+H6 Shirur, Maharashtra, India','vidyadham prashala, CT Bora College Road, Shirur, Maharashtra, India','User Demo','User Demo','+919876543210',NULL,'+919876543210',NULL,'2025-07-09 04:33:36','2025-07-09 04:33:36'),
(25,'a4687ae8-5230-4bf7-b0a0-43add699e109',18.82394395,74.37212694,18.82117750,74.37313120,NULL,'412210, Sainik Society, Pabal Phata, Shirur, Maharashtra 412210, India','Chandmal Tarachand Bora College, Ghodnadi, Maharashtra, India',NULL,NULL,NULL,NULL,NULL,NULL,'2025-07-09 04:34:53','2025-07-09 04:34:53'),
(26,'5a168d14-741a-4eb4-8942-2bb6ef90c42e',18.82394395,74.37212694,18.82117750,74.37313120,NULL,'412210, Sainik Society, Pabal Phata, Shirur, Maharashtra 412210, India','Chandmal Tarachand Bora College, Ghodnadi, Maharashtra, India',NULL,NULL,NULL,NULL,NULL,NULL,'2025-07-09 04:36:54','2025-07-09 04:36:54'),
(27,'5f7e35fc-b569-450d-bfde-7fd1d2f6b024',18.82391951,74.37211085,18.82456400,74.37676010,NULL,'412210, Sainik Society, Pabal Phata, Shirur, Maharashtra 412210, India','vidyadham prashala, CT Bora College Road, Shirur, Maharashtra, India',NULL,NULL,NULL,NULL,NULL,NULL,'2025-07-09 04:38:05','2025-07-09 04:38:05'),
(28,'ed56f10c-d8d0-4112-9a98-e45917ea0cd7',18.82400329,74.37199686,18.82456400,74.37676010,NULL,'412210, Sainik Society, Pabal Phata, Shirur, Maharashtra 412210, India','vidyadham prashala, CT Bora College Road, Shirur, Maharashtra, India',NULL,NULL,NULL,NULL,NULL,NULL,'2025-07-09 05:24:00','2025-07-09 05:24:00'),
(29,'0fef6b16-0d60-432b-9099-7cf4af3429c0',18.82389063,74.37216684,18.82456400,74.37676010,NULL,'412210, Sainik Society, Pabal Phata, Shirur, Maharashtra 412210, India','vidyadham prashala, CT Bora College Road, Shirur, Maharashtra, India',NULL,NULL,NULL,NULL,NULL,NULL,'2025-07-09 05:25:48','2025-07-09 05:25:48'),
(30,'cccd0937-894f-4517-a559-1ffefbd0f3d0',18.82421655,74.37202133,18.82117750,74.37313120,NULL,'Ashirwad Apartment, Sainik Society, Pabal Phata, Shirur, Maharashtra 412210, India','Chandmal Tarachand Bora College, Ghodnadi, Maharashtra, India',NULL,NULL,NULL,NULL,NULL,NULL,'2025-07-09 05:26:24','2025-07-09 05:26:24'),
(31,'752e1e5c-773f-4929-8ad1-e7f52d4d7ec1',18.82407469,74.37215209,18.82456400,74.37676010,NULL,'412210, Sainik Society, Pabal Phata, Shirur, Maharashtra 412210, India','vidyadham prashala, CT Bora College Road, Shirur, Maharashtra, India','new user','new user','+913214567891',NULL,'+913214567891',NULL,'2025-07-09 05:33:06','2025-07-09 05:33:06'),
(32,'104e83e0-250a-4511-b9e1-cea09ff65cd6',18.82425494,74.37183224,NULL,NULL,NULL,'1829, Smruti Gandh Shivaji Housing Society, Sainik Society, Pabal Phata, Shirur, Maharashtra 412210, India',NULL,NULL,NULL,NULL,NULL,NULL,NULL,'2025-07-09 05:34:15','2025-07-09 05:34:15'),
(33,'31de28d3-53a6-4294-a097-24d2bc34d652',18.82395315,74.37224094,18.82399830,74.37223330,'[{\"lat\":18.8239983,\"lng\":74.3722333}]','R9FC+HV Shirur, Maharashtra, India','R9FC+HV Shirur, Maharashtra, India',NULL,NULL,NULL,NULL,NULL,NULL,'2025-07-09 06:15:55','2025-07-09 06:17:22'),
(34,'0c894e81-d9d7-4b32-bbd8-5a3c4b2d080f',18.82779451,74.37322829,18.82781076,74.37321436,'[{\"lat\":18.82779196755455,\"lng\":74.37322938611328}]','OPP s t stand shirur Tal shirur. did, R9HF+692, Shirur, Maharashtra 412210, India','Shirur Phata, Shirur, Maharashtra 412210, India',NULL,NULL,NULL,NULL,NULL,NULL,'2025-07-09 06:20:47','2025-07-09 06:26:32'),
(35,'51012261-2174-4d55-9aa9-5402236611f8',18.82407565,74.37215611,18.82407490,74.37215310,'[{\"lat\":18.8240749,\"lng\":74.3721531}]','412210, Sainik Society, Pabal Phata, Shirur, Maharashtra 412210, India','412210, Sainik Society, Pabal Phata, Shirur, Maharashtra 412210, India',NULL,NULL,NULL,NULL,NULL,NULL,'2025-07-09 06:37:16','2025-07-09 06:39:10'),
(36,'80836517-ad42-4282-b2d5-2e2aceb82063',18.82747910,74.37337990,18.82407490,74.37215530,'[{\"lat\":18.8240749,\"lng\":74.3721553}]','Shirur S.T. Bus Stand, Shirur, Maharashtra, India','412210, Sainik Society, Pabal Phata, Shirur, Maharashtra 412210, India',NULL,NULL,NULL,NULL,NULL,NULL,'2025-07-09 08:40:09','2025-07-09 09:13:05'),
(37,'7b75c032-8039-4c13-bfa6-d1f0dc870e5f',18.82747910,74.37337990,18.82588930,74.37583210,NULL,'Shirur S.T. Bus Stand, Shirur, Maharashtra, India','Shirur Sub Post Office, Revenue Colony, Shirur, Maharashtra, India',NULL,NULL,NULL,NULL,NULL,NULL,'2025-07-09 08:44:18','2025-07-09 08:44:18'),
(38,'c02e4a19-7f9d-405d-8331-c74823fc4069',18.82747910,74.37337990,18.82588930,74.37583210,NULL,'Shirur S.T. Bus Stand, Shirur, Maharashtra, India','Shirur Sub Post Office, Revenue Colony, Shirur, Maharashtra, India',NULL,NULL,NULL,NULL,NULL,NULL,'2025-07-09 08:50:05','2025-07-09 08:50:05'),
(39,'ac78bcc2-5da0-4d36-867a-506868eb0ce1',18.82747910,74.37337990,18.82588930,74.37583210,NULL,'Shirur S.T. Bus Stand, Shirur, Maharashtra, India','Shirur Sub Post Office, Revenue Colony, Shirur, Maharashtra, India',NULL,NULL,NULL,NULL,NULL,NULL,'2025-07-09 08:58:29','2025-07-09 08:58:29'),
(40,'72f9fa1e-a38e-42a4-a93c-d47b47f3316b',18.82747910,74.37337990,18.82407490,74.37215530,'[{\"lat\":18.8240749,\"lng\":74.3721553}]','Shirur S.T. Bus Stand, Shirur, Maharashtra, India','412210, Sainik Society, Pabal Phata, Shirur, Maharashtra 412210, India',NULL,NULL,NULL,NULL,NULL,NULL,'2025-07-09 09:13:48','2025-07-09 09:15:20'),
(41,'7645a091-dc10-4aea-9840-4759e2727abb',18.82747910,74.37337990,18.82382040,74.37203710,'[{\"lat\":18.8240773,\"lng\":74.3721468}]','Shirur S.T. Bus Stand, Shirur, Maharashtra, India','365/45, Sainik Society Rd, Sainik Society, Pabal Phata, Shirur, Maharashtra 412210, India',NULL,NULL,NULL,NULL,NULL,NULL,'2025-07-09 09:34:28','2025-07-09 09:37:04'),
(42,'3fd1d886-0790-4a46-ab7a-4811da57dd78',18.82747910,74.37337990,18.82410310,74.37225750,'[{\"lat\":18.8240754,\"lng\":74.3721528}]','Shirur S.T. Bus Stand, Shirur, Maharashtra, India','R9FC+JW Shirur, Maharashtra, India',NULL,NULL,NULL,NULL,NULL,NULL,'2025-07-09 09:40:37','2025-07-09 09:43:50'),
(43,'71dd8364-0905-4539-9db5-74aef01b2b01',18.82747910,74.37337990,18.82407480,74.37215460,'[{\"lat\":18.8240725,\"lng\":74.3721545}]','Shirur S.T. Bus Stand, Shirur, Maharashtra, India','412210, Sainik Society, Pabal Phata, Shirur, Maharashtra 412210, India',NULL,NULL,NULL,NULL,NULL,NULL,'2025-07-09 09:48:43','2025-07-09 09:58:37'),
(44,'718a093c-a73a-46a5-b3e7-7a658f0f139e',18.82747910,74.37337990,18.82588930,74.37583210,NULL,'Shirur S.T. Bus Stand, Shirur, Maharashtra, India','Shirur Sub Post Office, Revenue Colony, Shirur, Maharashtra, India',NULL,NULL,NULL,NULL,NULL,NULL,'2025-07-09 10:22:28','2025-07-09 10:22:28'),
(45,'7dcaf4c2-5229-4263-af17-fd79aeefd187',18.82747910,74.37337990,18.82588930,74.37583210,NULL,'Shirur S.T. Bus Stand, Shirur, Maharashtra, India','Shirur Sub Post Office, Revenue Colony, Shirur, Maharashtra, India',NULL,NULL,NULL,NULL,NULL,NULL,'2025-07-09 10:24:29','2025-07-09 10:24:29'),
(46,'9293f5f8-8b9b-4991-8b2a-5ab4998eed34',18.82747910,74.37337990,18.82588930,74.37583210,NULL,'Shirur S.T. Bus Stand, Shirur, Maharashtra, India','Shirur Sub Post Office, Revenue Colony, Shirur, Maharashtra, India',NULL,NULL,NULL,NULL,NULL,NULL,'2025-07-09 10:29:32','2025-07-09 10:29:32'),
(47,'265e10ef-544f-47b0-8644-e202460170e5',18.82747910,74.37337990,18.82588930,74.37583210,NULL,'Shirur S.T. Bus Stand, Shirur, Maharashtra, India','Shirur Sub Post Office, Revenue Colony, Shirur, Maharashtra, India',NULL,NULL,NULL,NULL,NULL,NULL,'2025-07-09 10:32:05','2025-07-09 10:32:05'),
(48,'3568a981-3b82-422a-9bb6-e1a442386a8f',18.82747910,74.37337990,18.82407680,74.37215650,'[{\"lat\":18.8240768,\"lng\":74.3721565}]','Shirur S.T. Bus Stand, Shirur, Maharashtra, India','412210, Sainik Society, Pabal Phata, Shirur, Maharashtra 412210, India',NULL,NULL,NULL,NULL,NULL,NULL,'2025-07-09 10:43:40','2025-07-09 10:44:45'),
(49,'134d13c8-4192-419f-8cf1-dd9c40062e51',18.82747910,74.37337990,18.82588930,74.37583210,NULL,'Shirur S.T. Bus Stand, Shirur, Maharashtra, India','Shirur Sub Post Office, Revenue Colony, Shirur, Maharashtra, India',NULL,NULL,NULL,NULL,NULL,NULL,'2025-07-09 10:47:08','2025-07-09 10:47:08'),
(50,'8ddd9f2b-bd34-4fc2-8c06-570e228acff0',18.82424765,74.37194724,18.82407230,74.37224490,'[{\"lat\":18.8240723,\"lng\":74.3722449}]','Ashirwad Apartment, Sainik Society, Pabal Phata, Shirur, Maharashtra 412210, India','R9FC+JV Shirur, Maharashtra, India',NULL,NULL,NULL,NULL,NULL,NULL,'2025-07-09 11:13:16','2025-07-09 11:14:20'),
(51,'94022826-a02e-4412-b49c-8f050106240f',18.82407818,74.37214874,18.82441210,74.37197220,'[{\"lat\":18.8252471,\"lng\":74.3716075}]','412210, Sainik Society, Pabal Phata, Shirur, Maharashtra 412210, India','1829, Smruti Gandh Shivaji Housing Society, Sainik Society, Pabal Phata, Shirur, Maharashtra 412210, India','User Demo','User Demo','+919876543210',NULL,'+919876543210',NULL,'2025-07-09 11:17:39','2025-07-09 11:19:14'),
(52,'a3c84139-f709-410c-9ffc-cb87eaf42d81',18.82407565,74.37215075,18.82441210,74.37197220,'[{\"lat\":18.8244121,\"lng\":74.3719722}]','412210, Sainik Society, Pabal Phata, Shirur, Maharashtra 412210, India','1829, Smruti Gandh Shivaji Housing Society, Sainik Society, Pabal Phata, Shirur, Maharashtra 412210, India','User Demo','User Demo','+919876543210',NULL,'+919876543210',NULL,'2025-07-09 11:22:43','2025-07-09 11:24:00'),
(53,'99435eae-549c-4de5-8a87-5a5a4e4ef22c',19.25563130,76.76701530,19.25531330,76.76690060,'[{\"lat\":19.2556313,\"lng\":76.7670153}]','7Q48+2QM, Apana Nagar, Parbhani, Maharashtra 431401, India','7Q48+2QM, Apana Nagar, Parbhani, Maharashtra 431401, India',NULL,NULL,NULL,NULL,NULL,NULL,'2025-07-09 11:26:48','2025-07-09 11:42:37'),
(54,'d38db361-d5b4-49d0-81f4-2ceb18a91d2d',19.06878930,72.87026470,19.05986510,72.85516440,NULL,'Bandra Kurla Complex, Bandra East, Mumbai, Maharashtra, India','BKC METRO STATION, Sant Dnyaneshwar Marg, F Block Bandra Kurla Complex, Government Colony, Bandra East, Mumbai, Maharashtra, India',NULL,NULL,NULL,NULL,NULL,NULL,'2025-07-10 06:10:36','2025-07-10 06:10:36'),
(55,'1af3c6f2-b6e1-4241-9720-62883df3a1d3',19.06878930,72.87026470,19.05986510,72.85516440,NULL,'Bandra Kurla Complex, Bandra East, Mumbai, Maharashtra, India','BKC METRO STATION, Sant Dnyaneshwar Marg, F Block Bandra Kurla Complex, Government Colony, Bandra East, Mumbai, Maharashtra, India',NULL,NULL,NULL,NULL,NULL,NULL,'2025-07-10 06:12:07','2025-07-10 06:12:07'),
(56,'d6fec7ac-427a-403b-8c47-19d08e2441ef',19.25461760,76.76809732,19.25731560,76.76468490,NULL,'7Q38+WXF, Apana Nagar, Parbhani, Maharashtra 431401, India','Anusaya E-Square, Gangakhed Road, Apana Nagar, Parbhani, Maharashtra, India',NULL,NULL,NULL,NULL,NULL,NULL,'2025-07-10 06:20:44','2025-07-10 06:20:44'),
(57,'eaff2b26-f4f4-43c3-b16b-a8b736ca3867',19.25563585,76.76701069,19.25731560,76.76468490,NULL,'7Q48+2QM, Apana Nagar, Parbhani, Maharashtra 431401, India','Anusaya E-Square, Gangakhed Road, Apana Nagar, Parbhani, Maharashtra, India',NULL,NULL,NULL,NULL,NULL,NULL,'2025-07-10 06:29:22','2025-07-10 06:29:22'),
(58,'7fdf9a78-80ec-42a6-8228-361fab41a194',19.25669130,76.76630870,19.25541400,76.76696890,'[{\"lat\":19.255414,\"lng\":76.7669689}]','Vasantrao Naik Primary School Sakhala Plot Parbhani., lohgaon rd, Apna Nagar, Apana Nagar, Parbhani, Maharashtra, India','7Q48+2QM, Apana Nagar, Parbhani, Maharashtra 431401, India',NULL,NULL,NULL,NULL,NULL,NULL,'2025-07-10 07:05:04','2025-07-10 07:07:01'),
(59,'db227e97-af40-4a7b-bc45-270586b152a8',19.25669130,76.76630870,19.25731560,76.76468490,NULL,'Vasantrao Naik Primary School Sakhala Plot Parbhani., lohgaon rd, Apna Nagar, Apana Nagar, Parbhani, Maharashtra, India','Anusaya E-Square, Gangakhed Road, Apana Nagar, Parbhani, Maharashtra, India',NULL,NULL,NULL,NULL,NULL,NULL,'2025-07-10 08:20:10','2025-07-10 08:20:10'),
(60,'228870d7-bdee-41f6-8e58-b0c8db4f0e39',19.25531363,76.76689971,19.25731560,76.76468490,NULL,'7Q48+2QM, Apana Nagar, Parbhani, Maharashtra 431401, India','Anusaya E-Square, Gangakhed Road, Apana Nagar, Parbhani, Maharashtra, India',NULL,NULL,NULL,NULL,NULL,NULL,'2025-07-10 08:36:45','2025-07-10 08:36:45'),
(61,'fbc532a3-d04e-4b5d-b51a-9356bc5ececa',19.25531616,76.76690239,19.25563130,76.76701530,'[{\"lat\":19.2556313,\"lng\":76.7670153}]','7Q48+2QM, Apana Nagar, Parbhani, Maharashtra 431401, India','7Q48+2QM, Apana Nagar, Parbhani, Maharashtra 431401, India',NULL,NULL,NULL,NULL,NULL,NULL,'2025-07-10 09:20:58','2025-07-10 09:22:35'),
(62,'a4e70763-222a-4eeb-903e-4e8d09f62895',19.25563130,76.76701530,19.25563130,76.76701530,'[{\"lat\":19.2556313,\"lng\":76.7670153}]','7Q48+2QM, Apana Nagar, Parbhani, Maharashtra 431401, India','7Q48+2QM, Apana Nagar, Parbhani, Maharashtra 431401, India',NULL,NULL,NULL,NULL,NULL,NULL,'2025-07-10 09:24:20','2025-07-10 09:24:46'),
(63,'897e7bbe-c27c-482b-8b4b-864197d5ec7f',19.25531711,76.76690441,19.25563130,76.76701530,'[{\"lat\":19.2556313,\"lng\":76.7670153}]','7Q48+2QM, Apana Nagar, Parbhani, Maharashtra 431401, India','7Q48+2QM, Apana Nagar, Parbhani, Maharashtra 431401, India',NULL,NULL,NULL,NULL,NULL,NULL,'2025-07-10 09:28:02','2025-07-10 09:29:57'),
(64,'ed62c19e-8ffc-4e6e-80d1-e147b99c3990',19.25508605,76.76743146,19.25563130,76.76701530,'[{\"lat\":19.2556313,\"lng\":76.7670153}]','7Q38+WXF, Apana Nagar, Parbhani, Maharashtra 431401, India','7Q48+2QM, Apana Nagar, Parbhani, Maharashtra 431401, India','User Demo','Receiver','+919876543210',NULL,'9876543211','test','2025-07-10 09:38:31','2025-07-10 09:40:50'),
(65,'5962f12b-54c4-4ad9-9ab0-4f8fb5a588b2',19.25531331,76.76690038,NULL,NULL,NULL,'7Q48+2QM, Apana Nagar, Parbhani, Maharashtra 431401, India',NULL,NULL,NULL,NULL,NULL,NULL,NULL,'2025-07-10 09:43:49','2025-07-10 09:43:49'),
(66,'aa18c435-5ab8-4910-84df-a2734b395e4d',19.25502243,76.76757999,19.25541260,76.76670450,'[{\"lat\":19.2554126,\"lng\":76.7667045}]','7Q38+WXF, Apana Nagar, Parbhani, Maharashtra 431401, India','7Q48+2QM, Apana Nagar, Parbhani, Maharashtra 431401, India',NULL,NULL,NULL,NULL,NULL,NULL,'2025-07-10 10:13:36','2025-07-10 10:14:35'),
(67,'5a4151b0-a845-4c36-a2d4-2f8974cb333d',19.25531363,76.76690005,19.25731560,76.76468490,NULL,'7Q48+2QM, Apana Nagar, Parbhani, Maharashtra 431401, India','Anusaya E-Square, Gangakhed Road, Apana Nagar, Parbhani, Maharashtra, India',NULL,NULL,NULL,NULL,NULL,NULL,'2025-07-10 10:18:42','2025-07-10 10:18:42'),
(68,'91f2f1b5-1236-486c-a0ad-420825939763',19.25531363,76.76690005,19.25186120,76.77026090,'[{\"lat\":19.2518612,\"lng\":76.7702609}]','7Q48+2QM, Apana Nagar, Parbhani, Maharashtra 431401, India','7Q2C+P4 Parbhani, Maharashtra, India',NULL,NULL,NULL,NULL,NULL,NULL,'2025-07-10 10:19:11','2025-07-10 10:20:06'),
(69,'1d5b24af-b10d-4654-958f-bd28ce19a52a',19.25531268,76.76690239,19.25230444,76.77581303,NULL,'7Q48+2QM, Apana Nagar, Parbhani, Maharashtra 431401, India','7Q2G+GH6, Marathwada Agriculture University, Parbhani, Maharashtra 431402, India',NULL,NULL,NULL,NULL,NULL,NULL,'2025-07-10 10:30:40','2025-07-10 10:30:40'),
(70,'7eef7aea-2b42-4cca-828b-1bdba82084ae',19.25531268,76.76690239,19.25230444,76.77581303,NULL,'7Q48+2QM, Apana Nagar, Parbhani, Maharashtra 431401, India','7Q2G+GH6, Marathwada Agriculture University, Parbhani, Maharashtra 431402, India',NULL,NULL,NULL,NULL,NULL,NULL,'2025-07-10 10:31:18','2025-07-10 10:31:18'),
(71,'3676a8da-98f9-4440-81f6-7ea9e48e2c3d',19.25563130,76.76701530,19.25563130,76.76701530,'[{\"lat\":19.2556313,\"lng\":76.7670153}]','7Q48+2QM, Apana Nagar, Parbhani, Maharashtra 431401, India','7Q48+2QM, Apana Nagar, Parbhani, Maharashtra 431401, India',NULL,NULL,NULL,NULL,NULL,NULL,'2025-07-10 10:32:23','2025-07-10 10:32:32'),
(72,'8b33759a-4b53-484b-96cd-a26f2a146f5e',37.42199819,-122.08399985,37.42199830,-122.08400000,'[{\"lat\":37.4219983,\"lng\":-122.084}]','Google Building 43, 43 Amphitheatre Pkwy, Mountain View, CA 94043, USA','Google Building 43, 43 Amphitheatre Pkwy, Mountain View, CA 94043, USA',NULL,NULL,NULL,NULL,NULL,NULL,'2025-07-10 10:39:45','2025-07-10 10:41:35'),
(73,'da349bbb-dc34-496b-99a8-1aa44cc2dfda',19.25669130,76.76630870,NULL,NULL,NULL,'Vasantrao Naik Primary School Sakhala Plot Parbhani., lohgaon rd, Apna Nagar, Apana Nagar, Parbhani, Maharashtra, India',NULL,NULL,NULL,NULL,NULL,NULL,NULL,'2025-07-10 11:36:22','2025-07-10 11:36:22'),
(74,'b1b29ec3-64c2-4d2a-ad24-12739fb96a8e',19.25669130,76.76630870,19.25731560,76.76468490,NULL,'Vasantrao Naik Primary School Sakhala Plot Parbhani., lohgaon rd, Apna Nagar, Apana Nagar, Parbhani, Maharashtra, India','Anusaya E-Square, Gangakhed Road, Apana Nagar, Parbhani, Maharashtra, India',NULL,NULL,NULL,NULL,NULL,NULL,'2025-07-10 11:46:10','2025-07-10 11:46:10'),
(75,'4e5d6bae-5b21-4a82-91f5-37c20dd9f7b8',19.25669130,76.76630870,19.25731560,76.76468490,NULL,'Vasantrao Naik Primary School Sakhala Plot Parbhani., lohgaon rd, Apna Nagar, Apana Nagar, Parbhani, Maharashtra, India','Anusaya E-Square, Gangakhed Road, Apana Nagar, Parbhani, Maharashtra, India',NULL,NULL,NULL,NULL,NULL,NULL,'2025-07-10 11:47:31','2025-07-10 11:47:31'),
(76,'8abdf914-7310-489c-b19b-b6261f9710e3',19.25669130,76.76630870,19.25731560,76.76468490,NULL,'Vasantrao Naik Primary School Sakhala Plot Parbhani., lohgaon rd, Apna Nagar, Apana Nagar, Parbhani, Maharashtra, India','Anusaya E-Square, Gangakhed Road, Apana Nagar, Parbhani, Maharashtra, India',NULL,NULL,NULL,NULL,NULL,NULL,'2025-07-10 12:13:48','2025-07-10 12:13:48'),
(77,'35cb97ac-effa-4f9a-9576-7691f03c2388',19.25305461,76.76665463,19.26405759,76.76767722,NULL,'7Q38+QM2, Apana Nagar, Parbhani, Maharashtra 431401, India','7Q79+J52, New Mondha, Parbhani, Maharashtra 431401, India',NULL,NULL,NULL,NULL,NULL,NULL,'2025-07-10 15:15:31','2025-07-10 15:15:31'),
(78,'64f995dc-2c57-4fdd-95e4-e130cd08b052',21.17024010,72.83106070,21.14177610,72.77094150,NULL,'Surat, Gujarat, India','Vesu, Surat, Gujarat, India',NULL,NULL,NULL,NULL,NULL,NULL,'2025-07-11 04:31:02','2025-07-11 04:31:02'),
(79,'b4e6cd31-098d-4dad-8a85-fb98c2f96864',37.42199830,-122.08400000,37.42199830,-122.08400000,'[{\"lat\":37.4219983,\"lng\":-122.084}]','Google Building 43, 43 Amphitheatre Pkwy, Mountain View, CA 94043, USA','Google Building 43, 43 Amphitheatre Pkwy, Mountain View, CA 94043, USA',NULL,NULL,NULL,NULL,NULL,NULL,'2025-07-11 04:49:19','2025-07-11 04:49:50'),
(80,'e035d1c9-5a94-45f4-86a1-57fb0d055ac6',37.42199819,-122.08399985,37.40815406,-122.09950201,NULL,'Google Building 43, 43 Amphitheatre Pkwy, Mountain View, CA 94043, USA','2420 Laura Ln, Mountain View, CA 94043, USA',NULL,NULL,NULL,NULL,NULL,NULL,'2025-07-11 04:49:45','2025-07-11 04:49:45'),
(81,'faa44e82-f8f4-413b-ad58-d3aeaa110d0d',37.42199819,-122.08399985,37.42199830,-122.08400000,'[{\"lat\":37.4219983,\"lng\":-122.084}]','Google Building 43, 43 Amphitheatre Pkwy, Mountain View, CA 94043, USA','Google Building 43, 43 Amphitheatre Pkwy, Mountain View, CA 94043, USA',NULL,NULL,NULL,NULL,NULL,NULL,'2025-07-11 04:52:44','2025-07-11 04:53:31'),
(82,'35254a08-0ed4-4262-ae91-caceab0208d9',37.42199819,-122.08399985,37.42199830,-122.08400000,'[{\"lat\":37.4219983,\"lng\":-122.084}]','Google Building 43, 43 Amphitheatre Pkwy, Mountain View, CA 94043, USA','Google Building 43, 43 Amphitheatre Pkwy, Mountain View, CA 94043, USA',NULL,NULL,NULL,NULL,NULL,NULL,'2025-07-11 05:27:06','2025-07-11 05:27:47'),
(83,'a4aeb21c-ca5b-432f-8785-0fa13efad79d',37.42199819,-122.08399985,37.41619887,-122.09069330,NULL,'Google Building 43, 43 Amphitheatre Pkwy, Mountain View, CA 94043, USA','1986 Colony St, Mountain View, CA 94043, USA',NULL,NULL,NULL,NULL,NULL,NULL,'2025-07-11 05:36:39','2025-07-11 05:36:39'),
(84,'1ae2dbe4-651d-4ec2-ad1e-a28ad9f6c456',37.42199819,-122.08399985,37.41619887,-122.09069330,NULL,'Google Building 43, 43 Amphitheatre Pkwy, Mountain View, CA 94043, USA','1986 Colony St, Mountain View, CA 94043, USA',NULL,NULL,NULL,NULL,NULL,NULL,'2025-07-11 05:36:59','2025-07-11 05:36:59'),
(85,'1278f072-23be-4e87-8961-250ca84821b1',37.42199819,-122.08399985,37.41547402,-122.09086463,NULL,'Google Building 43, 43 Amphitheatre Pkwy, Mountain View, CA 94043, USA','1987 Colony St, Mountain View, CA 94043, USA',NULL,NULL,NULL,NULL,NULL,NULL,'2025-07-11 05:44:36','2025-07-11 05:44:36'),
(86,'c5a3217b-e820-4258-8da0-9a6562819c04',37.42199819,-122.08399985,37.41547402,-122.09086463,NULL,'Google Building 43, 43 Amphitheatre Pkwy, Mountain View, CA 94043, USA','1987 Colony St, Mountain View, CA 94043, USA',NULL,NULL,NULL,NULL,NULL,NULL,'2025-07-11 05:45:27','2025-07-11 05:45:27'),
(87,'fb13b372-3cd1-48a4-9449-356f7493c463',37.42199819,-122.08399985,37.42199830,-122.08400000,'[{\"lat\":37.4219983,\"lng\":-122.084}]','Google Building 43, 43 Amphitheatre Pkwy, Mountain View, CA 94043, USA','Google Building 43, 43 Amphitheatre Pkwy, Mountain View, CA 94043, USA',NULL,NULL,NULL,NULL,NULL,NULL,'2025-07-11 05:45:53','2025-07-11 05:46:23'),
(88,'4df296fe-fb6a-410a-ac6a-65e562029e28',40.71277530,-74.00597280,36.77826100,-119.41793240,NULL,'New York, NY, USA','California, USA',NULL,NULL,NULL,NULL,NULL,NULL,'2025-07-11 06:45:51','2025-07-11 06:45:51'),
(89,'eb6d39fa-5fa3-4b86-8179-b48f0825eea4',21.17024010,72.83106070,21.14177610,72.77094150,NULL,'Surat, Gujarat, India','Vesu, Surat, Gujarat, India',NULL,NULL,NULL,NULL,NULL,NULL,'2025-07-11 06:58:38','2025-07-11 06:58:38'),
(90,'a7ca9fe4-287e-467b-8fd4-5ce0ae95d606',40.71277530,-74.00597280,36.77826100,-119.41793240,NULL,'New York, NY, USA','California, USA',NULL,NULL,NULL,NULL,NULL,NULL,'2025-07-11 07:01:32','2025-07-11 07:01:32'),
(91,'a0b2492d-de2c-4908-b3d1-79beabd4381a',19.21229490,72.97716610,19.29611890,73.20348050,NULL,'Thane, Maharashtra, India','Titwala, Maharashtra, India',NULL,NULL,NULL,NULL,NULL,NULL,'2025-07-11 07:05:29','2025-07-11 07:05:29'),
(92,'c0be482b-c17a-4639-aa85-c980d6f58303',37.42199819,-122.08399985,37.41254341,-122.09321056,NULL,'Google Building 43, 43 Amphitheatre Pkwy, Mountain View, CA 94043, USA','2121 Rock St, Mountain View, CA 94043, USA',NULL,NULL,NULL,NULL,NULL,NULL,'2025-07-11 08:16:05','2025-07-11 08:16:05'),
(93,'23bb8c8e-abc1-4715-8a64-14b15be1da48',37.42199819,-122.08399985,37.41254341,-122.09321056,NULL,'Google Building 43, 43 Amphitheatre Pkwy, Mountain View, CA 94043, USA','2121 Rock St, Mountain View, CA 94043, USA',NULL,NULL,NULL,NULL,NULL,NULL,'2025-07-11 08:16:16','2025-07-11 08:16:16'),
(94,'f36cc01a-b817-408f-83bf-fd08fa12a562',37.42199819,-122.08399985,37.41254341,-122.09321056,NULL,'Google Building 43, 43 Amphitheatre Pkwy, Mountain View, CA 94043, USA','2121 Rock St, Mountain View, CA 94043, USA',NULL,NULL,NULL,NULL,NULL,NULL,'2025-07-11 08:17:37','2025-07-11 08:17:37'),
(95,'4057c805-146b-424f-be21-0bda5c96f74e',37.42199819,-122.08399985,37.41254341,-122.09321056,NULL,'Google Building 43, 43 Amphitheatre Pkwy, Mountain View, CA 94043, USA','2121 Rock St, Mountain View, CA 94043, USA',NULL,NULL,NULL,NULL,NULL,NULL,'2025-07-11 08:19:46','2025-07-11 08:19:46'),
(96,'71984356-b8dc-42f7-9159-6345c444a184',37.42199819,-122.08399985,37.41254341,-122.09321056,NULL,'Google Building 43, 43 Amphitheatre Pkwy, Mountain View, CA 94043, USA','2121 Rock St, Mountain View, CA 94043, USA',NULL,NULL,NULL,NULL,NULL,NULL,'2025-07-11 08:19:58','2025-07-11 08:19:58'),
(97,'e3971476-996d-4cf4-bfec-12256009fa67',19.97312222,73.81999254,18.82471540,74.37699880,NULL,'XRFC+633, Shanti Park Rd, Shantipark, Upnagar, Nashik, Maharashtra 422214, India','Vidyadham Junior College, Nagar - Pune Road, Shirur, Maharashtra, India',NULL,NULL,NULL,NULL,NULL,NULL,'2025-07-11 09:03:12','2025-07-11 09:03:12'),
(98,'2f9a2365-8cf8-47bd-b8ae-d2621938c6a6',19.97312222,73.81999254,18.82471540,74.37699880,NULL,'XRFC+633, Shanti Park Rd, Shantipark, Upnagar, Nashik, Maharashtra 422214, India','Vidyadham Junior College, Nagar - Pune Road, Shirur, Maharashtra, India',NULL,NULL,NULL,NULL,NULL,NULL,'2025-07-11 09:03:40','2025-07-11 09:03:40'),
(99,'7d4d5857-658f-4a31-86ea-3836f5740e3c',19.97327757,73.81977897,18.82471540,74.37699880,NULL,'XRF9+8XC, Shantipark, Upnagar, Nashik, Maharashtra 422214, India','Vidyadham Junior College, Nagar - Pune Road, Shirur, Maharashtra, India','User Demo','User Demo','+919876543210',NULL,'+919876543210',NULL,'2025-07-11 09:05:58','2025-07-11 09:05:58'),
(100,'c445a1bf-ff67-42b1-b36e-c5f7be1b696d',19.03093095,73.06763023,19.02219650,73.01804160,NULL,'29, Bhoomi Heights, सेक्टर 8, खारघर, नवी मुंबई, महाराष्ट्र 410210, India','Seawoods Grand Central Mall, Nerul East, Sector 28, Nerul, Navi Mumbai, Maharashtra, India',NULL,NULL,NULL,NULL,NULL,NULL,'2025-07-11 09:23:23','2025-07-11 09:23:23'),
(101,'cb169179-8c09-401e-b33f-4afc2a4db02a',19.03093095,73.06763023,19.02219650,73.01804160,NULL,'29, Bhoomi Heights, सेक्टर 8, खारघर, नवी मुंबई, महाराष्ट्र 410210, India','Seawoods Grand Central Mall, Nerul East, Sector 28, Nerul, Navi Mumbai, Maharashtra, India',NULL,NULL,NULL,NULL,NULL,NULL,'2025-07-11 09:24:03','2025-07-11 09:24:03'),
(102,'4c1ad53f-2d19-490c-91ec-f47484afca73',19.03095123,73.06773685,19.02219650,73.01804160,NULL,'Radcliffe Schoo School, Kharghar, plot no. 8 A, Sector 8, Kharghar, Navi Mumbai, Maharashtra 410210, India','Seawoods Grand Central Mall, Nerul East, Sector 28, Nerul, Navi Mumbai, Maharashtra, India',NULL,NULL,NULL,NULL,NULL,NULL,'2025-07-11 09:25:34','2025-07-11 09:25:34'),
(103,'451f7ca4-3fc4-42a5-ae05-a53f301c46eb',19.03095123,73.06773685,19.03095560,73.06788930,'[{\"lat\":19.0308933,\"lng\":73.066767}]','Radcliffe Schoo School, Kharghar, plot no. 8 A, Sector 8, Kharghar, Navi Mumbai, Maharashtra 410210, India','Radcliffe Schoo School, Kharghar, plot no. 8 A, Sector 8, Kharghar, Navi Mumbai, Maharashtra 410210, India',NULL,NULL,NULL,NULL,NULL,NULL,'2025-07-11 09:26:29','2025-07-11 09:28:43'),
(104,'d87ccb85-8f3b-45d9-bd0c-d0905bda183e',19.03091257,73.06706093,NULL,NULL,NULL,'308, Sector 8, Kharghar, Navi Mumbai, Maharashtra 410210, India',NULL,NULL,NULL,NULL,NULL,NULL,NULL,'2025-07-11 09:31:37','2025-07-11 09:31:37'),
(105,'c0355fc3-e282-4bc0-8693-032d2d4e7dfd',37.42199819,-122.08399985,37.42199830,-122.08400000,'[{\"lat\":37.4219983,\"lng\":-122.084}]','Google Building 43, 43 Amphitheatre Pkwy, Mountain View, CA 94043, USA','Google Building 43, 43 Amphitheatre Pkwy, Mountain View, CA 94043, USA',NULL,NULL,NULL,NULL,NULL,NULL,'2025-07-11 09:35:50','2025-07-11 09:37:30'),
(106,'64643543-1157-4075-a890-1cbeeb235fb1',37.42199819,-122.08399985,37.42199830,-122.08400000,'[{\"lat\":37.4219983,\"lng\":-122.084}]','Google Building 43, 43 Amphitheatre Pkwy, Mountain View, CA 94043, USA','Google Building 43, 43 Amphitheatre Pkwy, Mountain View, CA 94043, USA',NULL,NULL,NULL,NULL,NULL,NULL,'2025-07-11 09:38:27','2025-07-11 09:43:25'),
(107,'a61e5802-6e04-4ca4-b385-c753661eff9e',19.97320636,73.81980177,NULL,NULL,NULL,'XRF9+8XC, Shantipark, Upnagar, Nashik, Maharashtra 422214, India',NULL,NULL,NULL,NULL,NULL,NULL,NULL,'2025-07-11 09:41:48','2025-07-11 09:41:48'),
(108,'fe8c37d1-b693-4957-849e-2e1354a3b96a',19.97315531,73.81982557,18.82471540,74.37699880,NULL,'3B, Shantipark, Upnagar, Nashik, Maharashtra 422214, India','Vidyadham Junior College, Nagar - Pune Road, Shirur, Maharashtra, India',NULL,NULL,NULL,NULL,NULL,NULL,'2025-07-11 09:42:27','2025-07-11 09:42:27'),
(109,'4d140234-5dbc-4635-9c86-63a845da1867',19.03089735,73.06750719,NULL,NULL,NULL,'29, Bhoomi Heights, सेक्टर 8, खारघर, नवी मुंबई, महाराष्ट्र 410210, India',NULL,NULL,NULL,NULL,NULL,NULL,NULL,'2025-07-11 09:43:20','2025-07-11 09:43:20'),
(110,'c1c62b02-41e8-4b0d-a1c9-5de2af52db0e',37.42199819,-122.08399985,37.42199830,-122.08400000,'[{\"lat\":37.4219983,\"lng\":-122.084}]','Google Building 43, 43 Amphitheatre Pkwy, Mountain View, CA 94043, USA','Google Building 43, 43 Amphitheatre Pkwy, Mountain View, CA 94043, USA',NULL,NULL,NULL,NULL,NULL,NULL,'2025-07-11 09:50:17','2025-07-11 10:01:12'),
(111,'8b7b0d4e-a915-4faf-b7db-2c1baa5ca38b',19.02219650,73.01804160,NULL,NULL,NULL,'Seawoods Grand Central Mall, Nerul East, Sector 28, Nerul, Navi Mumbai, Maharashtra, India',NULL,NULL,NULL,NULL,NULL,NULL,NULL,'2025-07-11 10:15:32','2025-07-11 10:15:32'),
(112,'5ec6977d-fb83-44fc-8199-b645e6bcd3d1',37.42199819,-122.08399985,37.41999688,-122.09349554,NULL,'Google Building 43, 43 Amphitheatre Pkwy, Mountain View, CA 94043, USA','1092 N Rengstorff Ave, Mountain View, CA 94043, USA',NULL,NULL,NULL,NULL,NULL,NULL,'2025-07-11 10:18:13','2025-07-11 10:18:13'),
(113,'26cf9df4-2436-4f1e-a95d-8d863e4f42b3',19.21229490,72.97716610,19.06878930,72.87026470,NULL,'Thane, Maharashtra, India','Bandra Kurla Complex, Bandra East, Mumbai, Maharashtra, India',NULL,NULL,NULL,NULL,NULL,NULL,'2025-07-11 10:46:04','2025-07-11 10:46:04'),
(114,'b3375f01-5a10-4cfc-93f2-71ea210e259c',37.42199819,-122.08399985,37.41661109,-122.09395554,NULL,'Google Building 43, 43 Amphitheatre Pkwy, Mountain View, CA 94043, USA','2122 Wyandotte St, Mountain View, CA 94043, USA',NULL,NULL,NULL,NULL,NULL,NULL,'2025-07-11 10:59:26','2025-07-11 10:59:26'),
(115,'1974b926-d2e5-4a3e-97d6-bdcdbf5edbc6',37.42199819,-122.08399985,37.41858693,-122.09366787,NULL,'Google Building 43, 43 Amphitheatre Pkwy, Mountain View, CA 94043, USA','990 N Rengstorff Ave, Mountain View, CA 94043, USA',NULL,NULL,NULL,NULL,NULL,NULL,'2025-07-11 11:01:24','2025-07-11 11:01:24'),
(116,'33337975-4fdb-48d4-93ee-50f4f1c018d6',37.42199819,-122.08399985,37.42199830,-122.08400000,'[{\"lat\":37.4219983,\"lng\":-122.084}]','Google Building 43, 43 Amphitheatre Pkwy, Mountain View, CA 94043, USA','Google Building 43, 43 Amphitheatre Pkwy, Mountain View, CA 94043, USA',NULL,NULL,NULL,NULL,NULL,NULL,'2025-07-11 11:01:37','2025-07-11 11:03:07');

--
-- Table structure for table `request_ratings`
--

CREATE TABLE `request_ratings` (
  `id` int(10) unsigned NOT NULL AUTO_INCREMENT,
  `request_id` char(36) COLLATE utf8mb4_unicode_ci NOT NULL,
  `user_id` int(10) unsigned DEFAULT NULL,
  `driver_id` int(10) unsigned NOT NULL,
  `rating` double(8,2) NOT NULL DEFAULT 0.00,
  `comment` varchar(191) COLLATE utf8mb4_unicode_ci DEFAULT NULL,
  `user_rating` tinyint(1) NOT NULL DEFAULT 0,
  `driver_rating` tinyint(1) NOT NULL DEFAULT 0,
  `created_at` timestamp NULL DEFAULT NULL,
  `updated_at` timestamp NULL DEFAULT NULL,
  PRIMARY KEY (`id`),
  KEY `request_ratings_request_id_foreign` (`request_id`),
  KEY `request_ratings_user_id_foreign` (`user_id`),
  KEY `request_ratings_driver_id_foreign` (`driver_id`),
  CONSTRAINT `request_ratings_driver_id_foreign` FOREIGN KEY (`driver_id`) REFERENCES `drivers` (`id`) ON DELETE CASCADE,
  CONSTRAINT `request_ratings_request_id_foreign` FOREIGN KEY (`request_id`) REFERENCES `requests` (`id`) ON DELETE CASCADE,
  CONSTRAINT `request_ratings_user_id_foreign` FOREIGN KEY (`user_id`) REFERENCES `users` (`id`) ON DELETE CASCADE
) ENGINE=InnoDB AUTO_INCREMENT=57 DEFAULT CHARSET=utf8mb4 COLLATE=utf8mb4_unicode_ci;

--
-- Dumping data for table `request_ratings`
--

INSERT INTO `request_ratings` VALUES
(1,'47d2d8bd-7ae9-4dad-ad7f-e020e8606a3e',NULL,1,5.00,'good',0,1,'2025-07-07 09:18:11','2025-07-07 09:18:11'),
(2,'3baa28d3-697b-4959-a3de-b73ef2791460',2,1,5.00,'done',1,0,'2025-07-07 09:21:03','2025-07-07 09:21:03'),
(3,'3baa28d3-697b-4959-a3de-b73ef2791460',2,1,5.00,'good',0,1,'2025-07-07 09:21:34','2025-07-07 09:21:34'),
(4,'e2065c02-e924-479e-a069-d0264e464214',2,1,5.00,'done',1,0,'2025-07-07 09:36:17','2025-07-07 09:36:17'),
(5,'e2065c02-e924-479e-a069-d0264e464214',2,1,5.00,'good',0,1,'2025-07-07 09:37:51','2025-07-07 09:37:51'),
(6,'b17323f5-c6a7-4551-aea0-64a89ac68d1c',NULL,1,5.00,'good',0,1,'2025-07-07 09:40:59','2025-07-07 09:40:59'),
(7,'02f4fac4-0507-4634-9e6a-3228ea7f92f9',NULL,1,5.00,'good',0,1,'2025-07-08 09:08:20','2025-07-08 09:08:20'),
(8,'ec1f4da7-bb27-4811-8a40-f219d5968e87',2,1,5.00,NULL,0,1,'2025-07-08 13:01:38','2025-07-08 13:01:38'),
(9,'ec1f4da7-bb27-4811-8a40-f219d5968e87',2,1,5.00,NULL,1,0,'2025-07-08 13:01:48','2025-07-08 13:01:48'),
(10,'307f8283-136c-4ad1-9530-7bb3a8a9458a',2,1,5.00,NULL,1,0,'2025-07-09 04:29:18','2025-07-09 04:29:18'),
(11,'307f8283-136c-4ad1-9530-7bb3a8a9458a',2,1,5.00,NULL,0,1,'2025-07-09 04:29:25','2025-07-09 04:29:25'),
(12,'31de28d3-53a6-4294-a097-24d2bc34d652',2,1,5.00,'good',0,1,'2025-07-09 06:17:39','2025-07-09 06:17:39'),
(13,'31de28d3-53a6-4294-a097-24d2bc34d652',2,1,5.00,'test',1,0,'2025-07-09 06:19:52','2025-07-09 06:19:52'),
(14,'0c894e81-d9d7-4b32-bbd8-5a3c4b2d080f',NULL,1,5.00,'test',0,1,'2025-07-09 06:28:44','2025-07-09 06:28:44'),
(15,'51012261-2174-4d55-9aa9-5402236611f8',2,1,5.00,'good',0,1,'2025-07-09 06:39:33','2025-07-09 06:39:33'),
(16,'80836517-ad42-4282-b2d5-2e2aceb82063',2,1,5.00,NULL,0,1,'2025-07-09 09:13:17','2025-07-09 09:13:17'),
(17,'72f9fa1e-a38e-42a4-a93c-d47b47f3316b',2,1,5.00,NULL,0,1,'2025-07-09 09:15:35','2025-07-09 09:15:35'),
(18,'7645a091-dc10-4aea-9840-4759e2727abb',2,6,5.00,NULL,0,1,'2025-07-09 09:37:19','2025-07-09 09:37:19'),
(19,'3fd1d886-0790-4a46-ab7a-4811da57dd78',20,6,5.00,NULL,0,1,'2025-07-09 09:44:08','2025-07-09 09:44:08'),
(20,'71dd8364-0905-4539-9db5-74aef01b2b01',20,6,5.00,NULL,0,1,'2025-07-09 09:58:48','2025-07-09 09:58:48'),
(21,'3568a981-3b82-422a-9bb6-e1a442386a8f',20,6,5.00,NULL,0,1,'2025-07-09 10:45:01','2025-07-09 10:45:01'),
(22,'8ddd9f2b-bd34-4fc2-8c06-570e228acff0',2,1,5.00,NULL,1,0,'2025-07-09 11:14:44','2025-07-09 11:14:44'),
(23,'8ddd9f2b-bd34-4fc2-8c06-570e228acff0',2,1,5.00,NULL,0,1,'2025-07-09 11:14:46','2025-07-09 11:14:46'),
(24,'94022826-a02e-4412-b49c-8f050106240f',2,6,5.00,NULL,1,0,'2025-07-09 11:19:38','2025-07-09 11:19:38'),
(25,'94022826-a02e-4412-b49c-8f050106240f',2,6,5.00,NULL,0,1,'2025-07-09 11:19:39','2025-07-09 11:19:39'),
(26,'a3c84139-f709-410c-9ffc-cb87eaf42d81',2,6,5.00,NULL,0,1,'2025-07-09 11:25:24','2025-07-09 11:25:24'),
(27,'a3c84139-f709-410c-9ffc-cb87eaf42d81',2,6,5.00,NULL,1,0,'2025-07-09 11:25:25','2025-07-09 11:25:25'),
(28,'99435eae-549c-4de5-8a87-5a5a4e4ef22c',NULL,1,5.00,'test',0,1,'2025-07-09 11:51:28','2025-07-09 11:51:28'),
(29,'7fdf9a78-80ec-42a6-8228-361fab41a194',22,1,5.00,'good service',0,1,'2025-07-10 07:07:46','2025-07-10 07:07:46'),
(30,'fbc532a3-d04e-4b5d-b51a-9356bc5ececa',2,1,5.00,'test',1,0,'2025-07-10 09:23:33','2025-07-10 09:23:33'),
(31,'fbc532a3-d04e-4b5d-b51a-9356bc5ececa',2,1,5.00,'woke',0,1,'2025-07-10 09:23:46','2025-07-10 09:23:46'),
(32,'a4e70763-222a-4eeb-903e-4e8d09f62895',NULL,1,5.00,'ghj',0,1,'2025-07-10 09:25:09','2025-07-10 09:25:09'),
(33,'897e7bbe-c27c-482b-8b4b-864197d5ec7f',2,1,5.00,'best',0,1,'2025-07-10 09:34:26','2025-07-10 09:34:26'),
(34,'897e7bbe-c27c-482b-8b4b-864197d5ec7f',2,1,5.00,'good',1,0,'2025-07-10 09:34:42','2025-07-10 09:34:42'),
(35,'ed62c19e-8ffc-4e6e-80d1-e147b99c3990',2,1,5.00,'test',1,0,'2025-07-10 09:42:15','2025-07-10 09:42:15'),
(36,'ed62c19e-8ffc-4e6e-80d1-e147b99c3990',2,1,5.00,'truck',0,1,'2025-07-10 09:42:23','2025-07-10 09:42:23'),
(37,'aa18c435-5ab8-4910-84df-a2734b395e4d',2,1,5.00,NULL,1,0,'2025-07-10 10:18:17','2025-07-10 10:18:17'),
(38,'aa18c435-5ab8-4910-84df-a2734b395e4d',2,1,5.00,NULL,0,1,'2025-07-10 10:18:51','2025-07-10 10:18:51'),
(39,'91f2f1b5-1236-486c-a0ad-420825939763',2,1,5.00,NULL,0,1,'2025-07-10 10:20:45','2025-07-10 10:20:45'),
(40,'91f2f1b5-1236-486c-a0ad-420825939763',2,1,5.00,NULL,1,0,'2025-07-10 10:21:06','2025-07-10 10:21:06'),
(41,'3676a8da-98f9-4440-81f6-7ea9e48e2c3d',NULL,1,4.00,'ghgh',0,1,'2025-07-10 10:38:26','2025-07-10 10:38:26'),
(42,'8b33759a-4b53-484b-96cd-a26f2a146f5e',2,1,5.00,'yehhs',0,1,'2025-07-10 15:13:34','2025-07-10 15:13:34'),
(43,'b4e6cd31-098d-4dad-8a85-fb98c2f96864',NULL,1,4.00,'gykik',0,1,'2025-07-11 04:50:38','2025-07-11 04:50:38'),
(44,'faa44e82-f8f4-413b-ad58-d3aeaa110d0d',2,1,4.00,'fggh',0,1,'2025-07-11 04:54:25','2025-07-11 04:54:25'),
(45,'faa44e82-f8f4-413b-ad58-d3aeaa110d0d',2,1,4.00,'fggh',1,0,'2025-07-11 04:56:05','2025-07-11 04:56:05'),
(46,'35254a08-0ed4-4262-ae91-caceab0208d9',2,1,4.00,'ghj',0,1,'2025-07-11 05:28:06','2025-07-11 05:28:06'),
(47,'35254a08-0ed4-4262-ae91-caceab0208d9',2,1,4.00,'fg',1,0,'2025-07-11 05:28:45','2025-07-11 05:28:45'),
(48,'fb13b372-3cd1-48a4-9449-356f7493c463',2,1,3.00,'hjkh',0,1,'2025-07-11 05:47:21','2025-07-11 05:47:21'),
(49,'fb13b372-3cd1-48a4-9449-356f7493c463',2,1,4.00,'ghj',1,0,'2025-07-11 05:47:29','2025-07-11 05:47:29'),
(50,'451f7ca4-3fc4-42a5-ae05-a53f301c46eb',2,4,5.00,NULL,1,0,'2025-07-11 09:29:16','2025-07-11 09:29:16'),
(51,'451f7ca4-3fc4-42a5-ae05-a53f301c46eb',2,4,4.00,NULL,0,1,'2025-07-11 09:29:25','2025-07-11 09:29:25'),
(52,'c0355fc3-e282-4bc0-8693-032d2d4e7dfd',2,4,4.00,'kkh',0,1,'2025-07-11 09:37:53','2025-07-11 09:37:53'),
(53,'c0355fc3-e282-4bc0-8693-032d2d4e7dfd',2,4,4.00,'hjk',1,0,'2025-07-11 09:38:04','2025-07-11 09:38:04'),
(54,'64643543-1157-4075-a890-1cbeeb235fb1',2,4,4.00,'cvh',0,1,'2025-07-11 09:46:35','2025-07-11 09:46:35'),
(55,'c1c62b02-41e8-4b0d-a1c9-5de2af52db0e',2,4,4.00,'uiu',0,1,'2025-07-11 10:01:23','2025-07-11 10:01:23'),
(56,'33337975-4fdb-48d4-93ee-50f4f1c018d6',44,16,4.00,'iu',0,1,'2025-07-11 11:04:37','2025-07-11 11:04:37');

--
-- Table structure for table `request_stops`
--

CREATE TABLE `request_stops` (
  `id` int(10) unsigned NOT NULL AUTO_INCREMENT,
  `request_id` char(36) COLLATE utf8mb4_unicode_ci NOT NULL,
  `address` varchar(191) COLLATE utf8mb4_unicode_ci DEFAULT NULL,
  `latitude` double(15,8) DEFAULT NULL,
  `longitude` double(15,8) DEFAULT NULL,
  `poc_name` varchar(191) COLLATE utf8mb4_unicode_ci DEFAULT NULL,
  `poc_mobile` varchar(14) COLLATE utf8mb4_unicode_ci DEFAULT NULL,
  `poc_instruction` varchar(191) COLLATE utf8mb4_unicode_ci DEFAULT NULL,
  `completed_at` timestamp NULL DEFAULT NULL,
  `order` int(10) unsigned NOT NULL DEFAULT 0,
  `created_at` timestamp NULL DEFAULT NULL,
  `updated_at` timestamp NULL DEFAULT NULL,
  PRIMARY KEY (`id`),
  KEY `request_stops_request_id_foreign` (`request_id`),
  CONSTRAINT `request_stops_request_id_foreign` FOREIGN KEY (`request_id`) REFERENCES `requests` (`id`) ON DELETE CASCADE
) ENGINE=InnoDB AUTO_INCREMENT=15 DEFAULT CHARSET=utf8mb4 COLLATE=utf8mb4_unicode_ci;

--
-- Dumping data for table `request_stops`
--

INSERT INTO `request_stops` VALUES
(1,'aa18c435-5ab8-4910-84df-a2734b395e4d','7Q37+HJ5, Apana Nagar, Parbhani, Maharashtra 431401, India',19.25403172,76.76412564,NULL,NULL,NULL,NULL,3,'2025-07-10 10:13:36','2025-07-10 10:13:36'),
(2,'aa18c435-5ab8-4910-84df-a2734b395e4d','Anusaya E-Square, Gangakhed Road, Apana Nagar, Parbhani, Maharashtra, India',19.25731560,76.76468490,NULL,NULL,NULL,NULL,2,'2025-07-10 10:13:36','2025-07-10 10:13:36'),
(3,'c445a1bf-ff67-42b1-b36e-c5f7be1b696d','Vashi station entry, Vashi Railway Station Road, Sector 30A, Vashi, Navi Mumbai, Maharashtra, India',19.06454970,72.99929430,NULL,NULL,NULL,NULL,3,'2025-07-11 09:23:23','2025-07-11 09:23:23'),
(4,'c445a1bf-ff67-42b1-b36e-c5f7be1b696d','Seawoods Grand Central Mall, Nerul East, Sector 28, Nerul, Navi Mumbai, Maharashtra, India',19.02219650,73.01804160,NULL,NULL,NULL,NULL,2,'2025-07-11 09:23:23','2025-07-11 09:23:23'),
(5,'cb169179-8c09-401e-b33f-4afc2a4db02a','Vashi station entry, Vashi Railway Station Road, Sector 30A, Vashi, Navi Mumbai, Maharashtra, India',19.06454970,72.99929430,NULL,NULL,NULL,NULL,3,'2025-07-11 09:24:03','2025-07-11 09:24:03'),
(6,'cb169179-8c09-401e-b33f-4afc2a4db02a','Seawoods Grand Central Mall, Nerul East, Sector 28, Nerul, Navi Mumbai, Maharashtra, India',19.02219650,73.01804160,NULL,NULL,NULL,NULL,2,'2025-07-11 09:24:03','2025-07-11 09:24:03'),
(7,'4c1ad53f-2d19-490c-91ec-f47484afca73','Vashi station entry, Vashi Railway Station Road, Sector 30A, Vashi, Navi Mumbai, Maharashtra, India',19.06454970,72.99929430,NULL,NULL,NULL,NULL,3,'2025-07-11 09:25:34','2025-07-11 09:25:34'),
(8,'4c1ad53f-2d19-490c-91ec-f47484afca73','Seawoods Grand Central Mall, Nerul East, Sector 28, Nerul, Navi Mumbai, Maharashtra, India',19.02219650,73.01804160,NULL,NULL,NULL,NULL,2,'2025-07-11 09:25:34','2025-07-11 09:25:34'),
(9,'451f7ca4-3fc4-42a5-ae05-a53f301c46eb','Vashi station entry, Vashi Railway Station Road, Sector 30A, Vashi, Navi Mumbai, Maharashtra, India',19.06454970,72.99929430,NULL,NULL,NULL,'2025-07-11 09:28:36',2,'2025-07-11 09:26:29','2025-07-11 09:28:36'),
(10,'451f7ca4-3fc4-42a5-ae05-a53f301c46eb','Seawoods Grand Central Mall, Nerul East, Sector 28, Nerul, Navi Mumbai, Maharashtra, India',19.02219650,73.01804160,NULL,NULL,NULL,NULL,3,'2025-07-11 09:26:29','2025-07-11 09:26:29'),
(11,'c0355fc3-e282-4bc0-8693-032d2d4e7dfd','Googleplex, Amphitheatre Parkway, Mountain View, CA, USA',37.42205410,-122.08532420,NULL,NULL,NULL,'2025-07-11 09:37:16',3,'2025-07-11 09:35:50','2025-07-11 09:37:16'),
(12,'c0355fc3-e282-4bc0-8693-032d2d4e7dfd','2211 Old Middlefield Way, Mountain View, CA 94043, USA',37.41424640,-122.09492750,NULL,NULL,NULL,NULL,2,'2025-07-11 09:35:50','2025-07-11 09:35:50'),
(13,'c1c62b02-41e8-4b0d-a1c9-5de2af52db0e','Googleplex, Amphitheatre Parkway, Mountain View, CA, USA',37.42205410,-122.08532420,NULL,NULL,NULL,'2025-07-11 09:56:32',3,'2025-07-11 09:50:17','2025-07-11 09:56:32'),
(14,'c1c62b02-41e8-4b0d-a1c9-5de2af52db0e','885 Altaire Walk, Palo Alto, CA 94303, USA',37.42385726,-122.10173361,NULL,NULL,NULL,NULL,2,'2025-07-11 09:50:17','2025-07-11 09:50:17');

--
-- Table structure for table `requests_meta`
--

CREATE TABLE `requests_meta` (
  `id` int(10) unsigned NOT NULL AUTO_INCREMENT,
  `request_id` char(36) COLLATE utf8mb4_unicode_ci NOT NULL,
  `user_id` int(10) unsigned DEFAULT NULL,
  `driver_id` int(10) unsigned NOT NULL,
  `active` tinyint(1) NOT NULL DEFAULT 0,
  `assign_method` enum('1','2') COLLATE utf8mb4_unicode_ci NOT NULL COMMENT '1 => one-by-one,2 => all',
  `is_later` tinyint(1) NOT NULL DEFAULT 0,
  `distance_to_pickup` double(15,8) NOT NULL DEFAULT 0.00000000,
  `created_at` timestamp NULL DEFAULT NULL,
  `updated_at` timestamp NULL DEFAULT NULL,
  PRIMARY KEY (`id`),
  KEY `requests_meta_request_id_foreign` (`request_id`),
  KEY `requests_meta_user_id_foreign` (`user_id`),
  KEY `requests_meta_driver_id_foreign` (`driver_id`),
  CONSTRAINT `requests_meta_driver_id_foreign` FOREIGN KEY (`driver_id`) REFERENCES `drivers` (`id`) ON DELETE CASCADE,
  CONSTRAINT `requests_meta_request_id_foreign` FOREIGN KEY (`request_id`) REFERENCES `requests` (`id`) ON DELETE CASCADE,
  CONSTRAINT `requests_meta_user_id_foreign` FOREIGN KEY (`user_id`) REFERENCES `users` (`id`) ON DELETE CASCADE
) ENGINE=InnoDB AUTO_INCREMENT=48 DEFAULT CHARSET=utf8mb4 COLLATE=utf8mb4_unicode_ci;

--
-- Dumping data for table `requests_meta`
--

INSERT INTO `requests_meta` VALUES
(37,'a0b2492d-de2c-4908-b3d1-79beabd4381a',38,1,1,'1',0,0.00000000,'2025-07-11 07:05:39','2025-07-11 07:05:39');

--
-- Table structure for table `role_user`
--

CREATE TABLE `role_user` (
  `user_id` int(10) unsigned NOT NULL,
  `role_id` int(10) unsigned NOT NULL,
  PRIMARY KEY (`user_id`,`role_id`),
  KEY `role_user_role_id_foreign` (`role_id`),
  CONSTRAINT `role_user_role_id_foreign` FOREIGN KEY (`role_id`) REFERENCES `roles` (`id`) ON DELETE CASCADE,
  CONSTRAINT `role_user_user_id_foreign` FOREIGN KEY (`user_id`) REFERENCES `users` (`id`) ON DELETE CASCADE
) ENGINE=InnoDB DEFAULT CHARSET=utf8mb4 COLLATE=utf8mb4_unicode_ci;

--
-- Dumping data for table `role_user`
--

INSERT INTO `role_user` VALUES
(1,1),
(2,2),
(3,2),
(4,7),
(5,6),
(6,7),
(7,7),
(8,2),
(9,8),
(10,2),
(11,2),
(12,7),
(13,6),
(14,2),
(15,2),
(16,2),
(17,2),
(18,7),
(19,7),
(20,2),
(21,2),
(22,2),
(23,2),
(24,7),
(25,7),
(26,7),
(27,7),
(29,7),
(30,7),
(31,7),
(32,7),
(33,2),
(34,2),
(35,5),
(36,2),
(37,2),
(38,2),
(39,2),
(40,2),
(41,2),
(42,2),
(43,7),
(44,2);

--
-- Table structure for table `roles`
--

CREATE TABLE `roles` (
  `id` int(10) unsigned NOT NULL AUTO_INCREMENT,
  `slug` varchar(50) COLLATE utf8mb4_unicode_ci NOT NULL,
  `name` varchar(50) COLLATE utf8mb4_unicode_ci NOT NULL,
  `description` varchar(150) COLLATE utf8mb4_unicode_ci DEFAULT NULL,
  `all` tinyint(1) NOT NULL DEFAULT 0,
  `locked` tinyint(1) NOT NULL DEFAULT 0,
  `created_at` timestamp NULL DEFAULT NULL,
  `updated_at` timestamp NULL DEFAULT NULL,
  PRIMARY KEY (`id`),
  UNIQUE KEY `roles_slug_unique` (`slug`)
) ENGINE=InnoDB AUTO_INCREMENT=9 DEFAULT CHARSET=utf8mb4 COLLATE=utf8mb4_unicode_ci;

--
-- Dumping data for table `roles`
--

INSERT INTO `roles` VALUES
(1,'super-admin','Super Admin','Admin group with unrestricted access',1,1,'2025-07-04 10:47:45','2025-07-04 10:47:45'),
(2,'user','Normal User','Normal user with standard access',0,1,'2025-07-04 10:47:45','2025-07-04 10:47:45'),
(3,'admin','Admin','Admin group with restricted access',0,1,'2025-07-04 10:47:45','2025-07-04 10:47:45'),
(4,'sub-admin','Sub Admin','Sub Admin group with restricted access',0,1,'2025-07-04 10:47:45','2025-07-04 10:47:45'),
(5,'manager','Manager','Manager group with Highly restricted access',0,1,'2025-07-04 10:47:45','2025-07-04 10:47:45'),
(6,'owner','Owner','Owner for company management',0,1,'2025-07-04 10:47:45','2025-07-04 10:47:45'),
(7,'driver','Driver','Driver user with standard access',0,1,'2025-07-04 10:47:45','2025-07-04 10:47:45'),
(8,'dispatcher','Dispatcher','Dispatcher user with standard access',0,1,'2025-07-04 10:47:45','2025-07-04 10:47:45');

--
-- Table structure for table `service_locations`
--

CREATE TABLE `service_locations` (
  `id` char(36) COLLATE utf8mb4_unicode_ci NOT NULL,
  `company_key` varchar(191) COLLATE utf8mb4_unicode_ci DEFAULT NULL,
  `name` varchar(191) COLLATE utf8mb4_unicode_ci NOT NULL,
  `currency_name` varchar(191) COLLATE utf8mb4_unicode_ci DEFAULT NULL,
  `currency_code` varchar(191) COLLATE utf8mb4_unicode_ci DEFAULT NULL,
  `currency_symbol` varchar(191) COLLATE utf8mb4_unicode_ci DEFAULT NULL,
  `timezone` varchar(191) COLLATE utf8mb4_unicode_ci NOT NULL,
  `country` int(10) unsigned NOT NULL,
  `active` tinyint(1) NOT NULL,
  `created_at` timestamp NULL DEFAULT NULL,
  `updated_at` timestamp NULL DEFAULT NULL,
  `deleted_at` timestamp NULL DEFAULT NULL,
  PRIMARY KEY (`id`),
  KEY `service_locations_country_foreign` (`country`),
  CONSTRAINT `service_locations_country_foreign` FOREIGN KEY (`country`) REFERENCES `countries` (`id`) ON DELETE CASCADE
) ENGINE=InnoDB DEFAULT CHARSET=utf8mb4 COLLATE=utf8mb4_unicode_ci;

--
-- Dumping data for table `service_locations`
--

INSERT INTO `service_locations` VALUES
('7bd1b86d-4cca-40f3-b427-2bec637a175a',NULL,'new','lek','ALL','Lek','Asia/Muscat',2,1,'2025-07-09 12:25:45','2025-07-10 04:53:24','2025-07-10 04:53:24'),
('fc839e9a-ba34-4f76-b0a0-60215746d87a',NULL,'Global','Indian rupee','USD','$','Asia/Calcutta',102,1,'2025-07-07 07:31:55','2025-07-07 07:32:27',NULL);

--
-- Table structure for table `settings`
--



--
-- Dumping data for table `settings`
--



--
-- Table structure for table `sos`
--

CREATE TABLE `sos` (
  `id` char(36) COLLATE utf8mb4_unicode_ci NOT NULL,
  `company_key` varchar(191) COLLATE utf8mb4_unicode_ci DEFAULT NULL,
  `service_location_id` char(36) COLLATE utf8mb4_unicode_ci DEFAULT NULL,
  `name` varchar(191) COLLATE utf8mb4_unicode_ci NOT NULL,
  `number` varchar(191) COLLATE utf8mb4_unicode_ci NOT NULL,
  `user_type` enum('admin','mobile-users') COLLATE utf8mb4_unicode_ci NOT NULL,
  `created_by` int(10) unsigned DEFAULT NULL,
  `active` tinyint(1) NOT NULL DEFAULT 1,
  `created_at` timestamp NULL DEFAULT NULL,
  `updated_at` timestamp NULL DEFAULT NULL,
  `deleted_at` timestamp NULL DEFAULT NULL,
  PRIMARY KEY (`id`),
  KEY `sos_service_location_id_foreign` (`service_location_id`),
  KEY `sos_created_by_foreign` (`created_by`),
  CONSTRAINT `sos_created_by_foreign` FOREIGN KEY (`created_by`) REFERENCES `users` (`id`) ON DELETE CASCADE,
  CONSTRAINT `sos_service_location_id_foreign` FOREIGN KEY (`service_location_id`) REFERENCES `service_locations` (`id`) ON DELETE CASCADE
) ENGINE=InnoDB DEFAULT CHARSET=utf8mb4 COLLATE=utf8mb4_unicode_ci;

--
-- Dumping data for table `sos`
--

INSERT INTO `sos` VALUES
('476bde44-e6e9-4dd6-bfb1-8b6d31ec18c7',NULL,NULL,'JioHelpline','1991','mobile-users',2,1,'2025-07-07 09:30:32','2025-07-07 09:30:42','2025-07-07 09:30:42'),
('8eb1db7e-8b5e-4b7b-971a-a0c41008cd8e',NULL,'fc839e9a-ba34-4f76-b0a0-60215746d87a','Ambulance','108','admin',1,1,'2025-07-11 07:02:08','2025-07-11 07:02:08',NULL),
('c537591e-3468-465b-b959-b67a0777d248',NULL,'fc839e9a-ba34-4f76-b0a0-60215746d87a','Police','100','admin',1,1,'2025-07-11 06:09:21','2025-07-11 06:09:21',NULL),
('daa60cff-f40a-46da-8dfc-0774f6ac23c8',NULL,'fc839e9a-ba34-4f76-b0a0-60215746d87a','Police','911','admin',1,0,'2025-07-11 06:08:19','2025-07-11 06:08:44','2025-07-11 06:08:44'),
('e5667748-6d3d-4fba-a252-f96d768f8d96',NULL,NULL,'Abhinav Saini','+919962264355','mobile-users',41,1,'2025-07-11 10:27:16','2025-07-11 10:27:16',NULL);

--
-- Table structure for table `states`
--

CREATE TABLE `states` (
  `id` char(36) COLLATE utf8mb4_unicode_ci NOT NULL,
  `slug` varchar(50) COLLATE utf8mb4_unicode_ci NOT NULL,
  `name` varchar(50) COLLATE utf8mb4_unicode_ci NOT NULL,
  `active` tinyint(1) NOT NULL DEFAULT 1,
  PRIMARY KEY (`id`),
  UNIQUE KEY `states_slug_unique` (`slug`)
) ENGINE=InnoDB DEFAULT CHARSET=utf8mb4 COLLATE=utf8mb4_unicode_ci;

--
-- Dumping data for table `states`
--


--
-- Table structure for table `third_party_settings`
--

CREATE TABLE `third_party_settings` (
  `id` char(36) COLLATE utf8mb4_unicode_ci NOT NULL,
  `name` varchar(191) COLLATE utf8mb4_unicode_ci NOT NULL,
  `value` varchar(191) COLLATE utf8mb4_unicode_ci DEFAULT NULL,
  `module` varchar(191) COLLATE utf8mb4_unicode_ci DEFAULT NULL,
  `created_at` timestamp NULL DEFAULT NULL,
  `updated_at` timestamp NULL DEFAULT NULL,
  PRIMARY KEY (`id`)
) ENGINE=InnoDB DEFAULT CHARSET=utf8mb4 COLLATE=utf8mb4_unicode_ci;

--
-- Dumping data for table `third_party_settings`
--



--
-- Table structure for table `time_zones`
--

CREATE TABLE `time_zones` (
  `id` char(36) COLLATE utf8mb4_unicode_ci NOT NULL,
  `name` varchar(191) COLLATE utf8mb4_unicode_ci DEFAULT NULL,
  `timezone` varchar(191) COLLATE utf8mb4_unicode_ci DEFAULT NULL,
  `active` tinyint(1) NOT NULL DEFAULT 1,
  `created_at` timestamp NULL DEFAULT NULL,
  `updated_at` timestamp NULL DEFAULT NULL,
  PRIMARY KEY (`id`)
) ENGINE=InnoDB DEFAULT CHARSET=utf8mb4 COLLATE=utf8mb4_unicode_ci;

--
-- Dumping data for table `time_zones`
--

INSERT INTO `time_zones` VALUES
('005448ae-bdde-4af6-9331-80c437dfa371','Scoresbysund','America/Scoresbysund',1,NULL,NULL),
('00c95228-8d88-428f-b00d-b555d0f74abf','Muscat','Asia/Muscat',1,NULL,NULL),
('015ddebe-ce6a-478d-a34a-6a268cebf88e','Ponape','Pacific/Ponape',1,NULL,NULL),
('02300860-dd10-4156-9a9d-e13bbf45d2c4','Boise','America/Boise',1,NULL,NULL),
('025ddaf7-edaa-4597-a634-346b6adc3218','Mazatlan','America/Mazatlan',1,NULL,NULL),
('02ba23f4-5e53-4ed0-9841-506e19688bde','Chicago','America/Chicago',1,NULL,NULL),
('02f82664-b849-4825-9615-9538ae6afade','Marigot','America/Marigot',1,NULL,NULL),
('03024874-178f-4a96-acc9-881532df3dcb','Asuncion','America/Asuncion',1,NULL,NULL),
('0352d68f-fe4f-40e0-b376-238ce52dcb06','Brussels','Europe/Brussels',1,NULL,NULL),
('03a4115c-d78a-452b-9f12-f191a0896100','Mauritius','Indian/Mauritius',1,NULL,NULL),
('050aa545-c412-4168-842a-d4852ec22b9b','Zaporozhye','Europe/Zaporozhye',1,NULL,NULL),
('056709ca-44f7-4b0b-ba8b-127ad1b92324','Dar es Salaam','Africa/Dar_es_Salaam',1,NULL,NULL),
('05ad7e46-e293-45c6-b3be-51b4380b85cb','Jan Mayen','Atlantic/Jan_Mayen',1,NULL,NULL),
('06288953-6395-4fb6-9aeb-4ad2875ab413','Istanbul','Europe/Istanbul',1,NULL,NULL),
('07645ca1-cb57-4198-9fe7-2a999f94375b','Indiana - Vincennes','America/Indiana/Vincennes',1,NULL,NULL),
('08963877-a528-4037-b962-b4999957371b','Midway','Pacific/Midway',1,NULL,NULL),
('098b6428-99c7-44e4-841f-41b1665e76ed','Danmarkshavn','America/Danmarkshavn',1,NULL,NULL),
('09ba1ef8-fb33-4989-ac1d-a19f647c08e1','Palmer','Antarctica/Palmer',1,NULL,NULL),
('09cd6f43-8370-488a-99bb-bf105d649e2e','Accra','Africa/Accra',1,NULL,NULL),
('0b193418-224a-425b-a970-e91fdd4d86c7','Los Angeles','America/Los_Angeles',1,NULL,NULL),
('0c21711d-98d6-4643-b92a-5f9d6f0b595c','Aruba','America/Aruba',1,NULL,NULL),
('0d5c5c1e-4d61-45f8-a42c-57401e84a771','Argentina - Buenos Aires','America/Argentina/Buenos_Aires',1,NULL,NULL),
('0d748997-d48f-4ee6-8031-8bfa834f99bb','Argentina - San Juan','America/Argentina/San_Juan',1,NULL,NULL),
('0da786cb-cd52-4f24-9c28-1a138a933ba3','Anchorage','America/Anchorage',1,NULL,NULL),
('0f8bb028-5f95-462d-9798-f8d2f13e718b','Godthab','America/Godthab',1,NULL,NULL),
('10d8f90b-9e54-4cca-943c-53c3cc4fa6d1','West','Australia/West',1,NULL,NULL),
('1101e87e-5ae1-4304-a04e-9a1c9501043a','Yakutsk','Asia/Yakutsk',1,NULL,NULL),
('124ad563-ed6d-4e97-87db-805bf8e83251','Makassar','Asia/Makassar',1,NULL,NULL),
('12872a74-8567-439d-a502-ca0338f34cc7','Singapore','Asia/Singapore',1,NULL,NULL),
('1301835f-ccd3-43e9-b977-bb62fbedb4e4','Palau','Pacific/Palau',1,NULL,NULL),
('135e8ad8-2f39-4053-a6e8-2671b4d07748','Addis Ababa','Africa/Addis_Ababa',1,NULL,NULL),
('13d19105-2140-4957-aad7-bf1ad8e7f1bc','Khartoum','Africa/Khartoum',1,NULL,NULL),
('143c67fb-67c4-4942-92ee-dbc4089cf495','Maseru','Africa/Maseru',1,NULL,NULL),
('14586892-8561-44bd-be5f-8dad8c511a2e','Nairobi','Africa/Nairobi',1,NULL,NULL),
('1518c8a4-7865-47a2-a8f1-9cbb8e06a0d4','Stockholm','Europe/Stockholm',1,NULL,NULL),
('15548359-aa7f-400b-b714-bf863e7a71a5','Sydney','Australia/Sydney',1,NULL,NULL),
('15903513-a0bb-4738-8093-6b7dae530556','Argentina - Rio Gallegos','America/Argentina/Rio_Gallegos',1,NULL,NULL),
('15a2796f-b4d8-4301-9fb0-97bf78dffbba','Belize','America/Belize',1,NULL,NULL),
('1692fc89-6478-4462-b26f-a3cb3bdd7532','Macquarie','Antarctica/Macquarie',1,NULL,NULL),
('1718044a-4975-4fd3-bc95-18484e06f3f0','Lindeman','Australia/Lindeman',1,NULL,NULL),
('17b56ff8-3c46-4596-8d3e-da3d145626a9','Norfolk','Pacific/Norfolk',1,NULL,NULL),
('17bc45e9-3dfc-43a5-ab66-21de862d9c6a','Kentucky - Monticello','America/Kentucky/Monticello',1,NULL,NULL),
('19213e73-bfc8-4b88-baa6-aa2b03c78dd8','Davis','Antarctica/Davis',1,NULL,NULL),
('194efffa-4970-4c74-a15f-8655f780c113','Toronto','America/Toronto',1,NULL,NULL),
('1a3881c4-9ae4-41de-82ef-07e95e590608','Queensland','Australia/Queensland',1,NULL,NULL),
('1b7a9fe9-64fc-4e7a-9005-930035f7f71f','Freetown','Africa/Freetown',1,NULL,NULL),
('1bc44713-f013-4ee6-9635-2797a4aeaabb','Resolute','America/Resolute',1,NULL,NULL),
('1c8ef029-ace4-44eb-aadf-f38e1b0df3a8','Barbados','America/Barbados',1,NULL,NULL),
('1cdfec0a-382f-4784-9bdd-11ce7e919087','Thimphu','Asia/Thimphu',1,NULL,NULL),
('1e1ff991-f29d-4ccd-abac-861cd550c68c','Shiprock','America/Shiprock',1,NULL,NULL),
('1e3d708a-2170-4d69-9710-57a8ff113ffe','Bratislava','Europe/Bratislava',1,NULL,NULL),
('1ede71e2-a302-4110-89e8-d76d5151642c','Easter','Pacific/Easter',1,NULL,NULL),
('1f108083-217a-4883-b3f2-6e995cde49d2','Rothera','Antarctica/Rothera',1,NULL,NULL),
('1f255315-d607-462d-855b-8c1976a648e6','Porto-Novo','Africa/Porto-Novo',1,NULL,NULL),
('203a2966-ed44-4cee-b416-5594a9f05732','Uzhgorod','Europe/Uzhgorod',1,NULL,NULL),
('208616bb-d7d2-4cd1-b28c-d98e3195484c','Harare','Africa/Harare',1,NULL,NULL),
('20fea176-f7d4-4168-a7f8-b3a4e7626118','Vancouver','America/Vancouver',1,NULL,NULL),
('219259ae-d46e-4c68-81b2-d96995ea1558','Thimbu','Asia/Thimbu',1,NULL,NULL),
('21cc2c5f-5484-43ac-998c-774eaef19401','Galapagos','Pacific/Galapagos',1,NULL,NULL),
('226303a8-d17f-456d-a9d2-b9d371169a12','Tiraspol','Europe/Tiraspol',1,NULL,NULL),
('24311d7b-c1a5-4533-a4ab-28a670c4ea7e','Guernsey','Europe/Guernsey',1,NULL,NULL),
('2439dbfd-09ca-418c-aaf5-2a26df487a6e','Honolulu','Pacific/Honolulu',1,NULL,NULL),
('2442927e-5e1c-4f39-ac51-0a9ea7743509','Ensenada','America/Ensenada',1,NULL,NULL),
('2457e5e2-2a27-4d73-b020-e5ba58c43bd9','Yellowknife','America/Yellowknife',1,NULL,NULL),
('249943ef-ed18-4bbb-a6e6-194e252bf8fc','McMurdo','Antarctica/McMurdo',1,NULL,NULL),
('257d2669-53f3-4210-ac10-271b0099bab6','Efate','Pacific/Efate',1,NULL,NULL),
('26144373-814f-413b-a5f1-2db66af8afd0','Cordoba','America/Cordoba',1,NULL,NULL),
('2692ad9f-f023-4421-8f6f-ba52c9c4be3b','Broken Hill','Australia/Broken_Hill',1,NULL,NULL),
('2697464d-594d-4d27-9499-e6c54fac735a','Vilnius','Europe/Vilnius',1,NULL,NULL),
('26f336bc-1fc9-42d5-8118-bcc4bff176da','Vientiane','Asia/Vientiane',1,NULL,NULL),
('28399379-31af-4b7d-8a89-23836b6a845a','Kampala','Africa/Kampala',1,NULL,NULL),
('28b52157-5016-4c45-ab30-167b4776ad8a','South Georgia','Atlantic/South_Georgia',1,NULL,NULL),
('2932b853-ccc4-4da1-9f3d-4dd609420deb','Lord Howe','Australia/Lord_Howe',1,NULL,NULL),
('2943f195-a047-4efa-b9f4-31d920c27a7b','North Dakota - Center','America/North_Dakota/Center',1,NULL,NULL),
('29884bd8-91df-4907-a5a0-1cffa68ba5f6','Dakar','Africa/Dakar',1,NULL,NULL),
('29f62e66-4216-43b7-8f72-cde345ebf570','Antigua','America/Antigua',1,NULL,NULL),
('2a1db090-2092-4aec-a2ef-99b0c73b9d2a','Mahe','Indian/Mahe',1,NULL,NULL),
('2a2678b8-aa1c-486a-b3a2-fe361482990a','Porto Acre','America/Porto_Acre',1,NULL,NULL),
('2ab4c2f9-b2e3-45c1-93d3-6916a62b078d','LHI','Australia/LHI',1,NULL,NULL),
('2ad0f132-1c2c-4ad1-ad03-c307b4145f34','Cuiaba','America/Cuiaba',1,NULL,NULL),
('2b445170-b8ed-47fe-8d1b-4a58b09c826f','Louisville','America/Louisville',1,NULL,NULL),
('2d387b64-8e5a-4a01-824e-74a9a3a0e888','Tehran','Asia/Tehran',1,NULL,NULL),
('2d4cfc4e-bc1d-49da-b656-22dda6fef33d','Beirut','Asia/Beirut',1,NULL,NULL),
('3007fe7b-9dac-46b4-88af-0cf973bc50fc','Perth','Australia/Perth',1,NULL,NULL),
('30e0ef90-f018-4ded-9df3-38265e866e93','NSW','Australia/NSW',1,NULL,NULL),
('313de792-3ca1-49b6-8a72-9311585e309e','Indiana - Marengo','America/Indiana/Marengo',1,NULL,NULL),
('32132641-38a5-4f00-aa57-65896105df51','Kiev','Europe/Kiev',1,NULL,NULL),
('33f7458a-6d12-4154-84b7-ac0d838ce72d','Monterrey','America/Monterrey',1,NULL,NULL),
('3451e977-70b5-42d2-9d4e-f07d287da6f0','Jujuy','America/Jujuy',1,NULL,NULL),
('34861188-54e8-47d4-a375-d76917e26236','Phnom Penh','Asia/Phnom_Penh',1,NULL,NULL),
('35d49117-966c-4613-b1a7-fd997eace692','Guyana','America/Guyana',1,NULL,NULL),
('35fda2a4-3427-4117-a58a-fd5975aaa00a','Tel Aviv','Asia/Tel_Aviv',1,NULL,NULL),
('364d5609-2929-45ae-b3cb-c2c5c4d1c8bb','Mawson','Antarctica/Mawson',1,NULL,NULL),
('380b95e3-5b57-444e-93c2-ebffc83b2943','Saipan','Pacific/Saipan',1,NULL,NULL),
('3836ca84-76d7-46cc-b0c4-c141931f14ad','Port of Spain','America/Port_of_Spain',1,NULL,NULL),
('38480d93-6357-428e-b5ca-0b539e038c9c','Sofia','Europe/Sofia',1,NULL,NULL),
('38f64acf-c79d-471a-aea5-3aa635d64970','St Barthelemy','America/St_Barthelemy',1,NULL,NULL),
('394b2e9c-5cfb-4265-8aed-33d19de35280','Windhoek','Africa/Windhoek',1,NULL,NULL),
('39ee90b4-404c-4323-923c-732e94be89fd','Truk','Pacific/Truk',1,NULL,NULL),
('3ad59ddc-c34d-40a0-b35b-68c58c799f92','Kentucky - Louisville','America/Kentucky/Louisville',1,NULL,NULL),
('3b4824e4-f0be-436b-a452-041f060b5cd3','Ceuta','Africa/Ceuta',1,NULL,NULL),
('3c3c1a18-6b10-476d-82e1-2576e8cd1394','Katmandu','Asia/Katmandu',1,NULL,NULL),
('3c4147a1-7e49-4993-8906-7e1514d1dbfe','Istanbul','Asia/Istanbul',1,NULL,NULL),
('3c608846-4bf1-46e6-8b24-1ec88e88dd7e','Juneau','America/Juneau',1,NULL,NULL),
('3db88213-daca-4a5a-8266-c8f695f19de6','Marquesas','Pacific/Marquesas',1,NULL,NULL),
('3e26110b-6e3d-4eb5-acd3-ac9155948454','Chongqing','Asia/Chongqing',1,NULL,NULL),
('3eb48ec6-8b76-41f0-9cfa-8c8435f89f62','Mayotte','Indian/Mayotte',1,NULL,NULL),
('3fe16be0-8ad7-4260-880c-91c65e4bd346','Jayapura','Asia/Jayapura',1,NULL,NULL),
('4016c9a8-a078-484f-bc4a-7b70aa543c3d','Tegucigalpa','America/Tegucigalpa',1,NULL,NULL),
('403d4f2f-43f8-4586-92c8-ae5511f96348','Samarkand','Asia/Samarkand',1,NULL,NULL),
('413b92eb-7fdf-4226-8f1b-77a8e7ac4f33','Abidjan','Africa/Abidjan',1,NULL,NULL),
('41571047-043b-4b95-ad62-9fc4ce685f38','Argentina - Catamarca','America/Argentina/Catamarca',1,NULL,NULL),
('41582a5f-1d16-4ac9-a0d2-96b9fd4ed95d','Djibouti','Africa/Djibouti',1,NULL,NULL),
('4198f11a-8e7b-4ebe-96a9-2ab1f22e4459','Montserrat','America/Montserrat',1,NULL,NULL),
('42ace9ed-9a75-4ed8-9c58-1b6c296ed9ac','Malta','Europe/Malta',1,NULL,NULL),
('43139cf2-5d9e-4817-bc67-825699f05366','Sarajevo','Europe/Sarajevo',1,NULL,NULL),
('431dd1d3-f2ed-4c0c-be7f-ec05ad88c020','St Kitts','America/St_Kitts',1,NULL,NULL),
('441b644c-4723-4a13-8ad3-4797072d4026','Asmara','Africa/Asmara',1,NULL,NULL),
('44d09819-e01e-4a61-b3ad-ffa51f31654c','Nome','America/Nome',1,NULL,NULL),
('45d64ba3-0d31-4c45-a78c-692591e5cbe5','DumontDUrville','Antarctica/DumontDUrville',1,NULL,NULL),
('4619151f-6f45-49d1-b80c-462dcd77c50b','Rarotonga','Pacific/Rarotonga',1,NULL,NULL),
('46b7dc7f-71a0-4897-a8a5-22360f03d43b','Port Moresby','Pacific/Port_Moresby',1,NULL,NULL),
('46d3d696-46ed-4e45-984f-219cae546194','Aqtobe','Asia/Aqtobe',1,NULL,NULL),
('473987a5-4a58-4800-b13d-926502206474','Vatican','Europe/Vatican',1,NULL,NULL),
('47960236-02d5-4c0e-af32-1ec9dda703f3','Majuro','Pacific/Majuro',1,NULL,NULL),
('48430de5-ba7a-4c0c-9ce1-ca7f4d2faac0','Gibraltar','Europe/Gibraltar',1,NULL,NULL),
('4b23a6ac-2734-4630-8c29-94fd258ad04c','Noumea','Pacific/Noumea',1,NULL,NULL),
('4b274a70-1cfa-47c7-a6a3-65cdab5ef4e9','Madrid','Europe/Madrid',1,NULL,NULL),
('4b3837a8-22e8-4a85-93be-6cf8d5653002','Omsk','Asia/Omsk',1,NULL,NULL),
('4bafd8b5-be8c-49a5-b5e7-98536a0a3056','Coral Harbour','America/Coral_Harbour',1,NULL,NULL),
('4d596f5b-dfbd-4817-88d3-317c88290a59','San Marino','Europe/San_Marino',1,NULL,NULL),
('4da42588-29a1-4e47-a31c-5a4f93569856','Maputo','Africa/Maputo',1,NULL,NULL),
('4e0bff38-d2a8-477b-b7d7-573bae01bba5','Samoa','Pacific/Samoa',1,NULL,NULL),
('4e37be2b-bae3-47e7-bf48-d48be897b407','Curacao','America/Curacao',1,NULL,NULL),
('4e4d9df0-902d-4efb-a6a4-fd382ac66a44','Podgorica','Europe/Podgorica',1,NULL,NULL),
('4f927b7e-3708-4709-b7a2-6c20aef70a2e','Bangui','Africa/Bangui',1,NULL,NULL),
('4f9fcbf6-e6c8-4c0d-83ef-112e4bce83fd','Mendoza','America/Mendoza',1,NULL,NULL),
('509634f2-8038-4dc1-9c5e-ee9b9253f633','Maceio','America/Maceio',1,NULL,NULL),
('50e4c170-3eec-455b-be7e-1a305b19fef0','Lagos','Africa/Lagos',1,NULL,NULL),
('512efa1f-96d6-4847-940c-5c82351fa6f1','Rankin Inlet','America/Rankin_Inlet',1,NULL,NULL),
('518f2baf-09e7-47ac-b1ab-1287d9bda9ab','Santo Domingo','America/Santo_Domingo',1,NULL,NULL),
('5191e34c-908c-44e6-a43f-b17eced97d21','Brunei','Asia/Brunei',1,NULL,NULL),
('535c9b19-3614-49fd-9d09-9c9d46c3204d','Monaco','Europe/Monaco',1,NULL,NULL),
('55aa8593-9ce7-4ee5-a10b-62da00bb9dd1','Kabul','Asia/Kabul',1,NULL,NULL),
('560d8836-b4a5-4a0d-96aa-fe2fbbd3ef77','Whitehorse','America/Whitehorse',1,NULL,NULL),
('565c6769-66d1-4f83-b406-b062332b698c','Indiana - Tell City','America/Indiana/Tell_City',1,NULL,NULL),
('565f0e06-8f5d-491b-bfdd-998dca5e066f','South Pole','Antarctica/South_Pole',1,NULL,NULL),
('5779c88c-efb2-4acc-97e0-672e7ff137e4','Yancowinna','Australia/Yancowinna',1,NULL,NULL),
('581f249b-b9f1-40ab-958b-7e0999320d3d','Caracas','America/Caracas',1,NULL,NULL),
('58460987-4614-42b3-ae27-e68db41a7e94','Rome','Europe/Rome',1,NULL,NULL),
('58896d94-6379-410f-9203-1b55c4622142','Victoria','Australia/Victoria',1,NULL,NULL),
('5978f157-e832-4b58-ab05-97a62f462fa6','Bissau','Africa/Bissau',1,NULL,NULL),
('59cf9979-d6a2-4c63-a55c-aa6e75911835','Rainy River','America/Rainy_River',1,NULL,NULL),
('5b81d75a-f317-4719-b9be-4bbfb2013c2f','Canary','Atlantic/Canary',1,NULL,NULL),
('5bc15dc5-2a65-4810-9d06-94e755108897','Volgograd','Europe/Volgograd',1,NULL,NULL),
('5cdecdd3-fa41-455a-b2a2-b71899f4d190','Kuching','Asia/Kuching',1,NULL,NULL),
('5d30aadb-5c07-4b7f-a8af-bcef86576a10','Jakarta','Asia/Jakarta',1,NULL,NULL),
('5d60de9f-6732-47e2-af4d-2a8e2717695e','Casablanca','Africa/Casablanca',1,NULL,NULL),
('5eab2f64-5d09-4dbd-969f-fefbbd5e4293','Cayman','America/Cayman',1,NULL,NULL),
('5f1bd70d-46dc-49fd-9fa5-1df943266d16','Skopje','Europe/Skopje',1,NULL,NULL),
('631bd9b1-a48d-4096-9a2e-a5ed591bb450','Puerto Rico','America/Puerto_Rico',1,NULL,NULL),
('6419873c-bec5-4c38-8c18-85557f18aa73','Niamey','Africa/Niamey',1,NULL,NULL),
('644cd27e-8fe5-485c-9704-8e8df69a7c82','Kiritimati','Pacific/Kiritimati',1,NULL,NULL),
('646e3ae7-9cd3-4605-b0da-ef60058cdf1d','Kinshasa','Africa/Kinshasa',1,NULL,NULL),
('64aa50ca-f422-468e-8830-647905fa41c8','Moncton','America/Moncton',1,NULL,NULL),
('658698c9-2d60-4d4e-8d18-85d1c0a86bde','Ujung Pandang','Asia/Ujung_Pandang',1,NULL,NULL),
('661a0a76-8980-4094-afa6-9902ddbef9fb','Fiji','Pacific/Fiji',1,NULL,NULL),
('6637f1d2-cbb6-45cc-8e61-5ae0b43c3aa4','Faroe','Atlantic/Faroe',1,NULL,NULL),
('667298f8-f154-4b18-a041-e7f3d8db30ff','Lisbon','Europe/Lisbon',1,NULL,NULL),
('66938630-1417-4784-9403-4e88a8e74fa9','Reykjavik','Atlantic/Reykjavik',1,NULL,NULL),
('66c64039-9b9e-41e7-9be4-44f74f178be1','Indiana - Winamac','America/Indiana/Winamac',1,NULL,NULL),
('66d36fc6-8f16-476b-bddc-b509ef8e0930','Puerto Rico (Atlantic)','America/Puerto_Rico',1,NULL,NULL),
('6783a787-2fc4-4adf-a34d-b55a3ed608be','Ashkhabad','Asia/Ashkhabad',1,NULL,NULL),
('6784071a-d069-44b7-8142-fc4af62172ef','Vienna','Europe/Vienna',1,NULL,NULL),
('6793e39a-2559-4716-8779-4dc274ff370b','Eucla','Australia/Eucla',1,NULL,NULL),
('67b3682d-89a0-47a7-8314-618adf85113c','Chagos','Indian/Chagos',1,NULL,NULL),
('683b9c53-24b5-432b-85f3-71bd3d6a0097','Martinique','America/Martinique',1,NULL,NULL),
('68b70062-f322-4e79-91ee-2a06f0f576bf','Vostok','Antarctica/Vostok',1,NULL,NULL),
('68d6838d-0bb8-4b3c-af72-b5d25e605e7a','Indianapolis','America/Indianapolis',1,NULL,NULL),
('69010a48-cf30-42e2-8a1c-85c0ee90cc5f','Berlin','Europe/Berlin',1,NULL,NULL),
('699e43f8-6d85-4d93-8dcc-9b9163f3ac00','Oral','Asia/Oral',1,NULL,NULL),
('6ac9ceea-9e3e-4f57-a7aa-57df58d10846','Dawson','America/Dawson',1,NULL,NULL),
('6b576b88-17bb-4ad7-a62c-d128ab259643','ACT','Australia/ACT',1,NULL,NULL),
('6b63fdf6-d17c-409e-ba9e-32f8910f8d5e','Jerusalem','Asia/Jerusalem',1,NULL,NULL),
('6b9c7c69-3518-43b2-9054-28b7a6c6357e','Athens','Europe/Athens',1,NULL,NULL),
('6cee338b-89c3-4451-b016-1e7d6302aeab','Chisinau','Europe/Chisinau',1,NULL,NULL),
('6d48f612-4a6c-4b94-8db4-ff4ad5cd9d43','St Lucia','America/St_Lucia',1,NULL,NULL),
('6ede59d1-2e99-4121-8b25-180738d35fb3','Gaza','Asia/Gaza',1,NULL,NULL),
('6f467d91-40aa-4653-a1c9-de508660afb1','Atikokan','America/Atikokan',1,NULL,NULL),
('6f82be45-7199-412d-b277-a0b00308ba60','Stanley','Atlantic/Stanley',1,NULL,NULL),
('706cf7e7-9b7f-4c0e-859a-4d70bbf99f8d','Cambridge Bay','America/Cambridge_Bay',1,NULL,NULL),
('709bfbe9-6fc8-4d11-9e20-fb1cb9c70151','Anguilla','America/Anguilla',1,NULL,NULL),
('7231c21f-4433-4240-866f-f6f71909c271','Oslo','Europe/Oslo',1,NULL,NULL),
('72654ec8-eb95-444d-84b7-52279b6fd44d','Indiana - Vevay','America/Indiana/Vevay',1,NULL,NULL),
('72854b4c-17eb-4659-93d5-82f69735e9ef','Conakry','Africa/Conakry',1,NULL,NULL),
('73343ba7-ca13-4b5c-a46d-c443c0ed0e6e','Baku','Asia/Baku',1,NULL,NULL),
('734be1d5-c438-4569-a8e8-1375ee962121','Managua','America/Managua',1,NULL,NULL),
('73be224b-ac23-421c-bb31-d95c0a3f9ee9','Mogadishu','Africa/Mogadishu',1,NULL,NULL),
('73f44b6a-1353-4308-9c12-9a9dcbe67647','Tarawa','Pacific/Tarawa',1,NULL,NULL),
('740cf6f3-c4fc-4c45-a55a-059f39fb7632','St Johns','America/St_Johns',1,NULL,NULL),
('7469307c-1458-410e-aa06-4ed92043810e','Chatham','Pacific/Chatham',1,NULL,NULL),
('7537f1ba-37d7-410a-90c3-c5af0ebe69c1','Azores','Atlantic/Azores',1,NULL,NULL),
('7554965b-78af-4272-bf48-76b217255f11','Guadalcanal','Pacific/Guadalcanal',1,NULL,NULL),
('75e80472-b482-4895-af77-4d84d1545d8a','Swift Current','America/Swift_Current',1,NULL,NULL),
('75ed2aa5-4f8c-4936-9430-a5164d0947c0','Ljubljana','Europe/Ljubljana',1,NULL,NULL),
('76350b97-1af3-407b-8bf1-30cf887a5a91','Edmonton','America/Edmonton',1,NULL,NULL),
('76455a65-1b7d-4f93-97e8-2d18357a02da','Taipei','Asia/Taipei',1,NULL,NULL),
('76897406-75f8-4541-aec9-931213ff8b22','Hong Kong','Asia/Hong_Kong',1,NULL,NULL),
('77195edf-a3f9-4e38-b25c-33e117e6f442','Goose Bay','America/Goose_Bay',1,NULL,NULL),
('778bf586-94b3-4720-a8d3-fca244dea7c1','North','Australia/North',1,NULL,NULL),
('77e3818a-953b-4190-bfa6-8f66c8723df2','Andorra','Europe/Andorra',1,NULL,NULL),
('78290dd1-0c4f-4b7e-b16c-6f89d21be21b','El Aaiun','Africa/El_Aaiun',1,NULL,NULL),
('78767ada-7c78-4826-8574-86de124c293f','Phoenix (MST)','America/Phoenix',1,NULL,NULL),
('789dc1f8-10d7-4700-bb2d-9f8d5280f01e','Apia','Pacific/Apia',1,NULL,NULL),
('790289ec-7ef7-4365-8948-58a37b350321','Nipigon','America/Nipigon',1,NULL,NULL),
('79434ea8-4a8f-4e4b-af34-5495b3ec936f','Gambier','Pacific/Gambier',1,NULL,NULL),
('79780ede-27c3-4f63-a26d-ec61e2ca79a5','Porto Velho','America/Porto_Velho',1,NULL,NULL),
('79d75fb5-76fe-4186-9a83-4ec947615751','Johnston','Pacific/Johnston',1,NULL,NULL),
('7b0efe61-0d1c-4876-8b3d-2dc823a0f2bc','Merida','America/Merida',1,NULL,NULL),
('7c91450b-7141-4c16-81da-6fdf0d8de436','Argentina - Ushuaia','America/Argentina/Ushuaia',1,NULL,NULL),
('7cf0fb13-fd24-44f4-af36-4d4055b5059c','Pitcairn','Pacific/Pitcairn',1,NULL,NULL),
('7d7d7034-dcae-4605-9536-c4f59b7a98f1','Cayenne','America/Cayenne',1,NULL,NULL),
('7d7e3ba6-2974-440d-b184-c3f4352e98ca','Budapest','Europe/Budapest',1,NULL,NULL),
('7d84a463-69b9-4440-83bf-4b45512b837d','Rangoon','Asia/Rangoon',1,NULL,NULL),
('7dce5c18-fe65-44c7-88f9-43fa8c6e147e','Buenos Aires','America/Buenos_Aires',1,NULL,NULL),
('7e39658f-fd08-4f16-8b5e-38796573f940','Wallis','Pacific/Wallis',1,NULL,NULL),
('7f61b7d7-3ee7-40bf-bfc7-f19e81bbd2ad','Blantyre','Africa/Blantyre',1,NULL,NULL),
('808734c6-531c-4679-b1ec-8fc325d6f775','Noronha','America/Noronha',1,NULL,NULL),
('80cd29cf-9244-4e55-a273-ec8cf52a5a4c','Yekaterinburg','Asia/Yekaterinburg',1,NULL,NULL),
('80e50140-4713-45b2-85bd-134a9c69bcdf','Helsinki','Europe/Helsinki',1,NULL,NULL),
('80eb3e44-7192-4733-acd0-9592fc828bd4','Moscow','Europe/Moscow',1,NULL,NULL),
('818dbe09-97e2-49b6-acf2-eea6555b09f1','Reunion','Indian/Reunion',1,NULL,NULL),
('819483da-9681-4aec-a1c2-942a93940854','Kaliningrad','Europe/Kaliningrad',1,NULL,NULL),
('82155444-246c-4c95-929a-7666b3e12f52','Grand Turk','America/Grand_Turk',1,NULL,NULL),
('832b8c85-73f6-43b8-8175-ce60163f4b41','Fort Wayne','America/Fort_Wayne',1,NULL,NULL),
('832e32c6-68e4-4ee6-9640-4e949fe0dbb8','Bahrain','Asia/Bahrain',1,NULL,NULL),
('83649233-a78c-4c79-87ec-1af957873b1c','New York','America/New_York',1,NULL,NULL),
('83c5cb13-64e4-45db-9218-8c468a4ca664','Johannesburg','Africa/Johannesburg',1,NULL,NULL),
('84a79477-4420-4804-948a-bdc4619144f2','Dhaka','Asia/Dhaka',1,NULL,NULL),
('84c0f417-e420-490a-b6d0-32047ae44410','Panama','America/Panama',1,NULL,NULL),
('8831fa2c-b6e7-4f8d-88c1-8fc964b93c06','Dawson Creek','America/Dawson_Creek',1,NULL,NULL),
('890862cb-6c3b-4ebb-a948-4298478000e8','Kashgar','Asia/Kashgar',1,NULL,NULL),
('8956a6e9-929e-4306-b50d-b4674a4d74e5','Kuala Lumpur','Asia/Kuala_Lumpur',1,NULL,NULL),
('89d1a319-9a52-4edf-859b-3ec485058b60','Pangnirtung','America/Pangnirtung',1,NULL,NULL),
('8b0ff52d-3072-4d8a-a118-5c5a2dc0325b','Banjul','Africa/Banjul',1,NULL,NULL),
('8bd956db-0aae-4d96-93fc-31c0797d6e2f','Manaus','America/Manaus',1,NULL,NULL),
('8c4168f9-b8d7-404e-a532-aad6ce02083d','Nassau','America/Nassau',1,NULL,NULL),
('8c762752-e351-42e4-9005-750380876ef3','Irkutsk','Asia/Irkutsk',1,NULL,NULL),
('8d40029a-b7e7-486a-8387-d78342bb2fdd','Tbilisi','Asia/Tbilisi',1,NULL,NULL),
('8da1efc7-9d8c-4ef8-a38f-da2809e7c758','Nicosia','Europe/Nicosia',1,NULL,NULL),
('8e42abe8-75dd-4110-b8cb-e768e3de56b5','Montevideo','America/Montevideo',1,NULL,NULL),
('8eabf56e-cbf8-46c3-b6a7-2aed59d3a211','Eirunepe','America/Eirunepe',1,NULL,NULL),
('8ee3c7c0-e98b-4f15-8982-d73316fa98e2','Pyongyang','Asia/Pyongyang',1,NULL,NULL),
('8f2a731c-ee5b-4619-9aea-621941709317','Mbabane','Africa/Mbabane',1,NULL,NULL),
('8fd465fb-e34c-45d0-9329-b16d513af0fc','Cocos','Indian/Cocos',1,NULL,NULL),
('907ba1a4-25e3-4375-916d-86c2f196adc8','Cancun','America/Cancun',1,NULL,NULL),
('90b4d71a-11f6-4747-8ad0-482644c71aa4','Maldives','Indian/Maldives',1,NULL,NULL),
('90c5793e-0172-42c0-a3c3-085ce135a065','Riyadh','Asia/Riyadh',1,NULL,NULL),
('9128267d-8baf-42a6-a7a7-9acf0fbf7144','Luxembourg','Europe/Luxembourg',1,NULL,NULL),
('91b7d399-9986-4885-a51e-6d75ede84f2f','Belem','America/Belem',1,NULL,NULL),
('92db1e96-2a26-42b3-b5cc-a07aa251784b','Niue','Pacific/Niue',1,NULL,NULL),
('94e16f8b-e512-48af-8549-c522ce06efd3','London','Europe/London',1,NULL,NULL),
('956abd94-7df7-4117-8eb9-bafac09228cc','Ashgabat','Asia/Ashgabat',1,NULL,NULL),
('969068ba-74df-4428-be70-396be58afb73','Mexico City','America/Mexico_City',1,NULL,NULL),
('96d62c25-0ff6-4f5a-8345-c7d32efbc379','Funafuti','Pacific/Funafuti',1,NULL,NULL),
('96eb216d-945f-4f9b-a990-7bb86a9bf430','Halifax','America/Halifax',1,NULL,NULL),
('97c174f5-0a15-4a89-869b-42a740f7cc65','Araguaina','America/Araguaina',1,NULL,NULL),
('98f1fc95-5aa9-4caa-8159-d1e95dae575c','St Helena','Atlantic/St_Helena',1,NULL,NULL),
('994878c7-613f-430c-8f04-c6432c0981f5','Tokyo','Asia/Tokyo',1,NULL,NULL),
('9962c75b-3a69-4963-8ffd-9b8e3d4b2237','Bahia','America/Bahia',1,NULL,NULL),
('99fb6dbf-e3d1-4feb-999a-82d4bcda15f5','Choibalsan','Asia/Choibalsan',1,NULL,NULL),
('9a19dbd4-92d1-498f-a802-9dd5a4d8b25b','Dublin','Europe/Dublin',1,NULL,NULL),
('9bcf41c6-582c-4458-97c8-873511919f88','Malabo','Africa/Malabo',1,NULL,NULL),
('9c0f5497-e1cd-4477-b3e7-ad2782783fe6','Hermosillo','America/Hermosillo',1,NULL,NULL),
('9e735bdc-d662-4913-b020-0efa1299bea1','Tunis','Africa/Tunis',1,NULL,NULL),
('9e92c6cd-9339-4742-b126-e622f2abacb1','Qatar','Asia/Qatar',1,NULL,NULL),
('9ea6a3a5-06b5-4c9f-b09e-ae3914fcab00','Jersey','Europe/Jersey',1,NULL,NULL),
('9fb33816-4923-4629-919d-8f5783cac863','Argentina - Cordoba','America/Argentina/Cordoba',1,NULL,NULL),
('a1d2a15c-f8a2-46d3-9d3b-7de581a4bae7','Nauru','Pacific/Nauru',1,NULL,NULL),
('a24fa09b-5d07-4f47-93a3-d4c4d001377d','Isle of Man','Europe/Isle_of_Man',1,NULL,NULL),
('a2cd19f1-c113-4dfd-97de-acfa0e38bc80','Colombo','Asia/Colombo',1,NULL,NULL),
('a36fa05c-5d0f-4d27-b21e-cfb6eb2fbbd0','Argentina - Tucuman','America/Argentina/Tucuman',1,NULL,NULL),
('a3af7dad-c8f3-4c82-8800-a3555c000994','Sao Paulo','America/Sao_Paulo',1,NULL,NULL),
('a4348a65-7fb6-4a8f-a75d-0e9ba19307d6','Fortaleza','America/Fortaleza',1,NULL,NULL),
('a46ffea2-69c0-4217-9493-3b937e9bb6cc','Zagreb','Europe/Zagreb',1,NULL,NULL),
('a47f094e-2450-4c04-ad95-4429a25177ef','Tijuana','America/Tijuana',1,NULL,NULL),
('a5274a17-1c4f-42c2-876b-7c139f10b1b1','Thunder Bay','America/Thunder_Bay',1,NULL,NULL),
('a57d74ff-9967-44f5-92d0-c73163a033e8','Catamarca','America/Catamarca',1,NULL,NULL),
('a6ca3359-d337-4793-8da7-46168eaf6f21','St Thomas','America/St_Thomas',1,NULL,NULL),
('a70b9ea8-5082-440e-a2af-e22e6e5b9949','Bogota','America/Bogota',1,NULL,NULL),
('a713df80-bce5-4a61-88a7-fb5a0e73818c','Samara','Europe/Samara',1,NULL,NULL),
('a8005754-7625-40a9-a436-7bf48c838314','Denver (Mountain)','America/Denver',1,NULL,NULL),
('a84d3ff0-eb3d-413a-afbe-1e137dd097ce','Virgin','America/Virgin',1,NULL,NULL),
('a8866df8-33e2-407e-ac08-ef64b7e05ea3','Lima','America/Lima',1,NULL,NULL),
('a8cd6a85-13d2-420f-ab0f-7a289b2c60cc','Guam','Pacific/Guam',1,NULL,NULL),
('a8e07adb-120f-427d-b96a-18244d85c985','Guatemala','America/Guatemala',1,NULL,NULL),
('a92ba7c3-80a7-4970-8465-206652216ee3','Honolulu (Hawaii)','Pacific/Honolulu',1,NULL,NULL),
('aa535498-af19-432f-8400-c4a0ed30de9a','Dacca','Asia/Dacca',1,NULL,NULL),
('aa6bd7c9-31cb-467f-b44f-b1d7734a1d25','Baghdad','Asia/Baghdad',1,NULL,NULL),
('aaa40044-47da-46ce-bb47-741952290d0f','Santiago','America/Santiago',1,NULL,NULL),
('aae5580e-b8aa-49ac-8bfc-4a2f6bbe731f','Ho Chi Minh','Asia/Ho_Chi_Minh',1,NULL,NULL),
('ac094b58-8717-49bc-9b62-d725241f2f60','Costa Rica','America/Costa_Rica',1,NULL,NULL),
('adaf3ccd-8728-4938-95b5-5fcc08793a3e','Nouakchott','Africa/Nouakchott',1,NULL,NULL),
('adc48555-9e95-440a-9b23-c677fb20bd0b','Adak','America/Adak',1,NULL,NULL),
('adea013f-99c9-415e-a3af-92a3da1db0ef','Krasnoyarsk','Asia/Krasnoyarsk',1,NULL,NULL),
('af032b79-93a8-4278-884c-bd42cb6f93a5','Magadan','Asia/Magadan',1,NULL,NULL),
('af5d6750-8018-4653-ac64-2bb028444be6','Algiers','Africa/Algiers',1,NULL,NULL),
('b02f0df7-7703-427f-bc99-ac402f860ea2','New York (Eastern)','America/New_York',1,NULL,NULL),
('b0417501-c72b-4a65-bc7d-c480a731e246','Simferopol','Europe/Simferopol',1,NULL,NULL),
('b06ac626-596e-4aa7-be32-bfac152192a1','Lome','Africa/Lome',1,NULL,NULL),
('b1801184-3f5d-4889-8a0d-04659509fede','Adelaide','Australia/Adelaide',1,NULL,NULL),
('b191f55e-34dc-431f-aa0f-96ebe46228a5','Tortola','America/Tortola',1,NULL,NULL),
('b1ba6402-8a4b-43ab-b933-a1108743610d','Phoenix','America/Phoenix',1,NULL,NULL),
('b22f4455-443f-46b5-b874-cba5f110a3d8','Damascus','Asia/Damascus',1,NULL,NULL),
('b33fa956-0ba8-4e22-9686-8daf81232f11','Ndjamena','Africa/Ndjamena',1,NULL,NULL),
('b3658f1d-d026-4828-81cc-122069037e3a','Macau','Asia/Macau',1,NULL,NULL),
('b38a2a46-a83f-4eec-b7ce-719fdc6fe831','Libreville','Africa/Libreville',1,NULL,NULL),
('b3bf21ea-419a-4e0e-9873-34f342980d45','Novokuznetsk','Asia/Novokuznetsk',1,NULL,NULL),
('b430ece8-b6dd-4cd3-a811-c2c16f1695e2','Argentina - San Luis','America/Argentina/San_Luis',1,NULL,NULL),
('b4fb6d36-516b-407d-9385-e58de01c4318','Chicago (Central)','America/Chicago',1,NULL,NULL),
('b4fea30d-5a43-47f6-b8da-b1e91aa3a0f9','Tasmania','Australia/Tasmania',1,NULL,NULL),
('b50b278d-1012-4fff-98dc-29c05c09dd39','Matamoros','America/Matamoros',1,NULL,NULL),
('b58ef577-351b-4517-a68d-49cf18bceec1','Belfast','Europe/Belfast',1,NULL,NULL),
('b6dfaab5-eab1-43db-9976-645b43092f5d','Karachi','Asia/Karachi',1,NULL,NULL),
('b6ff232a-ab21-44fd-8448-8225fce85b24','Hovd','Asia/Hovd',1,NULL,NULL),
('b7483139-3c7a-442d-8649-cb28dff0dbb8','Detroit','America/Detroit',1,NULL,NULL),
('b770e0d0-1dff-4ca2-a06f-a09f2ef02893','Winnipeg','America/Winnipeg',1,NULL,NULL),
('b7ed7f58-34a4-4a65-bbf5-b22d0c84d086','Inuvik','America/Inuvik',1,NULL,NULL),
('b83307d1-0829-4ffc-aef1-9cd76c37094d','St Vincent','America/St_Vincent',1,NULL,NULL),
('b837c081-3650-401b-90d3-5cfc8ba27c5a','Bangkok','Asia/Bangkok',1,NULL,NULL),
('b916935d-7439-45cb-88b2-777a3c8815aa','Anchorage (Alaska)','America/Anchorage',1,NULL,NULL),
('b9698619-4d25-4a17-9ad4-8c8cd7fddcf3','Tirane','Europe/Tirane',1,NULL,NULL),
('b9ad8631-db2f-4126-8c55-d1aa49fe2bf5','Lubumbashi','Africa/Lubumbashi',1,NULL,NULL),
('ba43da2a-a984-4552-a250-ee3f8083f033','Prague','Europe/Prague',1,NULL,NULL),
('ba6bebbf-5f86-419e-b972-2a7ec198f9d4','Belgrade','Europe/Belgrade',1,NULL,NULL),
('babd459f-9f7d-4ae3-aafd-1931f198fc79','Amman','Asia/Amman',1,NULL,NULL),
('bae850cf-2eee-4c42-8c95-bc1801559cdd','Thule','America/Thule',1,NULL,NULL),
('bb2f39c2-083e-4d3c-916d-4ef221dda819','Auckland','Pacific/Auckland',1,NULL,NULL),
('bbdc19da-4a7f-462d-91b1-890126362693','Comoro','Indian/Comoro',1,NULL,NULL),
('bd10e0cd-a89d-4dbb-9f1a-b0c48e4d3b19','Nicosia','Asia/Nicosia',1,NULL,NULL),
('bd1b7303-5239-49e8-a04b-06bf9de01d1e','Guadeloupe','America/Guadeloupe',1,NULL,NULL),
('bddda10a-497f-46d4-a096-aa8d5fcf923d','Saigon','Asia/Saigon',1,NULL,NULL),
('be2e96fe-8df9-45d4-899a-216616d3ec19','Dili','Asia/Dili',1,NULL,NULL),
('beb74111-c824-4ca3-845e-09019e7d8f35','South','Australia/South',1,NULL,NULL),
('bff3bc22-34ba-4162-be27-3976391cdd91','Manila','Asia/Manila',1,NULL,NULL),
('c09a2db0-0397-49c2-8fac-3a3c3a60bdaa','Currie','Australia/Currie',1,NULL,NULL),
('c0e3e27f-ebd1-4049-a05c-0e703dcbd054','Macao','Asia/Macao',1,NULL,NULL),
('c21d5e9d-011f-43b4-9e90-765dd9c6418e','Melbourne','Australia/Melbourne',1,NULL,NULL),
('c2485cab-96d8-4138-8d85-843a65eea097','Ouagadougou','Africa/Ouagadougou',1,NULL,NULL),
('c2623dfb-90e7-4dac-9951-4dd6b11025ef','Calcutta','Asia/Calcutta',1,NULL,NULL),
('c2c5b4b4-f3d8-4bb5-b5a5-7bffac232a77','Chihuahua','America/Chihuahua',1,NULL,NULL),
('c32f4ecd-a340-4d76-b2c4-4b3258cc4058','Kamchatka','Asia/Kamchatka',1,NULL,NULL),
('c3b1cdbb-6bb7-498b-89a8-0784cf14827f','Wake','Pacific/Wake',1,NULL,NULL),
('c4d52c2d-3255-41a9-adc2-5e289a749870','Atka','America/Atka',1,NULL,NULL),
('c5721763-9e44-404e-9a1c-95f588c88ad7','Aden','Asia/Aden',1,NULL,NULL),
('c599cf0e-3dda-43ec-9c2f-1cf6abee3f75','Yerevan','Asia/Yerevan',1,NULL,NULL),
('c5d604c9-520d-4921-bf57-5d4a11fc3c4d','Tashkent','Asia/Tashkent',1,NULL,NULL),
('c626ecaa-379d-4d5c-862a-a52c0dce4124','Amsterdam','Europe/Amsterdam',1,NULL,NULL),
('c6956a7a-b3d9-4a33-b521-6133f07329ca','Casey','Antarctica/Casey',1,NULL,NULL),
('c73501fe-26ab-4c8a-b944-67be64edf6ea','Enderbury','Pacific/Enderbury',1,NULL,NULL),
('c7e2df42-7193-4fb0-b3d1-8ff0d3f99606','Argentina - Salta','America/Argentina/Salta',1,NULL,NULL),
('c810f560-405c-4684-a489-5d4d895c4aef','Tripoli','Africa/Tripoli',1,NULL,NULL),
('c8271970-7a72-4023-99f8-6728640551f7','Jamaica','America/Jamaica',1,NULL,NULL),
('c90368ca-45a5-49bb-b98d-1d4a8f02e082','Fakaofo','Pacific/Fakaofo',1,NULL,NULL),
('c92d1dc4-aed4-4536-8d8b-4f3ce390d53e','Iqaluit','America/Iqaluit',1,NULL,NULL),
('c9697462-4aa2-4c2e-a59f-df0ba3cb0018','Shanghai','Asia/Shanghai',1,NULL,NULL),
('c9980bde-0d94-4833-aee9-5d32a581110e','Luanda','Africa/Luanda',1,NULL,NULL),
('ca5b46cb-4754-437a-9d7b-25c07312c9b6','Chungking','Asia/Chungking',1,NULL,NULL),
('cacb40ac-a49f-4afe-aa3b-a789fbe7d39f','Aqtau','Asia/Aqtau',1,NULL,NULL),
('cada2aa4-5669-4f9e-87d4-6002020c03c7','Los Angeles (Pacific)','America/Los_Angeles',1,NULL,NULL),
('cc14158d-0478-4867-8ea8-4acb19bb68da','Menominee','America/Menominee',1,NULL,NULL),
('cd019f5d-7ad4-4d16-9e75-b8551d1d27f4','Bucharest','Europe/Bucharest',1,NULL,NULL),
('ce09db2c-9bf7-4db2-824e-e4d23f96b7c4','Vaduz','Europe/Vaduz',1,NULL,NULL),
('cec6c2b7-4c7c-4f52-8172-b8fdaaa5b1bd','Lusaka','Africa/Lusaka',1,NULL,NULL),
('cefeee78-01e3-4c25-b685-fb938d7f7215','La Paz','America/La_Paz',1,NULL,NULL),
('cf658d2d-fdd5-4099-87f1-8a32078c85e8','Havana','America/Havana',1,NULL,NULL),
('cfed87c3-960e-4470-9fd8-2391b10b6067','Guayaquil','America/Guayaquil',1,NULL,NULL),
('d064d3aa-410f-4c78-88c6-f0b98855df1c','Yap','Pacific/Yap',1,NULL,NULL),
('d1866939-55dc-43a8-8531-08f5e673f671','Qyzylorda','Asia/Qyzylorda',1,NULL,NULL),
('d1993ab4-a978-49dd-afab-249ee3efe90b','Pontianak','Asia/Pontianak',1,NULL,NULL),
('d253007d-adc4-4aac-83c6-6fff337fae8e','Dominica','America/Dominica',1,NULL,NULL),
('d26c07fe-86e2-4f12-a324-11a90e8d35ec','Indiana - Indianapolis','America/Indiana/Indianapolis',1,NULL,NULL),
('d31360c5-b552-45e5-af2f-d6b0a03e1632','Pago Pago','Pacific/Pago_Pago',1,NULL,NULL),
('d381f26c-b684-470d-9d55-71df27ab993b','Yakutat','America/Yakutat',1,NULL,NULL),
('d3e26bee-a6cd-45f3-bd7e-e4b6bce762aa','Blanc-Sablon','America/Blanc-Sablon',1,NULL,NULL),
('d4754243-d11a-4e2c-a20d-0633e643bd15','Asmera','Africa/Asmera',1,NULL,NULL),
('d5421909-2a17-4344-bdce-51fe961e832b','Regina','America/Regina',1,NULL,NULL),
('d54bc356-fc01-48f9-bb3c-c7008b26fa34','Almaty','Asia/Almaty',1,NULL,NULL),
('d59a443c-f9b8-45a0-b5a1-1ee291d03ce6','Campo Grande','America/Campo_Grande',1,NULL,NULL),
('d5d8d7df-294f-44dd-ae56-36edc1930236','Timbuktu','Africa/Timbuktu',1,NULL,NULL),
('d66952a9-234f-48ec-9287-9d6d23c092e6','Seoul','Asia/Seoul',1,NULL,NULL),
('d6768c9e-4b6c-4a94-9913-0e648b8be05c','Monrovia','Africa/Monrovia',1,NULL,NULL),
('d68d6132-b05b-43a3-8583-4cd7d8593b4c','Grenada','America/Grenada',1,NULL,NULL),
('d69140c7-9f7e-4317-9e35-b5bff2ce2a55','Glace Bay','America/Glace_Bay',1,NULL,NULL),
('d70c69ae-3809-4f7d-8cda-15885754adfe','Santa Isabel','America/Santa_Isabel',1,NULL,NULL),
('d71a5592-b6f8-47cb-9135-446d15f66177','Indiana - Petersburg','America/Indiana/Petersburg',1,NULL,NULL),
('d7550816-a659-4f20-8895-46caf1bbaf44','Warsaw','Europe/Warsaw',1,NULL,NULL),
('d79e71ed-0fde-4244-bff0-5120ef548abd','Bishkek','Asia/Bishkek',1,NULL,NULL),
('d7ac81f2-e72e-41f4-97fa-bc38514ae54e','Brisbane','Australia/Brisbane',1,NULL,NULL),
('d9f13bd8-959d-4a19-a20d-5b023d8e801e','Brazzaville','Africa/Brazzaville',1,NULL,NULL),
('d9f74650-ea50-401c-9dc0-ac76963debd6','Syowa','Antarctica/Syowa',1,NULL,NULL),
('daa1b778-9735-4d93-9adf-f438b36c64fd','Recife','America/Recife',1,NULL,NULL),
('dc6cc613-877a-4fab-9f30-562290bc784a','Indiana - Knox','America/Indiana/Knox',1,NULL,NULL),
('dca78162-94a0-4f08-bc49-7069a504c14b','North Dakota - New Salem','America/North_Dakota/New_Salem',1,NULL,NULL),
('dd4e9783-2143-429a-a772-bbf0c17dfea2','Boa Vista','America/Boa_Vista',1,NULL,NULL),
('ddfba21f-8820-44d6-9062-0eca9e2d8c29','Madeira','Atlantic/Madeira',1,NULL,NULL),
('de1cb91e-50e5-478b-8e94-93904b5bd745','Urumqi','Asia/Urumqi',1,NULL,NULL),
('de4d436f-010d-4d65-8175-50cf4035d1ef','UTC','UTC',1,NULL,NULL),
('de9325f8-ef04-4647-92f8-369c506d6717','Kathmandu','Asia/Kathmandu',1,NULL,NULL),
('ded6b39d-aee0-439d-a3c7-340b88d40aed','Bermuda','Atlantic/Bermuda',1,NULL,NULL),
('df19b7b5-40ca-47b2-b98b-3afee99bda6e','Denver','America/Denver',1,NULL,NULL),
('df2b4f34-810a-4114-a98e-a102a79bb109','Harbin','Asia/Harbin',1,NULL,NULL),
('e0c0e5e8-aee2-470a-bce9-b786f4a0c616','Kigali','Africa/Kigali',1,NULL,NULL),
('e1ae7022-20b7-4531-86d5-f95746dd5994','Ulaanbaatar','Asia/Ulaanbaatar',1,NULL,NULL),
('e1b67b1f-492e-4547-bead-9755003106b9','Zurich','Europe/Zurich',1,NULL,NULL),
('e1ec1089-fc14-4eaf-92b6-f10e5a4c5e16','Kosrae','Pacific/Kosrae',1,NULL,NULL),
('e2a42535-f12c-4059-8728-16b34e06dcf5','Montreal','America/Montreal',1,NULL,NULL),
('e4b0af14-2c43-4065-8a11-e4bef347f2ea','Argentina - Mendoza','America/Argentina/Mendoza',1,NULL,NULL),
('e5317bb8-50d4-4dd8-b07b-e79ce3fe1bea','Copenhagen','Europe/Copenhagen',1,NULL,NULL),
('e60d2c53-2ba1-423f-aeb3-a7b9f1be93d1','Argentina - ComodRivadavia','America/Argentina/ComodRivadavia',1,NULL,NULL),
('e64bba2e-de00-44ea-8492-6bec141e73ff','Ojinaga','America/Ojinaga',1,NULL,NULL),
('e651f0fe-d94c-4628-8cc2-f4ed42bf3be6','Miquelon','America/Miquelon',1,NULL,NULL),
('e752f856-b3e1-41a3-8dc6-9412674e197f','Darwin','Australia/Darwin',1,NULL,NULL),
('e787a392-37c1-44d3-98c3-0d1f2fb302b3','Ulan Bator','Asia/Ulan_Bator',1,NULL,NULL),
('e7ac9fab-5519-4cd0-b1e1-1bf69766ec95','Canberra','Australia/Canberra',1,NULL,NULL),
('e8dafdf4-907d-483a-85c3-3fa0e29f9861','Kwajalein','Pacific/Kwajalein',1,NULL,NULL),
('e951ab09-797d-4a1a-ac4e-454ebef1e883','El Salvador','America/El_Salvador',1,NULL,NULL),
('e9823a6b-dfd6-4e03-a3b1-63cc24bafc7b','Riga','Europe/Riga',1,NULL,NULL),
('e9a4c4e3-f7d6-4f28-a3f1-1f2c386eceac','Dushanbe','Asia/Dushanbe',1,NULL,NULL),
('ebb127e2-6995-4345-ad26-2cc43910ea5e','Vladivostok','Asia/Vladivostok',1,NULL,NULL),
('ec28f60e-0927-4590-9d8a-97e1b768c347','Paramaribo','America/Paramaribo',1,NULL,NULL),
('ee14ac19-e2f3-4724-9e1f-42a98e09ee91','Tahiti','Pacific/Tahiti',1,NULL,NULL),
('ee1e62b1-d349-41fe-b0d2-c68e9bf0c751','Kuwait','Asia/Kuwait',1,NULL,NULL),
('ee344e23-749a-4d36-a5ff-c5879570f971','Mariehamn','Europe/Mariehamn',1,NULL,NULL),
('ee7e91db-c27b-4046-a590-d345497e239d','Sao Tome','Africa/Sao_Tome',1,NULL,NULL),
('f007f956-13b6-4ea5-9f22-173a098583f9','Novosibirsk','Asia/Novosibirsk',1,NULL,NULL),
('f01c2096-1fc5-4ba1-a4c6-bb741056d230','Anadyr','Asia/Anadyr',1,NULL,NULL),
('f10e5428-7652-40f1-bfac-55c9f6079d84','Sakhalin','Asia/Sakhalin',1,NULL,NULL),
('f131c37b-c4c1-4a1e-8ffd-cb45de68e1aa','Tongatapu','Pacific/Tongatapu',1,NULL,NULL),
('f1b887cf-0f71-4e52-aab4-70b980c5fa62','Rosario','America/Rosario',1,NULL,NULL),
('f39bcaa8-6828-45b2-b95a-842d4bc466ca','Port-au-Prince','America/Port-au-Prince',1,NULL,NULL),
('f4346509-b910-45d9-a808-20cb3c282f49','Bujumbura','Africa/Bujumbura',1,NULL,NULL),
('f45707c8-9530-4c1a-bf64-e17cd5299233','Faeroe','Atlantic/Faeroe',1,NULL,NULL),
('f4efe850-9598-40ef-8ec6-6f0dacd734e5','Knox IN','America/Knox_IN',1,NULL,NULL),
('f529ff17-1511-44f5-bfcb-b45deb23d76c','Argentina - Jujuy','America/Argentina/Jujuy',1,NULL,NULL),
('f5438b8c-61a9-4e83-80c1-f425a048cec6','Bamako','Africa/Bamako',1,NULL,NULL),
('f55173f7-5d83-46b2-a1c5-0ef0f8525331','Minsk','Europe/Minsk',1,NULL,NULL),
('f6a7b7f5-7454-4c55-9fe0-292925c81b8b','Tallinn','Europe/Tallinn',1,NULL,NULL),
('f7a349e0-d1e1-4c0e-bd10-6098e167fcf4','Antananarivo','Indian/Antananarivo',1,NULL,NULL),
('f7bb19e4-865e-429f-b10d-9eedfc477c63','Gaborone','Africa/Gaborone',1,NULL,NULL),
('f8374318-fe1e-48c4-8f2a-635486747e26','Argentina - La Rioja','America/Argentina/La_Rioja',1,NULL,NULL),
('f88b7d16-0679-4f91-8663-33145d7e0af8','Christmas','Indian/Christmas',1,NULL,NULL),
('f8e08d49-5a3e-498a-8170-eba6be98fc81','Dubai','Asia/Dubai',1,NULL,NULL),
('f9ec007f-c078-4aeb-b4c5-e41d3770137d','Hobart','Australia/Hobart',1,NULL,NULL),
('fa12df55-33df-4123-8c89-5969c95b413f','Longyearbyen','Arctic/Longyearbyen',1,NULL,NULL),
('fa176ce1-794f-401c-bc06-a0c445935dcf','Kolkata','Asia/Kolkata',1,NULL,NULL),
('faae3867-fca2-4fe6-9d6d-14f10a11f131','Santarem','America/Santarem',1,NULL,NULL),
('fae47fd8-8e23-4453-82e3-d07364785ff8','Rio Branco','America/Rio_Branco',1,NULL,NULL),
('fb2eba4e-6a84-4dd4-9834-9454180128a8','Douala','Africa/Douala',1,NULL,NULL),
('fbb4d51e-7c04-469b-960f-b41e45e27e50','Paris','Europe/Paris',1,NULL,NULL),
('fe277b5c-5769-47e2-8df7-f219dc4566e1','Cairo','Africa/Cairo',1,NULL,NULL),
('feb3faf7-deb3-40e7-9919-ce138ee16253','Cape Verde','Atlantic/Cape_Verde',1,NULL,NULL),
('ffeeae71-6f9b-44f4-b785-132878cee600','Kerguelen','Indian/Kerguelen',1,NULL,NULL);

--
-- Table structure for table `user_details`
--

CREATE TABLE `user_details` (
  `id` char(36) COLLATE utf8mb4_unicode_ci NOT NULL,
  `user_id` int(10) unsigned NOT NULL,
  `name` varchar(191) COLLATE utf8mb4_unicode_ci NOT NULL,
  `mobile` varchar(191) COLLATE utf8mb4_unicode_ci NOT NULL,
  `email` varchar(150) COLLATE utf8mb4_unicode_ci NOT NULL,
  `address` varchar(500) COLLATE utf8mb4_unicode_ci DEFAULT NULL,
  `state` varchar(50) COLLATE utf8mb4_unicode_ci DEFAULT NULL,
  `city` varchar(50) COLLATE utf8mb4_unicode_ci DEFAULT NULL,
  `country` int(10) unsigned NOT NULL,
  `country_code` varchar(191) COLLATE utf8mb4_unicode_ci DEFAULT NULL,
  `gender` enum('male','fe-male','others') COLLATE utf8mb4_unicode_ci NOT NULL,
  `profile` varchar(191) COLLATE utf8mb4_unicode_ci DEFAULT NULL,
  `token` varchar(191) COLLATE utf8mb4_unicode_ci DEFAULT NULL,
  `token_expiry` timestamp NULL DEFAULT NULL,
  `device_token` varchar(191) COLLATE utf8mb4_unicode_ci DEFAULT NULL,
  `login_by` varchar(191) COLLATE utf8mb4_unicode_ci DEFAULT NULL,
  `created_at` timestamp NULL DEFAULT NULL,
  `updated_at` timestamp NULL DEFAULT NULL,
  `deleted_at` timestamp NULL DEFAULT NULL,
  PRIMARY KEY (`id`),
  KEY `user_details_user_id_foreign` (`user_id`),
  KEY `user_details_country_foreign` (`country`),
  CONSTRAINT `user_details_country_foreign` FOREIGN KEY (`country`) REFERENCES `countries` (`id`) ON DELETE CASCADE,
  CONSTRAINT `user_details_user_id_foreign` FOREIGN KEY (`user_id`) REFERENCES `users` (`id`) ON DELETE CASCADE
) ENGINE=InnoDB DEFAULT CHARSET=utf8mb4 COLLATE=utf8mb4_unicode_ci;

--
-- Dumping data for table `user_details`
--


--
-- Table structure for table `user_driver_notifications`
--

CREATE TABLE `user_driver_notifications` (
  `id` char(36) COLLATE utf8mb4_unicode_ci NOT NULL,
  `notify_id` char(36) COLLATE utf8mb4_unicode_ci NOT NULL,
  `user_id` int(10) unsigned DEFAULT NULL,
  `driver_id` int(10) unsigned DEFAULT NULL,
  `is_read` tinyint(1) NOT NULL DEFAULT 0,
  `read_at` timestamp NULL DEFAULT NULL,
  `push_enum` varchar(191) COLLATE utf8mb4_unicode_ci DEFAULT NULL,
  `title` varchar(191) COLLATE utf8mb4_unicode_ci DEFAULT NULL,
  `body` longtext COLLATE utf8mb4_unicode_ci DEFAULT NULL,
  `image` varchar(191) COLLATE utf8mb4_unicode_ci DEFAULT NULL,
  `data` longtext COLLATE utf8mb4_unicode_ci DEFAULT NULL,
  `created_at` timestamp NULL DEFAULT NULL,
  `updated_at` timestamp NULL DEFAULT NULL,
  `deleted_at` timestamp NULL DEFAULT NULL,
  `chat_id` varchar(191) COLLATE utf8mb4_unicode_ci DEFAULT NULL,
  PRIMARY KEY (`id`),
  KEY `user_driver_notifications_notify_id_foreign` (`notify_id`),
  KEY `user_driver_notifications_user_id_foreign` (`user_id`),
  KEY `user_driver_notifications_driver_id_foreign` (`driver_id`),
  CONSTRAINT `user_driver_notifications_driver_id_foreign` FOREIGN KEY (`driver_id`) REFERENCES `drivers` (`id`) ON DELETE CASCADE,
  CONSTRAINT `user_driver_notifications_notify_id_foreign` FOREIGN KEY (`notify_id`) REFERENCES `notifications` (`id`) ON DELETE CASCADE,
  CONSTRAINT `user_driver_notifications_user_id_foreign` FOREIGN KEY (`user_id`) REFERENCES `users` (`id`) ON DELETE CASCADE
) ENGINE=InnoDB DEFAULT CHARSET=utf8mb4 COLLATE=utf8mb4_unicode_ci;

--
-- Dumping data for table `user_driver_notifications`
--

INSERT INTO `user_driver_notifications` VALUES
('0b706232-cc04-4823-ab2d-0be45ead162f','b3b14255-2185-4376-a53c-beb9cd3a4767',NULL,1,1,NULL,NULL,NULL,NULL,NULL,NULL,'2025-07-11 06:11:52','2025-07-11 06:17:28',NULL,NULL),
('3a7a1818-4a00-490c-9067-17baa192bef2','7b29075a-5e81-4137-8598-2a38c3a0fad1',NULL,1,0,NULL,NULL,NULL,NULL,NULL,NULL,'2025-07-11 08:18:39','2025-07-11 08:18:39',NULL,NULL),
('770c3e7e-28b3-4848-ad5d-cd54863b7625','510a1ca1-3217-40a8-82b6-d81e804b5c12',NULL,1,0,NULL,NULL,NULL,NULL,NULL,NULL,'2025-07-11 08:21:42','2025-07-11 08:21:42',NULL,NULL),
('d6ab4c65-da50-4e6c-8d7f-b657d7eceab1','b3b14255-2185-4376-a53c-beb9cd3a4767',2,NULL,1,NULL,NULL,NULL,NULL,NULL,NULL,'2025-07-11 06:11:52','2025-07-11 08:42:03',NULL,NULL),
('e7499db7-f2c5-4176-99b0-7b199d362898','9ea5b54c-d961-4a84-9f07-49d3bd9e5abe',NULL,1,0,NULL,NULL,NULL,NULL,NULL,NULL,'2025-07-11 08:20:55','2025-07-11 08:20:55',NULL,NULL);

--
-- Table structure for table `user_wallet`
--

CREATE TABLE `user_wallet` (
  `id` char(36) COLLATE utf8mb4_unicode_ci NOT NULL,
  `user_id` int(10) unsigned NOT NULL,
  `amount_added` double(10,2) NOT NULL DEFAULT 0.00,
  `amount_balance` double(10,2) NOT NULL DEFAULT 0.00,
  `amount_spent` double(10,2) NOT NULL DEFAULT 0.00,
  `created_at` timestamp NULL DEFAULT NULL,
  `updated_at` timestamp NULL DEFAULT NULL,
  PRIMARY KEY (`id`),
  KEY `user_wallet_user_id_foreign` (`user_id`),
  CONSTRAINT `user_wallet_user_id_foreign` FOREIGN KEY (`user_id`) REFERENCES `users` (`id`) ON DELETE CASCADE
) ENGINE=InnoDB DEFAULT CHARSET=utf8mb4 COLLATE=utf8mb4_unicode_ci;

--
-- Dumping data for table `user_wallet`
--

INSERT INTO `user_wallet` VALUES
('1040f8d0-4078-453a-87bf-fbaf375dea79',10,0.00,0.00,0.00,'2025-07-09 05:15:06','2025-07-09 05:15:06'),
('14e3fe53-d63b-4fb8-aa54-ed20f122d39c',42,0.00,0.00,0.00,'2025-07-11 09:57:53','2025-07-11 09:57:53'),
('721e6ff5-9096-42c2-8b6c-5686d32376b9',3,0.00,0.00,0.00,'2025-07-07 08:06:59','2025-07-07 08:06:59'),
('853bb122-164e-42bd-8399-057496319ec3',39,0.00,0.00,0.00,'2025-07-11 09:27:02','2025-07-11 09:27:02'),
('87d5a720-6591-4c74-8a6e-5629d2f215bf',41,0.00,0.00,0.00,'2025-07-11 09:52:45','2025-07-11 09:52:45'),
('89dddb3d-6f33-4068-9c0e-61fe7573cd0c',2,0.00,0.00,0.00,'2025-07-07 07:30:46','2025-07-07 07:30:46'),
('afe7059d-3f65-4ce6-bfed-a8f195c33762',44,0.00,0.00,0.00,'2025-07-11 10:14:30','2025-07-11 10:14:30'),
('b9013425-7b56-41e4-a874-5efee1e407b6',14,0.00,0.00,0.00,'2025-07-09 08:29:23','2025-07-09 08:29:23'),
('bcdd8269-02f5-4c5f-aa30-0da763066047',23,0.00,0.00,0.00,'2025-07-09 11:58:18','2025-07-09 11:58:18'),
('bd36c4b6-746c-4ba2-baf3-8b8142686f52',8,0.00,0.00,0.00,'2025-07-09 05:12:53','2025-07-09 05:12:53'),
('c046f0e5-6c24-47a0-aff5-4e3441d43834',11,0.00,0.00,0.00,'2025-07-09 05:21:07','2025-07-09 05:21:07'),
('c64c3095-5666-49da-af3f-c6a4c1ee0b08',38,100.00,100.00,0.00,'2025-07-11 09:19:22','2025-07-11 09:19:22'),
('ef1e2775-a195-4780-ab61-9b221d464a4b',40,0.00,0.00,0.00,'2025-07-11 09:30:13','2025-07-11 09:30:13');

--
-- Table structure for table `user_wallet_history`
--

CREATE TABLE `user_wallet_history` (
  `id` char(36) COLLATE utf8mb4_unicode_ci NOT NULL,
  `user_id` int(10) unsigned NOT NULL,
  `card_id` char(36) COLLATE utf8mb4_unicode_ci DEFAULT NULL,
  `request_id` char(36) COLLATE utf8mb4_unicode_ci DEFAULT NULL,
  `refferal_code` varchar(191) COLLATE utf8mb4_unicode_ci DEFAULT NULL,
  `transaction_id` varchar(191) COLLATE utf8mb4_unicode_ci DEFAULT NULL,
  `amount` double(10,2) NOT NULL DEFAULT 0.00,
  `conversion` varchar(191) COLLATE utf8mb4_unicode_ci DEFAULT NULL,
  `merchant` varchar(191) COLLATE utf8mb4_unicode_ci DEFAULT NULL,
  `remarks` varchar(191) COLLATE utf8mb4_unicode_ci DEFAULT NULL,
  `is_credit` tinyint(1) NOT NULL DEFAULT 0,
  `admin_id` char(36) COLLATE utf8mb4_unicode_ci DEFAULT NULL,
  `created_at` timestamp NULL DEFAULT NULL,
  `updated_at` timestamp NULL DEFAULT NULL,
  PRIMARY KEY (`id`),
  KEY `user_wallet_history_card_id_foreign` (`card_id`),
  KEY `user_wallet_history_user_id_foreign` (`user_id`),
  KEY `user_wallet_history_admin_id_foreign` (`admin_id`),
  KEY `user_wallet_history_request_id_foreign` (`request_id`),
  CONSTRAINT `user_wallet_history_admin_id_foreign` FOREIGN KEY (`admin_id`) REFERENCES `admin_details` (`id`) ON DELETE CASCADE,
  CONSTRAINT `user_wallet_history_card_id_foreign` FOREIGN KEY (`card_id`) REFERENCES `card_info` (`id`) ON DELETE CASCADE,
  CONSTRAINT `user_wallet_history_request_id_foreign` FOREIGN KEY (`request_id`) REFERENCES `requests` (`id`) ON DELETE CASCADE,
  CONSTRAINT `user_wallet_history_user_id_foreign` FOREIGN KEY (`user_id`) REFERENCES `users` (`id`) ON DELETE CASCADE
) ENGINE=InnoDB DEFAULT CHARSET=utf8mb4 COLLATE=utf8mb4_unicode_ci;

--
-- Dumping data for table `user_wallet_history`
--

INSERT INTO `user_wallet_history` VALUES
('19822e51-1141-4243-aa95-1ee0d4749829',38,NULL,NULL,NULL,'Z80xn7',100.00,NULL,NULL,'Money Deposited By Admin',1,NULL,'2025-07-11 09:19:22','2025-07-11 09:19:22');

--
-- Table structure for table `users_bank_info`
--

CREATE TABLE `users_bank_info` (
  `id` char(36) COLLATE utf8mb4_unicode_ci NOT NULL,
  `user_id` int(10) unsigned NOT NULL,
  `account_name` varchar(191) COLLATE utf8mb4_unicode_ci NOT NULL,
  `account_no` varchar(191) COLLATE utf8mb4_unicode_ci NOT NULL,
  `bank_code` varchar(191) COLLATE utf8mb4_unicode_ci NOT NULL,
  `bank_name` varchar(191) COLLATE utf8mb4_unicode_ci NOT NULL,
  `created_at` timestamp NULL DEFAULT NULL,
  `updated_at` timestamp NULL DEFAULT NULL,
  PRIMARY KEY (`id`),
  KEY `users_bank_info_user_id_foreign` (`user_id`),
  CONSTRAINT `users_bank_info_user_id_foreign` FOREIGN KEY (`user_id`) REFERENCES `users` (`id`) ON DELETE CASCADE
) ENGINE=InnoDB DEFAULT CHARSET=utf8mb4 COLLATE=utf8mb4_unicode_ci;

--
-- Dumping data for table `users_bank_info`
--

INSERT INTO `users_bank_info` VALUES
('47b9039b-fd82-4cae-a334-0d7177c8b5bc',12,'gshbsbs','sbsbbdhd','hehshhd','sbsbdbhdhdbhdh','2025-07-11 10:53:17','2025-07-11 10:53:17'),
('b00c48fc-4982-4e05-a15e-b0336dfdf6cd',4,'test card','42424242424242','bank007','test bank','2025-07-09 12:46:33','2025-07-09 12:46:33');

--
-- Table structure for table `vehicle_types`
--

CREATE TABLE `vehicle_types` (
  `id` char(36) COLLATE utf8mb4_unicode_ci NOT NULL,
  `company_key` varchar(191) COLLATE utf8mb4_unicode_ci DEFAULT NULL,
  `name` varchar(191) COLLATE utf8mb4_unicode_ci NOT NULL,
  `icon` varchar(191) COLLATE utf8mb4_unicode_ci DEFAULT NULL,
  `icon_types_for` varchar(191) COLLATE utf8mb4_unicode_ci DEFAULT NULL,
  `trip_dispatch_type` enum('bidding','normal') COLLATE utf8mb4_unicode_ci DEFAULT NULL,
  `capacity` int(11) NOT NULL DEFAULT 0,
  `size` varchar(191) COLLATE utf8mb4_unicode_ci DEFAULT NULL,
  `description` text COLLATE utf8mb4_unicode_ci DEFAULT NULL,
  `short_description` text COLLATE utf8mb4_unicode_ci DEFAULT NULL,
  `supported_vehicles` text COLLATE utf8mb4_unicode_ci DEFAULT NULL,
  `is_accept_share_ride` tinyint(1) NOT NULL DEFAULT 0,
  `active` tinyint(1) NOT NULL DEFAULT 1,
  `created_at` timestamp NULL DEFAULT NULL,
  `updated_at` timestamp NULL DEFAULT NULL,
  `deleted_at` timestamp NULL DEFAULT NULL,
  `is_taxi` enum('taxi','delivery','both') COLLATE utf8mb4_unicode_ci DEFAULT NULL,
  PRIMARY KEY (`id`)
) ENGINE=InnoDB DEFAULT CHARSET=utf8mb4 COLLATE=utf8mb4_unicode_ci;

--
-- Dumping data for table `vehicle_types`
--

INSERT INTO `vehicle_types` VALUES
('078f7b99-ae23-44d3-9b01-8c9ab5d63482',NULL,'Premier Rentals','ZpkC8iFbPKhqRTbzyFAHhXNnIlIzlCwOJjmYcSHy.png','taxi','normal',6,NULL,'Premier Rentals','Premier Rentals','Audi, Toyota',0,1,'2025-07-10 04:46:44','2025-07-10 04:46:44',NULL,'taxi'),
('59b9622f-da11-49ea-bc4d-b8d95a720dde',NULL,'Courier 3W','CPiH3lh84islX43NhU8XAcDD4JUj2nWT3yo3K9WN.png','truck','normal',150,'6','Courier 3W','Courier 3W','Toyata, Tata',0,1,'2025-07-07 08:12:34','2025-07-10 04:20:35',NULL,'delivery'),
('756b348b-0a07-4df7-801a-e656a1f9d76b',NULL,'Go Rentals','hgctJCFj50pDzlYrlyG9Rw4aJSEDZ7uflaRIchnV.png','taxi','normal',4,NULL,'Go Rentals','Go Rentals','Audi',0,1,'2025-07-10 04:45:38','2025-07-10 04:45:38',NULL,'taxi'),
('760b0e28-c6f8-4f77-a5be-7f2f6813a69a',NULL,'Courier 4W','sGntr2QyYendPZa20li67EsPYU21MfWZEoSJWbRT.png','truck','normal',300,'130000','Courier 4W','package for both','all',0,1,'2025-07-09 12:05:14','2025-07-10 04:22:30',NULL,'delivery'),
('78204afd-a84d-4eb4-a3da-645413c936b8',NULL,'Premier','qWqNqBvMrqSlxEhZzFbRwvDPzUH1lVa3yNd0J0NZ.png','taxi','normal',100,'4','Premier','Premier','Audi',0,1,'2025-07-09 13:03:31','2025-07-10 04:23:51',NULL,'taxi'),
('a70b931e-c7f8-44ea-84d6-74628c56499e',NULL,'Black','LQjEYPmzExuJEgpusXrGEDW3K9ekVjw2MYgBD7Lb.png','taxi','normal',4,'4','MXUber Black','MXUber Black','Toyota, Suzuki, Audi',0,1,'2025-07-07 08:07:27','2025-07-10 04:24:48',NULL,'taxi'),
('aa7afd85-59f7-4a1c-8924-5183713b24fb',NULL,'Black Rentals','uglQAcMMxp58IUgaAyINqcQJZtedki3tcFLTCabK.png','taxi','normal',4,NULL,'Black Rentals','Black Rentals','Toyota, Audi',0,1,'2025-07-10 04:47:36','2025-07-10 04:47:36',NULL,'taxi'),
('beb287ee-a815-42af-babd-0e5172346f56',NULL,'Go Sedan','UxXfMPEj8b1iHg3fEp9F5NIhI1WmOCE3wlq1CcnU.png','taxi','normal',6,'1300','Best Travel Experience','Best Travel Experience','Audi, Tesla',0,1,'2025-07-07 08:10:03','2025-07-10 04:26:53',NULL,'taxi'),
('c3c4feb9-c030-4be9-9e18-1051de1acbfa',NULL,'MXUber Taxi','amC8x3Br3L7X7wIt9GyZvxtN6uPItAvZyGXRDKMx.png','taxi','normal',5,'500','MXUber Taxi','MXUber Taxi','Audi, Toyota',0,1,'2025-07-09 13:05:38','2025-07-10 04:27:42',NULL,'taxi'),
('d9cb40d2-007c-4f05-b20f-fb351f0cb3de',NULL,'MXUber Auto','gISrAAG5HkZGqQWIOv3psGNeagzuxo79eAdXH6sn.png','auto','normal',10,'500','MXUber Auto','MXUber Auto','Audi',0,1,'2025-07-09 13:06:21','2025-07-10 04:28:47',NULL,'taxi'),
('e4777038-2e26-41ca-9685-4538c3658112',NULL,'MXUber Go','1V6MxA5bjjnoHK2kyBqVb7cJiMJJrJnvEXjbM2t7.png','taxi','normal',4,'10','MXUber Go','MXUber Go','Toyota, Suzuki',0,1,'2025-07-07 08:09:12','2025-07-10 04:29:39',NULL,'taxi'),
('f8e15e71-c2e1-4ea6-891d-6e5f6be1de73',NULL,'Moto Bike','m1oHGVJfOixtlUBGe103UazyACYGU0xBD9350Dc4.png','motor_bike','normal',50,'4','Moto Bike','Moto Bike','Yamaha, Honda, Hero',0,1,'2025-07-07 08:11:06','2025-07-11 05:52:44',NULL,'both');

--
-- Table structure for table `wallet_withdrawal_requests`
--

CREATE TABLE `wallet_withdrawal_requests` (
  `id` int(10) unsigned NOT NULL AUTO_INCREMENT,
  `user_id` int(10) unsigned DEFAULT NULL,
  `driver_id` int(10) unsigned DEFAULT NULL,
  `owner_id` char(36) COLLATE utf8mb4_unicode_ci DEFAULT NULL,
  `requested_amount` double NOT NULL DEFAULT 0,
  `requested_currency` varchar(191) COLLATE utf8mb4_unicode_ci DEFAULT NULL,
  `status` tinyint(4) NOT NULL DEFAULT 0,
  `created_at` timestamp NULL DEFAULT NULL,
  `updated_at` timestamp NULL DEFAULT NULL,
  PRIMARY KEY (`id`),
  KEY `wallet_withdrawal_requests_driver_id_foreign` (`driver_id`),
  KEY `wallet_withdrawal_requests_user_id_foreign` (`user_id`),
  KEY `wallet_withdrawal_requests_owner_id_foreign` (`owner_id`),
  CONSTRAINT `wallet_withdrawal_requests_driver_id_foreign` FOREIGN KEY (`driver_id`) REFERENCES `drivers` (`id`) ON DELETE CASCADE,
  CONSTRAINT `wallet_withdrawal_requests_owner_id_foreign` FOREIGN KEY (`owner_id`) REFERENCES `owners` (`id`) ON DELETE CASCADE,
  CONSTRAINT `wallet_withdrawal_requests_user_id_foreign` FOREIGN KEY (`user_id`) REFERENCES `users` (`id`) ON DELETE CASCADE
) ENGINE=InnoDB DEFAULT CHARSET=utf8mb4 COLLATE=utf8mb4_unicode_ci;

--
-- Dumping data for table `wallet_withdrawal_requests`
--


--
-- Table structure for table `websockets_statistics_entries`
--

CREATE TABLE `websockets_statistics_entries` (
  `id` int(10) unsigned NOT NULL AUTO_INCREMENT,
  `app_id` varchar(191) COLLATE utf8mb4_unicode_ci NOT NULL,
  `peak_connection_count` int(11) NOT NULL,
  `websocket_message_count` int(11) NOT NULL,
  `api_message_count` int(11) NOT NULL,
  `created_at` timestamp NULL DEFAULT NULL,
  `updated_at` timestamp NULL DEFAULT NULL,
  PRIMARY KEY (`id`)
) ENGINE=InnoDB DEFAULT CHARSET=utf8mb4 COLLATE=utf8mb4_unicode_ci;

--
-- Dumping data for table `websockets_statistics_entries`
--


--
-- Table structure for table `zone_bounds`
--

CREATE TABLE `zone_bounds` (
  `id` char(36) COLLATE utf8mb4_unicode_ci NOT NULL,
  `zone_id` char(36) COLLATE utf8mb4_unicode_ci NOT NULL,
  `north` double(8,2) DEFAULT NULL,
  `east` double(8,2) DEFAULT NULL,
  `south` double(8,2) DEFAULT NULL,
  `west` double(8,2) DEFAULT NULL,
  `created_at` timestamp NULL DEFAULT NULL,
  `updated_at` timestamp NULL DEFAULT NULL,
  PRIMARY KEY (`id`),
  KEY `zone_bounds_zone_id_foreign` (`zone_id`),
  CONSTRAINT `zone_bounds_zone_id_foreign` FOREIGN KEY (`zone_id`) REFERENCES `zones` (`id`) ON DELETE CASCADE
) ENGINE=InnoDB DEFAULT CHARSET=utf8mb4 COLLATE=utf8mb4_unicode_ci;

--
-- Dumping data for table `zone_bounds`
--


--
-- Table structure for table `zone_surge_prices`
--

CREATE TABLE `zone_surge_prices` (
  `id` bigint(20) unsigned NOT NULL AUTO_INCREMENT,
  `zone_id` char(36) COLLATE utf8mb4_unicode_ci NOT NULL,
  `start_time` time NOT NULL,
  `end_time` time NOT NULL,
  `day` varchar(191) COLLATE utf8mb4_unicode_ci DEFAULT NULL,
  `value` int(11) NOT NULL COMMENT 'In percentage',
  `created_at` timestamp NULL DEFAULT NULL,
  `updated_at` timestamp NULL DEFAULT NULL,
  `deleted_at` timestamp NULL DEFAULT NULL,
  PRIMARY KEY (`id`),
  KEY `zone_surge_prices_zone_id_foreign` (`zone_id`),
  CONSTRAINT `zone_surge_prices_zone_id_foreign` FOREIGN KEY (`zone_id`) REFERENCES `zones` (`id`) ON DELETE CASCADE
) ENGINE=InnoDB DEFAULT CHARSET=utf8mb4 COLLATE=utf8mb4_unicode_ci;

--
-- Dumping data for table `zone_surge_prices`
--


--
-- Table structure for table `zone_type_package_prices`
--

CREATE TABLE `zone_type_package_prices` (
  `id` char(36) COLLATE utf8mb4_unicode_ci NOT NULL,
  `zone_type_id` char(36) COLLATE utf8mb4_unicode_ci NOT NULL,
  `zone_id` char(36) COLLATE utf8mb4_unicode_ci DEFAULT NULL,
  `base_price` double(10,2) NOT NULL DEFAULT 0.00,
  `package_type_id` varchar(191) COLLATE utf8mb4_unicode_ci NOT NULL,
  `distance_price_per_km` varchar(191) COLLATE utf8mb4_unicode_ci NOT NULL,
  `time_price_per_min` varchar(191) COLLATE utf8mb4_unicode_ci NOT NULL,
  `cancellation_fee` varchar(191) COLLATE utf8mb4_unicode_ci NOT NULL,
  `free_distance` varchar(191) COLLATE utf8mb4_unicode_ci NOT NULL,
  `free_min` varchar(191) COLLATE utf8mb4_unicode_ci NOT NULL,
  `active` tinyint(1) NOT NULL DEFAULT 1,
  `created_at` timestamp NULL DEFAULT NULL,
  `updated_at` timestamp NULL DEFAULT NULL,
  `deleted_at` timestamp NULL DEFAULT NULL,
  PRIMARY KEY (`id`),
  KEY `zone_type_package_prices_zone_type_id_foreign` (`zone_type_id`),
  KEY `zone_type_package_prices_zone_id_foreign` (`zone_id`),
  CONSTRAINT `zone_type_package_prices_zone_id_foreign` FOREIGN KEY (`zone_id`) REFERENCES `zones` (`id`) ON DELETE CASCADE,
  CONSTRAINT `zone_type_package_prices_zone_type_id_foreign` FOREIGN KEY (`zone_type_id`) REFERENCES `zone_types` (`id`) ON DELETE CASCADE
) ENGINE=InnoDB DEFAULT CHARSET=utf8mb4 COLLATE=utf8mb4_unicode_ci;

--
-- Dumping data for table `zone_type_package_prices`
--

INSERT INTO `zone_type_package_prices` VALUES
('1b6eb800-2414-4479-b5eb-902118411d1f','dfaff381-1659-4a43-9392-c6b1436d7047','aff82b62-dadc-4b34-8e46-42a9c011f7dc',8.00,'2','8','8','8','8','8',1,'2025-07-10 04:52:18','2025-07-10 04:52:18',NULL),
('41258db4-c514-4606-821a-062ab6e7addd','c9fd43a5-b107-4196-97d2-b63dc338b14a','aff82b62-dadc-4b34-8e46-42a9c011f7dc',8.00,'1','8','8','8','8','8',1,'2025-07-10 04:49:30','2025-07-10 04:49:30',NULL),
('99c247b8-ae08-4078-8e45-94215fdc9ae0','a6e5f20b-4a93-46fd-9bb0-0fe17305f735','aff82b62-dadc-4b34-8e46-42a9c011f7dc',8.00,'3','8','8','8','8','8',1,'2025-07-10 04:52:58','2025-07-10 04:52:58',NULL);

--
-- Table structure for table `zone_type_price`
--

CREATE TABLE `zone_type_price` (
  `id` char(36) COLLATE utf8mb4_unicode_ci NOT NULL,
  `zone_type_id` char(36) COLLATE utf8mb4_unicode_ci NOT NULL,
  `price_type` int(11) DEFAULT NULL COMMENT '1 => Ridenow,2 => RideLater',
  `base_price` double(10,2) NOT NULL DEFAULT 0.00,
  `base_distance` int(11) NOT NULL,
  `price_per_distance` double(10,2) NOT NULL DEFAULT 0.00,
  `free_waiting_time_in_mins_before_trip_start` int(11) NOT NULL DEFAULT 0,
  `free_waiting_time_in_mins_after_trip_start` int(11) NOT NULL DEFAULT 0,
  `waiting_charge` double(10,2) NOT NULL DEFAULT 0.00,
  `price_per_time` double(10,2) NOT NULL DEFAULT 0.00,
  `cancellation_fee` double(10,2) NOT NULL DEFAULT 0.00,
  `active` tinyint(1) NOT NULL DEFAULT 1,
  `created_at` timestamp NULL DEFAULT NULL,
  `updated_at` timestamp NULL DEFAULT NULL,
  `deleted_at` timestamp NULL DEFAULT NULL,
  PRIMARY KEY (`id`),
  KEY `zone_type_price_zone_type_id_foreign` (`zone_type_id`),
  CONSTRAINT `zone_type_price_zone_type_id_foreign` FOREIGN KEY (`zone_type_id`) REFERENCES `zone_types` (`id`) ON DELETE CASCADE
) ENGINE=InnoDB DEFAULT CHARSET=utf8mb4 COLLATE=utf8mb4_unicode_ci;

--
-- Dumping data for table `zone_type_price`
--

INSERT INTO `zone_type_price` VALUES
('25a75369-3984-4e53-afaa-eb194f11be93','8bebed70-fb7f-4353-a8e9-187559b9fd4b',1,5.00,5,5.00,5,5,5.00,5.00,5.00,1,'2025-07-10 04:35:17','2025-07-10 04:35:17',NULL),
('2ccb12bd-a05f-4c29-b017-748923b045ec','7a8ab5c4-2998-49bb-8bff-8aa32e51fcd9',1,5.00,5,5.00,5,5,5.00,5.00,5.00,1,'2025-07-10 04:41:34','2025-07-10 04:41:34',NULL),
('333c246c-24a8-4ae9-9f43-2b8e66c297f9','c9fd43a5-b107-4196-97d2-b63dc338b14a',1,8.00,8,8.00,8,8,8.00,8.00,8.00,1,'2025-07-10 04:49:01','2025-07-10 04:49:01',NULL),
('3b2e35f3-10d0-4cd1-a69d-45fe1706b770','16c2226c-9a98-414c-a557-3003280d3a12',1,5.00,5,5.00,5,5,5.00,5.00,5.00,1,'2025-07-10 04:36:02','2025-07-10 04:36:02',NULL),
('58b5312f-c680-4725-9712-28ef034f6345','df1f72a4-fda4-490c-aa9a-b49d9f195b6a',1,5.00,5,5.00,5,5,5.00,5.00,5.00,1,'2025-07-10 04:38:34','2025-07-10 04:38:34',NULL),
('71280c66-c8f1-418a-950c-c8376e77cee6','259d5b5e-4645-476b-8e99-5a6945b2e39a',1,5.00,5,5.00,5,5,5.00,5.00,5.00,1,'2025-07-10 04:33:44','2025-07-10 04:33:44',NULL),
('abef8c5d-bbf2-4c89-9091-dab0492ce1e7','d32fff64-da90-4cc0-aa6a-510b7f1fdd66',1,5.00,5,5.00,5,5,5.00,5.00,5.00,1,'2025-07-10 04:39:46','2025-07-10 04:39:46',NULL),
('b2a5238e-6c60-4677-95ae-7baf78652225','74b0e12c-a6fb-424d-85bc-462fb5c222e8',1,5.00,5,5.00,5,5,5.00,5.00,5.00,1,'2025-07-10 04:34:28','2025-07-10 04:34:28',NULL),
('beb0dbf6-74b3-4083-ad6f-aba1e083eada','400d1aa2-0a7d-46ba-8295-d7059e909b1c',1,5.00,5,5.00,5,5,5.00,5.00,5.00,1,'2025-07-10 04:37:28','2025-07-10 04:37:28',NULL),
('cda5aed7-3813-44b4-8c5c-266809467368','a6e5f20b-4a93-46fd-9bb0-0fe17305f735',1,8.00,8,8.00,8,8,8.00,8.00,8.00,1,'2025-07-10 04:51:09','2025-07-10 04:51:09',NULL),
('e8daea36-ae65-4102-96cf-223e472aac66','88b93d74-4e3e-4e27-8e9a-7d4e6af07073',1,5.00,5,5.00,5,5,5.00,5.00,5.00,1,'2025-07-10 04:36:45','2025-07-10 04:36:45',NULL),
('ff8c115c-30d6-4862-8b1f-069c5bfd3f16','dfaff381-1659-4a43-9392-c6b1436d7047',1,8.00,8,5.00,1,0,2.00,5.00,4.00,1,'2025-07-10 04:51:55','2025-07-11 10:34:15',NULL);

--
-- Table structure for table `zone_types`
--

CREATE TABLE `zone_types` (
  `id` char(36) COLLATE utf8mb4_unicode_ci NOT NULL,
  `zone_id` char(36) COLLATE utf8mb4_unicode_ci NOT NULL,
  `type_id` char(36) COLLATE utf8mb4_unicode_ci NOT NULL,
  `bill_status` tinyint(1) NOT NULL DEFAULT 0 COMMENT '0 => Not show,1 => show bill',
  `transport_type` enum('taxi','delivery','both') COLLATE utf8mb4_unicode_ci DEFAULT NULL,
  `order_number` varchar(191) COLLATE utf8mb4_unicode_ci NOT NULL DEFAULT '1',
  `payment_type` varchar(191) COLLATE utf8mb4_unicode_ci NOT NULL COMMENT '1 => Card,2 => Cash,3 => Wallet',
  `admin_commision_type` tinyint(4) DEFAULT NULL,
  `admin_commision` double(10,2) NOT NULL DEFAULT 0.00,
  `admin_commission_type_from_owner` tinyint(1) DEFAULT NULL,
  `admin_commission_from_owner` double(10,2) NOT NULL DEFAULT 0.00,
  `admin_commission_type_from_driver` tinyint(1) DEFAULT NULL,
  `admin_commission_from_driver` double(10,2) NOT NULL DEFAULT 0.00,
  `service_tax` double(10,2) NOT NULL DEFAULT 0.00,
  `active` tinyint(1) NOT NULL DEFAULT 1,
  `created_at` timestamp NULL DEFAULT NULL,
  `updated_at` timestamp NULL DEFAULT NULL,
  `deleted_at` timestamp NULL DEFAULT NULL,
  PRIMARY KEY (`id`),
  KEY `zone_types_zone_id_foreign` (`zone_id`),
  KEY `zone_types_type_id_foreign` (`type_id`),
  CONSTRAINT `zone_types_type_id_foreign` FOREIGN KEY (`type_id`) REFERENCES `vehicle_types` (`id`) ON DELETE CASCADE,
  CONSTRAINT `zone_types_zone_id_foreign` FOREIGN KEY (`zone_id`) REFERENCES `zones` (`id`) ON DELETE CASCADE
) ENGINE=InnoDB DEFAULT CHARSET=utf8mb4 COLLATE=utf8mb4_unicode_ci;

--
-- Dumping data for table `zone_types`
--

INSERT INTO `zone_types` VALUES
('16c2226c-9a98-414c-a557-3003280d3a12','aff82b62-dadc-4b34-8e46-42a9c011f7dc','c3c4feb9-c030-4be9-9e18-1051de1acbfa',1,'taxi','4','cash,wallet,card',2,2.00,0,2.00,0,2.00,3.00,1,'2025-07-10 04:36:02','2025-07-10 04:36:02',NULL),
('259d5b5e-4645-476b-8e99-5a6945b2e39a','aff82b62-dadc-4b34-8e46-42a9c011f7dc','78204afd-a84d-4eb4-a3da-645413c936b8',1,'taxi','1','cash,wallet,card',2,2.00,0,2.00,0,2.00,3.00,1,'2025-07-10 04:33:44','2025-07-10 04:33:44',NULL),
('400d1aa2-0a7d-46ba-8295-d7059e909b1c','aff82b62-dadc-4b34-8e46-42a9c011f7dc','e4777038-2e26-41ca-9685-4538c3658112',1,'taxi','6','cash,wallet,card',2,2.00,0,2.00,0,2.00,3.00,1,'2025-07-10 04:37:28','2025-07-10 04:37:28',NULL),
('74b0e12c-a6fb-424d-85bc-462fb5c222e8','aff82b62-dadc-4b34-8e46-42a9c011f7dc','a70b931e-c7f8-44ea-84d6-74628c56499e',1,'taxi','2','cash,wallet,card',2,2.00,0,2.00,0,2.00,3.00,1,'2025-07-10 04:34:28','2025-07-10 04:34:28',NULL),
('7a8ab5c4-2998-49bb-8bff-8aa32e51fcd9','aff82b62-dadc-4b34-8e46-42a9c011f7dc','f8e15e71-c2e1-4ea6-891d-6e5f6be1de73',1,'both','9','cash,wallet,card',2,2.00,0,2.00,0,2.00,3.00,1,'2025-07-10 04:41:34','2025-07-10 04:41:34',NULL),
('88b93d74-4e3e-4e27-8e9a-7d4e6af07073','aff82b62-dadc-4b34-8e46-42a9c011f7dc','d9cb40d2-007c-4f05-b20f-fb351f0cb3de',1,'taxi','5','cash,wallet,card',2,2.00,0,2.00,0,2.00,3.00,1,'2025-07-10 04:36:45','2025-07-10 04:36:45',NULL),
('8bebed70-fb7f-4353-a8e9-187559b9fd4b','aff82b62-dadc-4b34-8e46-42a9c011f7dc','beb287ee-a815-42af-babd-0e5172346f56',1,'taxi','3','cash,wallet,card',2,2.00,0,2.00,0,2.00,3.00,1,'2025-07-10 04:35:17','2025-07-10 04:35:17',NULL),
('a6e5f20b-4a93-46fd-9bb0-0fe17305f735','aff82b62-dadc-4b34-8e46-42a9c011f7dc','756b348b-0a07-4df7-801a-e656a1f9d76b',1,'taxi','11','cash,wallet,card',2,2.00,0,2.00,0,2.00,3.00,1,'2025-07-10 04:51:09','2025-07-10 04:51:09',NULL),
('c9fd43a5-b107-4196-97d2-b63dc338b14a','aff82b62-dadc-4b34-8e46-42a9c011f7dc','078f7b99-ae23-44d3-9b01-8c9ab5d63482',1,'taxi','10','cash,wallet,card',2,2.00,0,2.00,0,2.00,3.00,1,'2025-07-10 04:49:01','2025-07-10 04:49:01',NULL),
('d32fff64-da90-4cc0-aa6a-510b7f1fdd66','aff82b62-dadc-4b34-8e46-42a9c011f7dc','760b0e28-c6f8-4f77-a5be-7f2f6813a69a',1,'delivery','8','cash,wallet,card',2,2.00,0,2.00,0,2.00,3.00,1,'2025-07-10 04:39:46','2025-07-10 04:39:46',NULL),
('df1f72a4-fda4-490c-aa9a-b49d9f195b6a','aff82b62-dadc-4b34-8e46-42a9c011f7dc','59b9622f-da11-49ea-bc4d-b8d95a720dde',1,'delivery','7','cash,wallet,card',2,2.00,0,2.00,0,2.00,3.00,1,'2025-07-10 04:38:34','2025-07-10 04:40:33',NULL),
('dfaff381-1659-4a43-9392-c6b1436d7047','aff82b62-dadc-4b34-8e46-42a9c011f7dc','aa7afd85-59f7-4a1c-8924-5183713b24fb',1,'taxi','12','cash,wallet,card',2,2.00,0,2.00,0,2.00,3.00,1,'2025-07-10 04:51:55','2025-07-11 10:34:15',NULL);

--
-- Table structure for table `zones`
--

CREATE TABLE `zones` (
  `id` char(36) COLLATE utf8mb4_unicode_ci NOT NULL,
  `company_key` varchar(191) COLLATE utf8mb4_unicode_ci DEFAULT NULL,
  `service_location_id` char(36) COLLATE utf8mb4_unicode_ci NOT NULL,
  `name` varchar(191) COLLATE utf8mb4_unicode_ci NOT NULL,
  `unit` tinyint(4) NOT NULL,
  `coordinates` multipolygon DEFAULT NULL,
  `active` tinyint(1) NOT NULL DEFAULT 1,
  `default_vehicle_type` char(36) COLLATE utf8mb4_unicode_ci DEFAULT NULL,
  `created_at` timestamp NULL DEFAULT NULL,
  `updated_at` timestamp NULL DEFAULT NULL,
  `lat` double(15,8) NOT NULL DEFAULT 11.01595600,
  `lng` double(15,8) NOT NULL DEFAULT 76.96898500,
  `default_vehicle_type_for_delivery` char(36) COLLATE utf8mb4_unicode_ci DEFAULT NULL,
  PRIMARY KEY (`id`),
  KEY `zones_service_location_id_foreign` (`service_location_id`),
  CONSTRAINT `zones_service_location_id_foreign` FOREIGN KEY (`service_location_id`) REFERENCES `service_locations` (`id`) ON DELETE CASCADE
) ENGINE=InnoDB DEFAULT CHARSET=utf8mb4 COLLATE=utf8mb4_unicode_ci;

--
-- Dumping data for table `zones`
--

INSERT INTO `zones` VALUES
('aff82b62-dadc-4b34-8e46-42a9c011f7dc',NULL,'fc839e9a-ba34-4f76-b0a0-60215746d87a','World',1,'\0\0\0\0\0\0\0\0\0\0\0\0\0\0\0\0\0\0\0�?�5m�W�\'U~ȳ�T@��ۚ6�d�m\n�F٧Q@��ۚ6Te�j��;ZK@�?�5m�R�5�I���N���ִ�2��@|?�5��FR�,+@�3l�sH��HʒoW@��#[H3�`$e��`@�֜��I�`$eɼe@�r!�67�`$eɠc@X¼�\rG@��ۚ6bf�����*Q@`$eɣ`@]�k�T@����%\'D@tF*��T@�?�5m�W�\'U~ȳ�T@',1,'a70b931e-c7f8-44ea-84d6-74628c56499e','2025-07-07 07:33:50','2025-07-07 08:15:55',83.19847309,-94.69416564,'59b9622f-da11-49ea-bc4d-b8d95a720dde');

--
-- Dumping events for database 'mimeld_mxuber'
--

--
-- Dumping routines for database 'mimeld_mxuber'
--


